[INFO] fetching crate threatflux-atlassian-sdk 0.5.2...
[INFO] testing threatflux-atlassian-sdk-0.5.2 against 1.100.0-beta.1+cargoflags=--release for beta-release-1.100-2
[INFO] extracting crate threatflux-atlassian-sdk 0.5.2 into /workspace/builds/worker-3-tc2/source
[INFO] started tweaking crates.io crate threatflux-atlassian-sdk 0.5.2
[INFO] removed 0 missing examples
[INFO] removed 0 missing tests
[INFO] finished tweaking crates.io crate threatflux-atlassian-sdk 0.5.2
[INFO] tweaked toml for crates.io crate threatflux-atlassian-sdk 0.5.2 written to /workspace/builds/worker-3-tc2/source/Cargo.toml
[INFO] validating manifest of crates.io crate threatflux-atlassian-sdk 0.5.2 on toolchain 1.100.0-beta.1
[INFO] running `Command { std: CARGO_HOME="/workspace/cargo-home" RUSTUP_HOME="/workspace/rustup-home" "/workspace/cargo-home/bin/cargo" "+1.100.0-beta.1" "metadata" "--manifest-path" "Cargo.toml" "--no-deps", kill_on_drop: false }`
[INFO] crate crates.io crate threatflux-atlassian-sdk 0.5.2 already has a lockfile, it will not be regenerated
[INFO] running `Command { std: CARGO_HOME="/workspace/cargo-home" RUSTUP_HOME="/workspace/rustup-home" "/workspace/cargo-home/bin/cargo" "+1.100.0-beta.1" "fetch" "--manifest-path" "Cargo.toml", kill_on_drop: false }`
[INFO] [stderr] warning: `package.homepage` is redundant with `package.repository`
[INFO] [stderr]    --> Cargo.toml:143:12
[INFO] [stderr]     |
[INFO] [stderr] 143 | homepage = "https://github.com/ThreatFlux/threatflux-atlassian"
[INFO] [stderr]     |            ^^^^^^^^^^^^^^^^^^^^^^^^^^^^^^^^^^^^^^^^^^^^^^^^^^^^
[INFO] [stderr] ...
[INFO] [stderr] 148 | repository = "https://github.com/ThreatFlux/threatflux-atlassian"
[INFO] [stderr]     |              ----------------------------------------------------
[INFO] [stderr]     |
[INFO] [stderr]     = note: `cargo::redundant_homepage` is set to `warn` by default
[INFO] [stderr] help: consider removing `package.homepage`
[INFO] [stderr] warning: `threatflux-atlassian-sdk` (manifest) generated 1 warning
[INFO] [stderr]     Blocking waiting for file lock on package cache
[INFO] [stderr]     Blocking waiting for file lock on package cache
[INFO] running `Command { std: "docker" "create" "-v" "/var/lib/crater-agent-workspace/builds/worker-3-tc2/source:/opt/rustwide/workdir:ro,Z" "-v" "/var/lib/crater-agent-workspace/builds/worker-3-tc2/target:/opt/rustwide/target:rw,Z" "-v" "/var/lib/crater-agent-workspace/cargo-home:/opt/rustwide/cargo-home:ro,Z" "-v" "/var/lib/crater-agent-workspace/rustup-home:/opt/rustwide/rustup-home:ro,Z" "-m" "1610612736" "--network" "none" "ghcr.io/rust-lang/crates-build-env/linux@sha256:77db811e55d90add9212f6832c23229e3de5f1c1f9905e8cb07319ea15df73ac" "sleep" "infinity", kill_on_drop: false }`
[INFO] [stdout] 89d41cee2d8b81da4909638eef907aa9c65d50a2d83af7331dae38d7f3ff8405
[INFO] running `Command { std: "docker" "start" "89d41cee2d8b81da4909638eef907aa9c65d50a2d83af7331dae38d7f3ff8405", kill_on_drop: false }`
[INFO] running `Command { std: "docker" "inspect" "89d41cee2d8b81da4909638eef907aa9c65d50a2d83af7331dae38d7f3ff8405", kill_on_drop: false }`
[INFO] running `Command { std: "docker" "exec" "-e" "SOURCE_DIR=/opt/rustwide/workdir" "-e" "CARGO_HOME=/opt/rustwide/cargo-home" "-e" "RUSTUP_HOME=/opt/rustwide/rustup-home" "-e" "CARGO_TARGET_DIR=/opt/rustwide/target" "-w" "/opt/rustwide/workdir" "--user" "0:0" "89d41cee2d8b81da4909638eef907aa9c65d50a2d83af7331dae38d7f3ff8405" "/opt/rustwide/cargo-home/bin/cargo" "+1.100.0-beta.1" "metadata" "--no-deps" "--format-version=1", kill_on_drop: false }`
[INFO] running `Command { std: "docker" "inspect" "89d41cee2d8b81da4909638eef907aa9c65d50a2d83af7331dae38d7f3ff8405", kill_on_drop: false }`
[INFO] running `Command { std: "docker" "exec" "-e" "SOURCE_DIR=/opt/rustwide/workdir" "-e" "CARGO_HOME=/opt/rustwide/cargo-home" "-e" "RUSTUP_HOME=/opt/rustwide/rustup-home" "-e" "CARGO_TARGET_DIR=/opt/rustwide/target" "-e" "CARGO_INCREMENTAL=0" "-e" "RUST_BACKTRACE=full" "-e" "RUSTFLAGS=--cap-lints=warn" "-e" "RUSTDOCFLAGS=--cap-lints=warn" "-w" "/opt/rustwide/workdir" "--user" "0:0" "89d41cee2d8b81da4909638eef907aa9c65d50a2d83af7331dae38d7f3ff8405" "/opt/rustwide/cargo-home/bin/cargo" "+1.100.0-beta.1" "build" "--frozen" "--message-format=json" "--release", kill_on_drop: false }`
[INFO] [stderr] warning: `package.homepage` is redundant with `package.repository`
[INFO] [stderr]    --> Cargo.toml:143:12
[INFO] [stderr]     |
[INFO] [stderr] 143 | homepage = "https://github.com/ThreatFlux/threatflux-atlassian"
[INFO] [stderr]     |            ^^^^^^^^^^^^^^^^^^^^^^^^^^^^^^^^^^^^^^^^^^^^^^^^^^^^
[INFO] [stderr] ...
[INFO] [stderr] 148 | repository = "https://github.com/ThreatFlux/threatflux-atlassian"
[INFO] [stderr]     |              ----------------------------------------------------
[INFO] [stderr]     |
[INFO] [stderr]     = note: `cargo::redundant_homepage` is set to `warn` by default
[INFO] [stderr] help: consider removing `package.homepage`
[INFO] [stderr] warning: `threatflux-atlassian-sdk` (manifest) generated 1 warning
[INFO] [stderr]    Compiling num-traits v0.2.19
[INFO] [stderr]    Compiling syn v3.0.6
[INFO] [stderr]    Compiling zeroize_derive v1.5.0
[INFO] [stderr]    Compiling crypto-common v0.1.7
[INFO] [stderr]    Compiling block-padding v0.3.3
[INFO] [stderr]    Compiling zerocopy v0.8.59
[INFO] [stderr]    Compiling rustls v0.23.45
[INFO] [stderr]    Compiling slab v0.4.12
[INFO] [stderr]    Compiling futures-task v0.3.34
[INFO] [stderr]    Compiling tracing-attributes v0.1.31
[INFO] [stderr]    Compiling aws-lc-sys v0.45.0
[INFO] [stderr]    Compiling lazy_static v1.5.1
[INFO] [stderr]    Compiling serde_json v1.0.151
[INFO] [stderr]    Compiling mime_guess v2.0.5
[INFO] [stderr]    Compiling sync_wrapper v1.0.2
[INFO] [stderr]    Compiling regex-automata v0.4.18
[INFO] [stderr]    Compiling either v1.18.0
[INFO] [stderr]    Compiling ring v0.17.14
[INFO] [stderr]    Compiling digest v0.10.7
[INFO] [stderr]    Compiling inout v0.1.4
[INFO] [stderr]    Compiling sharded-slab v0.1.7
[INFO] [stderr]    Compiling dyn-clone v1.0.20
[INFO] [stderr]    Compiling futures-util v0.3.34
[INFO] [stderr]    Compiling cipher v0.4.4
[INFO] [stderr]    Compiling hmac v0.12.1
[INFO] [stderr]    Compiling sha2 v0.10.9
[INFO] [stderr]    Compiling salsa20 v0.10.2
[INFO] [stderr]    Compiling cbc v0.1.2
[INFO] [stderr]    Compiling aes v0.8.4
[INFO] [stderr]    Compiling pbkdf2 v0.12.2
[INFO] [stderr]    Compiling signature v2.2.0
[INFO] [stderr]    Compiling zeroize v1.9.0
[INFO] [stderr]    Compiling rayon v1.12.0
[INFO] [stderr]    Compiling rand v0.10.3
[INFO] [stderr]    Compiling rustls-pki-types v1.15.1
[INFO] [stderr]    Compiling der v0.7.10
[INFO] [stderr]    Compiling scrypt v0.11.0
[INFO] [stderr]    Compiling tracing v0.1.44
[INFO] [stderr]    Compiling rustls-native-certs v0.8.4
[INFO] [stderr]    Compiling sha2 v0.11.0
[INFO] [stderr]    Compiling uuid v1.27.0
[INFO] [stderr]    Compiling dotenvy v0.15.7
[INFO] [stderr]    Compiling num-integer v0.1.47
[INFO] [stderr]    Compiling num-iter v0.1.46
[INFO] [stderr]    Compiling num-bigint v0.4.8
[INFO] [stderr]    Compiling spki v0.7.3
[INFO] [stderr]    Compiling pkcs5 v0.7.1
[INFO] [stderr]    Compiling pkcs8 v0.10.2
[INFO] [stderr]    Compiling matchers v0.2.0
[INFO] [stderr]    Compiling tracing-subscriber v0.3.23
[INFO] [stderr]    Compiling pkcs1 v0.7.5
[INFO] [stderr]    Compiling ppv-lite86 v0.2.21
[INFO] [stderr]    Compiling synstructure v0.14.0
[INFO] [stderr]    Compiling serde_derive_internals v0.30.0
[INFO] [stderr]    Compiling rand_chacha v0.3.1
[INFO] [stderr]    Compiling rand v0.8.8
[INFO] [stderr]    Compiling zerofrom-derive v0.1.8
[INFO] [stderr]    Compiling yoke-derive v0.8.4
[INFO] [stderr]    Compiling zerovec-derive v0.11.6
[INFO] [stderr]    Compiling displaydoc v0.2.7
[INFO] [stderr]    Compiling serde_derive v1.0.229
[INFO] [stderr]    Compiling tokio-macros v2.7.2
[INFO] [stderr]    Compiling ref-cast-impl v1.0.27
[INFO] [stderr]    Compiling thiserror-impl v2.0.21
[INFO] [stderr]    Compiling schemars_derive v1.2.2
[INFO] [stderr]    Compiling num-bigint-dig v0.8.6
[INFO] [stderr]    Compiling ref-cast v1.0.27
[INFO] [stderr]    Compiling tokio v1.53.2
[INFO] [stderr]    Compiling zerofrom v0.1.8
[INFO] [stderr]    Compiling yoke v0.8.3
[INFO] [stderr]    Compiling zerotrie v0.2.5
[INFO] [stderr]    Compiling thiserror v2.0.21
[INFO] [stderr]    Compiling zerovec v0.11.8
[INFO] [stderr]    Compiling rsa v0.9.10
[INFO] [stderr]    Compiling tinystr v0.8.4
[INFO] [stderr]    Compiling icu_locale_core v2.3.0
[INFO] [stderr]    Compiling potential_utf v0.1.6
[INFO] [stderr]    Compiling icu_collections v2.3.0
[INFO] [stderr]    Compiling serde v1.0.229
[INFO] [stderr]    Compiling icu_provider v2.3.1
[INFO] [stderr]    Compiling icu_normalizer v2.3.0
[INFO] [stderr]    Compiling icu_properties v2.3.0
[INFO] [stderr]    Compiling serde_urlencoded v0.7.1
[INFO] [stderr]    Compiling chrono v0.4.45
[INFO] [stderr]    Compiling fluxencrypt v0.7.5
[INFO] [stderr]    Compiling schemars v1.2.2
[INFO] [stderr]    Compiling idna_adapter v1.2.2
[INFO] [stderr]    Compiling idna v1.1.0
[INFO] [stderr]    Compiling url v2.5.8
[INFO] [stderr]    Compiling hyper v1.11.1
[INFO] [stderr]    Compiling tower v0.5.3
[INFO] [stderr]    Compiling tower-http v0.6.11
[INFO] [stderr]    Compiling hyper-util v0.1.21
[INFO] [stderr]    Compiling aws-lc-rs v1.18.1
[INFO] [stderr]    Compiling rustls-webpki v0.103.15
[INFO] [stderr]    Compiling tokio-rustls v0.26.6
[INFO] [stderr]    Compiling rustls-platform-verifier v0.7.1
[INFO] [stderr]    Compiling hyper-rustls v0.27.10
[INFO] [stderr]    Compiling reqwest v0.13.5
[INFO] [stderr]    Compiling threatflux-atlassian-sdk v0.5.2 (/opt/rustwide/workdir)
[INFO] [stderr] warning: unused dependency `tracing-subscriber`
[INFO] [stderr]   --> Cargo.toml:47:15
[INFO] [stderr]    |
[INFO] [stderr] 47 | [dependencies.tracing-subscriber]
[INFO] [stderr]    |               ^^^^^^^^^^^^^^^^^^^
[INFO] [stderr]    |
[INFO] [stderr]    = note: `cargo::unused_dependencies` is set to `warn` by default
[INFO] [stderr] help: consider removing the dependency on `tracing-subscriber`
[INFO] [stderr] warning: `threatflux-atlassian-sdk` (manifest) generated 1 warning
[INFO] [stderr]     Finished `release` profile [optimized] target(s) in 2m 32s
[INFO] running `Command { std: "docker" "inspect" "89d41cee2d8b81da4909638eef907aa9c65d50a2d83af7331dae38d7f3ff8405", kill_on_drop: false }`
[INFO] running `Command { std: "docker" "exec" "-e" "SOURCE_DIR=/opt/rustwide/workdir" "-e" "CARGO_HOME=/opt/rustwide/cargo-home" "-e" "RUSTUP_HOME=/opt/rustwide/rustup-home" "-e" "CARGO_TARGET_DIR=/opt/rustwide/target" "-e" "CARGO_INCREMENTAL=0" "-e" "RUST_BACKTRACE=full" "-e" "RUSTFLAGS=--cap-lints=warn" "-e" "RUSTDOCFLAGS=--cap-lints=warn" "-w" "/opt/rustwide/workdir" "--user" "0:0" "89d41cee2d8b81da4909638eef907aa9c65d50a2d83af7331dae38d7f3ff8405" "/opt/rustwide/cargo-home/bin/cargo" "+1.100.0-beta.1" "test" "--frozen" "--no-run" "--message-format=json" "--release", kill_on_drop: false }`
[INFO] [stderr] warning: `package.homepage` is redundant with `package.repository`
[INFO] [stderr]    --> Cargo.toml:143:12
[INFO] [stderr]     |
[INFO] [stderr] 143 | homepage = "https://github.com/ThreatFlux/threatflux-atlassian"
[INFO] [stderr]     |            ^^^^^^^^^^^^^^^^^^^^^^^^^^^^^^^^^^^^^^^^^^^^^^^^^^^^
[INFO] [stderr] ...
[INFO] [stderr] 148 | repository = "https://github.com/ThreatFlux/threatflux-atlassian"
[INFO] [stderr]     |              ----------------------------------------------------
[INFO] [stderr]     |
[INFO] [stderr]     = note: `cargo::redundant_homepage` is set to `warn` by default
[INFO] [stderr] help: consider removing `package.homepage`
[INFO] [stderr] warning: `threatflux-atlassian-sdk` (manifest) generated 1 warning
[INFO] [stderr]    Compiling futures-macro v0.3.34
[INFO] [stderr]    Compiling tokio v1.53.2
[INFO] [stderr]    Compiling serde_json v1.0.151
[INFO] [stderr]    Compiling num_cpus v1.17.0
[INFO] [stderr]    Compiling deadpool-runtime v0.1.4
[INFO] [stderr]    Compiling parking_lot v0.12.5
[INFO] [stderr]    Compiling serial_test_derive v4.0.1
[INFO] [stderr]    Compiling tracing-subscriber v0.3.23
[INFO] [stderr]    Compiling futures-util v0.3.34
[INFO] [stderr]    Compiling fluxencrypt v0.7.5
[INFO] [stderr]    Compiling schemars v1.2.2
[INFO] [stderr]    Compiling assert-json-diff v2.0.2
[INFO] [stderr]    Compiling futures-executor v0.3.34
[INFO] [stderr]    Compiling futures v0.3.34
[INFO] [stderr]    Compiling serial_test v4.0.1
[INFO] [stderr]    Compiling tokio-util v0.7.19
[INFO] [stderr]    Compiling tower v0.5.3
[INFO] [stderr]    Compiling tokio-rustls v0.26.6
[INFO] [stderr]    Compiling tokio-stream v0.1.19
[INFO] [stderr]    Compiling deadpool v0.12.3
[INFO] [stderr]    Compiling tower-http v0.6.11
[INFO] [stderr]    Compiling tokio-test v0.4.6
[INFO] [stderr]    Compiling h2 v0.4.19
[INFO] [stderr]    Compiling hyper v1.11.1
[INFO] [stderr]    Compiling hyper-util v0.1.21
[INFO] [stderr]    Compiling hyper-rustls v0.27.10
[INFO] [stderr]    Compiling wiremock v0.6.5
[INFO] [stderr]    Compiling reqwest v0.13.5
[INFO] [stderr]    Compiling threatflux-atlassian-sdk v0.5.2 (/opt/rustwide/workdir)
[INFO] [stdout] error[E0433]: cannot find module or crate `threatflux_atlassian_testkit` in this scope
[INFO] [stdout]     --> src/client.rs:1403:9
[INFO] [stdout]      |
[INFO] [stdout] 1403 |     use threatflux_atlassian_testkit::redaction::SecretScanner;
[INFO] [stdout]      |         ^^^^^^^^^^^^^^^^^^^^^^^^^^^^ use of unresolved module or unlinked crate `threatflux_atlassian_testkit`
[INFO] [stdout]      |
[INFO] [stdout]      = help: if you wanted to use a crate named `threatflux_atlassian_testkit`, use `cargo add threatflux_atlassian_testkit` to add it to your `Cargo.toml`
[INFO] [stdout] 
[INFO] [stdout] 
[INFO] [stdout] error[E0433]: cannot find module or crate `threatflux_atlassian_testkit` in this scope
[INFO] [stdout]     --> src/config.rs:1283:9
[INFO] [stdout]      |
[INFO] [stdout] 1283 |     use threatflux_atlassian_testkit::redaction::SecretScanner;
[INFO] [stdout]      |         ^^^^^^^^^^^^^^^^^^^^^^^^^^^^ use of unresolved module or unlinked crate `threatflux_atlassian_testkit`
[INFO] [stdout]      |
[INFO] [stdout]      = help: if you wanted to use a crate named `threatflux_atlassian_testkit`, use `cargo add threatflux_atlassian_testkit` to add it to your `Cargo.toml`
[INFO] [stdout] 
[INFO] [stdout] 
[INFO] [stdout] error[E0432]: unresolved import `threatflux_atlassian_testkit`
[INFO] [stdout]     --> src/client.rs:1402:9
[INFO] [stdout]      |
[INFO] [stdout] 1402 |     use threatflux_atlassian_testkit::logs;
[INFO] [stdout]      |         ^^^^^^^^^^^^^^^^^^^^^^^^^^^^ use of unresolved module or unlinked crate `threatflux_atlassian_testkit`
[INFO] [stdout]      |
[INFO] [stdout]      = help: if you wanted to use a crate named `threatflux_atlassian_testkit`, use `cargo add threatflux_atlassian_testkit` to add it to your `Cargo.toml`
[INFO] [stdout] 
[INFO] [stdout] 
[INFO] [stdout] error[E0433]: cannot find module or crate `threatflux_atlassian_testkit` in this scope
[INFO] [stdout]    --> src/search/api.rs:367:9
[INFO] [stdout]     |
[INFO] [stdout] 367 |     use threatflux_atlassian_testkit::jira_mock::{JiraMock, RecordedRequest, Step};
[INFO] [stdout]     |         ^^^^^^^^^^^^^^^^^^^^^^^^^^^^ use of unresolved module or unlinked crate `threatflux_atlassian_testkit`
[INFO] [stdout]     |
[INFO] [stdout]     = help: if you wanted to use a crate named `threatflux_atlassian_testkit`, use `cargo add threatflux_atlassian_testkit` to add it to your `Cargo.toml`
[INFO] [stdout] 
[INFO] [stdout] 
[INFO] [stdout] error[E0432]: unresolved import `threatflux_atlassian_testkit`
[INFO] [stdout]     --> src/error.rs:1020:9
[INFO] [stdout]      |
[INFO] [stdout] 1020 |     use threatflux_atlassian_testkit::logs;
[INFO] [stdout]      |         ^^^^^^^^^^^^^^^^^^^^^^^^^^^^ use of unresolved module or unlinked crate `threatflux_atlassian_testkit`
[INFO] [stdout]      |
[INFO] [stdout]      = help: if you wanted to use a crate named `threatflux_atlassian_testkit`, use `cargo add threatflux_atlassian_testkit` to add it to your `Cargo.toml`
[INFO] [stdout] 
[INFO] [stdout] 
[INFO] [stdout] error[E0433]: cannot find module or crate `threatflux_atlassian_testkit` in this scope
[INFO] [stdout]    --> src/search/cursor.rs:610:9
[INFO] [stdout]     |
[INFO] [stdout] 610 |     use threatflux_atlassian_testkit::jira_mock::{JiraMock, Step};
[INFO] [stdout]     |         ^^^^^^^^^^^^^^^^^^^^^^^^^^^^ use of unresolved module or unlinked crate `threatflux_atlassian_testkit`
[INFO] [stdout]     |
[INFO] [stdout]     = help: if you wanted to use a crate named `threatflux_atlassian_testkit`, use `cargo add threatflux_atlassian_testkit` to add it to your `Cargo.toml`
[INFO] [stdout] 
[INFO] [stdout] 
[INFO] [stdout] error[E0432]: unresolved import `threatflux_atlassian_testkit`
[INFO] [stdout]    --> src/search/api.rs:368:9
[INFO] [stdout]     |
[INFO] [stdout] 368 |     use threatflux_atlassian_testkit::logs;
[INFO] [stdout]     |         ^^^^^^^^^^^^^^^^^^^^^^^^^^^^ use of unresolved module or unlinked crate `threatflux_atlassian_testkit`
[INFO] [stdout]     |
[INFO] [stdout]     = help: if you wanted to use a crate named `threatflux_atlassian_testkit`, use `cargo add threatflux_atlassian_testkit` to add it to your `Cargo.toml`
[INFO] [stdout] 
[INFO] [stdout] 
[INFO] [stdout] error[E0433]: cannot find module or crate `threatflux_atlassian_testkit` in this scope
[INFO] [stdout]    --> src/v3/mod.rs:841:9
[INFO] [stdout]     |
[INFO] [stdout] 841 |     use threatflux_atlassian_testkit::jira_mock::{JiraMock, RecordedRequest, Step};
[INFO] [stdout]     |         ^^^^^^^^^^^^^^^^^^^^^^^^^^^^ use of unresolved module or unlinked crate `threatflux_atlassian_testkit`
[INFO] [stdout]     |
[INFO] [stdout]     = help: if you wanted to use a crate named `threatflux_atlassian_testkit`, use `cargo add threatflux_atlassian_testkit` to add it to your `Cargo.toml`
[INFO] [stdout] 
[INFO] [stdout] 
[INFO] [stdout] error[E0432]: unresolved import `threatflux_atlassian_testkit`
[INFO] [stdout]    --> src/search/cursor.rs:611:9
[INFO] [stdout]     |
[INFO] [stdout] 611 |     use threatflux_atlassian_testkit::logs;
[INFO] [stdout]     |         ^^^^^^^^^^^^^^^^^^^^^^^^^^^^ use of unresolved module or unlinked crate `threatflux_atlassian_testkit`
[INFO] [stdout]     |
[INFO] [stdout]     = help: if you wanted to use a crate named `threatflux_atlassian_testkit`, use `cargo add threatflux_atlassian_testkit` to add it to your `Cargo.toml`
[INFO] [stdout] 
[INFO] [stdout] 
[INFO] [stdout] error[E0432]: unresolved import `threatflux_atlassian_testkit`
[INFO] [stdout]    --> src/v3/mod.rs:842:9
[INFO] [stdout]     |
[INFO] [stdout] 842 |     use threatflux_atlassian_testkit::logs;
[INFO] [stdout]     |         ^^^^^^^^^^^^^^^^^^^^^^^^^^^^ use of unresolved module or unlinked crate `threatflux_atlassian_testkit`
[INFO] [stdout]     |
[INFO] [stdout]     = help: if you wanted to use a crate named `threatflux_atlassian_testkit`, use `cargo add threatflux_atlassian_testkit` to add it to your `Cargo.toml`
[INFO] [stdout] 
[INFO] [stdout] 
[INFO] [stdout] error[E0433]: cannot find module or crate `threatflux_atlassian_testkit` in this scope
[INFO] [stdout]   --> tests/env_transport_reachability.rs:26:5
[INFO] [stdout]    |
[INFO] [stdout] 26 | use threatflux_atlassian_testkit::env::EnvGuard;
[INFO] [stdout]    |     ^^^^^^^^^^^^^^^^^^^^^^^^^^^^ use of unresolved module or unlinked crate `threatflux_atlassian_testkit`
[INFO] [stdout]    |
[INFO] [stdout] help: there is a crate or module with a similar name
[INFO] [stdout]    |
[INFO] [stdout] 26 - use threatflux_atlassian_testkit::env::EnvGuard;
[INFO] [stdout] 26 + use threatflux_atlassian_sdk::env::EnvGuard;
[INFO] [stdout]    |
[INFO] [stdout] 
[INFO] [stdout] 
[INFO] [stdout] error[E0433]: cannot find module or crate `threatflux_atlassian_testkit` in this scope
[INFO] [stdout]   --> tests/secret_leak_sweep.rs:25:5
[INFO] [stdout]    |
[INFO] [stdout] 25 | use threatflux_atlassian_testkit::env::EnvGuard;
[INFO] [stdout]    |     ^^^^^^^^^^^^^^^^^^^^^^^^^^^^ use of unresolved module or unlinked crate `threatflux_atlassian_testkit`
[INFO] [stdout]    |
[INFO] [stdout] help: there is a crate or module with a similar name
[INFO] [stdout]    |
[INFO] [stdout] 25 - use threatflux_atlassian_testkit::env::EnvGuard;
[INFO] [stdout] 25 + use threatflux_atlassian_sdk::env::EnvGuard;
[INFO] [stdout]    |
[INFO] [stdout] 
[INFO] [stdout] 
[INFO] [stdout] error[E0433]: cannot find module or crate `threatflux_atlassian_testkit` in this scope
[INFO] [stdout]   --> tests/secret_leak_sweep.rs:26:5
[INFO] [stdout]    |
[INFO] [stdout] 26 | use threatflux_atlassian_testkit::jira_mock::{JiraMock, Step};
[INFO] [stdout]    |     ^^^^^^^^^^^^^^^^^^^^^^^^^^^^ use of unresolved module or unlinked crate `threatflux_atlassian_testkit`
[INFO] [stdout]    |
[INFO] [stdout] help: there is a crate or module with a similar name
[INFO] [stdout]    |
[INFO] [stdout] 26 - use threatflux_atlassian_testkit::jira_mock::{JiraMock, Step};
[INFO] [stdout] 26 + use threatflux_atlassian_sdk::jira_mock::{JiraMock, Step};
[INFO] [stdout]    |
[INFO] [stdout] 
[INFO] [stdout] 
[INFO] [stdout] error[E0433]: cannot find module or crate `threatflux_atlassian_testkit` in this scope
[INFO] [stdout]   --> tests/secret_leak_sweep.rs:27:5
[INFO] [stdout]    |
[INFO] [stdout] 27 | use threatflux_atlassian_testkit::redaction::SecretScanner;
[INFO] [stdout]    |     ^^^^^^^^^^^^^^^^^^^^^^^^^^^^ use of unresolved module or unlinked crate `threatflux_atlassian_testkit`
[INFO] [stdout]    |
[INFO] [stdout] help: there is a crate or module with a similar name
[INFO] [stdout]    |
[INFO] [stdout] 27 - use threatflux_atlassian_testkit::redaction::SecretScanner;
[INFO] [stdout] 27 + use threatflux_atlassian_sdk::redaction::SecretScanner;
[INFO] [stdout]    |
[INFO] [stdout] 
[INFO] [stdout] 
[INFO] [stdout] error[E0432]: unresolved import `threatflux_atlassian_testkit`
[INFO] [stdout]   --> tests/secret_leak_sweep.rs:28:5
[INFO] [stdout]    |
[INFO] [stdout] 28 | use threatflux_atlassian_testkit::{fixtures, logs};
[INFO] [stdout]    |     ^^^^^^^^^^^^^^^^^^^^^^^^^^^^ use of unresolved module or unlinked crate `threatflux_atlassian_testkit`
[INFO] [stdout]    |
[INFO] [stdout] help: there is a crate or module with a similar name
[INFO] [stdout]    |
[INFO] [stdout] 28 - use threatflux_atlassian_testkit::{fixtures, logs};
[INFO] [stdout] 28 + use threatflux_atlassian_sdk::{fixtures, logs};
[INFO] [stdout]    |
[INFO] [stdout] 
[INFO] [stdout] 
[INFO] [stdout] error[E0432]: unresolved import `threatflux_atlassian_testkit`
[INFO] [stdout]    --> tests/secret_leak_sweep.rs:607:9
[INFO] [stdout]     |
[INFO] [stdout] 607 |     use threatflux_atlassian_testkit::logs;
[INFO] [stdout]     |         ^^^^^^^^^^^^^^^^^^^^^^^^^^^^ use of unresolved module or unlinked crate `threatflux_atlassian_testkit`
[INFO] [stdout]     |
[INFO] [stdout] help: there is a crate or module with a similar name
[INFO] [stdout]     |
[INFO] [stdout] 607 -     use threatflux_atlassian_testkit::logs;
[INFO] [stdout] 607 +     use threatflux_atlassian_sdk::logs;
[INFO] [stdout]     |
[INFO] [stdout] 
[INFO] [stdout] 
[INFO] [stdout] error[E0433]: cannot find module or crate `threatflux_atlassian_testkit` in this scope
[INFO] [stdout]   --> tests/jira_endpoint_journal.rs:63:5
[INFO] [stdout]    |
[INFO] [stdout] 63 | use threatflux_atlassian_testkit::golden::assert_json_eq;
[INFO] [stdout]    |     ^^^^^^^^^^^^^^^^^^^^^^^^^^^^ use of unresolved module or unlinked crate `threatflux_atlassian_testkit`
[INFO] [stdout]    |
[INFO] [stdout] help: there is a crate or module with a similar name
[INFO] [stdout]    |
[INFO] [stdout] 63 - use threatflux_atlassian_testkit::golden::assert_json_eq;
[INFO] [stdout] 63 + use threatflux_atlassian_sdk::golden::assert_json_eq;
[INFO] [stdout]    |
[INFO] [stdout] 
[INFO] [stdout] 
[INFO] [stdout] error[E0433]: cannot find module or crate `threatflux_atlassian_testkit` in this scope
[INFO] [stdout]   --> tests/jira_endpoint_journal.rs:64:5
[INFO] [stdout]    |
[INFO] [stdout] 64 | use threatflux_atlassian_testkit::jira_mock::{JiraMock, RecordedRequest, Step};
[INFO] [stdout]    |     ^^^^^^^^^^^^^^^^^^^^^^^^^^^^ use of unresolved module or unlinked crate `threatflux_atlassian_testkit`
[INFO] [stdout]    |
[INFO] [stdout] help: there is a crate or module with a similar name
[INFO] [stdout]    |
[INFO] [stdout] 64 - use threatflux_atlassian_testkit::jira_mock::{JiraMock, RecordedRequest, Step};
[INFO] [stdout] 64 + use threatflux_atlassian_sdk::jira_mock::{JiraMock, RecordedRequest, Step};
[INFO] [stdout]    |
[INFO] [stdout] 
[INFO] [stdout] 
[INFO] [stdout] error[E0432]: unresolved import `threatflux_atlassian_testkit`
[INFO] [stdout]   --> tests/jira_endpoint_journal.rs:62:5
[INFO] [stdout]    |
[INFO] [stdout] 62 | use threatflux_atlassian_testkit::fixtures;
[INFO] [stdout]    |     ^^^^^^^^^^^^^^^^^^^^^^^^^^^^ use of unresolved module or unlinked crate `threatflux_atlassian_testkit`
[INFO] [stdout]    |
[INFO] [stdout] help: there is a crate or module with a similar name
[INFO] [stdout]    |
[INFO] [stdout] 62 - use threatflux_atlassian_testkit::fixtures;
[INFO] [stdout] 62 + use threatflux_atlassian_sdk::fixtures;
[INFO] [stdout]    |
[INFO] [stdout] 
[INFO] [stdout] 
[INFO] [stdout] error[E0433]: cannot find module or crate `threatflux_atlassian_testkit` in this scope
[INFO] [stdout]   --> tests/pagination_termination_matrix.rs:42:5
[INFO] [stdout]    |
[INFO] [stdout] 42 | use threatflux_atlassian_testkit::jira_mock::{JiraMock, Step};
[INFO] [stdout]    |     ^^^^^^^^^^^^^^^^^^^^^^^^^^^^ use of unresolved module or unlinked crate `threatflux_atlassian_testkit`
[INFO] [stdout]    |
[INFO] [stdout] help: there is a crate or module with a similar name
[INFO] [stdout]    |
[INFO] [stdout] 42 - use threatflux_atlassian_testkit::jira_mock::{JiraMock, Step};
[INFO] [stdout] 42 + use threatflux_atlassian_sdk::jira_mock::{JiraMock, Step};
[INFO] [stdout]    |
[INFO] [stdout] 
[INFO] [stdout] 
[INFO] [stdout] error[E0433]: cannot find module or crate `threatflux_atlassian_testkit` in this scope
[INFO] [stdout]   --> tests/adf_wire_goldens.rs:39:5
[INFO] [stdout]    |
[INFO] [stdout] 39 | use threatflux_atlassian_testkit::golden::assert_json_eq;
[INFO] [stdout]    |     ^^^^^^^^^^^^^^^^^^^^^^^^^^^^ use of unresolved module or unlinked crate `threatflux_atlassian_testkit`
[INFO] [stdout]    |
[INFO] [stdout] help: there is a crate or module with a similar name
[INFO] [stdout]    |
[INFO] [stdout] 39 - use threatflux_atlassian_testkit::golden::assert_json_eq;
[INFO] [stdout] 39 + use threatflux_atlassian_sdk::golden::assert_json_eq;
[INFO] [stdout]    |
[INFO] [stdout] 
[INFO] [stdout] 
[INFO] [stdout] error[E0433]: cannot find module or crate `threatflux_atlassian_testkit` in this scope
[INFO] [stdout]   --> tests/adf_wire_goldens.rs:40:5
[INFO] [stdout]    |
[INFO] [stdout] 40 | use threatflux_atlassian_testkit::jira_mock::{JiraMock, RecordedRequest, Step};
[INFO] [stdout]    |     ^^^^^^^^^^^^^^^^^^^^^^^^^^^^ use of unresolved module or unlinked crate `threatflux_atlassian_testkit`
[INFO] [stdout]    |
[INFO] [stdout] help: there is a crate or module with a similar name
[INFO] [stdout]    |
[INFO] [stdout] 40 - use threatflux_atlassian_testkit::jira_mock::{JiraMock, RecordedRequest, Step};
[INFO] [stdout] 40 + use threatflux_atlassian_sdk::jira_mock::{JiraMock, RecordedRequest, Step};
[INFO] [stdout]    |
[INFO] [stdout] 
[INFO] [stdout] 
[INFO] [stdout] error[E0432]: unresolved import `threatflux_atlassian_testkit`
[INFO] [stdout]   --> tests/adf_wire_goldens.rs:38:5
[INFO] [stdout]    |
[INFO] [stdout] 38 | use threatflux_atlassian_testkit::fixtures;
[INFO] [stdout]    |     ^^^^^^^^^^^^^^^^^^^^^^^^^^^^ use of unresolved module or unlinked crate `threatflux_atlassian_testkit`
[INFO] [stdout]    |
[INFO] [stdout] help: there is a crate or module with a similar name
[INFO] [stdout]    |
[INFO] [stdout] 38 - use threatflux_atlassian_testkit::fixtures;
[INFO] [stdout] 38 + use threatflux_atlassian_sdk::fixtures;
[INFO] [stdout]    |
[INFO] [stdout] 
[INFO] [stdout] 
[INFO] [stdout] For more information about this error, try `rustc --explain E0433`.
[INFO] [stdout] 
[INFO] [stdout] Some errors have detailed explanations: E0432, E0433.
[INFO] [stdout] 
[INFO] [stdout] For more information about an error, try `rustc --explain E0432`.
[INFO] [stdout] 
[INFO] [stdout] Some errors have detailed explanations: E0432, E0433.
[INFO] [stdout] 
[INFO] [stdout] For more information about an error, try `rustc --explain E0432`.
[INFO] [stdout] 
[INFO] [stderr] error: could not compile `threatflux-atlassian-sdk` (test "jira_endpoint_journal") due to 3 previous errors
[INFO] [stderr] warning: build failed, waiting for other jobs to finish...
[INFO] [stderr] error: could not compile `threatflux-atlassian-sdk` (test "secret_leak_sweep") due to 5 previous errors
[INFO] [stderr] error: could not compile `threatflux-atlassian-sdk` (test "pagination_termination_matrix") due to 1 previous error
[INFO] [stdout] Some errors have detailed explanations: E0432, E0433.
[INFO] [stdout] 
[INFO] [stdout] For more information about an error, try `rustc --explain E0432`.
[INFO] [stdout] 
[INFO] [stderr] error: could not compile `threatflux-atlassian-sdk` (test "adf_wire_goldens") due to 3 previous errors
[INFO] [stdout] For more information about this error, try `rustc --explain E0433`.
[INFO] [stdout] 
[INFO] [stderr] error: could not compile `threatflux-atlassian-sdk` (test "env_transport_reachability") due to 1 previous error
[INFO] [stdout] Some errors have detailed explanations: E0432, E0433.
[INFO] [stdout] 
[INFO] [stdout] For more information about an error, try `rustc --explain E0432`.
[INFO] [stdout] 
[INFO] [stderr] error: could not compile `threatflux-atlassian-sdk` (lib test) due to 10 previous errors
[INFO] [stderr] warning: unused dependency `tracing-subscriber`
[INFO] [stderr]   --> Cargo.toml:47:15
[INFO] [stderr]    |
[INFO] [stderr] 47 | [dependencies.tracing-subscriber]
[INFO] [stderr]    |               ^^^^^^^^^^^^^^^^^^^
[INFO] [stderr]    |
[INFO] [stderr]    = note: `cargo::unused_dependencies` is set to `warn` by default
[INFO] [stderr] help: consider removing the dependency on `tracing-subscriber`
[INFO] [stderr] help: to still use for development builds, move to `dev-dependencies`
[INFO] [stderr] warning: unused dependency `tracing-subscriber`
[INFO] [stderr]   --> Cargo.toml:73:19
[INFO] [stderr]    |
[INFO] [stderr] 73 | [dev-dependencies.tracing-subscriber]
[INFO] [stderr]    |                   ^^^^^^^^^^^^^^^^^^^
[INFO] [stderr]    |
[INFO] [stderr] help: consider removing the dependency on `tracing-subscriber`
[INFO] [stderr] help: to still use for development builds, move to `dev-dependencies`
[INFO] [stderr] warning: `threatflux-atlassian-sdk` (manifest) generated 2 warnings
[INFO] running `Command { std: "docker" "inspect" "89d41cee2d8b81da4909638eef907aa9c65d50a2d83af7331dae38d7f3ff8405", kill_on_drop: false }`
[INFO] running `Command { std: "docker" "rm" "-f" "89d41cee2d8b81da4909638eef907aa9c65d50a2d83af7331dae38d7f3ff8405", kill_on_drop: false }`
[INFO] [stdout] 89d41cee2d8b81da4909638eef907aa9c65d50a2d83af7331dae38d7f3ff8405
