[INFO] fetching crate thoth 0.1.10...
[INFO] testing thoth-0.1.10 against 1.99.0-beta.8+cargoflags=--release for beta-release-1.100-2
[INFO] extracting crate thoth 0.1.10 into /workspace/builds/worker-3-tc1/source
[INFO] started tweaking crates.io crate thoth 0.1.10
[INFO] finished tweaking crates.io crate thoth 0.1.10
[INFO] tweaked toml for crates.io crate thoth 0.1.10 written to /workspace/builds/worker-3-tc1/source/Cargo.toml
[INFO] validating manifest of crates.io crate thoth 0.1.10 on toolchain 1.99.0-beta.8
[INFO] running `Command { std: CARGO_HOME="/workspace/cargo-home" RUSTUP_HOME="/workspace/rustup-home" "/workspace/cargo-home/bin/cargo" "+1.99.0-beta.8" "metadata" "--manifest-path" "Cargo.toml" "--no-deps", kill_on_drop: false }`
[INFO] crate crates.io crate thoth 0.1.10 already has a lockfile, it will not be regenerated
[INFO] running `Command { std: CARGO_HOME="/workspace/cargo-home" RUSTUP_HOME="/workspace/rustup-home" "/workspace/cargo-home/bin/cargo" "+1.99.0-beta.8" "fetch" "--manifest-path" "Cargo.toml", kill_on_drop: false }`
[INFO] [stderr]     Updating crates.io index
[INFO] [stderr]  Downloading crates ...
[INFO] [stderr]   Downloaded uuid v0.7.4
[INFO] [stderr]   Downloaded xml-rs v0.8.0
[INFO] [stderr]   Downloaded pin-project-lite v0.1.4
[INFO] [stderr]   Downloaded futures-core v0.3.4
[INFO] [stderr]   Downloaded arc-swap v0.4.4
[INFO] [stderr]   Downloaded futures-macro v0.3.4
[INFO] [stderr]   Downloaded wasm-bindgen-shared v0.2.59
[INFO] [stderr]   Downloaded wasm-bindgen-futures v0.4.9
[INFO] [stderr]   Downloaded proc-macro-hack v0.5.11
[INFO] [stderr]   Downloaded itoa v0.4.5
[INFO] [stderr]   Downloaded num_cpus v1.12.0
[INFO] [stderr]   Downloaded actix-testing v1.0.0
[INFO] [stderr]   Downloaded winreg v0.6.2
[INFO] [stderr]   Downloaded siphasher v0.3.1
[INFO] [stderr]   Downloaded mio-uds v0.6.7
[INFO] [stderr]   Downloaded failure_derive v0.1.6
[INFO] [stderr]   Downloaded winapi-util v0.1.3
[INFO] [stderr]   Downloaded graphql-introspection-query v0.1.0
[INFO] [stderr]   Downloaded pin-utils v0.1.0-alpha.4
[INFO] [stderr]   Downloaded dotenv v0.9.0
[INFO] [stderr]   Downloaded graphql_query_derive v0.9.0
[INFO] [stderr]   Downloaded diesel-derive-enum v0.4.4
[INFO] [stderr]   Downloaded futures-task v0.3.4
[INFO] [stderr]   Downloaded scheduled-thread-pool v0.2.3
[INFO] [stderr]   Downloaded diesel_migrations v1.4.0
[INFO] [stderr]   Downloaded wasm-bindgen-macro v0.2.59
[INFO] [stderr]   Downloaded pq-sys v0.4.6
[INFO] [stderr]   Downloaded futures-sink v0.3.4
[INFO] [stderr]   Downloaded doc-comment v0.3.1
[INFO] [stderr]   Downloaded migrations_macros v1.4.1
[INFO] [stderr]   Downloaded threadpool v1.7.1
[INFO] [stderr]   Downloaded futures-io v0.3.4
[INFO] [stderr]   Downloaded wasm-bindgen-backend v0.2.59
[INFO] [stderr]   Downloaded wasm-bindgen-macro-support v0.2.59
[INFO] [stderr]   Downloaded tokio-tls v0.3.0
[INFO] [stderr]   Downloaded futures-channel v0.3.4
[INFO] [stderr]   Downloaded proc-macro-nested v0.1.3
[INFO] [stderr]   Downloaded actix-codec v0.2.0
[INFO] [stderr]   Downloaded actix-rt v1.0.0
[INFO] [stderr]   Downloaded copyless v0.1.4
[INFO] [stderr]   Downloaded actix-tls v1.0.0
[INFO] [stderr]   Downloaded actix-macros v0.1.1
[INFO] [stderr]   Downloaded hostname v0.1.5
[INFO] [stderr]   Downloaded actix-connect v1.0.2
[INFO] [stderr]   Downloaded actix-web-codegen v0.2.0
[INFO] [stderr]   Downloaded winutil v0.1.1
[INFO] [stderr]   Downloaded enum-as-inner v0.3.0
[INFO] [stderr]   Downloaded actix-threadpool v0.3.1
[INFO] [stderr]   Downloaded bytestring v0.1.4
[INFO] [stderr]   Downloaded graphql_client v0.9.0
[INFO] [stderr]   Downloaded lock_api v0.3.3
[INFO] [stderr]   Downloaded socket2 v0.3.11
[INFO] [stderr]   Downloaded miow v0.3.3
[INFO] [stderr]   Downloaded ucd-util v0.1.7
[INFO] [stderr]   Downloaded synstructure v0.12.3
[INFO] [stderr]   Downloaded juniper_codegen v0.14.2
[INFO] [stderr]   Downloaded migrations_internals v1.4.0
[INFO] [stderr]   Downloaded pin-project v0.4.8
[INFO] [stderr]   Downloaded futures-executor v0.3.4
[INFO] [stderr]   Downloaded diesel_derives v1.4.1
[INFO] [stderr]   Downloaded openssl-sys v0.9.54
[INFO] [stderr]   Downloaded pin-project-internal v0.4.8
[INFO] [stderr]   Downloaded brotli2 v0.3.2
[INFO] [stderr]   Downloaded actix-utils v1.0.6
[INFO] [stderr]   Downloaded async-trait v0.1.24
[INFO] [stderr]   Downloaded ipconfig v0.2.1
[INFO] [stderr]   Downloaded widestring v0.4.0
[INFO] [stderr]   Downloaded actix-service v1.0.5
[INFO] [stderr]   Downloaded resolv-conf v0.6.2
[INFO] [stderr]   Downloaded actix-router v0.2.4
[INFO] [stderr]   Downloaded actix-server v1.0.1
[INFO] [stderr]   Downloaded bytes v0.5.4
[INFO] [stderr]   Downloaded indexmap v1.3.2
[INFO] [stderr]   Downloaded schannel v0.1.17
[INFO] [stderr]   Downloaded graphql-parser v0.2.3
[INFO] [stderr]   Downloaded r2d2 v0.8.8
[INFO] [stderr]   Downloaded parking_lot v0.10.0
[INFO] [stderr]   Downloaded failure v0.1.6
[INFO] [stderr]   Downloaded futures v0.3.4
[INFO] [stderr]   Downloaded parking_lot_core v0.7.0
[INFO] [stderr]   Downloaded awc v1.0.1
[INFO] [stderr]   Downloaded derive_more v0.99.2
[INFO] [stderr]   Downloaded miniz_oxide v0.3.6
[INFO] [stderr]   Downloaded js-sys v0.3.36
[INFO] [stderr]   Downloaded backtrace v0.3.43
[INFO] [stderr]   Downloaded trust-dns-resolver v0.18.0-alpha.2
[INFO] [stderr]   Downloaded serde_json v1.0.46
[INFO] [stderr]   Downloaded reqwest v0.10.3
[INFO] [stderr]   Downloaded actix-web v2.0.0
[INFO] [stderr]   Downloaded aho-corasick v0.7.8
[INFO] [stderr]   Downloaded hyper v0.13.2
[INFO] [stderr]   Downloaded juniper v0.14.2
[INFO] [stderr]   Downloaded graphql_client_codegen v0.9.0
[INFO] [stderr]   Downloaded futures-util v0.3.4
[INFO] [stderr]   Downloaded h2 v0.2.1
[INFO] [stderr]   Downloaded wasm-bindgen v0.2.59
[INFO] [stderr]   Downloaded diesel v1.4.3
[INFO] [stderr]   Downloaded tokio v0.2.11
[INFO] [stderr]   Downloaded actix-http v1.0.1
[INFO] [stderr]   Downloaded openssl v0.10.28
[INFO] [stderr]   Downloaded trust-dns-proto v0.18.0-alpha.2
[INFO] [stderr]   Downloaded regex v1.3.4
[INFO] [stderr]   Downloaded regex-syntax v0.6.14
[INFO] [stderr]   Downloaded brotli-sys v0.3.2
[INFO] [stderr]   Downloaded web-sys v0.3.36
[INFO] running `Command { std: "docker" "create" "-v" "/var/lib/crater-agent-workspace/builds/worker-3-tc1/source:/opt/rustwide/workdir:ro,Z" "-v" "/var/lib/crater-agent-workspace/builds/worker-3-tc1/target:/opt/rustwide/target:rw,Z" "-v" "/var/lib/crater-agent-workspace/cargo-home:/opt/rustwide/cargo-home:ro,Z" "-v" "/var/lib/crater-agent-workspace/rustup-home:/opt/rustwide/rustup-home:ro,Z" "-m" "1610612736" "--network" "none" "ghcr.io/rust-lang/crates-build-env/linux@sha256:77db811e55d90add9212f6832c23229e3de5f1c1f9905e8cb07319ea15df73ac" "sleep" "infinity", kill_on_drop: false }`
[INFO] [stdout] 524bd941fdbd3a73240860d36717a49eefc203dcbe96baf8c5eedc48e9c516e8
[INFO] running `Command { std: "docker" "start" "524bd941fdbd3a73240860d36717a49eefc203dcbe96baf8c5eedc48e9c516e8", kill_on_drop: false }`
[INFO] running `Command { std: "docker" "inspect" "524bd941fdbd3a73240860d36717a49eefc203dcbe96baf8c5eedc48e9c516e8", kill_on_drop: false }`
[INFO] running `Command { std: "docker" "exec" "-e" "SOURCE_DIR=/opt/rustwide/workdir" "-e" "CARGO_HOME=/opt/rustwide/cargo-home" "-e" "RUSTUP_HOME=/opt/rustwide/rustup-home" "-e" "CARGO_TARGET_DIR=/opt/rustwide/target" "-w" "/opt/rustwide/workdir" "--user" "0:0" "524bd941fdbd3a73240860d36717a49eefc203dcbe96baf8c5eedc48e9c516e8" "/opt/rustwide/cargo-home/bin/cargo" "+1.99.0-beta.8" "metadata" "--no-deps" "--format-version=1", kill_on_drop: false }`
[INFO] running `Command { std: "docker" "inspect" "524bd941fdbd3a73240860d36717a49eefc203dcbe96baf8c5eedc48e9c516e8", kill_on_drop: false }`
[INFO] running `Command { std: "docker" "exec" "-e" "SOURCE_DIR=/opt/rustwide/workdir" "-e" "CARGO_HOME=/opt/rustwide/cargo-home" "-e" "RUSTUP_HOME=/opt/rustwide/rustup-home" "-e" "CARGO_TARGET_DIR=/opt/rustwide/target" "-e" "CARGO_INCREMENTAL=0" "-e" "RUST_BACKTRACE=full" "-e" "RUSTFLAGS=--cap-lints=warn" "-e" "RUSTDOCFLAGS=--cap-lints=warn" "-w" "/opt/rustwide/workdir" "--user" "0:0" "524bd941fdbd3a73240860d36717a49eefc203dcbe96baf8c5eedc48e9c516e8" "/opt/rustwide/cargo-home/bin/cargo" "+1.99.0-beta.8" "build" "--frozen" "--message-format=json" "--release", kill_on_drop: false }`
[INFO] [stderr]    Compiling libc v0.2.66
[INFO] [stderr]    Compiling proc-macro2 v1.0.8
[INFO] [stderr]    Compiling unicode-xid v0.2.0
[INFO] [stderr]    Compiling syn v1.0.14
[INFO] [stderr]    Compiling cfg-if v0.1.10
[INFO] [stderr]    Compiling memchr v2.3.0
[INFO] [stderr]    Compiling log v0.4.8
[INFO] [stderr]    Compiling autocfg v1.0.0
[INFO] [stderr]    Compiling cc v1.0.50
[INFO] [stderr]    Compiling serde v1.0.104
[INFO] [stderr]    Compiling slab v0.4.2
[INFO] [stderr]    Compiling smallvec v1.2.0
[INFO] [stderr]    Compiling bitflags v1.2.1
[INFO] [stderr]    Compiling futures-core v0.3.4
[INFO] [stderr]    Compiling futures-sink v0.3.4
[INFO] [stderr]    Compiling fnv v1.0.6
[INFO] [stderr]    Compiling bytes v0.5.4
[INFO] [stderr]    Compiling proc-macro-nested v0.1.3
[INFO] [stderr]    Compiling getrandom v0.1.14
[INFO] [stderr]    Compiling arc-swap v0.4.4
[INFO] [stderr]    Compiling pin-project-lite v0.1.4
[INFO] [stderr]    Compiling futures-channel v0.3.4
[INFO] [stderr]    Compiling futures-io v0.3.4
[INFO] [stderr]    Compiling pin-utils v0.1.0-alpha.4
[INFO] [stderr]    Compiling futures-task v0.3.4
[INFO] [stderr]    Compiling byteorder v1.3.4
[INFO] [stderr]    Compiling num-traits v0.2.11
[INFO] [stderr]    Compiling scopeguard v1.0.0
[INFO] [stderr]    Compiling num-integer v0.1.42
[INFO] [stderr]    Compiling lock_api v0.3.3
[INFO] [stderr]    Compiling failure_derive v0.1.6
[INFO] [stderr]    Compiling itoa v0.4.5
[INFO] [stderr]    Compiling ryu v1.0.2
[INFO] [stderr]    Compiling unicode-segmentation v1.6.0
[INFO] [stderr]    Compiling matches v0.1.8
[INFO] [stderr]    Compiling unicode-normalization v0.1.12
[INFO] [stderr]    Compiling unicode-bidi v0.3.4
[INFO] [stderr]    Compiling indexmap v1.3.2
[INFO] [stderr]    Compiling pq-sys v0.4.6
[INFO] [stderr]    Compiling pkg-config v0.3.17
[INFO] [stderr]    Compiling quote v1.0.2
[INFO] [stderr]    Compiling version_check v0.9.1
[INFO] [stderr]    Compiling ppv-lite86 v0.2.6
[INFO] [stderr]    Compiling http v0.2.0
[INFO] [stderr]    Compiling iovec v0.1.4
[INFO] [stderr]    Compiling net2 v0.2.33
[INFO] [stderr]    Compiling num_cpus v1.12.0
[INFO] [stderr]    Compiling signal-hook-registry v1.2.0
[INFO] [stderr]    Compiling parking_lot_core v0.7.0
[INFO] [stderr]    Compiling heck v0.3.1
[INFO] [stderr]    Compiling time v0.1.42
[INFO] [stderr]    Compiling mio v0.6.21
[INFO] [stderr]    Compiling threadpool v1.7.1
[INFO] [stderr]    Compiling rand_core v0.5.1
[INFO] [stderr]    Compiling copyless v0.1.4
[INFO] [stderr]    Compiling c2-chacha v0.2.3
[INFO] [stderr]    Compiling unicase v2.6.0
[INFO] [stderr]    Compiling parking_lot v0.10.0
[INFO] [stderr]    Compiling backtrace-sys v0.1.32
[INFO] [stderr]    Compiling openssl-sys v0.9.54
[INFO] [stderr]    Compiling rustc-demangle v0.1.16
[INFO] [stderr]    Compiling mio-uds v0.6.7
[INFO] [stderr]    Compiling idna v0.2.0
[INFO] [stderr]    Compiling either v1.5.3
[INFO] [stderr]    Compiling quick-error v1.2.3
[INFO] [stderr] warning: openssl-sys@0.9.54: build/expando.c:4:24: error: pasting "RUST_VERSION_OPENSSL_" and "(" does not give a valid preprocessing token
[INFO] [stderr] warning: openssl-sys@0.9.54:     4 | #define VERSION2(n, v) RUST_VERSION_##n##_##v
[INFO] [stderr] warning: openssl-sys@0.9.54:       |                        ^~~~~~~~~~~~~
[INFO] [stderr] warning: openssl-sys@0.9.54: build/expando.c:5:23: note: in expansion of macro 'VERSION2'
[INFO] [stderr] warning: openssl-sys@0.9.54:     5 | #define VERSION(n, v) VERSION2(n, v)
[INFO] [stderr] warning: openssl-sys@0.9.54:       |                       ^~~~~~~~
[INFO] [stderr] warning: openssl-sys@0.9.54: build/expando.c:10:1: note: in expansion of macro 'VERSION'
[INFO] [stderr] warning: openssl-sys@0.9.54:    10 | VERSION(OPENSSL, OPENSSL_VERSION_NUMBER)
[INFO] [stderr] warning: openssl-sys@0.9.54:       | ^~~~~~~
[INFO] [stderr] error: failed to run custom build command for `openssl-sys v0.9.54`
[INFO] [stderr] note: To improve backtraces for build dependencies, set the CARGO_PROFILE_RELEASE_BUILD_OVERRIDE_DEBUG=true environment variable to enable debug information generation.
[INFO] [stderr] 
[INFO] [stderr] Caused by:
[INFO] [stderr]   process didn't exit successfully: `/opt/rustwide/target/release/build/openssl-sys-ba8d29d87f4a48fe/build-script-main` (exit status: 101)
[INFO] [stderr]   --- stdout
[INFO] [stderr]   cargo:rustc-cfg=const_fn
[INFO] [stderr]   cargo:rerun-if-env-changed=X86_64_UNKNOWN_LINUX_GNU_OPENSSL_LIB_DIR
[INFO] [stderr]   X86_64_UNKNOWN_LINUX_GNU_OPENSSL_LIB_DIR unset
[INFO] [stderr]   cargo:rerun-if-env-changed=OPENSSL_LIB_DIR
[INFO] [stderr]   OPENSSL_LIB_DIR unset
[INFO] [stderr]   cargo:rerun-if-env-changed=X86_64_UNKNOWN_LINUX_GNU_OPENSSL_INCLUDE_DIR
[INFO] [stderr]   X86_64_UNKNOWN_LINUX_GNU_OPENSSL_INCLUDE_DIR unset
[INFO] [stderr]   cargo:rerun-if-env-changed=OPENSSL_INCLUDE_DIR
[INFO] [stderr]   OPENSSL_INCLUDE_DIR unset
[INFO] [stderr]   cargo:rerun-if-env-changed=X86_64_UNKNOWN_LINUX_GNU_OPENSSL_DIR
[INFO] [stderr]   X86_64_UNKNOWN_LINUX_GNU_OPENSSL_DIR unset
[INFO] [stderr]   cargo:rerun-if-env-changed=OPENSSL_DIR
[INFO] [stderr]   OPENSSL_DIR unset
[INFO] [stderr]   cargo:rustc-link-lib=ssl
[INFO] [stderr]   cargo:rustc-link-lib=crypto
[INFO] [stderr]   OPT_LEVEL = Some("3")
[INFO] [stderr]   TARGET = Some("x86_64-unknown-linux-gnu")
[INFO] [stderr]   HOST = Some("x86_64-unknown-linux-gnu")
[INFO] [stderr]   CC_x86_64-unknown-linux-gnu = None
[INFO] [stderr]   CC_x86_64_unknown_linux_gnu = None
[INFO] [stderr]   HOST_CC = None
[INFO] [stderr]   CC = None
[INFO] [stderr]   CFLAGS_x86_64-unknown-linux-gnu = None
[INFO] [stderr]   CFLAGS_x86_64_unknown_linux_gnu = None
[INFO] [stderr]   HOST_CFLAGS = None
[INFO] [stderr]   CFLAGS = None
[INFO] [stderr]   CRATE_CC_NO_DEFAULTS = None
[INFO] [stderr]   DEBUG = Some("false")
[INFO] [stderr]   CARGO_CFG_TARGET_FEATURE = Some("fxsr,sse,sse2")
[INFO] [stderr]   running: "cc" "-O3" "-ffunction-sections" "-fdata-sections" "-fPIC" "-m64" "-I" "/usr/include" "-Wall" "-Wextra" "-E" "build/expando.c"
[INFO] [stderr]   cargo:warning=build/expando.c:4:24: error: pasting "RUST_VERSION_OPENSSL_" and "(" does not give a valid preprocessing token
[INFO] [stderr]   cargo:warning=    4 | #define VERSION2(n, v) RUST_VERSION_##n##_##v
[INFO] [stderr]   cargo:warning=      |                        ^~~~~~~~~~~~~
[INFO] [stderr]   cargo:warning=build/expando.c:5:23: note: in expansion of macro 'VERSION2'
[INFO] [stderr]   cargo:warning=    5 | #define VERSION(n, v) VERSION2(n, v)
[INFO] [stderr]   cargo:warning=      |                       ^~~~~~~~
[INFO] [stderr]   cargo:warning=build/expando.c:10:1: note: in expansion of macro 'VERSION'
[INFO] [stderr]   cargo:warning=   10 | VERSION(OPENSSL, OPENSSL_VERSION_NUMBER)
[INFO] [stderr]   cargo:warning=      | ^~~~~~~
[INFO] [stderr]   exit status: 1
[INFO] [stderr] 
[INFO] [stderr]   --- stderr
[INFO] [stderr] 
[INFO] [stderr]   thread 'main' (1141) panicked at /opt/rustwide/cargo-home/registry/src/index.crates.io-1949cf8c6b5b557f/openssl-sys-0.9.54/build/main.rs:126:13:
[INFO] [stderr] 
[INFO] [stderr]   Header expansion error:
[INFO] [stderr]   Error { kind: ToolExecError, message: "Command \"cc\" \"-O3\" \"-ffunction-sections\" \"-fdata-sections\" \"-fPIC\" \"-m64\" \"-I\" \"/usr/include\" \"-Wall\" \"-Wextra\" \"-E\" \"build/expando.c\" with args \"cc\" did not execute successfully (status code exit status: 1)." }
[INFO] [stderr] 
[INFO] [stderr]   Failed to find OpenSSL development headers.
[INFO] [stderr] 
[INFO] [stderr]   You can try fixing this setting the `OPENSSL_DIR` environment variable
[INFO] [stderr]   pointing to your OpenSSL installation or installing OpenSSL headers package
[INFO] [stderr]   specific to your distribution:
[INFO] [stderr] 
[INFO] [stderr]       # On Ubuntu
[INFO] [stderr]       sudo apt-get install libssl-dev
[INFO] [stderr]       # On Arch Linux
[INFO] [stderr]       sudo pacman -S openssl
[INFO] [stderr]       # On Fedora
[INFO] [stderr]       sudo dnf install openssl-devel
[INFO] [stderr] 
[INFO] [stderr]   See rust-openssl README for more information:
[INFO] [stderr] 
[INFO] [stderr]       https://github.com/sfackler/rust-openssl#linux
[INFO] [stderr] 
[INFO] [stderr]   stack backtrace:
[INFO] [stderr]      0:     0x5fe5e2796531 - <<std[70759c8f55707aa4]::sys::backtrace::BacktraceLock>::print::DisplayBacktrace as core[df12db4294e9bfd3]::fmt::Display>::fmt
[INFO] [stderr]      1:     0x5fe5e27aadfa - core[df12db4294e9bfd3]::fmt::write
[INFO] [stderr]      2:     0x5fe5e279c5ec - <std[70759c8f55707aa4]::sys::stdio::unix::Stderr as core[df12db4294e9bfd3]::io::write::Write>::write_fmt
[INFO] [stderr]      3:     0x5fe5e2775c66 - std[70759c8f55707aa4]::panicking::default_hook::{closure#0}
[INFO] [stderr]      4:     0x5fe5e2791241 - std[70759c8f55707aa4]::panicking::default_hook
[INFO] [stderr]      5:     0x5fe5e27913fb - std[70759c8f55707aa4]::panicking::panic_with_hook
[INFO] [stderr]      6:     0x5fe5e2775d12 - std[70759c8f55707aa4]::panicking::panic_handler::{closure#0}
[INFO] [stderr]      7:     0x5fe5e276e789 - std[70759c8f55707aa4]::sys::backtrace::__rust_end_short_backtrace::<std[70759c8f55707aa4]::panicking::panic_handler::{closure#0}, !>
[INFO] [stderr]      8:     0x5fe5e27765cd - __rustc[8fa7c3cbc660c2b3]::rust_begin_unwind
[INFO] [stderr]      9:     0x5fe5e27ab56c - core[df12db4294e9bfd3]::panicking::panic_fmt
[INFO] [stderr]     10:     0x5fe5e270cbcf - build_script_main[65fe36b65b3c946b]::validate_headers
[INFO] [stderr]     11:     0x5fe5e2710313 - build_script_main[65fe36b65b3c946b]::find::try_pkg_config
[INFO] [stderr]     12:     0x5fe5e27106d8 - build_script_main[65fe36b65b3c946b]::find::find_openssl_dir
[INFO] [stderr]     13:     0x5fe5e270b007 - build_script_main[65fe36b65b3c946b]::find::get_openssl::{closure#0}
[INFO] [stderr]     14:     0x5fe5e2709490 - <core[df12db4294e9bfd3]::option::Option<std[70759c8f55707aa4]::ffi::os_str::OsString>>::unwrap_or_else::<build_script_main[65fe36b65b3c946b]::find::get_openssl::{closure#0}>
[INFO] [stderr]     15:     0x5fe5e270fc0f - build_script_main[65fe36b65b3c946b]::find::get_openssl
[INFO] [stderr]     16:     0x5fe5e270d1e9 - build_script_main[65fe36b65b3c946b]::main
[INFO] [stderr]     17:     0x5fe5e2712ae3 - <fn() as core[df12db4294e9bfd3]::ops::function::FnOnce<()>>::call_once
[INFO] [stderr]     18:     0x5fe5e2709dd6 - std[70759c8f55707aa4]::sys::backtrace::__rust_begin_short_backtrace::<fn(), ()>
[INFO] [stderr]     19:     0x5fe5e270a519 - std[70759c8f55707aa4]::rt::lang_start::<()>::{closure#0}
[INFO] [stderr]     20:     0x5fe5e2790609 - std[70759c8f55707aa4]::rt::lang_start_internal
[INFO] [stderr]     21:     0x5fe5e2709af1 - std[70759c8f55707aa4]::rt::lang_start::<()>
[INFO] [stderr]     22:     0x5fe5e2712c95 - main
[INFO] [stderr]     23:     0x722da0cc4601 - <unknown>
[INFO] [stderr]     24:     0x722da0cc4718 - __libc_start_main
[INFO] [stderr]     25:     0x5fe5e2709155 - _start
[INFO] [stderr]     26:                0x0 - <unknown>
[INFO] [stderr] warning: build failed, waiting for other jobs to finish...
[INFO] running `Command { std: "docker" "inspect" "524bd941fdbd3a73240860d36717a49eefc203dcbe96baf8c5eedc48e9c516e8", kill_on_drop: false }`
[INFO] running `Command { std: "docker" "rm" "-f" "524bd941fdbd3a73240860d36717a49eefc203dcbe96baf8c5eedc48e9c516e8", kill_on_drop: false }`
[INFO] [stdout] 524bd941fdbd3a73240860d36717a49eefc203dcbe96baf8c5eedc48e9c516e8
