[INFO] fetching crate thorium 0.4.0...
[INFO] testing thorium-0.4.0 against 1.99.0-beta.8+cargoflags=--release for beta-release-1.100-2
[INFO] extracting crate thorium 0.4.0 into /workspace/builds/worker-7-tc1/source
[INFO] removed /workspace/builds/worker-7-tc1/source/.cargo/config
[INFO] started tweaking crates.io crate thorium 0.4.0
[INFO] finished tweaking crates.io crate thorium 0.4.0
[INFO] tweaked toml for crates.io crate thorium 0.4.0 written to /workspace/builds/worker-7-tc1/source/Cargo.toml
[INFO] validating manifest of crates.io crate thorium 0.4.0 on toolchain 1.99.0-beta.8
[INFO] running `Command { std: CARGO_HOME="/workspace/cargo-home" RUSTUP_HOME="/workspace/rustup-home" "/workspace/cargo-home/bin/cargo" "+1.99.0-beta.8" "metadata" "--manifest-path" "Cargo.toml" "--no-deps", kill_on_drop: false }`
[INFO] running `Command { std: CARGO_HOME="/workspace/cargo-home" RUSTUP_HOME="/workspace/rustup-home" "/workspace/cargo-home/bin/cargo" "+1.99.0-beta.8" "generate-lockfile" "--manifest-path" "Cargo.toml", kill_on_drop: false }`
[INFO] [stderr]     Blocking waiting for file lock on package cache
[INFO] [stderr]     Updating crates.io index
[INFO] [stderr]     Blocking waiting for file lock on package cache
[INFO] [stderr]      Locking 9 packages to highest compatible versions
[INFO] [stderr]       Adding beryllium v0.0.10 (available: v0.13.3)
[INFO] [stderr]       Adding gba-proc-macro v0.5.0 (available: v0.6.0)
[INFO] running `Command { std: CARGO_HOME="/workspace/cargo-home" RUSTUP_HOME="/workspace/rustup-home" "/workspace/cargo-home/bin/cargo" "+1.99.0-beta.8" "fetch" "--manifest-path" "Cargo.toml", kill_on_drop: false }`
[INFO] [stderr]  Downloading crates ...
[INFO] [stderr]   Downloaded gba-proc-macro v0.5.0
[INFO] [stderr]   Downloaded beryllium v0.0.10
[INFO] [stderr]   Downloaded phantom-fields v0.1.2
[INFO] [stderr]   Downloaded fermium v0.0.15
[INFO] running `Command { std: "docker" "create" "-v" "/var/lib/crater-agent-workspace/builds/worker-7-tc1/source:/opt/rustwide/workdir:ro,Z" "-v" "/var/lib/crater-agent-workspace/builds/worker-7-tc1/target:/opt/rustwide/target:rw,Z" "-v" "/var/lib/crater-agent-workspace/cargo-home:/opt/rustwide/cargo-home:ro,Z" "-v" "/var/lib/crater-agent-workspace/rustup-home:/opt/rustwide/rustup-home:ro,Z" "-m" "1610612736" "--network" "none" "ghcr.io/rust-lang/crates-build-env/linux@sha256:77db811e55d90add9212f6832c23229e3de5f1c1f9905e8cb07319ea15df73ac" "sleep" "infinity", kill_on_drop: false }`
[INFO] [stdout] db03db1a2529f459d09853590e9a4e5927ade1ef7d5ff27f27323c23cad31914
[INFO] running `Command { std: "docker" "start" "db03db1a2529f459d09853590e9a4e5927ade1ef7d5ff27f27323c23cad31914", kill_on_drop: false }`
[INFO] running `Command { std: "docker" "inspect" "db03db1a2529f459d09853590e9a4e5927ade1ef7d5ff27f27323c23cad31914", kill_on_drop: false }`
[INFO] running `Command { std: "docker" "exec" "-e" "SOURCE_DIR=/opt/rustwide/workdir" "-e" "CARGO_HOME=/opt/rustwide/cargo-home" "-e" "RUSTUP_HOME=/opt/rustwide/rustup-home" "-e" "CARGO_TARGET_DIR=/opt/rustwide/target" "-w" "/opt/rustwide/workdir" "--user" "0:0" "db03db1a2529f459d09853590e9a4e5927ade1ef7d5ff27f27323c23cad31914" "/opt/rustwide/cargo-home/bin/cargo" "+1.99.0-beta.8" "metadata" "--no-deps" "--format-version=1", kill_on_drop: false }`
[INFO] running `Command { std: "docker" "inspect" "db03db1a2529f459d09853590e9a4e5927ade1ef7d5ff27f27323c23cad31914", kill_on_drop: false }`
[INFO] running `Command { std: "docker" "exec" "-e" "SOURCE_DIR=/opt/rustwide/workdir" "-e" "CARGO_HOME=/opt/rustwide/cargo-home" "-e" "RUSTUP_HOME=/opt/rustwide/rustup-home" "-e" "CARGO_TARGET_DIR=/opt/rustwide/target" "-e" "CARGO_INCREMENTAL=0" "-e" "RUST_BACKTRACE=full" "-e" "RUSTFLAGS=--cap-lints=warn" "-e" "RUSTDOCFLAGS=--cap-lints=warn" "-w" "/opt/rustwide/workdir" "--user" "0:0" "db03db1a2529f459d09853590e9a4e5927ade1ef7d5ff27f27323c23cad31914" "/opt/rustwide/cargo-home/bin/cargo" "+1.99.0-beta.8" "build" "--frozen" "--message-format=json" "--release", kill_on_drop: false }`
[INFO] [stderr]    Compiling proc-macro2 v0.4.30
[INFO] [stderr]    Compiling unicode-xid v0.1.0
[INFO] [stderr]    Compiling syn v0.15.44
[INFO] [stderr]    Compiling libc v0.2.191
[INFO] [stderr]    Compiling fermium v0.0.15
[INFO] [stderr]    Compiling quote v0.6.13
[INFO] [stderr]    Compiling phantom-fields v0.1.2
[INFO] [stderr]    Compiling gba-proc-macro v0.5.0
[INFO] [stderr]    Compiling beryllium v0.0.10
[INFO] [stderr]    Compiling thorium v0.4.0 (/opt/rustwide/workdir)
[INFO] [stdout] warning: use of deprecated constant `std::usize::MAX`: replaced by the `MAX` associated constant on this type
[INFO] [stdout]    --> src/lib.rs:176:62
[INFO] [stdout]     |
[INFO] [stdout] 176 |     memory.apu.pulse_a.play_samples_remaining = core::usize::MAX;
[INFO] [stdout]     |                                                              ^^^
[INFO] [stdout]     |
[INFO] [stdout]     = note: `#[warn(deprecated)]` on by default
[INFO] [stdout] 
[INFO] [stdout] 
[INFO] [stdout] warning: use of deprecated constant `std::usize::MAX`: replaced by the `MAX` associated constant on this type
[INFO] [stdout]    --> src/lib.rs:183:62
[INFO] [stdout]     |
[INFO] [stdout] 183 |     memory.apu.pulse_b.play_samples_remaining = core::usize::MAX;
[INFO] [stdout]     |                                                              ^^^
[INFO] [stdout] 
[INFO] [stdout] 
[INFO] [stdout] warning: use of deprecated constant `std::usize::MAX`: replaced by the `MAX` associated constant on this type
[INFO] [stdout]   --> src/dmg_apu.rs:46:20
[INFO] [stdout]    |
[INFO] [stdout] 46 |       core::usize::MAX
[INFO] [stdout]    |                    ^^^
[INFO] [stdout] 
[INFO] [stdout] 
[INFO] [stdout] warning: use of deprecated constant `std::usize::MAX`: replaced by the `MAX` associated constant on this type
[INFO] [stdout]   --> src/dmg_apu.rs:88:37
[INFO] [stdout]    |
[INFO] [stdout] 88 |         self.samples = core::usize::MAX;
[INFO] [stdout]    |                                     ^^^
[INFO] [stdout] 
[INFO] [stdout] 
[INFO] [stdout] warning: use of deprecated constant `std::usize::MAX`: replaced by the `MAX` associated constant on this type
[INFO] [stdout]    --> src/dmg_apu.rs:127:20
[INFO] [stdout]     |
[INFO] [stdout] 127 |       core::usize::MAX
[INFO] [stdout]     |                    ^^^
[INFO] [stdout] 
[INFO] [stdout] 
[INFO] [stdout] warning: use of deprecated constant `std::usize::MAX`: replaced by the `MAX` associated constant on this type
[INFO] [stdout]    --> src/dmg_apu.rs:152:37
[INFO] [stdout]     |
[INFO] [stdout] 152 |         self.samples = core::usize::MAX;
[INFO] [stdout]     |                                     ^^^
[INFO] [stdout] 
[INFO] [stdout] 
[INFO] [stdout] warning: use of deprecated constant `std::usize::MAX`: replaced by the `MAX` associated constant on this type
[INFO] [stdout]    --> src/dmg_apu.rs:155:37
[INFO] [stdout]     |
[INFO] [stdout] 155 |         self.samples = core::usize::MAX;
[INFO] [stdout]     |                                     ^^^
[INFO] [stdout] 
[INFO] [stdout] 
[INFO] [stdout] warning: use of deprecated constant `std::u16::MAX`: replaced by the `MAX` associated constant on this type
[INFO] [stdout]    --> src/dmg_apu.rs:364:27
[INFO] [stdout]     |
[INFO] [stdout] 364 |       counter: core::u16::MAX,
[INFO] [stdout]     |                           ^^^
[INFO] [stdout] 
[INFO] [stdout] 
[INFO] [stdout] warning: `extern` fn uses type `[interchange::StereoI16]`, which is not FFI-safe
[INFO] [stdout]    --> src/lib.rs:316:58
[INFO] [stdout]     |
[INFO] [stdout] 316 |   memory: &mut GameMemory, samples_per_second: i32, buf: &mut [StereoI16],
[INFO] [stdout]     |                                                          ^^^^^^^^^^^^^^^^ not FFI-safe
[INFO] [stdout]     |
[INFO] [stdout]     = help: consider using a raw pointer instead
[INFO] [stdout]     = note: slices have no C equivalent
[INFO] [stdout]     = note: `#[warn(improper_ctypes_definitions)]` on by default
[INFO] [stdout] 
[INFO] [stdout] 
[INFO] [stdout] warning: `extern` fn uses type `[interchange::StereoI16]`, which is not FFI-safe
[INFO] [stdout]    --> src/interchange.rs:106:34
[INFO] [stdout]     |
[INFO] [stdout] 106 | pub type GameGetSoundSamplesFn = extern "C" fn(&mut GameMemory, i32, &mut [StereoI16]);
[INFO] [stdout]     |                                  ^^^^^^^^^^^^^^^^^^^^^^^^^^^^^^^^^^^^^^^^^^^^^^^^^^^^^ not FFI-safe
[INFO] [stdout]     |
[INFO] [stdout]     = help: consider using a raw pointer instead
[INFO] [stdout]     = note: slices have no C equivalent
[INFO] [stdout] 
[INFO] [stdout] 
[INFO] [stdout] error: linking with `cc` failed: exit status: 1
[INFO] [stdout]   |
[INFO] [stdout]   = note:  "cc" "-m64" "<1 object files omitted>" "-Wl,--as-needed" "-Wl,-Bstatic" "<sysroot>/lib/rustlib/x86_64-unknown-linux-gnu/lib/libcompiler_builtins-*.rlib" "-Wl,-Bdynamic" "-lasound" "-ldl" "-lpulse" "-lsamplerate" "-lX11" "-lXext" "-lXcursor" "-lXi" "-lXfixes" "-lXrandr" "-lXss" "-ldrm" "-lgbm" "-lwayland-egl" "-lwayland-client" "-lm" "-lwayland-cursor" "-lxkbcommon" "-ldecor-0" "-lpthread" "-lgcc_s" "-lutil" "-lrt" "-lpthread" "-lm" "-ldl" "-lc" "-L" "/opt/rustwide/target/release/deps/rustcZBJmTR/raw-dylibs" "-B<sysroot>/lib/rustlib/x86_64-unknown-linux-gnu/bin/gcc-ld" "-fuse-ld=lld" "-Wl,--eh-frame-hdr" "-Wl,-z,noexecstack" "-L" "<sysroot>/lib/rustlib/x86_64-unknown-linux-gnu/lib" "-o" "/opt/rustwide/target/release/deps/thorium-2cb4ce3c8c2b5695" "-Wl,--gc-sections" "-pie" "-Wl,-z,relro,-z,now" "-Wl,-O1" "-Wl,--strip-debug" "-nodefaultlibs"
[INFO] [stdout]   = note: some arguments are omitted. use `--verbose` to show all linker arguments
[INFO] [stdout]   = note: rust-lld: error: undefined symbol: SDL_LockSurface
[INFO] [stdout]           >>> referenced by thorium.752edb99d5b6c9b5-cgu.0
[INFO] [stdout]           >>>               /opt/rustwide/target/release/deps/thorium-2cb4ce3c8c2b5695.thorium.752edb99d5b6c9b5-cgu.0.rcgu.o:(<beryllium::surface::Surface>::lock_edit::<thorium::main::{closure#2}>)
[INFO] [stdout]           
[INFO] [stdout]           rust-lld: error: undefined symbol: SDL_UnlockSurface
[INFO] [stdout]           >>> referenced by thorium.752edb99d5b6c9b5-cgu.0
[INFO] [stdout]           >>>               /opt/rustwide/target/release/deps/thorium-2cb4ce3c8c2b5695.thorium.752edb99d5b6c9b5-cgu.0.rcgu.o:(<beryllium::surface::Surface>::lock_edit::<thorium::main::{closure#2}>)
[INFO] [stdout]           
[INFO] [stdout]           rust-lld: error: undefined symbol: SDL_GameControllerClose
[INFO] [stdout]           >>> referenced by thorium.752edb99d5b6c9b5-cgu.0
[INFO] [stdout]           >>>               /opt/rustwide/target/release/deps/thorium-2cb4ce3c8c2b5695.thorium.752edb99d5b6c9b5-cgu.0.rcgu.o:(core::ptr::drop_glue::<alloc::vec::Vec<(beryllium::controller::JoystickID, beryllium::controller::Controller)>>)
[INFO] [stdout]           >>> referenced by thorium.752edb99d5b6c9b5-cgu.0
[INFO] [stdout]           >>>               /opt/rustwide/target/release/deps/thorium-2cb4ce3c8c2b5695.thorium.752edb99d5b6c9b5-cgu.0.rcgu.o:(thorium::main)
[INFO] [stdout]           
[INFO] [stdout]           rust-lld: error: undefined symbol: SDL_Init
[INFO] [stdout]           >>> referenced by thorium.752edb99d5b6c9b5-cgu.0
[INFO] [stdout]           >>>               /opt/rustwide/target/release/deps/thorium-2cb4ce3c8c2b5695.thorium.752edb99d5b6c9b5-cgu.0.rcgu.o:(thorium::main)
[INFO] [stdout]           
[INFO] [stdout]           rust-lld: error: undefined symbol: SDL_CreateWindow
[INFO] [stdout]           >>> referenced by thorium.752edb99d5b6c9b5-cgu.0
[INFO] [stdout]           >>>               /opt/rustwide/target/release/deps/thorium-2cb4ce3c8c2b5695.thorium.752edb99d5b6c9b5-cgu.0.rcgu.o:(thorium::main)
[INFO] [stdout]           
[INFO] [stdout]           rust-lld: error: undefined symbol: SDL_GetWindowDisplayMode
[INFO] [stdout]           >>> referenced by thorium.752edb99d5b6c9b5-cgu.0
[INFO] [stdout]           >>>               /opt/rustwide/target/release/deps/thorium-2cb4ce3c8c2b5695.thorium.752edb99d5b6c9b5-cgu.0.rcgu.o:(thorium::main)
[INFO] [stdout]           
[INFO] [stdout]           rust-lld: error: undefined symbol: SDL_SetWindowDisplayMode
[INFO] [stdout]           >>> referenced by thorium.752edb99d5b6c9b5-cgu.0
[INFO] [stdout]           >>>               /opt/rustwide/target/release/deps/thorium-2cb4ce3c8c2b5695.thorium.752edb99d5b6c9b5-cgu.0.rcgu.o:(thorium::main)
[INFO] [stdout]           
[INFO] [stdout]           rust-lld: error: undefined symbol: SDL_OpenAudioDevice
[INFO] [stdout]           >>> referenced by thorium.752edb99d5b6c9b5-cgu.0
[INFO] [stdout]           >>>               /opt/rustwide/target/release/deps/thorium-2cb4ce3c8c2b5695.thorium.752edb99d5b6c9b5-cgu.0.rcgu.o:(thorium::main)
[INFO] [stdout]           
[INFO] [stdout]           rust-lld: error: undefined symbol: SDL_NumJoysticks
[INFO] [stdout]           >>> referenced by thorium.752edb99d5b6c9b5-cgu.0
[INFO] [stdout]           >>>               /opt/rustwide/target/release/deps/thorium-2cb4ce3c8c2b5695.thorium.752edb99d5b6c9b5-cgu.0.rcgu.o:(thorium::main)
[INFO] [stdout]           
[INFO] [stdout]           rust-lld: error: undefined symbol: SDL_IsGameController
[INFO] [stdout]           >>> referenced by thorium.752edb99d5b6c9b5-cgu.0
[INFO] [stdout]           >>>               /opt/rustwide/target/release/deps/thorium-2cb4ce3c8c2b5695.thorium.752edb99d5b6c9b5-cgu.0.rcgu.o:(thorium::main)
[INFO] [stdout]           >>> referenced by thorium.752edb99d5b6c9b5-cgu.0
[INFO] [stdout]           >>>               /opt/rustwide/target/release/deps/thorium-2cb4ce3c8c2b5695.thorium.752edb99d5b6c9b5-cgu.0.rcgu.o:(thorium::main)
[INFO] [stdout]           
[INFO] [stdout]           rust-lld: error: undefined symbol: SDL_SetWindowSize
[INFO] [stdout]           >>> referenced by thorium.752edb99d5b6c9b5-cgu.0
[INFO] [stdout]           >>>               /opt/rustwide/target/release/deps/thorium-2cb4ce3c8c2b5695.thorium.752edb99d5b6c9b5-cgu.0.rcgu.o:(thorium::main)
[INFO] [stdout]           
[INFO] [stdout]           rust-lld: error: undefined symbol: SDL_GameControllerOpen
[INFO] [stdout]           >>> referenced by thorium.752edb99d5b6c9b5-cgu.0
[INFO] [stdout]           >>>               /opt/rustwide/target/release/deps/thorium-2cb4ce3c8c2b5695.thorium.752edb99d5b6c9b5-cgu.0.rcgu.o:(thorium::main)
[INFO] [stdout]           
[INFO] [stdout]           rust-lld: error: undefined symbol: SDL_GameControllerName
[INFO] [stdout]           >>> referenced by thorium.752edb99d5b6c9b5-cgu.0
[INFO] [stdout]           >>>               /opt/rustwide/target/release/deps/thorium-2cb4ce3c8c2b5695.thorium.752edb99d5b6c9b5-cgu.0.rcgu.o:(thorium::main)
[INFO] [stdout]           
[INFO] [stdout]           rust-lld: error: undefined symbol: SDL_strlen
[INFO] [stdout]           >>> referenced by thorium.752edb99d5b6c9b5-cgu.0
[INFO] [stdout]           >>>               /opt/rustwide/target/release/deps/thorium-2cb4ce3c8c2b5695.thorium.752edb99d5b6c9b5-cgu.0.rcgu.o:(thorium::main)
[INFO] [stdout]           >>> referenced by thorium.752edb99d5b6c9b5-cgu.0
[INFO] [stdout]           >>>               /opt/rustwide/target/release/deps/thorium-2cb4ce3c8c2b5695.thorium.752edb99d5b6c9b5-cgu.0.rcgu.o:(beryllium::get_error)
[INFO] [stdout]           
[INFO] [stdout]           rust-lld: error: undefined symbol: SDL_DestroyRenderer
[INFO] [stdout]           >>> referenced by thorium.752edb99d5b6c9b5-cgu.0
[INFO] [stdout]           >>>               /opt/rustwide/target/release/deps/thorium-2cb4ce3c8c2b5695.thorium.752edb99d5b6c9b5-cgu.0.rcgu.o:(thorium::main)
[INFO] [stdout]           >>> referenced by thorium.752edb99d5b6c9b5-cgu.0
[INFO] [stdout]           >>>               /opt/rustwide/target/release/deps/thorium-2cb4ce3c8c2b5695.thorium.752edb99d5b6c9b5-cgu.0.rcgu.o:(thorium::main)
[INFO] [stdout]           
[INFO] [stdout]           rust-lld: error: undefined symbol: SDL_UnloadObject
[INFO] [stdout]           >>> referenced by thorium.752edb99d5b6c9b5-cgu.0
[INFO] [stdout]           >>>               /opt/rustwide/target/release/deps/thorium-2cb4ce3c8c2b5695.thorium.752edb99d5b6c9b5-cgu.0.rcgu.o:(thorium::main)
[INFO] [stdout]           >>> referenced by thorium.752edb99d5b6c9b5-cgu.0
[INFO] [stdout]           >>>               /opt/rustwide/target/release/deps/thorium-2cb4ce3c8c2b5695.thorium.752edb99d5b6c9b5-cgu.0.rcgu.o:(thorium::main)
[INFO] [stdout]           >>> referenced by thorium.752edb99d5b6c9b5-cgu.0
[INFO] [stdout]           >>>               /opt/rustwide/target/release/deps/thorium-2cb4ce3c8c2b5695.thorium.752edb99d5b6c9b5-cgu.0.rcgu.o:(thorium::main)
[INFO] [stdout]           >>> referenced 1 more times
[INFO] [stdout]           
[INFO] [stdout]           rust-lld: error: undefined symbol: SDL_CloseAudioDevice
[INFO] [stdout]           >>> referenced by thorium.752edb99d5b6c9b5-cgu.0
[INFO] [stdout]           >>>               /opt/rustwide/target/release/deps/thorium-2cb4ce3c8c2b5695.thorium.752edb99d5b6c9b5-cgu.0.rcgu.o:(thorium::main)
[INFO] [stdout]           >>> referenced by thorium.752edb99d5b6c9b5-cgu.0
[INFO] [stdout]           >>>               /opt/rustwide/target/release/deps/thorium-2cb4ce3c8c2b5695.thorium.752edb99d5b6c9b5-cgu.0.rcgu.o:(thorium::main)
[INFO] [stdout]           
[INFO] [stdout]           rust-lld: error: undefined symbol: SDL_DestroyWindow
[INFO] [stdout]           >>> referenced by thorium.752edb99d5b6c9b5-cgu.0
[INFO] [stdout]           >>>               /opt/rustwide/target/release/deps/thorium-2cb4ce3c8c2b5695.thorium.752edb99d5b6c9b5-cgu.0.rcgu.o:(thorium::main)
[INFO] [stdout]           >>> referenced by thorium.752edb99d5b6c9b5-cgu.0
[INFO] [stdout]           >>>               /opt/rustwide/target/release/deps/thorium-2cb4ce3c8c2b5695.thorium.752edb99d5b6c9b5-cgu.0.rcgu.o:(thorium::main)
[INFO] [stdout]           
[INFO] [stdout]           rust-lld: error: undefined symbol: SDL_Quit
[INFO] [stdout]           >>> referenced by thorium.752edb99d5b6c9b5-cgu.0
[INFO] [stdout]           >>>               /opt/rustwide/target/release/deps/thorium-2cb4ce3c8c2b5695.thorium.752edb99d5b6c9b5-cgu.0.rcgu.o:(thorium::main)
[INFO] [stdout]           >>> referenced by thorium.752edb99d5b6c9b5-cgu.0
[INFO] [stdout]           >>>               /opt/rustwide/target/release/deps/thorium-2cb4ce3c8c2b5695.thorium.752edb99d5b6c9b5-cgu.0.rcgu.o:(thorium::main)
[INFO] [stdout]           
[INFO] [stdout]           rust-lld: error: undefined symbol: SDL_ClearQueuedAudio
[INFO] [stdout]           >>> referenced by thorium.752edb99d5b6c9b5-cgu.0
[INFO] [stdout]           >>>               /opt/rustwide/target/release/deps/thorium-2cb4ce3c8c2b5695.thorium.752edb99d5b6c9b5-cgu.0.rcgu.o:(thorium::main)
[INFO] [stdout]           
[INFO] [stdout]           rust-lld: error: too many errors emitted, stopping now (use --error-limit=0 to see all errors)
[INFO] [stdout]           collect2: error: ld returned 1 exit status
[INFO] [stdout]           
[INFO] [stdout] 
[INFO] [stdout] 
[INFO] [stderr] error: could not compile `thorium` (bin "thorium") due to 1 previous error
[INFO] running `Command { std: "docker" "inspect" "db03db1a2529f459d09853590e9a4e5927ade1ef7d5ff27f27323c23cad31914", kill_on_drop: false }`
[INFO] running `Command { std: "docker" "rm" "-f" "db03db1a2529f459d09853590e9a4e5927ade1ef7d5ff27f27323c23cad31914", kill_on_drop: false }`
[INFO] [stdout] db03db1a2529f459d09853590e9a4e5927ade1ef7d5ff27f27323c23cad31914
