[INFO] fetching crate third-option 0.3.0...
[INFO] testing third-option-0.3.0 against 1.100.0-beta.1+cargoflags=--release for beta-release-1.100-2
[INFO] extracting crate third-option 0.3.0 into /workspace/builds/worker-7-tc2/source
[INFO] started tweaking crates.io crate third-option 0.3.0
[INFO] removed 0 missing tests
[INFO] finished tweaking crates.io crate third-option 0.3.0
[INFO] tweaked toml for crates.io crate third-option 0.3.0 written to /workspace/builds/worker-7-tc2/source/Cargo.toml
[INFO] validating manifest of crates.io crate third-option 0.3.0 on toolchain 1.100.0-beta.1
[INFO] running `Command { std: CARGO_HOME="/workspace/cargo-home" RUSTUP_HOME="/workspace/rustup-home" "/workspace/cargo-home/bin/cargo" "+1.100.0-beta.1" "metadata" "--manifest-path" "Cargo.toml" "--no-deps", kill_on_drop: false }`
[INFO] crate crates.io crate third-option 0.3.0 already has a lockfile, it will not be regenerated
[INFO] running `Command { std: CARGO_HOME="/workspace/cargo-home" RUSTUP_HOME="/workspace/rustup-home" "/workspace/cargo-home/bin/cargo" "+1.100.0-beta.1" "fetch" "--manifest-path" "Cargo.toml", kill_on_drop: false }`
[INFO] running `Command { std: "docker" "create" "-v" "/var/lib/crater-agent-workspace/builds/worker-7-tc2/source:/opt/rustwide/workdir:ro,Z" "-v" "/var/lib/crater-agent-workspace/builds/worker-7-tc2/target:/opt/rustwide/target:rw,Z" "-v" "/var/lib/crater-agent-workspace/cargo-home:/opt/rustwide/cargo-home:ro,Z" "-v" "/var/lib/crater-agent-workspace/rustup-home:/opt/rustwide/rustup-home:ro,Z" "-m" "1610612736" "--network" "none" "ghcr.io/rust-lang/crates-build-env/linux@sha256:77db811e55d90add9212f6832c23229e3de5f1c1f9905e8cb07319ea15df73ac" "sleep" "infinity", kill_on_drop: false }`
[INFO] [stdout] a5892c5787290e9b61bcafa8b9609420a8253382c49378fa78cd1439ef89e2f2
[INFO] running `Command { std: "docker" "start" "a5892c5787290e9b61bcafa8b9609420a8253382c49378fa78cd1439ef89e2f2", kill_on_drop: false }`
[INFO] running `Command { std: "docker" "inspect" "a5892c5787290e9b61bcafa8b9609420a8253382c49378fa78cd1439ef89e2f2", kill_on_drop: false }`
[INFO] running `Command { std: "docker" "exec" "-e" "SOURCE_DIR=/opt/rustwide/workdir" "-e" "CARGO_HOME=/opt/rustwide/cargo-home" "-e" "RUSTUP_HOME=/opt/rustwide/rustup-home" "-e" "CARGO_TARGET_DIR=/opt/rustwide/target" "-w" "/opt/rustwide/workdir" "--user" "0:0" "a5892c5787290e9b61bcafa8b9609420a8253382c49378fa78cd1439ef89e2f2" "/opt/rustwide/cargo-home/bin/cargo" "+1.100.0-beta.1" "metadata" "--no-deps" "--format-version=1", kill_on_drop: false }`
[INFO] running `Command { std: "docker" "inspect" "a5892c5787290e9b61bcafa8b9609420a8253382c49378fa78cd1439ef89e2f2", kill_on_drop: false }`
[INFO] running `Command { std: "docker" "exec" "-e" "SOURCE_DIR=/opt/rustwide/workdir" "-e" "CARGO_HOME=/opt/rustwide/cargo-home" "-e" "RUSTUP_HOME=/opt/rustwide/rustup-home" "-e" "CARGO_TARGET_DIR=/opt/rustwide/target" "-e" "CARGO_INCREMENTAL=0" "-e" "RUST_BACKTRACE=full" "-e" "RUSTFLAGS=--cap-lints=warn" "-e" "RUSTDOCFLAGS=--cap-lints=warn" "-w" "/opt/rustwide/workdir" "--user" "0:0" "a5892c5787290e9b61bcafa8b9609420a8253382c49378fa78cd1439ef89e2f2" "/opt/rustwide/cargo-home/bin/cargo" "+1.100.0-beta.1" "build" "--frozen" "--message-format=json" "--release", kill_on_drop: false }`
[INFO] [stderr]    Compiling futures-core v0.3.33
[INFO] [stderr]    Compiling serde_core v1.0.229
[INFO] [stderr]    Compiling parking v2.2.1
[INFO] [stderr]    Compiling serde v1.0.229
[INFO] [stderr]    Compiling syn v3.0.3
[INFO] [stderr]    Compiling syn v2.0.119
[INFO] [stderr]    Compiling hybrid-array v0.4.14
[INFO] [stderr]    Compiling winnow v1.0.4
[INFO] [stderr]    Compiling crossbeam-utils v0.8.22
[INFO] [stderr]    Compiling equivalent v1.0.2
[INFO] [stderr]    Compiling hashbrown v0.17.1
[INFO] [stderr]    Compiling toml_datetime v1.1.1+spec-1.1.0
[INFO] [stderr]    Compiling num-traits v0.2.19
[INFO] [stderr]    Compiling bitflags v2.13.1
[INFO] [stderr]    Compiling futures-io v0.3.33
[INFO] [stderr]    Compiling concurrent-queue v2.5.0
[INFO] [stderr]    Compiling indexmap v2.14.0
[INFO] [stderr]    Compiling cc v1.4.0
[INFO] [stderr]    Compiling crypto-common v0.2.2
[INFO] [stderr]    Compiling event-listener v5.4.2
[INFO] [stderr]    Compiling proc-macro2 v1.0.107
[INFO] [stderr]    Compiling unicode-ident v1.0.24
[INFO] [stderr]    Compiling rustix v1.1.4
[INFO] [stderr]    Compiling atomic-waker v1.1.2
[INFO] [stderr]    Compiling toml_parser v1.1.3+spec-1.1.0
[INFO] [stderr]    Compiling smallvec v1.15.2
[INFO] [stderr]    Compiling litemap v0.8.2
[INFO] [stderr]    Compiling writeable v0.6.3
[INFO] [stderr]    Compiling event-listener-strategy v0.5.4
[INFO] [stderr]    Compiling toml_edit v0.25.13+spec-1.1.0
[INFO] [stderr]    Compiling futures-lite v2.6.1
[INFO] [stderr]    Compiling ring v0.17.14
[INFO] [stderr]    Compiling mio v1.2.2
[INFO] [stderr]    Compiling quote v1.0.47
[INFO] [stderr]    Compiling utf8_iter v1.0.4
[INFO] [stderr]    Compiling linux-raw-sys v0.12.1
[INFO] [stderr]    Compiling proc-macro-crate v3.5.0
[INFO] [stderr]    Compiling icu_properties_data v2.2.0
[INFO] [stderr]    Compiling futures-task v0.3.33
[INFO] [stderr]    Compiling icu_normalizer_data v2.2.0
[INFO] [stderr]    Compiling http v1.5.0
[INFO] [stderr]    Compiling async-io v2.6.0
[INFO] [stderr]    Compiling cmov v0.5.4
[INFO] [stderr]    Compiling ctutils v0.4.2
[INFO] [stderr]    Compiling rustls-pki-types v1.15.1
[INFO] [stderr]    Compiling synstructure v0.13.2
[INFO] [stderr]    Compiling http-body v1.1.0
[INFO] [stderr]    Compiling num-integer v0.1.46
[INFO] [stderr]    Compiling block-padding v0.4.2
[INFO] [stderr]    Compiling block-buffer v0.12.1
[INFO] [stderr]    Compiling getrandom v0.2.17
[INFO] [stderr]    Compiling endi v1.1.1
[INFO] [stderr]    Compiling const-oid v0.10.2
[INFO] [stderr]    Compiling httparse v1.10.1
[INFO] [stderr]    Compiling async-task v4.7.1
[INFO] [stderr]    Compiling digest v0.11.3
[INFO] [stderr]    Compiling inout v0.2.2
[INFO] [stderr]    Compiling async-channel v2.5.0
[INFO] [stderr]    Compiling try-lock v0.2.5
[INFO] [stderr]    Compiling rustls v0.23.43
[INFO] [stderr]    Compiling zerofrom-derive v0.1.7
[INFO] [stderr]    Compiling yoke-derive v0.8.2
[INFO] [stderr]    Compiling serde_derive v1.0.229
[INFO] [stderr]    Compiling zerovec-derive v0.11.3
[INFO] [stderr]    Compiling displaydoc v0.2.7
[INFO] [stderr]    Compiling zerofrom v0.1.8
[INFO] [stderr]    Compiling yoke v0.8.3
[INFO] [stderr]    Compiling enumflags2_derive v0.7.12
[INFO] [stderr]    Compiling zerovec v0.11.6
[INFO] [stderr]    Compiling tokio-macros v2.7.2
[INFO] [stderr]    Compiling zerotrie v0.2.4
[INFO] [stderr]    Compiling futures-macro v0.3.33
[INFO] [stderr]    Compiling tokio v1.53.1
[INFO] [stderr]    Compiling tracing-attributes v0.1.31
[INFO] [stderr]    Compiling tinystr v0.8.3
[INFO] [stderr]    Compiling icu_locale_core v2.2.0
[INFO] [stderr]    Compiling potential_utf v0.1.5
[INFO] [stderr]    Compiling icu_collections v2.2.0
[INFO] [stderr]    Compiling futures-util v0.3.33
[INFO] [stderr]    Compiling zvariant_utils v4.2.0
[INFO] [stderr]    Compiling icu_provider v2.2.0
[INFO] [stderr]    Compiling polling v3.11.0
[INFO] [stderr]    Compiling zvariant_derive v5.15.0
[INFO] [stderr]    Compiling enumflags2 v0.7.12
[INFO] [stderr]    Compiling zcheapstr v1.1.0
[INFO] [stderr]    Compiling tracing v0.1.44
[INFO] [stderr]    Compiling zvariant v5.15.0
[INFO] [stderr]    Compiling icu_properties v2.2.0
[INFO] [stderr]    Compiling icu_normalizer v2.2.0
[INFO] [stderr]    Compiling tower-service v0.3.3
[INFO] [stderr]    Compiling idna_adapter v1.2.2
[INFO] [stderr]    Compiling async-signal v0.2.14
[INFO] [stderr]    Compiling want v0.3.1
[INFO] [stderr]    Compiling cipher v0.5.2
[INFO] [stderr]    Compiling num-bigint v0.4.8
[INFO] [stderr]    Compiling zbus_names v4.3.4
[INFO] [stderr]    Compiling form_urlencoded v1.2.2
[INFO] [stderr]    Compiling async-lock v3.4.2
[INFO] [stderr]    Compiling piper v0.2.5
[INFO] [stderr]    Compiling futures-channel v0.3.33
[INFO] [stderr]    Compiling hyper v1.11.0
[INFO] [stderr]    Compiling async-process v2.5.0
[INFO] [stderr]    Compiling rustls-webpki v0.103.13
[INFO] [stderr]    Compiling num-rational v0.4.2
[INFO] [stderr]    Compiling blocking v1.7.0
[INFO] [stderr]    Compiling zbus_macros v5.19.0
[INFO] [stderr]    Compiling idna v1.1.0
[INFO] [stderr]    Compiling serde_repr v0.1.21
[INFO] [stderr]    Compiling async-trait v0.1.91
[INFO] [stderr]    Compiling async-recursion v1.1.1
[INFO] [stderr]    Compiling hmac v0.13.0
[INFO] [stderr]    Compiling async-executor v1.14.0
[INFO] [stderr]    Compiling num-iter v0.1.46
[INFO] [stderr]    Compiling num-complex v0.4.6
[INFO] [stderr]    Compiling async-broadcast v0.7.2
[INFO] [stderr]    Compiling ordered-stream v0.2.0
[INFO] [stderr]    Compiling sync_wrapper v1.0.2
[INFO] [stderr]    Compiling uuid v1.26.0
[INFO] [stderr]    Compiling serde_json v1.0.151
[INFO] [stderr]    Compiling hex v0.4.3
[INFO] [stderr]    Compiling ipnet v2.12.0
[INFO] [stderr]    Compiling cpubits v0.1.1
[INFO] [stderr]    Compiling tower-layer v0.3.3
[INFO] [stderr]    Compiling aes v0.9.2
[INFO] [stderr]    Compiling hyper-util v0.1.20
[INFO] [stderr]    Compiling tower v0.5.3
[INFO] [stderr]    Compiling zbus v5.19.0
[INFO] [stderr]    Compiling rustls-native-certs v0.8.4
[INFO] [stderr]    Compiling num v0.4.3
[INFO] [stderr]    Compiling hkdf v0.13.0
[INFO] [stderr]    Compiling url v2.5.8
[INFO] [stderr]    Compiling getrandom v0.4.3
[INFO] [stderr]    Compiling sha2 v0.11.0
[INFO] [stderr]    Compiling tokio-rustls v0.26.4
[INFO] [stderr]    Compiling cbc v0.2.1
[INFO] [stderr]    Compiling ryu v1.0.23
[INFO] [stderr]    Compiling serde_urlencoded v0.7.1
[INFO] [stderr]    Compiling hyper-rustls v0.27.9
[INFO] [stderr]    Compiling tower-http v0.6.11
[INFO] [stderr]    Compiling keyring-core v1.0.0
[INFO] [stderr]    Compiling http-body-util v0.1.4
[INFO] [stderr]    Compiling reqwest v0.12.28
[INFO] [stderr]    Compiling secret-service v5.2.0
[INFO] [stderr]    Compiling zbus-secret-service-keyring-store v1.0.1
[INFO] [stderr]    Compiling third-option v0.3.0 (/opt/rustwide/workdir)
[INFO] [stderr]     Finished `release` profile [optimized] target(s) in 5m 22s
[INFO] running `Command { std: "docker" "inspect" "a5892c5787290e9b61bcafa8b9609420a8253382c49378fa78cd1439ef89e2f2", kill_on_drop: false }`
[INFO] running `Command { std: "docker" "exec" "-e" "SOURCE_DIR=/opt/rustwide/workdir" "-e" "CARGO_HOME=/opt/rustwide/cargo-home" "-e" "RUSTUP_HOME=/opt/rustwide/rustup-home" "-e" "CARGO_TARGET_DIR=/opt/rustwide/target" "-e" "CARGO_INCREMENTAL=0" "-e" "RUST_BACKTRACE=full" "-e" "RUSTFLAGS=--cap-lints=warn" "-e" "RUSTDOCFLAGS=--cap-lints=warn" "-w" "/opt/rustwide/workdir" "--user" "0:0" "a5892c5787290e9b61bcafa8b9609420a8253382c49378fa78cd1439ef89e2f2" "/opt/rustwide/cargo-home/bin/cargo" "+1.100.0-beta.1" "test" "--frozen" "--no-run" "--message-format=json" "--release", kill_on_drop: false }`
[INFO] [stderr]    Compiling tokio v1.53.1
[INFO] [stderr]    Compiling hyper v1.11.0
[INFO] [stderr]    Compiling tower v0.5.3
[INFO] [stderr]    Compiling tokio-rustls v0.26.4
[INFO] [stderr]    Compiling tower-http v0.6.11
[INFO] [stderr]    Compiling hyper-util v0.1.20
[INFO] [stderr]    Compiling hyper-rustls v0.27.9
[INFO] [stderr]    Compiling reqwest v0.12.28
[INFO] [stderr]    Compiling third-option v0.3.0 (/opt/rustwide/workdir)
[INFO] [stdout] error[E0433]: cannot find module or crate `gateway` in this scope
[INFO] [stdout]   --> tests/cli.rs:11:5
[INFO] [stdout]    |
[INFO] [stdout] 11 | use gateway::store::Store;
[INFO] [stdout]    |     ^^^^^^^ use of unresolved module or unlinked crate `gateway`
[INFO] [stdout]    |
[INFO] [stdout]    = help: if you wanted to use a crate named `gateway`, use `cargo add gateway` to add it to your `Cargo.toml`
[INFO] [stdout] 
[INFO] [stdout] 
[INFO] [stdout] error[E0433]: cannot find module or crate `gateway_core` in this scope
[INFO] [stdout]   --> tests/cli.rs:12:5
[INFO] [stdout]    |
[INFO] [stdout] 12 | use gateway_core::interp::ProcessResolver;
[INFO] [stdout]    |     ^^^^^^^^^^^^ use of unresolved module or unlinked crate `gateway_core`
[INFO] [stdout]    |
[INFO] [stdout]    = help: if you wanted to use a crate named `gateway_core`, use `cargo add gateway_core` to add it to your `Cargo.toml`
[INFO] [stdout] 
[INFO] [stdout] 
[INFO] [stdout] error[E0432]: unresolved import `mock_anthropic`
[INFO] [stdout]   --> tests/cli.rs:13:5
[INFO] [stdout]    |
[INFO] [stdout] 13 | use mock_anthropic::MockAnthropic;
[INFO] [stdout]    |     ^^^^^^^^^^^^^^ use of unresolved module or unlinked crate `mock_anthropic`
[INFO] [stdout]    |
[INFO] [stdout]    = help: if you wanted to use a crate named `mock_anthropic`, use `cargo add mock_anthropic` to add it to your `Cargo.toml`
[INFO] [stdout] 
[INFO] [stdout] 
[INFO] [stdout] error[E0432]: unresolved import `mock_oidc`
[INFO] [stdout]   --> tests/cli.rs:14:5
[INFO] [stdout]    |
[INFO] [stdout] 14 | use mock_oidc::MockOidc;
[INFO] [stdout]    |     ^^^^^^^^^ use of unresolved module or unlinked crate `mock_oidc`
[INFO] [stdout]    |
[INFO] [stdout]    = help: if you wanted to use a crate named `mock_oidc`, use `cargo add mock_oidc` to add it to your `Cargo.toml`
[INFO] [stdout] 
[INFO] [stdout] 
[INFO] [stdout] error[E0433]: cannot find module or crate `mock_oidc` in this scope
[INFO] [stdout]   --> tests/cli.rs:30:32
[INFO] [stdout]    |
[INFO] [stdout] 30 |     let oidc = MockOidc::spawn(mock_oidc::Config::default()).await.unwrap();
[INFO] [stdout]    |                                ^^^^^^^^^ use of unresolved module or unlinked crate `mock_oidc`
[INFO] [stdout]    |
[INFO] [stdout]    = help: if you wanted to use a crate named `mock_oidc`, use `cargo add mock_oidc` to add it to your `Cargo.toml`
[INFO] [stdout] 
[INFO] [stdout] 
[INFO] [stdout] error[E0433]: cannot find module or crate `mock_anthropic` in this scope
[INFO] [stdout]   --> tests/cli.rs:31:41
[INFO] [stdout]    |
[INFO] [stdout] 31 |     let upstream = MockAnthropic::spawn(mock_anthropic::Config::default()).await.unwrap();
[INFO] [stdout]    |                                         ^^^^^^^^^^^^^^ use of unresolved module or unlinked crate `mock_anthropic`
[INFO] [stdout]    |
[INFO] [stdout]    = help: if you wanted to use a crate named `mock_anthropic`, use `cargo add mock_anthropic` to add it to your `Cargo.toml`
[INFO] [stdout] 
[INFO] [stdout] 
[INFO] [stdout] error[E0433]: cannot find module or crate `gateway_core` in this scope
[INFO] [stdout]   --> tests/cli.rs:76:9
[INFO] [stdout]    |
[INFO] [stdout] 76 |         gateway_core::config::load(&yaml, &ProcessResolver).unwrap_or_else(|e| panic!("{e:?}"));
[INFO] [stdout]    |         ^^^^^^^^^^^^ use of unresolved module or unlinked crate `gateway_core`
[INFO] [stdout]    |
[INFO] [stdout]    = help: if you wanted to use a crate named `gateway_core`, use `cargo add gateway_core` to add it to your `Cargo.toml`
[INFO] [stdout] 
[INFO] [stdout] 
[INFO] [stdout] error[E0433]: cannot find module or crate `gateway` in this scope
[INFO] [stdout]   --> tests/cli.rs:79:9
[INFO] [stdout]    |
[INFO] [stdout] 79 |         gateway::serve_on(listener, cfg, Store::memory(), async {
[INFO] [stdout]    |         ^^^^^^^ use of unresolved module or unlinked crate `gateway`
[INFO] [stdout]    |
[INFO] [stdout]    = help: if you wanted to use a crate named `gateway`, use `cargo add gateway` to add it to your `Cargo.toml`
[INFO] [stdout] 
[INFO] [stdout] 
[INFO] [stdout] Some errors have detailed explanations: E0432, E0433.
[INFO] [stdout] 
[INFO] [stdout] For more information about an error, try `rustc --explain E0432`.
[INFO] [stdout] 
[INFO] [stderr] error: could not compile `third-option` (test "cli") due to 8 previous errors
[INFO] [stderr] warning: build failed, waiting for other jobs to finish...
[INFO] running `Command { std: "docker" "inspect" "a5892c5787290e9b61bcafa8b9609420a8253382c49378fa78cd1439ef89e2f2", kill_on_drop: false }`
[INFO] running `Command { std: "docker" "rm" "-f" "a5892c5787290e9b61bcafa8b9609420a8253382c49378fa78cd1439ef89e2f2", kill_on_drop: false }`
[INFO] [stdout] a5892c5787290e9b61bcafa8b9609420a8253382c49378fa78cd1439ef89e2f2
