[INFO] fetching crate thingy-91-nrf9160-bsp 0.1.0...
[INFO] testing thingy-91-nrf9160-bsp-0.1.0 against 1.99.0-beta.8+cargoflags=--release for beta-release-1.100-2
[INFO] extracting crate thingy-91-nrf9160-bsp 0.1.0 into /workspace/builds/worker-4-tc1/source
[INFO] removed /workspace/builds/worker-4-tc1/source/.cargo/config.toml
[INFO] started tweaking crates.io crate thingy-91-nrf9160-bsp 0.1.0
[INFO] finished tweaking crates.io crate thingy-91-nrf9160-bsp 0.1.0
[INFO] tweaked toml for crates.io crate thingy-91-nrf9160-bsp 0.1.0 written to /workspace/builds/worker-4-tc1/source/Cargo.toml
[INFO] validating manifest of crates.io crate thingy-91-nrf9160-bsp 0.1.0 on toolchain 1.99.0-beta.8
[INFO] running `Command { std: CARGO_HOME="/workspace/cargo-home" RUSTUP_HOME="/workspace/rustup-home" "/workspace/cargo-home/bin/cargo" "+1.99.0-beta.8" "metadata" "--manifest-path" "Cargo.toml" "--no-deps", kill_on_drop: false }`
[INFO] crate crates.io crate thingy-91-nrf9160-bsp 0.1.0 already has a lockfile, it will not be regenerated
[INFO] running `Command { std: CARGO_HOME="/workspace/cargo-home" RUSTUP_HOME="/workspace/rustup-home" "/workspace/cargo-home/bin/cargo" "+1.99.0-beta.8" "fetch" "--manifest-path" "Cargo.toml", kill_on_drop: false }`
[INFO] [stderr]     Updating crates.io index
[INFO] [stderr]  Downloading crates ...
[INFO] [stderr]   Downloaded volatile-register v0.2.0
[INFO] [stderr]   Downloaded nrf9160-hal v0.12.2
[INFO] [stderr]   Downloaded cortex-m-rt v0.6.14
[INFO] [stderr]   Downloaded cortex-m-rt-macros v0.1.8
[INFO] [stderr]   Downloaded embedded-dma v0.1.2
[INFO] [stderr]   Downloaded cast v0.2.6
[INFO] [stderr]   Downloaded aligned v0.3.4
[INFO] [stderr]   Downloaded nb v1.0.0
[INFO] [stderr]   Downloaded az v1.1.1
[INFO] [stderr]   Downloaded embedded-hal v0.2.5
[INFO] [stderr]   Downloaded semver-parser v0.10.2
[INFO] [stderr]   Downloaded ucd-trie v0.1.3
[INFO] [stderr]   Downloaded bytemuck v1.5.1
[INFO] [stderr]   Downloaded half v1.7.1
[INFO] [stderr]   Downloaded nrf-hal-common v0.12.2
[INFO] [stderr]   Downloaded pest v2.1.3
[INFO] [stderr]   Downloaded nrf9160-pac v0.2.1
[INFO] [stderr]   Downloaded cortex-m v0.7.2
[INFO] [stderr]   Downloaded fixed v1.9.0
[INFO] running `Command { std: "docker" "create" "-v" "/var/lib/crater-agent-workspace/builds/worker-4-tc1/source:/opt/rustwide/workdir:ro,Z" "-v" "/var/lib/crater-agent-workspace/builds/worker-4-tc1/target:/opt/rustwide/target:rw,Z" "-v" "/var/lib/crater-agent-workspace/cargo-home:/opt/rustwide/cargo-home:ro,Z" "-v" "/var/lib/crater-agent-workspace/rustup-home:/opt/rustwide/rustup-home:ro,Z" "-m" "1610612736" "--network" "none" "ghcr.io/rust-lang/crates-build-env/linux@sha256:77db811e55d90add9212f6832c23229e3de5f1c1f9905e8cb07319ea15df73ac" "sleep" "infinity", kill_on_drop: false }`
[INFO] [stdout] afb50279afe1cb3e6880e2739c1a18d4efbae89c0d30abb7b91bcc08cf898393
[INFO] running `Command { std: "docker" "start" "afb50279afe1cb3e6880e2739c1a18d4efbae89c0d30abb7b91bcc08cf898393", kill_on_drop: false }`
[INFO] running `Command { std: "docker" "inspect" "afb50279afe1cb3e6880e2739c1a18d4efbae89c0d30abb7b91bcc08cf898393", kill_on_drop: false }`
[INFO] running `Command { std: "docker" "exec" "-e" "SOURCE_DIR=/opt/rustwide/workdir" "-e" "CARGO_HOME=/opt/rustwide/cargo-home" "-e" "RUSTUP_HOME=/opt/rustwide/rustup-home" "-e" "CARGO_TARGET_DIR=/opt/rustwide/target" "-w" "/opt/rustwide/workdir" "--user" "0:0" "afb50279afe1cb3e6880e2739c1a18d4efbae89c0d30abb7b91bcc08cf898393" "/opt/rustwide/cargo-home/bin/cargo" "+1.99.0-beta.8" "metadata" "--no-deps" "--format-version=1", kill_on_drop: false }`
[INFO] running `Command { std: "docker" "inspect" "afb50279afe1cb3e6880e2739c1a18d4efbae89c0d30abb7b91bcc08cf898393", kill_on_drop: false }`
[INFO] running `Command { std: "docker" "exec" "-e" "SOURCE_DIR=/opt/rustwide/workdir" "-e" "CARGO_HOME=/opt/rustwide/cargo-home" "-e" "RUSTUP_HOME=/opt/rustwide/rustup-home" "-e" "CARGO_TARGET_DIR=/opt/rustwide/target" "-e" "CARGO_INCREMENTAL=0" "-e" "RUST_BACKTRACE=full" "-e" "RUSTFLAGS=--cap-lints=warn" "-e" "RUSTDOCFLAGS=--cap-lints=warn" "-w" "/opt/rustwide/workdir" "--user" "0:0" "afb50279afe1cb3e6880e2739c1a18d4efbae89c0d30abb7b91bcc08cf898393" "/opt/rustwide/cargo-home/bin/cargo" "+1.99.0-beta.8" "build" "--frozen" "--message-format=json" "--release", kill_on_drop: false }`
[INFO] [stderr]    Compiling ucd-trie v0.1.3
[INFO] [stderr]    Compiling syn v1.0.72
[INFO] [stderr]    Compiling cortex-m v0.7.2
[INFO] [stderr]    Compiling stable_deref_trait v1.2.0
[INFO] [stderr]    Compiling nb v1.0.0
[INFO] [stderr]    Compiling vcell v0.1.3
[INFO] [stderr]    Compiling bitfield v0.13.2
[INFO] [stderr]    Compiling cortex-m-rt v0.6.14
[INFO] [stderr]    Compiling az v1.1.1
[INFO] [stderr]    Compiling cortex-m v0.6.7
[INFO] [stderr]    Compiling fixed v1.9.0
[INFO] [stderr]    Compiling nrf9160-pac v0.2.1
[INFO] [stderr]    Compiling generic-array v0.12.4
[INFO] [stderr]    Compiling bare-metal v0.2.5
[INFO] [stderr]    Compiling generic-array v0.14.4
[INFO] [stderr]    Compiling generic-array v0.13.3
[INFO] [stderr]    Compiling volatile-register v0.2.0
[INFO] [stderr]    Compiling r0 v0.2.2
[INFO] [stderr]    Compiling nb v0.1.3
[INFO] [stderr]    Compiling nrf-hal-common v0.12.2
[INFO] [stderr]    Compiling half v1.7.1
[INFO] [stderr]    Compiling bytemuck v1.5.1
[INFO] [stderr]    Compiling embedded-dma v0.1.2
[INFO] [stderr]    Compiling nrf9160-hal v0.12.2
[INFO] [stderr]    Compiling embedded-hal v0.2.5
[INFO] [stderr]    Compiling rand_core v0.5.1
[INFO] [stderr]    Compiling thingy-91-nrf9160-bsp v0.1.0 (/opt/rustwide/workdir)
[INFO] [stderr]    Compiling pest v2.1.3
[INFO] [stderr]    Compiling as-slice v0.1.5
[INFO] [stderr]    Compiling aligned v0.3.4
[INFO] [stderr]    Compiling semver-parser v0.10.2
[INFO] [stderr]    Compiling semver v0.11.0
[INFO] [stderr]    Compiling rustc_version v0.3.3
[INFO] [stderr]    Compiling cast v0.2.6
[INFO] [stderr]    Compiling cortex-m-rt-macros v0.1.8
[INFO] [stdout] error[E0061]: this method takes 2 arguments but 1 argument was supplied
[INFO] [stdout]    --> /opt/rustwide/cargo-home/registry/src/index.crates.io-1949cf8c6b5b557f/fixed-1.9.0/src/arith.rs:708:61
[INFO] [stdout]     |
[INFO] [stdout] 708 |                     let (col12, carry_col3) = partial_col12.carrying_add(ll_rh);
[INFO] [stdout]     |                                                             ^^^^^^^^^^^^------- argument #2 of type `bool` is missing
[INFO] [stdout] ...
[INFO] [stdout] 792 | mul_div_fallback! { u128, u128, Unsigned }
[INFO] [stdout]     | ------------------------------------------ in this macro invocation
[INFO] [stdout]     |
[INFO] [stdout] note: method defined here
[INFO] [stdout]    --> /rustc/dfb0accb7f508ae8be965d8629557221c889dd98/library/core/src/num/uint_macros.rs:3034:21
[INFO] [stdout]    --> /rustc/dfb0accb7f508ae8be965d8629557221c889dd98/library/core/src/num/mod.rs:1354:4
[INFO] [stdout]    ::: /rustc/dfb0accb7f508ae8be965d8629557221c889dd98/library/core/src/num/mod.rs:1380:5
[INFO] [stdout]     |
[INFO] [stdout]     = note: in this macro invocation
[INFO] [stdout]     = note: this error originates in the macro `mul_div_fallback` which comes from the expansion of the macro `uint_impl` (in Nightly builds, run with -Z macro-backtrace for more info)
[INFO] [stdout] help: provide the argument
[INFO] [stdout]     |
[INFO] [stdout] 708 |                     let (col12, carry_col3) = partial_col12.carrying_add(ll_rh, /* bool */);
[INFO] [stdout]     |                                                                               ++++++++++++
[INFO] [stdout] 
[INFO] [stdout] 
[INFO] [stdout] error[E0599]: no method named `hi_lo` found for type `bool` in the current scope
[INFO] [stdout]    --> /opt/rustwide/cargo-home/registry/src/index.crates.io-1949cf8c6b5b557f/fixed-1.9.0/src/arith.rs:710:57
[INFO] [stdout]     |
[INFO] [stdout] 710 |                     let (_, carry_col3_lo) = carry_col3.hi_lo();
[INFO] [stdout]     |                                                         ^^^^^ method not found in `bool`
[INFO] [stdout] ...
[INFO] [stdout] 792 | mul_div_fallback! { u128, u128, Unsigned }
[INFO] [stdout]     | ------------------------------------------ in this macro invocation
[INFO] [stdout]     |
[INFO] [stdout]     = help: items from traits can only be used if the trait is implemented and in scope
[INFO] [stdout] note: `FallbackHelper` defines an item `hi_lo`, perhaps you need to implement it
[INFO] [stdout]    --> /opt/rustwide/cargo-home/registry/src/index.crates.io-1949cf8c6b5b557f/fixed-1.9.0/src/arith.rs:551:1
[INFO] [stdout]     |
[INFO] [stdout] 551 | trait FallbackHelper: Sized {
[INFO] [stdout]     | ^^^^^^^^^^^^^^^^^^^^^^^^^^^
[INFO] [stdout]     = note: this error originates in the macro `mul_div_fallback` (in Nightly builds, run with -Z macro-backtrace for more info)
[INFO] [stdout] 
[INFO] [stdout] 
[INFO] [stdout] error[E0061]: this method takes 2 arguments but 1 argument was supplied
[INFO] [stdout]    --> /opt/rustwide/cargo-home/registry/src/index.crates.io-1949cf8c6b5b557f/fixed-1.9.0/src/arith.rs:737:57
[INFO] [stdout]     |
[INFO] [stdout] 737 |                 let (col12, carry_col3) = partial_col12.carrying_add(ll_rh);
[INFO] [stdout]     |                                                         ^^^^^^^^^^^^------- argument #2 of type `bool` is missing
[INFO] [stdout] ...
[INFO] [stdout] 792 | mul_div_fallback! { u128, u128, Unsigned }
[INFO] [stdout]     | ------------------------------------------ in this macro invocation
[INFO] [stdout]     |
[INFO] [stdout] note: method defined here
[INFO] [stdout]    --> /rustc/dfb0accb7f508ae8be965d8629557221c889dd98/library/core/src/num/uint_macros.rs:3034:21
[INFO] [stdout]    --> /rustc/dfb0accb7f508ae8be965d8629557221c889dd98/library/core/src/num/mod.rs:1354:4
[INFO] [stdout]    ::: /rustc/dfb0accb7f508ae8be965d8629557221c889dd98/library/core/src/num/mod.rs:1380:5
[INFO] [stdout]     |
[INFO] [stdout]     = note: in this macro invocation
[INFO] [stdout]     = note: this error originates in the macro `mul_div_fallback` which comes from the expansion of the macro `uint_impl` (in Nightly builds, run with -Z macro-backtrace for more info)
[INFO] [stdout] help: provide the argument
[INFO] [stdout]     |
[INFO] [stdout] 737 |                 let (col12, carry_col3) = partial_col12.carrying_add(ll_rh, /* bool */);
[INFO] [stdout]     |                                                                           ++++++++++++
[INFO] [stdout] 
[INFO] [stdout] 
[INFO] [stdout] error[E0599]: no method named `hi_lo` found for type `bool` in the current scope
[INFO] [stdout]    --> /opt/rustwide/cargo-home/registry/src/index.crates.io-1949cf8c6b5b557f/fixed-1.9.0/src/arith.rs:739:53
[INFO] [stdout]     |
[INFO] [stdout] 739 |                 let (_, carry_col3_lo) = carry_col3.hi_lo();
[INFO] [stdout]     |                                                     ^^^^^ method not found in `bool`
[INFO] [stdout] ...
[INFO] [stdout] 792 | mul_div_fallback! { u128, u128, Unsigned }
[INFO] [stdout]     | ------------------------------------------ in this macro invocation
[INFO] [stdout]     |
[INFO] [stdout]     = help: items from traits can only be used if the trait is implemented and in scope
[INFO] [stdout] note: `FallbackHelper` defines an item `hi_lo`, perhaps you need to implement it
[INFO] [stdout]    --> /opt/rustwide/cargo-home/registry/src/index.crates.io-1949cf8c6b5b557f/fixed-1.9.0/src/arith.rs:551:1
[INFO] [stdout]     |
[INFO] [stdout] 551 | trait FallbackHelper: Sized {
[INFO] [stdout]     | ^^^^^^^^^^^^^^^^^^^^^^^^^^^
[INFO] [stdout]     = note: this error originates in the macro `mul_div_fallback` (in Nightly builds, run with -Z macro-backtrace for more info)
[INFO] [stdout] 
[INFO] [stdout] 
[INFO] [stdout] Some errors have detailed explanations: E0061, E0599.
[INFO] [stdout] 
[INFO] [stdout] For more information about an error, try `rustc --explain E0061`.
[INFO] [stdout] 
[INFO] [stderr] error: could not compile `fixed` (lib) due to 4 previous errors
[INFO] [stderr] warning: build failed, waiting for other jobs to finish...
[INFO] running `Command { std: "docker" "inspect" "afb50279afe1cb3e6880e2739c1a18d4efbae89c0d30abb7b91bcc08cf898393", kill_on_drop: false }`
[INFO] running `Command { std: "docker" "rm" "-f" "afb50279afe1cb3e6880e2739c1a18d4efbae89c0d30abb7b91bcc08cf898393", kill_on_drop: false }`
[INFO] [stdout] afb50279afe1cb3e6880e2739c1a18d4efbae89c0d30abb7b91bcc08cf898393
