[INFO] fetching crate tgl 0.1.1...
[INFO] testing tgl-0.1.1 against 1.99.0-beta.8+cargoflags=--release for beta-release-1.100-2
[INFO] extracting crate tgl 0.1.1 into /workspace/builds/worker-5-tc1/source
[INFO] started tweaking crates.io crate tgl 0.1.1
[INFO] finished tweaking crates.io crate tgl 0.1.1
[INFO] tweaked toml for crates.io crate tgl 0.1.1 written to /workspace/builds/worker-5-tc1/source/Cargo.toml
[INFO] validating manifest of crates.io crate tgl 0.1.1 on toolchain 1.99.0-beta.8
[INFO] running `Command { std: CARGO_HOME="/workspace/cargo-home" RUSTUP_HOME="/workspace/rustup-home" "/workspace/cargo-home/bin/cargo" "+1.99.0-beta.8" "metadata" "--manifest-path" "Cargo.toml" "--no-deps", kill_on_drop: false }`
[INFO] crate crates.io crate tgl 0.1.1 already has a lockfile, it will not be regenerated
[INFO] running `Command { std: CARGO_HOME="/workspace/cargo-home" RUSTUP_HOME="/workspace/rustup-home" "/workspace/cargo-home/bin/cargo" "+1.99.0-beta.8" "fetch" "--manifest-path" "Cargo.toml", kill_on_drop: false }`
[INFO] [stderr] warning: Cargo.toml: `package.edition` is unspecified, defaulting to `2015` while the latest is `2024`
[INFO] [stderr] warning: `tgl` (manifest) generated 1 warning
[INFO] [stderr]     Updating crates.io index
[INFO] [stderr]  Downloading crates ...
[INFO] [stderr]   Downloaded bumpalo v3.11.1
[INFO] [stderr]   Downloaded num_enum v0.5.7
[INFO] [stderr]   Downloaded num_enum_derive v0.5.7
[INFO] [stderr]   Downloaded ndk-glue v0.5.2
[INFO] [stderr]   Downloaded proc-macro-crate v1.2.1
[INFO] [stderr]   Downloaded once_cell v1.16.0
[INFO] [stderr]   Downloaded thiserror-impl v1.0.37
[INFO] [stderr]   Downloaded memmap2 v0.3.1
[INFO] [stderr]   Downloaded parking_lot_core v0.8.5
[INFO] [stderr]   Downloaded xcursor v0.3.4
[INFO] [stderr]   Downloaded softbuffer v0.1.1
[INFO] [stderr]   Downloaded calloop v0.9.3
[INFO] [stderr]   Downloaded thiserror v1.0.37
[INFO] [stderr]   Downloaded xkbcommon-sys v0.7.5
[INFO] [stderr]   Downloaded cc v1.0.77
[INFO] [stderr]   Downloaded xml-rs v0.8.4
[INFO] [stderr]   Downloaded paste v1.0.9
[INFO] [stderr]   Downloaded x11-dl v2.20.1
[INFO] [stderr]   Downloaded ndk v0.5.0
[INFO] [stderr]   Downloaded toml v0.5.9
[INFO] [stderr]   Downloaded serde v1.0.148
[INFO] [stderr]   Downloaded wayland-sys v0.28.6
[INFO] [stderr]   Downloaded wayland-cursor v0.28.6
[INFO] [stderr]   Downloaded minifb v0.20.0
[INFO] [stderr]   Downloaded raw-window-handle v0.3.4
[INFO] [stderr]   Downloaded nom v7.1.1
[INFO] [stderr]   Downloaded clang-sys v1.4.0
[INFO] [stderr]   Downloaded xkb v0.2.1
[INFO] [stderr]   Downloaded wayland-scanner v0.28.6
[INFO] [stderr]   Downloaded wayland-commons v0.28.6
[INFO] [stderr]   Downloaded cmake v0.1.49
[INFO] [stderr]   Downloaded smithay-client-toolkit v0.15.4
[INFO] [stderr]   Downloaded wayland-client v0.28.6
[INFO] [stderr]   Downloaded either v1.8.0
[INFO] [stderr]   Downloaded shlex v1.1.0
[INFO] [stderr]   Downloaded bindgen v0.56.0
[INFO] [stderr]   Downloaded nom v5.1.2
[INFO] [stderr]   Downloaded wayland-protocols v0.28.6
[INFO] [stderr]   Downloaded which v4.3.0
[INFO] [stderr]   Downloaded winit v0.26.1
[INFO] [stderr]   Downloaded nix v0.24.2
[INFO] [stderr]   Downloaded regex v1.7.0
[INFO] [stderr]   Downloaded ndk-sys v0.2.2
[INFO] [stderr]   Downloaded bindgen v0.59.2
[INFO] [stderr]   Downloaded libc v0.2.137
[INFO] [stderr]   Downloaded sdl2 v0.35.2
[INFO] [stderr]   Downloaded orbclient v0.3.39
[INFO] [stderr]   Downloaded sdl2-sys v0.35.2
[INFO] running `Command { std: "docker" "create" "-v" "/var/lib/crater-agent-workspace/builds/worker-5-tc1/source:/opt/rustwide/workdir:ro,Z" "-v" "/var/lib/crater-agent-workspace/builds/worker-5-tc1/target:/opt/rustwide/target:rw,Z" "-v" "/var/lib/crater-agent-workspace/cargo-home:/opt/rustwide/cargo-home:ro,Z" "-v" "/var/lib/crater-agent-workspace/rustup-home:/opt/rustwide/rustup-home:ro,Z" "-m" "1610612736" "--network" "none" "ghcr.io/rust-lang/crates-build-env/linux@sha256:77db811e55d90add9212f6832c23229e3de5f1c1f9905e8cb07319ea15df73ac" "sleep" "infinity", kill_on_drop: false }`
[INFO] [stdout] eac2d5d120c53a6f68c278a178536650626c8d837744fe39635400759ec2fe1b
[INFO] running `Command { std: "docker" "start" "eac2d5d120c53a6f68c278a178536650626c8d837744fe39635400759ec2fe1b", kill_on_drop: false }`
[INFO] running `Command { std: "docker" "inspect" "eac2d5d120c53a6f68c278a178536650626c8d837744fe39635400759ec2fe1b", kill_on_drop: false }`
[INFO] running `Command { std: "docker" "exec" "-e" "SOURCE_DIR=/opt/rustwide/workdir" "-e" "CARGO_HOME=/opt/rustwide/cargo-home" "-e" "RUSTUP_HOME=/opt/rustwide/rustup-home" "-e" "CARGO_TARGET_DIR=/opt/rustwide/target" "-w" "/opt/rustwide/workdir" "--user" "0:0" "eac2d5d120c53a6f68c278a178536650626c8d837744fe39635400759ec2fe1b" "/opt/rustwide/cargo-home/bin/cargo" "+1.99.0-beta.8" "metadata" "--no-deps" "--format-version=1", kill_on_drop: false }`
[INFO] running `Command { std: "docker" "inspect" "eac2d5d120c53a6f68c278a178536650626c8d837744fe39635400759ec2fe1b", kill_on_drop: false }`
[INFO] running `Command { std: "docker" "exec" "-e" "SOURCE_DIR=/opt/rustwide/workdir" "-e" "CARGO_HOME=/opt/rustwide/cargo-home" "-e" "RUSTUP_HOME=/opt/rustwide/rustup-home" "-e" "CARGO_TARGET_DIR=/opt/rustwide/target" "-e" "CARGO_INCREMENTAL=0" "-e" "RUST_BACKTRACE=full" "-e" "RUSTFLAGS=--cap-lints=warn" "-e" "RUSTDOCFLAGS=--cap-lints=warn" "-w" "/opt/rustwide/workdir" "--user" "0:0" "eac2d5d120c53a6f68c278a178536650626c8d837744fe39635400759ec2fe1b" "/opt/rustwide/cargo-home/bin/cargo" "+1.99.0-beta.8" "build" "--frozen" "--message-format=json" "--release", kill_on_drop: false }`
[INFO] [stderr] warning: Cargo.toml: `package.edition` is unspecified, defaulting to `2015` while the latest is `2024`
[INFO] [stderr] warning: `tgl` (manifest) generated 1 warning
[INFO] [stderr]    Compiling memchr v2.5.0
[INFO] [stderr]    Compiling libc v0.2.137
[INFO] [stderr]    Compiling log v0.4.17
[INFO] [stderr]    Compiling proc-macro2 v1.0.47
[INFO] [stderr]    Compiling regex-syntax v0.6.28
[INFO] [stderr]    Compiling unicode-width v0.1.10
[INFO] [stderr]    Compiling unicode-ident v1.0.5
[INFO] [stderr]    Compiling quote v1.0.21
[INFO] [stderr]    Compiling bitflags v1.3.2
[INFO] [stderr]    Compiling strsim v0.8.0
[INFO] [stderr]    Compiling ansi_term v0.12.1
[INFO] [stderr]    Compiling either v1.8.0
[INFO] [stderr]    Compiling bindgen v0.59.2
[INFO] [stderr]    Compiling clang-sys v1.4.0
[INFO] [stderr]    Compiling libloading v0.7.4
[INFO] [stderr]    Compiling termcolor v1.1.3
[INFO] [stderr]    Compiling humantime v2.1.0
[INFO] [stderr]    Compiling textwrap v0.11.0
[INFO] [stderr]    Compiling vec_map v0.8.2
[INFO] [stderr]    Compiling lazycell v1.3.0
[INFO] [stderr]    Compiling shlex v1.1.0
[INFO] [stderr]    Compiling lazy_static v1.4.0
[INFO] [stderr]    Compiling cc v1.0.77
[INFO] [stderr]    Compiling peeking_take_while v0.1.2
[INFO] [stderr]    Compiling paste v1.0.9
[INFO] [stderr]    Compiling cty v0.2.2
[INFO] [stderr]    Compiling cmake v0.1.49
[INFO] [stderr]    Compiling aho-corasick v0.7.20
[INFO] [stderr]    Compiling nom v7.1.1
[INFO] [stderr]    Compiling atty v0.2.14
[INFO] [stderr]    Compiling which v4.3.0
[INFO] [stderr]    Compiling clap v2.34.0
[INFO] [stderr]    Compiling cexpr v0.6.0
[INFO] [stderr]    Compiling regex v1.7.0
[INFO] [stderr]    Compiling env_logger v0.9.3
[INFO] [stderr]    Compiling tgl v0.1.1 (/opt/rustwide/workdir)
[INFO] [stderr] error: failed to run custom build command for `tgl v0.1.1 (/opt/rustwide/workdir)`
[INFO] [stderr] note: To improve backtraces for build dependencies, set the CARGO_PROFILE_RELEASE_BUILD_OVERRIDE_DEBUG=true environment variable to enable debug information generation.
[INFO] [stderr] 
[INFO] [stderr] Caused by:
[INFO] [stderr]   process didn't exit successfully: `/opt/rustwide/target/release/build/tgl-9d8301433ee5b29a/build-script-build` (exit status: 101)
[INFO] [stderr]   --- stdout
[INFO] [stderr]   CMAKE_TOOLCHAIN_FILE_x86_64-unknown-linux-gnu = None
[INFO] [stderr]   CMAKE_TOOLCHAIN_FILE_x86_64_unknown_linux_gnu = None
[INFO] [stderr]   HOST_CMAKE_TOOLCHAIN_FILE = None
[INFO] [stderr]   CMAKE_TOOLCHAIN_FILE = None
[INFO] [stderr]   CMAKE_GENERATOR_x86_64-unknown-linux-gnu = None
[INFO] [stderr]   CMAKE_GENERATOR_x86_64_unknown_linux_gnu = None
[INFO] [stderr]   HOST_CMAKE_GENERATOR = None
[INFO] [stderr]   CMAKE_GENERATOR = None
[INFO] [stderr]   CMAKE_PREFIX_PATH_x86_64-unknown-linux-gnu = None
[INFO] [stderr]   CMAKE_PREFIX_PATH_x86_64_unknown_linux_gnu = None
[INFO] [stderr]   HOST_CMAKE_PREFIX_PATH = None
[INFO] [stderr]   CMAKE_PREFIX_PATH = None
[INFO] [stderr]   CMAKE_x86_64-unknown-linux-gnu = None
[INFO] [stderr]   CMAKE_x86_64_unknown_linux_gnu = None
[INFO] [stderr]   HOST_CMAKE = None
[INFO] [stderr]   CMAKE = None
[INFO] [stderr]   running: cd "/opt/rustwide/target/release/build/tgl-0bd860358fbce577/out/build" && CMAKE_PREFIX_PATH="" "cmake" "/opt/rustwide/workdir/tinygl" "-DTINYGL_BUILD_SHARED=OFF" "-DCMAKE_INSTALL_PREFIX=/opt/rustwide/target/release/build/tgl-0bd860358fbce577/out" "-DCMAKE_C_FLAGS= -ffunction-sections -fdata-sections -fPIC -m64" "-DCMAKE_C_COMPILER=/usr/bin/cc" "-DCMAKE_CXX_FLAGS= -ffunction-sections -fdata-sections -fPIC -m64" "-DCMAKE_CXX_COMPILER=/usr/bin/c++" "-DCMAKE_ASM_FLAGS= -ffunction-sections -fdata-sections -fPIC -m64" "-DCMAKE_ASM_COMPILER=/usr/bin/cc" "-DCMAKE_BUILD_TYPE=Release"
[INFO] [stderr]   -- The C compiler identification is GNU 15.2.0
[INFO] [stderr]   -- Detecting C compiler ABI info
[INFO] [stderr]   -- Detecting C compiler ABI info - done
[INFO] [stderr]   -- Check for working C compiler: /usr/bin/cc - skipped
[INFO] [stderr]   -- Detecting C compile features
[INFO] [stderr]   -- Detecting C compile features - done
[INFO] [stderr]   -- Configuring done (0.7s)
[INFO] [stderr]   -- Generating done (0.0s)
[INFO] [stderr]   -- Build files have been written to: /opt/rustwide/target/release/build/tgl-0bd860358fbce577/out/build
[INFO] [stderr]   running: cd "/opt/rustwide/target/release/build/tgl-0bd860358fbce577/out/build" && MAKEFLAGS="-j --jobserver-fds=4,5 --jobserver-auth=4,5" "cmake" "--build" "." "--target" "all" "--config" "Release"
[INFO] [stderr]   [  3%] Building C object CMakeFiles/tinygl-static.dir/src/specbuf.c.o
[INFO] [stderr]   [ 11%] Building C object CMakeFiles/tinygl-static.dir/src/image_util.c.o
[INFO] [stderr]   [ 11%] Building C object CMakeFiles/tinygl-static.dir/src/arrays.c.o
[INFO] [stderr]   [ 19%] Building C object CMakeFiles/tinygl-static.dir/src/get.c.o
[INFO] [stderr]   [ 23%] Building C object CMakeFiles/tinygl-static.dir/src/msghandling.c.o
[INFO] [stderr]   [ 26%] Building C object CMakeFiles/tinygl-static.dir/src/clip.c.o
[INFO] [stderr]   [ 30%] Building C object CMakeFiles/tinygl-static.dir/src/memory.c.o
[INFO] [stderr]   [ 34%] Building C object CMakeFiles/tinygl-static.dir/src/accum.c.o
[INFO] [stderr]   [ 38%] Building C object CMakeFiles/tinygl-static.dir/src/select.c.o
[INFO] [stderr]   [ 42%] Building C object CMakeFiles/tinygl-static.dir/src/light.c.o
[INFO] [stderr]   [ 42%] Building C object CMakeFiles/tinygl-static.dir/src/api.c.o
[INFO] [stderr]   [ 46%] Building C object CMakeFiles/tinygl-static.dir/src/list.c.o
[INFO] [stderr]   [ 50%] Building C object CMakeFiles/tinygl-static.dir/src/misc.c.o
[INFO] [stderr]   [ 53%] Building C object CMakeFiles/tinygl-static.dir/src/matrix.c.o
[INFO] [stderr]   [ 57%] Building C object CMakeFiles/tinygl-static.dir/src/texture.c.o
[INFO] [stderr]   [ 61%] Building C object CMakeFiles/tinygl-static.dir/src/init.c.o
[INFO] [stderr]   [ 65%] Building C object CMakeFiles/tinygl-static.dir/src/clear.c.o
[INFO] [stderr]   [ 69%] Building C object CMakeFiles/tinygl-static.dir/src/zbuffer.c.o
[INFO] [stderr]   [ 73%] Building C object CMakeFiles/tinygl-static.dir/src/vertex.c.o
[INFO] [stderr] 
[INFO] [stderr]   --- stderr
[INFO] [stderr]   CMake Warning:
[INFO] [stderr]     Manually-specified variables were not used by the project:
[INFO] [stderr] 
[INFO] [stderr]       CMAKE_ASM_COMPILER
[INFO] [stderr]       CMAKE_ASM_FLAGS
[INFO] [stderr]       CMAKE_CXX_COMPILER
[INFO] [stderr]       CMAKE_CXX_FLAGS
[INFO] [stderr] 
[INFO] [stderr] 
[INFO] [stderr]   /opt/rustwide/workdir/tinygl/src/init.c: In function 'glInit':
[INFO] [stderr]   /opt/rustwide/workdir/tinygl/src/init.c:238:9: error: too many arguments to function 'glInitTextures'; expected 0, have 1
[INFO] [stderr]     238 |         glInitTextures(c);
[INFO] [stderr]         |         ^~~~~~~~~~~~~~ ~
[INFO] [stderr]   In file included from /opt/rustwide/workdir/tinygl/src/init.c:2:
[INFO] [stderr]   /opt/rustwide/workdir/tinygl/src/zgl.h:430:6: note: declared here
[INFO] [stderr]     430 | void glInitTextures();
[INFO] [stderr]         |      ^~~~~~~~~~~~~~
[INFO] [stderr]   gmake[2]: *** [CMakeFiles/tinygl-static.dir/build.make:177: CMakeFiles/tinygl-static.dir/src/init.c.o] Error 1
[INFO] [stderr]   gmake[2]: *** Waiting for unfinished jobs....
[INFO] [stderr]   gmake[1]: *** [CMakeFiles/Makefile2:87: CMakeFiles/tinygl-static.dir/all] Error 2
[INFO] [stderr]   gmake: *** [Makefile:91: all] Error 2
[INFO] [stderr] 
[INFO] [stderr]   thread 'main' (655) panicked at /opt/rustwide/cargo-home/registry/src/index.crates.io-1949cf8c6b5b557f/cmake-0.1.49/src/lib.rs:1104:5:
[INFO] [stderr] 
[INFO] [stderr]   command did not execute successfully, got: exit status: 2
[INFO] [stderr] 
[INFO] [stderr]   build script failed, must exit now
[INFO] [stderr]   stack backtrace:
[INFO] [stderr]      0:     0x5cff70304991 - <<std[70759c8f55707aa4]::sys::backtrace::BacktraceLock>::print::DisplayBacktrace as core[df12db4294e9bfd3]::fmt::Display>::fmt
[INFO] [stderr]      1:     0x5cff7031ca5a - core[df12db4294e9bfd3]::fmt::write
[INFO] [stderr]      2:     0x5cff7030af6c - <std[70759c8f55707aa4]::sys::stdio::unix::Stderr as core[df12db4294e9bfd3]::io::write::Write>::write_fmt
[INFO] [stderr]      3:     0x5cff702e2776 - std[70759c8f55707aa4]::panicking::default_hook::{closure#0}
[INFO] [stderr]      4:     0x5cff702fec11 - std[70759c8f55707aa4]::panicking::default_hook
[INFO] [stderr]      5:     0x5cff702fef3b - std[70759c8f55707aa4]::panicking::panic_with_hook
[INFO] [stderr]      6:     0x5cff702e2822 - std[70759c8f55707aa4]::panicking::panic_handler::{closure#0}
[INFO] [stderr]      7:     0x5cff702db3b9 - std[70759c8f55707aa4]::sys::backtrace::__rust_end_short_backtrace::<std[70759c8f55707aa4]::panicking::panic_handler::{closure#0}, !>
[INFO] [stderr]      8:     0x5cff702e303d - __rustc[8fa7c3cbc660c2b3]::rust_begin_unwind
[INFO] [stderr]      9:     0x5cff7031d27c - core[df12db4294e9bfd3]::panicking::panic_fmt
[INFO] [stderr]     10:     0x5cff70291ce7 - cmake[419a1b0b8a42cad2]::fail
[INFO] [stderr]     11:     0x5cff702919a1 - cmake[419a1b0b8a42cad2]::run
[INFO] [stderr]     12:     0x5cff70297857 - <cmake[419a1b0b8a42cad2]::Config>::build
[INFO] [stderr]     13:     0x5cff6ff5e61e - build_script_build[af6ac6e09fec024f]::main
[INFO] [stderr]     14:     0x5cff6ff5f763 - <fn() as core[df12db4294e9bfd3]::ops::function::FnOnce<()>>::call_once
[INFO] [stderr]     15:     0x5cff6ff5e3c6 - std[70759c8f55707aa4]::sys::backtrace::__rust_begin_short_backtrace::<fn(), ()>
[INFO] [stderr]     16:     0x5cff6ff5e3d9 - std[70759c8f55707aa4]::rt::lang_start::<()>::{closure#0}
[INFO] [stderr]     17:     0x5cff702fdfc9 - std[70759c8f55707aa4]::rt::lang_start_internal
[INFO] [stderr]     18:     0x5cff6ff5df01 - std[70759c8f55707aa4]::rt::lang_start::<()>
[INFO] [stderr]     19:     0x5cff6ff5f945 - main
[INFO] [stderr]     20:     0x74b06792f601 - <unknown>
[INFO] [stderr]     21:     0x74b06792f718 - __libc_start_main
[INFO] [stderr]     22:     0x5cff6ff5cbc5 - _start
[INFO] [stderr]     23:                0x0 - <unknown>
[INFO] running `Command { std: "docker" "inspect" "eac2d5d120c53a6f68c278a178536650626c8d837744fe39635400759ec2fe1b", kill_on_drop: false }`
[INFO] running `Command { std: "docker" "rm" "-f" "eac2d5d120c53a6f68c278a178536650626c8d837744fe39635400759ec2fe1b", kill_on_drop: false }`
[INFO] [stdout] eac2d5d120c53a6f68c278a178536650626c8d837744fe39635400759ec2fe1b
