[INFO] fetching crate tg-rcore-tutorial-games-ch6-breakout-kernel 0.1.1-preview.1...
[INFO] testing tg-rcore-tutorial-games-ch6-breakout-kernel-0.1.1-preview.1 against 1.99.0-beta.8+cargoflags=--release for beta-release-1.100-2
[INFO] extracting crate tg-rcore-tutorial-games-ch6-breakout-kernel 0.1.1-preview.1 into /workspace/builds/worker-7-tc1/source
[INFO] removed /workspace/builds/worker-7-tc1/source/.cargo/config.toml
[INFO] removed /workspace/builds/worker-7-tc1/source/rust-toolchain.toml
[INFO] started tweaking crates.io crate tg-rcore-tutorial-games-ch6-breakout-kernel 0.1.1-preview.1
[INFO] finished tweaking crates.io crate tg-rcore-tutorial-games-ch6-breakout-kernel 0.1.1-preview.1
[INFO] tweaked toml for crates.io crate tg-rcore-tutorial-games-ch6-breakout-kernel 0.1.1-preview.1 written to /workspace/builds/worker-7-tc1/source/Cargo.toml
[INFO] validating manifest of crates.io crate tg-rcore-tutorial-games-ch6-breakout-kernel 0.1.1-preview.1 on toolchain 1.99.0-beta.8
[INFO] running `Command { std: CARGO_HOME="/workspace/cargo-home" RUSTUP_HOME="/workspace/rustup-home" "/workspace/cargo-home/bin/cargo" "+1.99.0-beta.8" "metadata" "--manifest-path" "Cargo.toml" "--no-deps", kill_on_drop: false }`
[INFO] crate crates.io crate tg-rcore-tutorial-games-ch6-breakout-kernel 0.1.1-preview.1 already has a lockfile, it will not be regenerated
[INFO] running `Command { std: CARGO_HOME="/workspace/cargo-home" RUSTUP_HOME="/workspace/rustup-home" "/workspace/cargo-home/bin/cargo" "+1.99.0-beta.8" "fetch" "--manifest-path" "Cargo.toml", kill_on_drop: false }`
[INFO] [stderr]     Updating crates.io index
[INFO] [stderr]  Downloading crates ...
[INFO] [stderr]   Downloaded virtio-drivers v0.1.0
[INFO] [stderr]   Downloaded tg-rcore-tutorial-task-manage v0.4.8
[INFO] [stderr]   Downloaded zero v0.1.3
[INFO] [stderr]   Downloaded tg-rcore-tutorial-sbi v0.4.8
[INFO] [stderr]   Downloaded xmas-elf v0.8.0
[INFO] [stderr]   Downloaded numeric-enum-macro v0.2.0
[INFO] [stderr]   Downloaded tg-rcore-tutorial-kernel-context v0.4.8
[INFO] [stderr]   Downloaded tg-rcore-tutorial-kernel-alloc v0.4.8
[INFO] [stderr]   Downloaded tg-rcore-tutorial-easy-fs v0.4.8
[INFO] [stderr]   Downloaded tg-rcore-tutorial-console v0.4.8
[INFO] [stderr]   Downloaded riscv v0.10.1
[INFO] [stderr]   Downloaded tg-rcore-tutorial-games-kernel-vm v0.1.0-preview.1
[INFO] [stderr]   Downloaded tg-rcore-tutorial-signal-defs v0.4.8
[INFO] [stderr]   Downloaded page-table v0.0.6
[INFO] [stderr]   Downloaded bit_field v0.10.3
[INFO] [stderr]   Downloaded embedded-graphics-core v0.3.3
[INFO] [stderr]   Downloaded float-cmp v0.8.0
[INFO] [stderr]   Downloaded tg-rcore-tutorial-games-syscall v0.1.1-preview.1
[INFO] [stderr]   Downloaded tg-rcore-tutorial-driver v0.1.1-preview.1
[INFO] [stderr]   Downloaded tg-rcore-tutorial-linker v0.4.8
[INFO] [stderr]   Downloaded customizable-buddy v0.0.3
[INFO] [stderr]   Downloaded nom v6.2.2
[INFO] [stderr]   Downloaded tinybmp v0.3.3
[INFO] [stderr]   Downloaded micromath v1.1.1
[INFO] [stderr]   Downloaded embedded-graphics v0.7.1
[INFO] running `Command { std: "docker" "create" "-v" "/var/lib/crater-agent-workspace/builds/worker-7-tc1/source:/opt/rustwide/workdir:ro,Z" "-v" "/var/lib/crater-agent-workspace/builds/worker-7-tc1/target:/opt/rustwide/target:rw,Z" "-v" "/var/lib/crater-agent-workspace/cargo-home:/opt/rustwide/cargo-home:ro,Z" "-v" "/var/lib/crater-agent-workspace/rustup-home:/opt/rustwide/rustup-home:ro,Z" "-m" "1610612736" "--network" "none" "ghcr.io/rust-lang/crates-build-env/linux@sha256:77db811e55d90add9212f6832c23229e3de5f1c1f9905e8cb07319ea15df73ac" "sleep" "infinity", kill_on_drop: false }`
[INFO] [stdout] 85d8723a7f57633f05338a7c40442adaed902cd5ad5506a9c2ff54822b6e4bc3
[INFO] running `Command { std: "docker" "start" "85d8723a7f57633f05338a7c40442adaed902cd5ad5506a9c2ff54822b6e4bc3", kill_on_drop: false }`
[INFO] running `Command { std: "docker" "inspect" "85d8723a7f57633f05338a7c40442adaed902cd5ad5506a9c2ff54822b6e4bc3", kill_on_drop: false }`
[INFO] running `Command { std: "docker" "exec" "-e" "SOURCE_DIR=/opt/rustwide/workdir" "-e" "CARGO_HOME=/opt/rustwide/cargo-home" "-e" "RUSTUP_HOME=/opt/rustwide/rustup-home" "-e" "CARGO_TARGET_DIR=/opt/rustwide/target" "-w" "/opt/rustwide/workdir" "--user" "0:0" "85d8723a7f57633f05338a7c40442adaed902cd5ad5506a9c2ff54822b6e4bc3" "/opt/rustwide/cargo-home/bin/cargo" "+1.99.0-beta.8" "metadata" "--no-deps" "--format-version=1", kill_on_drop: false }`
[INFO] running `Command { std: "docker" "inspect" "85d8723a7f57633f05338a7c40442adaed902cd5ad5506a9c2ff54822b6e4bc3", kill_on_drop: false }`
[INFO] running `Command { std: "docker" "exec" "-e" "SOURCE_DIR=/opt/rustwide/workdir" "-e" "CARGO_HOME=/opt/rustwide/cargo-home" "-e" "RUSTUP_HOME=/opt/rustwide/rustup-home" "-e" "CARGO_TARGET_DIR=/opt/rustwide/target" "-e" "CARGO_INCREMENTAL=0" "-e" "RUST_BACKTRACE=full" "-e" "RUSTFLAGS=--cap-lints=warn" "-e" "RUSTDOCFLAGS=--cap-lints=warn" "-w" "/opt/rustwide/workdir" "--user" "0:0" "85d8723a7f57633f05338a7c40442adaed902cd5ad5506a9c2ff54822b6e4bc3" "/opt/rustwide/cargo-home/bin/cargo" "+1.99.0-beta.8" "build" "--frozen" "--message-format=json" "--release", kill_on_drop: false }`
[INFO] [stderr]    Compiling scopeguard v1.2.0
[INFO] [stderr]    Compiling memchr v2.3.4
[INFO] [stderr]    Compiling nb v1.1.0
[INFO] [stderr]    Compiling az v1.3.0
[INFO] [stderr]    Compiling byteorder v1.5.0
[INFO] [stderr]    Compiling log v0.4.29
[INFO] [stderr]    Compiling bitflags v1.3.2
[INFO] [stderr]    Compiling micromath v1.1.1
[INFO] [stderr]    Compiling static_assertions v1.1.0
[INFO] [stderr]    Compiling cfg-if v1.0.4
[INFO] [stderr]    Compiling riscv v0.10.1
[INFO] [stderr]    Compiling void v1.0.2
[INFO] [stderr]    Compiling nom v6.2.2
[INFO] [stderr]    Compiling tg-rcore-tutorial-linker v0.4.8
[INFO] [stderr]    Compiling spin v0.9.8
[INFO] [stderr]    Compiling num-traits v0.2.19
[INFO] [stderr]    Compiling critical-section v1.2.0
[INFO] [stderr]    Compiling bit_field v0.10.3
[INFO] [stderr]    Compiling numeric-enum-macro v0.2.0
[INFO] [stderr]    Compiling nb v0.1.3
[INFO] [stderr]    Compiling lock_api v0.4.14
[INFO] [stderr]    Compiling page-table v0.0.6
[INFO] [stderr]    Compiling tg-rcore-tutorial-games-syscall v0.1.1-preview.1
[INFO] [stderr]    Compiling tg-rcore-tutorial-signal-defs v0.4.8
[INFO] [stderr]    Compiling customizable-buddy v0.0.3
[INFO] [stderr]    Compiling embedded-hal v0.2.7
[INFO] [stderr]    Compiling zero v0.1.3
[INFO] [stderr]    Compiling tg-rcore-tutorial-task-manage v0.4.8
[INFO] [stderr]    Compiling xmas-elf v0.8.0
[INFO] [stderr]    Compiling tg-rcore-tutorial-sbi v0.4.8
[INFO] [stderr]    Compiling virtio-drivers v0.1.0
[INFO] [stderr]    Compiling tg-rcore-tutorial-easy-fs v0.4.8
[INFO] [stderr]    Compiling tg-rcore-tutorial-kernel-alloc v0.4.8
[INFO] [stderr]    Compiling tg-rcore-tutorial-console v0.4.8
[INFO] [stderr]    Compiling tg-rcore-tutorial-games-kernel-vm v0.1.0-preview.1
[INFO] [stderr]    Compiling tg-rcore-tutorial-kernel-context v0.4.8
[INFO] [stderr]    Compiling tg-rcore-tutorial-games-ch6-breakout-kernel v0.1.1-preview.1 (/opt/rustwide/workdir)
[INFO] [stderr]    Compiling float-cmp v0.8.0
[INFO] [stderr]    Compiling embedded-graphics-core v0.3.3
[INFO] [stderr]    Compiling embedded-graphics v0.7.1
[INFO] [stderr]    Compiling tinybmp v0.3.3
[INFO] [stderr]    Compiling tg-rcore-tutorial-driver v0.1.1-preview.1
[INFO] [stdout] error: environment variable `INITPROC` not defined at compile time
[INFO] [stdout]    --> src/main.rs:172:28
[INFO] [stdout]     |
[INFO] [stdout] 172 |     const INITPROC: &str = env!("INITPROC");
[INFO] [stdout]     |                            ^^^^^^^^^^^^^^^^
[INFO] [stdout]     |
[INFO] [stdout]     = help: use `std::env::var("INITPROC")` to read the variable at run time
[INFO] [stdout] 
[INFO] [stdout] 
[INFO] [stdout] error[E0432]: unresolved import `tg_kernel_vm::page_table::Sv39`
[INFO] [stdout]  --> src/device.rs:7:41
[INFO] [stdout]   |
[INFO] [stdout] 7 | use tg_kernel_vm::page_table::{MmuMeta, Sv39, VAddr, VmFlags};
[INFO] [stdout]   |                                         ^^^^ no `Sv39` in the root
[INFO] [stdout]   |
[INFO] [stdout]   = help: consider importing this struct through its public re-export instead:
[INFO] [stdout]           crate::Sv39
[INFO] [stdout] 
[INFO] [stdout] 
[INFO] [stdout] error[E0432]: unresolved import `tg_kernel_vm::page_table::Sv39`
[INFO] [stdout]  --> src/memory.rs:6:79
[INFO] [stdout]   |
[INFO] [stdout] 6 |     AddressSpace, MapVisibility, PageManager, page_table::{MmuMeta, PPN, Pte, Sv39, VAddr, VPN, VmFlags}
[INFO] [stdout]   |                                                                               ^^^^ no `Sv39` in the root
[INFO] [stdout]   |
[INFO] [stdout]   = help: consider importing this struct through its public re-export instead:
[INFO] [stdout]           crate::Sv39
[INFO] [stdout] 
[INFO] [stdout] 
[INFO] [stdout] error[E0432]: unresolved import `tg_kernel_vm::page_table::Sv`
[INFO] [stdout]  --> src/user_reader.rs:1:32
[INFO] [stdout]   |
[INFO] [stdout] 1 | use tg_kernel_vm::page_table::{Sv, VAddr, VmFlags};
[INFO] [stdout]   |                                ^^ no `Sv` in the root
[INFO] [stdout] 
[INFO] [stdout] 
[INFO] [stdout] error[E0599]: no associated function or constant named `build_from_str` found for struct `VmFlags<Meta>` in the current scope
[INFO] [stdout]   --> src/user_reader.rs:9:45
[INFO] [stdout]    |
[INFO] [stdout]  9 |     let readable: VmFlags<Sv<N>> = VmFlags::build_from_str("RV");
[INFO] [stdout]    |                                             ^^^^^^^^^^^^^^ associated function or constant not found in `VmFlags<_>`
[INFO] [stdout]    |
[INFO] [stdout] note: if you're trying to build a new `VmFlags<_>`, consider using `VmFlags::<Meta>::from_raw` which returns `VmFlags<_>`
[INFO] [stdout]   --> /opt/rustwide/cargo-home/registry/src/index.crates.io-1949cf8c6b5b557f/page-table-0.0.6/src/flags.rs:27:5
[INFO] [stdout]    |
[INFO] [stdout] 27 |     pub const unsafe fn from_raw(raw: usize) -> Self {
[INFO] [stdout]    |     ^^^^^^^^^^^^^^^^^^^^^^^^^^^^^^^^^^^^^^^^^^^^^^^^
[INFO] [stdout] 
[INFO] [stdout] 
[INFO] [stdout] Some errors have detailed explanations: E0432, E0599.
[INFO] [stdout] 
[INFO] [stdout] For more information about an error, try `rustc --explain E0432`.
[INFO] [stdout] 
[INFO] [stderr] error: could not compile `tg-rcore-tutorial-games-ch6-breakout-kernel` (bin "tg-rcore-tutorial-games-ch6-breakout-kernel") due to 5 previous errors
[INFO] running `Command { std: "docker" "inspect" "85d8723a7f57633f05338a7c40442adaed902cd5ad5506a9c2ff54822b6e4bc3", kill_on_drop: false }`
[INFO] running `Command { std: "docker" "rm" "-f" "85d8723a7f57633f05338a7c40442adaed902cd5ad5506a9c2ff54822b6e4bc3", kill_on_drop: false }`
[INFO] [stdout] 85d8723a7f57633f05338a7c40442adaed902cd5ad5506a9c2ff54822b6e4bc3
