[INFO] fetching crate tg-rcore-tutorial-games-ch2-moving-tangram-user 0.1.0-preview.1...
[INFO] testing tg-rcore-tutorial-games-ch2-moving-tangram-user-0.1.0-preview.1 against 1.100.0-beta.1+cargoflags=--release for beta-release-1.100-2
[INFO] extracting crate tg-rcore-tutorial-games-ch2-moving-tangram-user 0.1.0-preview.1 into /workspace/builds/worker-5-tc2/source
[INFO] started tweaking crates.io crate tg-rcore-tutorial-games-ch2-moving-tangram-user 0.1.0-preview.1
[INFO] finished tweaking crates.io crate tg-rcore-tutorial-games-ch2-moving-tangram-user 0.1.0-preview.1
[INFO] tweaked toml for crates.io crate tg-rcore-tutorial-games-ch2-moving-tangram-user 0.1.0-preview.1 written to /workspace/builds/worker-5-tc2/source/Cargo.toml
[INFO] validating manifest of crates.io crate tg-rcore-tutorial-games-ch2-moving-tangram-user 0.1.0-preview.1 on toolchain 1.100.0-beta.1
[INFO] running `Command { std: CARGO_HOME="/workspace/cargo-home" RUSTUP_HOME="/workspace/rustup-home" "/workspace/cargo-home/bin/cargo" "+1.100.0-beta.1" "metadata" "--manifest-path" "Cargo.toml" "--no-deps", kill_on_drop: false }`
[INFO] crate crates.io crate tg-rcore-tutorial-games-ch2-moving-tangram-user 0.1.0-preview.1 already has a lockfile, it will not be regenerated
[INFO] running `Command { std: CARGO_HOME="/workspace/cargo-home" RUSTUP_HOME="/workspace/rustup-home" "/workspace/cargo-home/bin/cargo" "+1.100.0-beta.1" "fetch" "--manifest-path" "Cargo.toml", kill_on_drop: false }`
[INFO] running `Command { std: "docker" "create" "-v" "/var/lib/crater-agent-workspace/builds/worker-5-tc2/source:/opt/rustwide/workdir:ro,Z" "-v" "/var/lib/crater-agent-workspace/builds/worker-5-tc2/target:/opt/rustwide/target:rw,Z" "-v" "/var/lib/crater-agent-workspace/cargo-home:/opt/rustwide/cargo-home:ro,Z" "-v" "/var/lib/crater-agent-workspace/rustup-home:/opt/rustwide/rustup-home:ro,Z" "-m" "1610612736" "--network" "none" "ghcr.io/rust-lang/crates-build-env/linux@sha256:77db811e55d90add9212f6832c23229e3de5f1c1f9905e8cb07319ea15df73ac" "sleep" "infinity", kill_on_drop: false }`
[INFO] [stdout] 768bb38cce85a539b73948ad6a7645dff1818c3a0e997652c803dd7434c46a32
[INFO] running `Command { std: "docker" "start" "768bb38cce85a539b73948ad6a7645dff1818c3a0e997652c803dd7434c46a32", kill_on_drop: false }`
[INFO] running `Command { std: "docker" "inspect" "768bb38cce85a539b73948ad6a7645dff1818c3a0e997652c803dd7434c46a32", kill_on_drop: false }`
[INFO] running `Command { std: "docker" "exec" "-e" "SOURCE_DIR=/opt/rustwide/workdir" "-e" "CARGO_HOME=/opt/rustwide/cargo-home" "-e" "RUSTUP_HOME=/opt/rustwide/rustup-home" "-e" "CARGO_TARGET_DIR=/opt/rustwide/target" "-w" "/opt/rustwide/workdir" "--user" "0:0" "768bb38cce85a539b73948ad6a7645dff1818c3a0e997652c803dd7434c46a32" "/opt/rustwide/cargo-home/bin/cargo" "+1.100.0-beta.1" "metadata" "--no-deps" "--format-version=1", kill_on_drop: false }`
[INFO] running `Command { std: "docker" "inspect" "768bb38cce85a539b73948ad6a7645dff1818c3a0e997652c803dd7434c46a32", kill_on_drop: false }`
[INFO] running `Command { std: "docker" "exec" "-e" "SOURCE_DIR=/opt/rustwide/workdir" "-e" "CARGO_HOME=/opt/rustwide/cargo-home" "-e" "RUSTUP_HOME=/opt/rustwide/rustup-home" "-e" "CARGO_TARGET_DIR=/opt/rustwide/target" "-e" "CARGO_INCREMENTAL=0" "-e" "RUST_BACKTRACE=full" "-e" "RUSTFLAGS=--cap-lints=warn" "-e" "RUSTDOCFLAGS=--cap-lints=warn" "-w" "/opt/rustwide/workdir" "--user" "0:0" "768bb38cce85a539b73948ad6a7645dff1818c3a0e997652c803dd7434c46a32" "/opt/rustwide/cargo-home/bin/cargo" "+1.100.0-beta.1" "build" "--frozen" "--message-format=json" "--release", kill_on_drop: false }`
[INFO] [stderr]    Compiling scopeguard v1.2.0
[INFO] [stderr]    Compiling tg-rcore-tutorial-games-syscall v0.1.0-preview.1
[INFO] [stderr]    Compiling numeric-enum-macro v0.2.0
[INFO] [stderr]    Compiling bitflags v1.3.2
[INFO] [stderr]    Compiling log v0.4.29
[INFO] [stderr]    Compiling tg-rcore-tutorial-games-ch2-moving-tangram-user v0.1.0-preview.1 (/opt/rustwide/workdir)
[INFO] [stderr]    Compiling customizable-buddy v0.0.2
[INFO] [stderr]    Compiling tg-rcore-tutorial-signal-defs v0.4.8
[INFO] [stderr]    Compiling lock_api v0.4.14
[INFO] [stderr]    Compiling spin v0.9.8
[INFO] [stderr]    Compiling tg-rcore-tutorial-console v0.4.8
[INFO] [stdout] error: linking with `cc` failed: exit status: 1
[INFO] [stdout]   |
[INFO] [stdout]   = note:  "cc" "-m64" "/opt/rustwide/target/release/build/tg-rcore-tutorial-games-ch2-moving-tangram-user/7d91b068da8b1670/out/rustcuWqFq9/symbols.o" "<2 object files omitted>" "-Wl,--as-needed" "-Wl,-Bstatic" "/opt/rustwide/target/release/build/tg-rcore-tutorial-games-ch2-moving-tangram-user/2de5b53dd1f40d5c/out/libgames_lib-2de5b53dd1f40d5c.rlib" "/opt/rustwide/target/release/build/tg-rcore-tutorial-games-syscall/8ba3d24b75ccad96/out/libtg_rcore_tutorial_games_syscall-8ba3d24b75ccad96.rlib" "/opt/rustwide/target/release/build/tg-rcore-tutorial-signal-defs/de04c9333cfd0df7/out/libtg_rcore_tutorial_signal_defs-de04c9333cfd0df7.rlib" "/opt/rustwide/target/release/build/numeric-enum-macro/3a700e81d16093a7/out/libnumeric_enum_macro-3a700e81d16093a7.rlib" "/opt/rustwide/target/release/build/bitflags/9efd7935be7050eb/out/libbitflags-9efd7935be7050eb.rlib" "/opt/rustwide/target/release/build/tg-rcore-tutorial-console/a19f79acea104049/out/libtg_rcore_tutorial_console-a19f79acea104049.rlib" "/opt/rustwide/target/release/build/spin/37e913bc731556dd/out/libspin-37e913bc731556dd.rlib" "/opt/rustwide/target/release/build/lock_api/4fd185a191d09ed3/out/liblock_api-4fd185a191d09ed3.rlib" "/opt/rustwide/target/release/build/scopeguard/692a23ecf302ea72/out/libscopeguard-692a23ecf302ea72.rlib" "/opt/rustwide/target/release/build/log/1fa38f82881ef693/out/liblog-1fa38f82881ef693.rlib" "/opt/rustwide/target/release/build/customizable-buddy/bfd4c5b4e1f44b42/out/libcustomizable_buddy-bfd4c5b4e1f44b42.rlib" "<sysroot>/lib/rustlib/x86_64-unknown-linux-gnu/lib/{liballoc-*,libcore-*,libcompiler_builtins-*}.rlib" "-L" "/opt/rustwide/target/release/build/tg-rcore-tutorial-games-ch2-moving-tangram-user/7d91b068da8b1670/out/rustcuWqFq9/raw-dylibs" "-Wl,-Bdynamic" "-B<sysroot>/lib/rustlib/x86_64-unknown-linux-gnu/bin/gcc-ld" "-fuse-ld=lld" "-Wl,--eh-frame-hdr" "-Wl,-z,noexecstack" "-L" "<sysroot>/lib/rustlib/x86_64-unknown-linux-gnu/lib" "-o" "/opt/rustwide/target/release/build/tg-rcore-tutorial-games-ch2-moving-tangram-user/7d91b068da8b1670/out/ch2_moving_tangram_10" "-Wl,--gc-sections" "-pie" "-Wl,-z,relro,-z,now" "-Wl,-O1" "-Wl,--strip-debug" "-nodefaultlibs"
[INFO] [stdout]   = note: some arguments are omitted. use `--verbose` to show all linker arguments
[INFO] [stdout]   = note: rust-lld: error: duplicate symbol: _start
[INFO] [stdout]           >>> defined at /usr/lib/gcc/x86_64-linux-gnu/15/../../../x86_64-linux-gnu/Scrt1.o:(_start)
[INFO] [stdout]           >>> defined at games_lib.506b14e8839442b7-cgu.0
[INFO] [stdout]           >>>            games_lib-2de5b53dd1f40d5c.games_lib.506b14e8839442b7-cgu.0.rcgu.o:(.text.entry+0x0) in archive /opt/rustwide/target/release/build/tg-rcore-tutorial-games-ch2-moving-tangram-user/2de5b53dd1f40d5c/out/libgames_lib-2de5b53dd1f40d5c.rlib
[INFO] [stdout]           collect2: error: ld returned 1 exit status
[INFO] [stdout]           
[INFO] [stdout] 
[INFO] [stdout] 
[INFO] [stderr] error: could not compile `tg-rcore-tutorial-games-ch2-moving-tangram-user` (bin "ch2-moving-tangram-10") due to 1 previous error
[INFO] [stderr] warning: build failed, waiting for other jobs to finish...
[INFO] [stdout] error: linking with `cc` failed: exit status: 1
[INFO] [stdout]   |
[INFO] [stdout]   = note:  "cc" "-m64" "/opt/rustwide/target/release/build/tg-rcore-tutorial-games-ch2-moving-tangram-user/15b16621475916a3/out/rustcmUPYqW/symbols.o" "<2 object files omitted>" "-Wl,--as-needed" "-Wl,-Bstatic" "/opt/rustwide/target/release/build/tg-rcore-tutorial-games-ch2-moving-tangram-user/2de5b53dd1f40d5c/out/libgames_lib-2de5b53dd1f40d5c.rlib" "/opt/rustwide/target/release/build/tg-rcore-tutorial-games-syscall/8ba3d24b75ccad96/out/libtg_rcore_tutorial_games_syscall-8ba3d24b75ccad96.rlib" "/opt/rustwide/target/release/build/tg-rcore-tutorial-signal-defs/de04c9333cfd0df7/out/libtg_rcore_tutorial_signal_defs-de04c9333cfd0df7.rlib" "/opt/rustwide/target/release/build/numeric-enum-macro/3a700e81d16093a7/out/libnumeric_enum_macro-3a700e81d16093a7.rlib" "/opt/rustwide/target/release/build/bitflags/9efd7935be7050eb/out/libbitflags-9efd7935be7050eb.rlib" "/opt/rustwide/target/release/build/tg-rcore-tutorial-console/a19f79acea104049/out/libtg_rcore_tutorial_console-a19f79acea104049.rlib" "/opt/rustwide/target/release/build/spin/37e913bc731556dd/out/libspin-37e913bc731556dd.rlib" "/opt/rustwide/target/release/build/lock_api/4fd185a191d09ed3/out/liblock_api-4fd185a191d09ed3.rlib" "/opt/rustwide/target/release/build/scopeguard/692a23ecf302ea72/out/libscopeguard-692a23ecf302ea72.rlib" "/opt/rustwide/target/release/build/log/1fa38f82881ef693/out/liblog-1fa38f82881ef693.rlib" "/opt/rustwide/target/release/build/customizable-buddy/bfd4c5b4e1f44b42/out/libcustomizable_buddy-bfd4c5b4e1f44b42.rlib" "<sysroot>/lib/rustlib/x86_64-unknown-linux-gnu/lib/{liballoc-*,libcore-*,libcompiler_builtins-*}.rlib" "-L" "/opt/rustwide/target/release/build/tg-rcore-tutorial-games-ch2-moving-tangram-user/15b16621475916a3/out/rustcmUPYqW/raw-dylibs" "-Wl,-Bdynamic" "-B<sysroot>/lib/rustlib/x86_64-unknown-linux-gnu/bin/gcc-ld" "-fuse-ld=lld" "-Wl,--eh-frame-hdr" "-Wl,-z,noexecstack" "-L" "<sysroot>/lib/rustlib/x86_64-unknown-linux-gnu/lib" "-o" "/opt/rustwide/target/release/build/tg-rcore-tutorial-games-ch2-moving-tangram-user/15b16621475916a3/out/ch2_moving_tangram_12" "-Wl,--gc-sections" "-pie" "-Wl,-z,relro,-z,now" "-Wl,-O1" "-Wl,--strip-debug" "-nodefaultlibs"
[INFO] [stdout]   = note: some arguments are omitted. use `--verbose` to show all linker arguments
[INFO] [stdout]   = note: rust-lld: error: duplicate symbol: _start
[INFO] [stdout]           >>> defined at /usr/lib/gcc/x86_64-linux-gnu/15/../../../x86_64-linux-gnu/Scrt1.o:(_start)
[INFO] [stdout]           >>> defined at games_lib.506b14e8839442b7-cgu.0
[INFO] [stdout]           >>>            games_lib-2de5b53dd1f40d5c.games_lib.506b14e8839442b7-cgu.0.rcgu.o:(.text.entry+0x0) in archive /opt/rustwide/target/release/build/tg-rcore-tutorial-games-ch2-moving-tangram-user/2de5b53dd1f40d5c/out/libgames_lib-2de5b53dd1f40d5c.rlib
[INFO] [stdout]           collect2: error: ld returned 1 exit status
[INFO] [stdout]           
[INFO] [stdout] 
[INFO] [stdout] 
[INFO] [stderr] error: could not compile `tg-rcore-tutorial-games-ch2-moving-tangram-user` (bin "ch2-moving-tangram-12") due to 1 previous error
[INFO] [stdout] error: linking with `cc` failed: exit status: 1
[INFO] [stdout]   |
[INFO] [stdout]   = note:  "cc" "-m64" "/opt/rustwide/target/release/build/tg-rcore-tutorial-games-ch2-moving-tangram-user/d141abf71da85ff6/out/rustcPXWcl1/symbols.o" "<2 object files omitted>" "-Wl,--as-needed" "-Wl,-Bstatic" "/opt/rustwide/target/release/build/tg-rcore-tutorial-games-ch2-moving-tangram-user/2de5b53dd1f40d5c/out/libgames_lib-2de5b53dd1f40d5c.rlib" "/opt/rustwide/target/release/build/tg-rcore-tutorial-games-syscall/8ba3d24b75ccad96/out/libtg_rcore_tutorial_games_syscall-8ba3d24b75ccad96.rlib" "/opt/rustwide/target/release/build/tg-rcore-tutorial-signal-defs/de04c9333cfd0df7/out/libtg_rcore_tutorial_signal_defs-de04c9333cfd0df7.rlib" "/opt/rustwide/target/release/build/numeric-enum-macro/3a700e81d16093a7/out/libnumeric_enum_macro-3a700e81d16093a7.rlib" "/opt/rustwide/target/release/build/bitflags/9efd7935be7050eb/out/libbitflags-9efd7935be7050eb.rlib" "/opt/rustwide/target/release/build/tg-rcore-tutorial-console/a19f79acea104049/out/libtg_rcore_tutorial_console-a19f79acea104049.rlib" "/opt/rustwide/target/release/build/spin/37e913bc731556dd/out/libspin-37e913bc731556dd.rlib" "/opt/rustwide/target/release/build/lock_api/4fd185a191d09ed3/out/liblock_api-4fd185a191d09ed3.rlib" "/opt/rustwide/target/release/build/scopeguard/692a23ecf302ea72/out/libscopeguard-692a23ecf302ea72.rlib" "/opt/rustwide/target/release/build/log/1fa38f82881ef693/out/liblog-1fa38f82881ef693.rlib" "/opt/rustwide/target/release/build/customizable-buddy/bfd4c5b4e1f44b42/out/libcustomizable_buddy-bfd4c5b4e1f44b42.rlib" "<sysroot>/lib/rustlib/x86_64-unknown-linux-gnu/lib/{liballoc-*,libcore-*,libcompiler_builtins-*}.rlib" "-L" "/opt/rustwide/target/release/build/tg-rcore-tutorial-games-ch2-moving-tangram-user/d141abf71da85ff6/out/rustcPXWcl1/raw-dylibs" "-Wl,-Bdynamic" "-B<sysroot>/lib/rustlib/x86_64-unknown-linux-gnu/bin/gcc-ld" "-fuse-ld=lld" "-Wl,--eh-frame-hdr" "-Wl,-z,noexecstack" "-L" "<sysroot>/lib/rustlib/x86_64-unknown-linux-gnu/lib" "-o" "/opt/rustwide/target/release/build/tg-rcore-tutorial-games-ch2-moving-tangram-user/d141abf71da85ff6/out/ch2_moving_tangram_5" "-Wl,--gc-sections" "-pie" "-Wl,-z,relro,-z,now" "-Wl,-O1" "-Wl,--strip-debug" "-nodefaultlibs"
[INFO] [stdout]   = note: some arguments are omitted. use `--verbose` to show all linker arguments
[INFO] [stdout]   = note: rust-lld: error: duplicate symbol: _start
[INFO] [stdout]           >>> defined at /usr/lib/gcc/x86_64-linux-gnu/15/../../../x86_64-linux-gnu/Scrt1.o:(_start)
[INFO] [stdout]           >>> defined at games_lib.506b14e8839442b7-cgu.0
[INFO] [stdout]           >>>            games_lib-2de5b53dd1f40d5c.games_lib.506b14e8839442b7-cgu.0.rcgu.o:(.text.entry+0x0) in archive /opt/rustwide/target/release/build/tg-rcore-tutorial-games-ch2-moving-tangram-user/2de5b53dd1f40d5c/out/libgames_lib-2de5b53dd1f40d5c.rlib
[INFO] [stdout]           collect2: error: ld returned 1 exit status
[INFO] [stdout]           
[INFO] [stdout] 
[INFO] [stdout] 
[INFO] [stdout] error: linking with `cc` failed: exit status: 1
[INFO] [stdout]   |
[INFO] [stdout]   = note:  "cc" "-m64" "/opt/rustwide/target/release/build/tg-rcore-tutorial-games-ch2-moving-tangram-user/951693c650bee949/out/rustcYr2nXd/symbols.o" "<2 object files omitted>" "-Wl,--as-needed" "-Wl,-Bstatic" "/opt/rustwide/target/release/build/tg-rcore-tutorial-games-ch2-moving-tangram-user/2de5b53dd1f40d5c/out/libgames_lib-2de5b53dd1f40d5c.rlib" "/opt/rustwide/target/release/build/tg-rcore-tutorial-games-syscall/8ba3d24b75ccad96/out/libtg_rcore_tutorial_games_syscall-8ba3d24b75ccad96.rlib" "/opt/rustwide/target/release/build/tg-rcore-tutorial-signal-defs/de04c9333cfd0df7/out/libtg_rcore_tutorial_signal_defs-de04c9333cfd0df7.rlib" "/opt/rustwide/target/release/build/numeric-enum-macro/3a700e81d16093a7/out/libnumeric_enum_macro-3a700e81d16093a7.rlib" "/opt/rustwide/target/release/build/bitflags/9efd7935be7050eb/out/libbitflags-9efd7935be7050eb.rlib" "/opt/rustwide/target/release/build/tg-rcore-tutorial-console/a19f79acea104049/out/libtg_rcore_tutorial_console-a19f79acea104049.rlib" "/opt/rustwide/target/release/build/spin/37e913bc731556dd/out/libspin-37e913bc731556dd.rlib" "/opt/rustwide/target/release/build/lock_api/4fd185a191d09ed3/out/liblock_api-4fd185a191d09ed3.rlib" "/opt/rustwide/target/release/build/scopeguard/692a23ecf302ea72/out/libscopeguard-692a23ecf302ea72.rlib" "/opt/rustwide/target/release/build/log/1fa38f82881ef693/out/liblog-1fa38f82881ef693.rlib" "/opt/rustwide/target/release/build/customizable-buddy/bfd4c5b4e1f44b42/out/libcustomizable_buddy-bfd4c5b4e1f44b42.rlib" "<sysroot>/lib/rustlib/x86_64-unknown-linux-gnu/lib/{liballoc-*,libcore-*,libcompiler_builtins-*}.rlib" "-L" "/opt/rustwide/target/release/build/tg-rcore-tutorial-games-ch2-moving-tangram-user/951693c650bee949/out/rustcYr2nXd/raw-dylibs" "-Wl,-Bdynamic" "-B<sysroot>/lib/rustlib/x86_64-unknown-linux-gnu/bin/gcc-ld" "-fuse-ld=lld" "-Wl,--eh-frame-hdr" "-Wl,-z,noexecstack" "-L" "<sysroot>/lib/rustlib/x86_64-unknown-linux-gnu/lib" "-o" "/opt/rustwide/target/release/build/tg-rcore-tutorial-games-ch2-moving-tangram-user/951693c650bee949/out/ch2_moving_tangram_3" "-Wl,--gc-sections" "-pie" "-Wl,-z,relro,-z,now" "-Wl,-O1" "-Wl,--strip-debug" "-nodefaultlibs"
[INFO] [stdout]   = note: some arguments are omitted. use `--verbose` to show all linker arguments
[INFO] [stdout]   = note: rust-lld: error: duplicate symbol: _start
[INFO] [stdout]           >>> defined at /usr/lib/gcc/x86_64-linux-gnu/15/../../../x86_64-linux-gnu/Scrt1.o:(_start)
[INFO] [stdout]           >>> defined at games_lib.506b14e8839442b7-cgu.0
[INFO] [stdout]           >>>            games_lib-2de5b53dd1f40d5c.games_lib.506b14e8839442b7-cgu.0.rcgu.o:(.text.entry+0x0) in archive /opt/rustwide/target/release/build/tg-rcore-tutorial-games-ch2-moving-tangram-user/2de5b53dd1f40d5c/out/libgames_lib-2de5b53dd1f40d5c.rlib
[INFO] [stdout]           collect2: error: ld returned 1 exit status
[INFO] [stdout]           
[INFO] [stdout] 
[INFO] [stdout] 
[INFO] [stdout] error: linking with `cc` failed: exit status: 1
[INFO] [stdout]   |
[INFO] [stdout]   = note:  "cc" "-m64" "/opt/rustwide/target/release/build/tg-rcore-tutorial-games-ch2-moving-tangram-user/e91d88c63f8b250e/out/rustc8uBFYB/symbols.o" "<2 object files omitted>" "-Wl,--as-needed" "-Wl,-Bstatic" "/opt/rustwide/target/release/build/tg-rcore-tutorial-games-ch2-moving-tangram-user/2de5b53dd1f40d5c/out/libgames_lib-2de5b53dd1f40d5c.rlib" "/opt/rustwide/target/release/build/tg-rcore-tutorial-games-syscall/8ba3d24b75ccad96/out/libtg_rcore_tutorial_games_syscall-8ba3d24b75ccad96.rlib" "/opt/rustwide/target/release/build/tg-rcore-tutorial-signal-defs/de04c9333cfd0df7/out/libtg_rcore_tutorial_signal_defs-de04c9333cfd0df7.rlib" "/opt/rustwide/target/release/build/numeric-enum-macro/3a700e81d16093a7/out/libnumeric_enum_macro-3a700e81d16093a7.rlib" "/opt/rustwide/target/release/build/bitflags/9efd7935be7050eb/out/libbitflags-9efd7935be7050eb.rlib" "/opt/rustwide/target/release/build/tg-rcore-tutorial-console/a19f79acea104049/out/libtg_rcore_tutorial_console-a19f79acea104049.rlib" "/opt/rustwide/target/release/build/spin/37e913bc731556dd/out/libspin-37e913bc731556dd.rlib" "/opt/rustwide/target/release/build/lock_api/4fd185a191d09ed3/out/liblock_api-4fd185a191d09ed3.rlib" "/opt/rustwide/target/release/build/scopeguard/692a23ecf302ea72/out/libscopeguard-692a23ecf302ea72.rlib" "/opt/rustwide/target/release/build/log/1fa38f82881ef693/out/liblog-1fa38f82881ef693.rlib" "/opt/rustwide/target/release/build/customizable-buddy/bfd4c5b4e1f44b42/out/libcustomizable_buddy-bfd4c5b4e1f44b42.rlib" "<sysroot>/lib/rustlib/x86_64-unknown-linux-gnu/lib/{liballoc-*,libcore-*,libcompiler_builtins-*}.rlib" "-L" "/opt/rustwide/target/release/build/tg-rcore-tutorial-games-ch2-moving-tangram-user/e91d88c63f8b250e/out/rustc8uBFYB/raw-dylibs" "-Wl,-Bdynamic" "-B<sysroot>/lib/rustlib/x86_64-unknown-linux-gnu/bin/gcc-ld" "-fuse-ld=lld" "-Wl,--eh-frame-hdr" "-Wl,-z,noexecstack" "-L" "<sysroot>/lib/rustlib/x86_64-unknown-linux-gnu/lib" "-o" "/opt/rustwide/target/release/build/tg-rcore-tutorial-games-ch2-moving-tangram-user/e91d88c63f8b250e/out/ch2_moving_tangram_11" "-Wl,--gc-sections" "-pie" "-Wl,-z,relro,-z,now" "-Wl,-O1" "-Wl,--strip-debug" "-nodefaultlibs"
[INFO] [stdout]   = note: some arguments are omitted. use `--verbose` to show all linker arguments
[INFO] [stdout]   = note: rust-lld: error: duplicate symbol: _start
[INFO] [stdout]           >>> defined at /usr/lib/gcc/x86_64-linux-gnu/15/../../../x86_64-linux-gnu/Scrt1.o:(_start)
[INFO] [stdout]           >>> defined at games_lib.506b14e8839442b7-cgu.0
[INFO] [stdout]           >>>            games_lib-2de5b53dd1f40d5c.games_lib.506b14e8839442b7-cgu.0.rcgu.o:(.text.entry+0x0) in archive /opt/rustwide/target/release/build/tg-rcore-tutorial-games-ch2-moving-tangram-user/2de5b53dd1f40d5c/out/libgames_lib-2de5b53dd1f40d5c.rlib
[INFO] [stdout]           collect2: error: ld returned 1 exit status
[INFO] [stdout]           
[INFO] [stdout] 
[INFO] [stdout] 
[INFO] [stdout] error: linking with `cc` failed: exit status: 1
[INFO] [stdout]   |
[INFO] [stdout]   = note:  "cc" "-m64" "/opt/rustwide/target/release/build/tg-rcore-tutorial-games-ch2-moving-tangram-user/889e919b28952401/out/rustcYAJm8M/symbols.o" "<2 object files omitted>" "-Wl,--as-needed" "-Wl,-Bstatic" "/opt/rustwide/target/release/build/tg-rcore-tutorial-games-ch2-moving-tangram-user/2de5b53dd1f40d5c/out/libgames_lib-2de5b53dd1f40d5c.rlib" "/opt/rustwide/target/release/build/tg-rcore-tutorial-games-syscall/8ba3d24b75ccad96/out/libtg_rcore_tutorial_games_syscall-8ba3d24b75ccad96.rlib" "/opt/rustwide/target/release/build/tg-rcore-tutorial-signal-defs/de04c9333cfd0df7/out/libtg_rcore_tutorial_signal_defs-de04c9333cfd0df7.rlib" "/opt/rustwide/target/release/build/numeric-enum-macro/3a700e81d16093a7/out/libnumeric_enum_macro-3a700e81d16093a7.rlib" "/opt/rustwide/target/release/build/bitflags/9efd7935be7050eb/out/libbitflags-9efd7935be7050eb.rlib" "/opt/rustwide/target/release/build/tg-rcore-tutorial-console/a19f79acea104049/out/libtg_rcore_tutorial_console-a19f79acea104049.rlib" "/opt/rustwide/target/release/build/spin/37e913bc731556dd/out/libspin-37e913bc731556dd.rlib" "/opt/rustwide/target/release/build/lock_api/4fd185a191d09ed3/out/liblock_api-4fd185a191d09ed3.rlib" "/opt/rustwide/target/release/build/scopeguard/692a23ecf302ea72/out/libscopeguard-692a23ecf302ea72.rlib" "/opt/rustwide/target/release/build/log/1fa38f82881ef693/out/liblog-1fa38f82881ef693.rlib" "/opt/rustwide/target/release/build/customizable-buddy/bfd4c5b4e1f44b42/out/libcustomizable_buddy-bfd4c5b4e1f44b42.rlib" "<sysroot>/lib/rustlib/x86_64-unknown-linux-gnu/lib/{liballoc-*,libcore-*,libcompiler_builtins-*}.rlib" "-L" "/opt/rustwide/target/release/build/tg-rcore-tutorial-games-ch2-moving-tangram-user/889e919b28952401/out/rustcYAJm8M/raw-dylibs" "-Wl,-Bdynamic" "-B<sysroot>/lib/rustlib/x86_64-unknown-linux-gnu/bin/gcc-ld" "-fuse-ld=lld" "-Wl,--eh-frame-hdr" "-Wl,-z,noexecstack" "-L" "<sysroot>/lib/rustlib/x86_64-unknown-linux-gnu/lib" "-o" "/opt/rustwide/target/release/build/tg-rcore-tutorial-games-ch2-moving-tangram-user/889e919b28952401/out/ch2_moving_tangram_9" "-Wl,--gc-sections" "-pie" "-Wl,-z,relro,-z,now" "-Wl,-O1" "-Wl,--strip-debug" "-nodefaultlibs"
[INFO] [stdout]   = note: some arguments are omitted. use `--verbose` to show all linker arguments
[INFO] [stdout]   = note: rust-lld: error: duplicate symbol: _start
[INFO] [stdout]           >>> defined at /usr/lib/gcc/x86_64-linux-gnu/15/../../../x86_64-linux-gnu/Scrt1.o:(_start)
[INFO] [stdout]           >>> defined at games_lib.506b14e8839442b7-cgu.0
[INFO] [stdout]           >>>            games_lib-2de5b53dd1f40d5c.games_lib.506b14e8839442b7-cgu.0.rcgu.o:(.text.entry+0x0) in archive /opt/rustwide/target/release/build/tg-rcore-tutorial-games-ch2-moving-tangram-user/2de5b53dd1f40d5c/out/libgames_lib-2de5b53dd1f40d5c.rlib
[INFO] [stdout]           collect2: error: ld returned 1 exit status
[INFO] [stdout]           
[INFO] [stdout] 
[INFO] [stdout] 
[INFO] [stdout] error: linking with `cc` failed: exit status: 1
[INFO] [stdout]   |
[INFO] [stdout]   = note:  "cc" "-m64" "/opt/rustwide/target/release/build/tg-rcore-tutorial-games-ch2-moving-tangram-user/85a73aa1b4e05364/out/rustcRkYOmV/symbols.o" "<2 object files omitted>" "-Wl,--as-needed" "-Wl,-Bstatic" "/opt/rustwide/target/release/build/tg-rcore-tutorial-games-ch2-moving-tangram-user/2de5b53dd1f40d5c/out/libgames_lib-2de5b53dd1f40d5c.rlib" "/opt/rustwide/target/release/build/tg-rcore-tutorial-games-syscall/8ba3d24b75ccad96/out/libtg_rcore_tutorial_games_syscall-8ba3d24b75ccad96.rlib" "/opt/rustwide/target/release/build/tg-rcore-tutorial-signal-defs/de04c9333cfd0df7/out/libtg_rcore_tutorial_signal_defs-de04c9333cfd0df7.rlib" "/opt/rustwide/target/release/build/numeric-enum-macro/3a700e81d16093a7/out/libnumeric_enum_macro-3a700e81d16093a7.rlib" "/opt/rustwide/target/release/build/bitflags/9efd7935be7050eb/out/libbitflags-9efd7935be7050eb.rlib" "/opt/rustwide/target/release/build/tg-rcore-tutorial-console/a19f79acea104049/out/libtg_rcore_tutorial_console-a19f79acea104049.rlib" "/opt/rustwide/target/release/build/spin/37e913bc731556dd/out/libspin-37e913bc731556dd.rlib" "/opt/rustwide/target/release/build/lock_api/4fd185a191d09ed3/out/liblock_api-4fd185a191d09ed3.rlib" "/opt/rustwide/target/release/build/scopeguard/692a23ecf302ea72/out/libscopeguard-692a23ecf302ea72.rlib" "/opt/rustwide/target/release/build/log/1fa38f82881ef693/out/liblog-1fa38f82881ef693.rlib" "/opt/rustwide/target/release/build/customizable-buddy/bfd4c5b4e1f44b42/out/libcustomizable_buddy-bfd4c5b4e1f44b42.rlib" "<sysroot>/lib/rustlib/x86_64-unknown-linux-gnu/lib/{liballoc-*,libcore-*,libcompiler_builtins-*}.rlib" "-L" "/opt/rustwide/target/release/build/tg-rcore-tutorial-games-ch2-moving-tangram-user/85a73aa1b4e05364/out/rustcRkYOmV/raw-dylibs" "-Wl,-Bdynamic" "-B<sysroot>/lib/rustlib/x86_64-unknown-linux-gnu/bin/gcc-ld" "-fuse-ld=lld" "-Wl,--eh-frame-hdr" "-Wl,-z,noexecstack" "-L" "<sysroot>/lib/rustlib/x86_64-unknown-linux-gnu/lib" "-o" "/opt/rustwide/target/release/build/tg-rcore-tutorial-games-ch2-moving-tangram-user/85a73aa1b4e05364/out/ch2_moving_tangram_13" "-Wl,--gc-sections" "-pie" "-Wl,-z,relro,-z,now" "-Wl,-O1" "-Wl,--strip-debug" "-nodefaultlibs"
[INFO] [stdout]   = note: some arguments are omitted. use `--verbose` to show all linker arguments
[INFO] [stdout]   = note: rust-lld: error: duplicate symbol: _start
[INFO] [stdout]           >>> defined at /usr/lib/gcc/x86_64-linux-gnu/15/../../../x86_64-linux-gnu/Scrt1.o:(_start)
[INFO] [stdout]           >>> defined at games_lib.506b14e8839442b7-cgu.0
[INFO] [stdout]           >>>            games_lib-2de5b53dd1f40d5c.games_lib.506b14e8839442b7-cgu.0.rcgu.o:(.text.entry+0x0) in archive /opt/rustwide/target/release/build/tg-rcore-tutorial-games-ch2-moving-tangram-user/2de5b53dd1f40d5c/out/libgames_lib-2de5b53dd1f40d5c.rlib
[INFO] [stdout]           collect2: error: ld returned 1 exit status
[INFO] [stdout]           
[INFO] [stdout] 
[INFO] [stdout] 
[INFO] [stdout] error: linking with `cc` failed: exit status: 1
[INFO] [stdout]   |
[INFO] [stdout]   = note:  "cc" "-m64" "/opt/rustwide/target/release/build/tg-rcore-tutorial-games-ch2-moving-tangram-user/1fd25ffb76dae6d5/out/rustcIynGik/symbols.o" "<2 object files omitted>" "-Wl,--as-needed" "-Wl,-Bstatic" "/opt/rustwide/target/release/build/tg-rcore-tutorial-games-ch2-moving-tangram-user/2de5b53dd1f40d5c/out/libgames_lib-2de5b53dd1f40d5c.rlib" "/opt/rustwide/target/release/build/tg-rcore-tutorial-games-syscall/8ba3d24b75ccad96/out/libtg_rcore_tutorial_games_syscall-8ba3d24b75ccad96.rlib" "/opt/rustwide/target/release/build/tg-rcore-tutorial-signal-defs/de04c9333cfd0df7/out/libtg_rcore_tutorial_signal_defs-de04c9333cfd0df7.rlib" "/opt/rustwide/target/release/build/numeric-enum-macro/3a700e81d16093a7/out/libnumeric_enum_macro-3a700e81d16093a7.rlib" "/opt/rustwide/target/release/build/bitflags/9efd7935be7050eb/out/libbitflags-9efd7935be7050eb.rlib" "/opt/rustwide/target/release/build/tg-rcore-tutorial-console/a19f79acea104049/out/libtg_rcore_tutorial_console-a19f79acea104049.rlib" "/opt/rustwide/target/release/build/spin/37e913bc731556dd/out/libspin-37e913bc731556dd.rlib" "/opt/rustwide/target/release/build/lock_api/4fd185a191d09ed3/out/liblock_api-4fd185a191d09ed3.rlib" "/opt/rustwide/target/release/build/scopeguard/692a23ecf302ea72/out/libscopeguard-692a23ecf302ea72.rlib" "/opt/rustwide/target/release/build/log/1fa38f82881ef693/out/liblog-1fa38f82881ef693.rlib" "/opt/rustwide/target/release/build/customizable-buddy/bfd4c5b4e1f44b42/out/libcustomizable_buddy-bfd4c5b4e1f44b42.rlib" "<sysroot>/lib/rustlib/x86_64-unknown-linux-gnu/lib/{liballoc-*,libcore-*,libcompiler_builtins-*}.rlib" "-L" "/opt/rustwide/target/release/build/tg-rcore-tutorial-games-ch2-moving-tangram-user/1fd25ffb76dae6d5/out/rustcIynGik/raw-dylibs" "-Wl,-Bdynamic" "-B<sysroot>/lib/rustlib/x86_64-unknown-linux-gnu/bin/gcc-ld" "-fuse-ld=lld" "-Wl,--eh-frame-hdr" "-Wl,-z,noexecstack" "-L" "<sysroot>/lib/rustlib/x86_64-unknown-linux-gnu/lib" "-o" "/opt/rustwide/target/release/build/tg-rcore-tutorial-games-ch2-moving-tangram-user/1fd25ffb76dae6d5/out/ch2_moving_tangram_1" "-Wl,--gc-sections" "-pie" "-Wl,-z,relro,-z,now" "-Wl,-O1" "-Wl,--strip-debug" "-nodefaultlibs"
[INFO] [stdout]   = note: some arguments are omitted. use `--verbose` to show all linker arguments
[INFO] [stdout]   = note: rust-lld: error: duplicate symbol: _start
[INFO] [stdout]           >>> defined at /usr/lib/gcc/x86_64-linux-gnu/15/../../../x86_64-linux-gnu/Scrt1.o:(_start)
[INFO] [stdout]           >>> defined at games_lib.506b14e8839442b7-cgu.0
[INFO] [stdout]           >>>            games_lib-2de5b53dd1f40d5c.games_lib.506b14e8839442b7-cgu.0.rcgu.o:(.text.entry+0x0) in archive /opt/rustwide/target/release/build/tg-rcore-tutorial-games-ch2-moving-tangram-user/2de5b53dd1f40d5c/out/libgames_lib-2de5b53dd1f40d5c.rlib
[INFO] [stdout]           collect2: error: ld returned 1 exit status
[INFO] [stdout]           
[INFO] [stdout] 
[INFO] [stdout] 
[INFO] [stderr] error: could not compile `tg-rcore-tutorial-games-ch2-moving-tangram-user` (bin "ch2-moving-tangram-5") due to 1 previous error
[INFO] [stderr] error: could not compile `tg-rcore-tutorial-games-ch2-moving-tangram-user` (bin "ch2-moving-tangram-9") due to 1 previous error
[INFO] [stderr] error: could not compile `tg-rcore-tutorial-games-ch2-moving-tangram-user` (bin "ch2-moving-tangram-13") due to 1 previous error
[INFO] [stderr] error: could not compile `tg-rcore-tutorial-games-ch2-moving-tangram-user` (bin "ch2-moving-tangram-11") due to 1 previous error
[INFO] [stderr] error: could not compile `tg-rcore-tutorial-games-ch2-moving-tangram-user` (bin "ch2-moving-tangram-3") due to 1 previous error
[INFO] [stdout] error: linking with `cc` failed: exit status: 1
[INFO] [stdout]   |
[INFO] [stdout]   = note:  "cc" "-m64" "/opt/rustwide/target/release/build/tg-rcore-tutorial-games-ch2-moving-tangram-user/e336a9a9a57cba0a/out/rustcs2dOqM/symbols.o" "<2 object files omitted>" "-Wl,--as-needed" "-Wl,-Bstatic" "/opt/rustwide/target/release/build/tg-rcore-tutorial-games-ch2-moving-tangram-user/2de5b53dd1f40d5c/out/libgames_lib-2de5b53dd1f40d5c.rlib" "/opt/rustwide/target/release/build/tg-rcore-tutorial-games-syscall/8ba3d24b75ccad96/out/libtg_rcore_tutorial_games_syscall-8ba3d24b75ccad96.rlib" "/opt/rustwide/target/release/build/tg-rcore-tutorial-signal-defs/de04c9333cfd0df7/out/libtg_rcore_tutorial_signal_defs-de04c9333cfd0df7.rlib" "/opt/rustwide/target/release/build/numeric-enum-macro/3a700e81d16093a7/out/libnumeric_enum_macro-3a700e81d16093a7.rlib" "/opt/rustwide/target/release/build/bitflags/9efd7935be7050eb/out/libbitflags-9efd7935be7050eb.rlib" "/opt/rustwide/target/release/build/tg-rcore-tutorial-console/a19f79acea104049/out/libtg_rcore_tutorial_console-a19f79acea104049.rlib" "/opt/rustwide/target/release/build/spin/37e913bc731556dd/out/libspin-37e913bc731556dd.rlib" "/opt/rustwide/target/release/build/lock_api/4fd185a191d09ed3/out/liblock_api-4fd185a191d09ed3.rlib" "/opt/rustwide/target/release/build/scopeguard/692a23ecf302ea72/out/libscopeguard-692a23ecf302ea72.rlib" "/opt/rustwide/target/release/build/log/1fa38f82881ef693/out/liblog-1fa38f82881ef693.rlib" "/opt/rustwide/target/release/build/customizable-buddy/bfd4c5b4e1f44b42/out/libcustomizable_buddy-bfd4c5b4e1f44b42.rlib" "<sysroot>/lib/rustlib/x86_64-unknown-linux-gnu/lib/{liballoc-*,libcore-*,libcompiler_builtins-*}.rlib" "-L" "/opt/rustwide/target/release/build/tg-rcore-tutorial-games-ch2-moving-tangram-user/e336a9a9a57cba0a/out/rustcs2dOqM/raw-dylibs" "-Wl,-Bdynamic" "-B<sysroot>/lib/rustlib/x86_64-unknown-linux-gnu/bin/gcc-ld" "-fuse-ld=lld" "-Wl,--eh-frame-hdr" "-Wl,-z,noexecstack" "-L" "<sysroot>/lib/rustlib/x86_64-unknown-linux-gnu/lib" "-o" "/opt/rustwide/target/release/build/tg-rcore-tutorial-games-ch2-moving-tangram-user/e336a9a9a57cba0a/out/ch2_moving_tangram_4" "-Wl,--gc-sections" "-pie" "-Wl,-z,relro,-z,now" "-Wl,-O1" "-Wl,--strip-debug" "-nodefaultlibs"
[INFO] [stdout]   = note: some arguments are omitted. use `--verbose` to show all linker arguments
[INFO] [stdout]   = note: rust-lld: error: duplicate symbol: _start
[INFO] [stdout]           >>> defined at /usr/lib/gcc/x86_64-linux-gnu/15/../../../x86_64-linux-gnu/Scrt1.o:(_start)
[INFO] [stdout]           >>> defined at games_lib.506b14e8839442b7-cgu.0
[INFO] [stdout]           >>>            games_lib-2de5b53dd1f40d5c.games_lib.506b14e8839442b7-cgu.0.rcgu.o:(.text.entry+0x0) in archive /opt/rustwide/target/release/build/tg-rcore-tutorial-games-ch2-moving-tangram-user/2de5b53dd1f40d5c/out/libgames_lib-2de5b53dd1f40d5c.rlib
[INFO] [stdout]           collect2: error: ld returned 1 exit status
[INFO] [stdout]           
[INFO] [stdout] 
[INFO] [stdout] 
[INFO] [stderr] error: could not compile `tg-rcore-tutorial-games-ch2-moving-tangram-user` (bin "ch2-moving-tangram-1") due to 1 previous error
[INFO] [stdout] error: linking with `cc` failed: exit status: 1
[INFO] [stdout]   |
[INFO] [stdout]   = note:  "cc" "-m64" "/opt/rustwide/target/release/build/tg-rcore-tutorial-games-ch2-moving-tangram-user/c2087d137f4f55f3/out/rustcKnSi2x/symbols.o" "<2 object files omitted>" "-Wl,--as-needed" "-Wl,-Bstatic" "/opt/rustwide/target/release/build/tg-rcore-tutorial-games-ch2-moving-tangram-user/2de5b53dd1f40d5c/out/libgames_lib-2de5b53dd1f40d5c.rlib" "/opt/rustwide/target/release/build/tg-rcore-tutorial-games-syscall/8ba3d24b75ccad96/out/libtg_rcore_tutorial_games_syscall-8ba3d24b75ccad96.rlib" "/opt/rustwide/target/release/build/tg-rcore-tutorial-signal-defs/de04c9333cfd0df7/out/libtg_rcore_tutorial_signal_defs-de04c9333cfd0df7.rlib" "/opt/rustwide/target/release/build/numeric-enum-macro/3a700e81d16093a7/out/libnumeric_enum_macro-3a700e81d16093a7.rlib" "/opt/rustwide/target/release/build/bitflags/9efd7935be7050eb/out/libbitflags-9efd7935be7050eb.rlib" "/opt/rustwide/target/release/build/tg-rcore-tutorial-console/a19f79acea104049/out/libtg_rcore_tutorial_console-a19f79acea104049.rlib" "/opt/rustwide/target/release/build/spin/37e913bc731556dd/out/libspin-37e913bc731556dd.rlib" "/opt/rustwide/target/release/build/lock_api/4fd185a191d09ed3/out/liblock_api-4fd185a191d09ed3.rlib" "/opt/rustwide/target/release/build/scopeguard/692a23ecf302ea72/out/libscopeguard-692a23ecf302ea72.rlib" "/opt/rustwide/target/release/build/log/1fa38f82881ef693/out/liblog-1fa38f82881ef693.rlib" "/opt/rustwide/target/release/build/customizable-buddy/bfd4c5b4e1f44b42/out/libcustomizable_buddy-bfd4c5b4e1f44b42.rlib" "<sysroot>/lib/rustlib/x86_64-unknown-linux-gnu/lib/{liballoc-*,libcore-*,libcompiler_builtins-*}.rlib" "-L" "/opt/rustwide/target/release/build/tg-rcore-tutorial-games-ch2-moving-tangram-user/c2087d137f4f55f3/out/rustcKnSi2x/raw-dylibs" "-Wl,-Bdynamic" "-B<sysroot>/lib/rustlib/x86_64-unknown-linux-gnu/bin/gcc-ld" "-fuse-ld=lld" "-Wl,--eh-frame-hdr" "-Wl,-z,noexecstack" "-L" "<sysroot>/lib/rustlib/x86_64-unknown-linux-gnu/lib" "-o" "/opt/rustwide/target/release/build/tg-rcore-tutorial-games-ch2-moving-tangram-user/c2087d137f4f55f3/out/ch2_moving_tangram_6" "-Wl,--gc-sections" "-pie" "-Wl,-z,relro,-z,now" "-Wl,-O1" "-Wl,--strip-debug" "-nodefaultlibs"
[INFO] [stdout]   = note: some arguments are omitted. use `--verbose` to show all linker arguments
[INFO] [stdout]   = note: rust-lld: error: duplicate symbol: _start
[INFO] [stdout]           >>> defined at /usr/lib/gcc/x86_64-linux-gnu/15/../../../x86_64-linux-gnu/Scrt1.o:(_start)
[INFO] [stdout]           >>> defined at games_lib.506b14e8839442b7-cgu.0
[INFO] [stdout]           >>>            games_lib-2de5b53dd1f40d5c.games_lib.506b14e8839442b7-cgu.0.rcgu.o:(.text.entry+0x0) in archive /opt/rustwide/target/release/build/tg-rcore-tutorial-games-ch2-moving-tangram-user/2de5b53dd1f40d5c/out/libgames_lib-2de5b53dd1f40d5c.rlib
[INFO] [stdout]           collect2: error: ld returned 1 exit status
[INFO] [stdout]           
[INFO] [stdout] 
[INFO] [stdout] 
[INFO] [stderr] error: could not compile `tg-rcore-tutorial-games-ch2-moving-tangram-user` (bin "ch2-moving-tangram-4") due to 1 previous error
[INFO] [stdout] error: linking with `cc` failed: exit status: 1
[INFO] [stdout]   |
[INFO] [stdout]   = note:  "cc" "-m64" "/opt/rustwide/target/release/build/tg-rcore-tutorial-games-ch2-moving-tangram-user/9d90df896c45ac22/out/rustcnQAuAw/symbols.o" "<2 object files omitted>" "-Wl,--as-needed" "-Wl,-Bstatic" "/opt/rustwide/target/release/build/tg-rcore-tutorial-games-ch2-moving-tangram-user/2de5b53dd1f40d5c/out/libgames_lib-2de5b53dd1f40d5c.rlib" "/opt/rustwide/target/release/build/tg-rcore-tutorial-games-syscall/8ba3d24b75ccad96/out/libtg_rcore_tutorial_games_syscall-8ba3d24b75ccad96.rlib" "/opt/rustwide/target/release/build/tg-rcore-tutorial-signal-defs/de04c9333cfd0df7/out/libtg_rcore_tutorial_signal_defs-de04c9333cfd0df7.rlib" "/opt/rustwide/target/release/build/numeric-enum-macro/3a700e81d16093a7/out/libnumeric_enum_macro-3a700e81d16093a7.rlib" "/opt/rustwide/target/release/build/bitflags/9efd7935be7050eb/out/libbitflags-9efd7935be7050eb.rlib" "/opt/rustwide/target/release/build/tg-rcore-tutorial-console/a19f79acea104049/out/libtg_rcore_tutorial_console-a19f79acea104049.rlib" "/opt/rustwide/target/release/build/spin/37e913bc731556dd/out/libspin-37e913bc731556dd.rlib" "/opt/rustwide/target/release/build/lock_api/4fd185a191d09ed3/out/liblock_api-4fd185a191d09ed3.rlib" "/opt/rustwide/target/release/build/scopeguard/692a23ecf302ea72/out/libscopeguard-692a23ecf302ea72.rlib" "/opt/rustwide/target/release/build/log/1fa38f82881ef693/out/liblog-1fa38f82881ef693.rlib" "/opt/rustwide/target/release/build/customizable-buddy/bfd4c5b4e1f44b42/out/libcustomizable_buddy-bfd4c5b4e1f44b42.rlib" "<sysroot>/lib/rustlib/x86_64-unknown-linux-gnu/lib/{liballoc-*,libcore-*,libcompiler_builtins-*}.rlib" "-L" "/opt/rustwide/target/release/build/tg-rcore-tutorial-games-ch2-moving-tangram-user/9d90df896c45ac22/out/rustcnQAuAw/raw-dylibs" "-Wl,-Bdynamic" "-B<sysroot>/lib/rustlib/x86_64-unknown-linux-gnu/bin/gcc-ld" "-fuse-ld=lld" "-Wl,--eh-frame-hdr" "-Wl,-z,noexecstack" "-L" "<sysroot>/lib/rustlib/x86_64-unknown-linux-gnu/lib" "-o" "/opt/rustwide/target/release/build/tg-rcore-tutorial-games-ch2-moving-tangram-user/9d90df896c45ac22/out/ch2_moving_tangram_8" "-Wl,--gc-sections" "-pie" "-Wl,-z,relro,-z,now" "-Wl,-O1" "-Wl,--strip-debug" "-nodefaultlibs"
[INFO] [stdout]   = note: some arguments are omitted. use `--verbose` to show all linker arguments
[INFO] [stdout]   = note: rust-lld: error: duplicate symbol: _start
[INFO] [stdout]           >>> defined at /usr/lib/gcc/x86_64-linux-gnu/15/../../../x86_64-linux-gnu/Scrt1.o:(_start)
[INFO] [stdout]           >>> defined at games_lib.506b14e8839442b7-cgu.0
[INFO] [stdout]           >>>            games_lib-2de5b53dd1f40d5c.games_lib.506b14e8839442b7-cgu.0.rcgu.o:(.text.entry+0x0) in archive /opt/rustwide/target/release/build/tg-rcore-tutorial-games-ch2-moving-tangram-user/2de5b53dd1f40d5c/out/libgames_lib-2de5b53dd1f40d5c.rlib
[INFO] [stdout]           collect2: error: ld returned 1 exit status
[INFO] [stdout]           
[INFO] [stdout] 
[INFO] [stdout] 
[INFO] [stdout] error: linking with `cc` failed: exit status: 1
[INFO] [stdout]   |
[INFO] [stdout]   = note:  "cc" "-m64" "/opt/rustwide/target/release/build/tg-rcore-tutorial-games-ch2-moving-tangram-user/d44e3db3e52e7a7a/out/rustc5oOd3O/symbols.o" "<2 object files omitted>" "-Wl,--as-needed" "-Wl,-Bstatic" "/opt/rustwide/target/release/build/tg-rcore-tutorial-games-ch2-moving-tangram-user/2de5b53dd1f40d5c/out/libgames_lib-2de5b53dd1f40d5c.rlib" "/opt/rustwide/target/release/build/tg-rcore-tutorial-games-syscall/8ba3d24b75ccad96/out/libtg_rcore_tutorial_games_syscall-8ba3d24b75ccad96.rlib" "/opt/rustwide/target/release/build/tg-rcore-tutorial-signal-defs/de04c9333cfd0df7/out/libtg_rcore_tutorial_signal_defs-de04c9333cfd0df7.rlib" "/opt/rustwide/target/release/build/numeric-enum-macro/3a700e81d16093a7/out/libnumeric_enum_macro-3a700e81d16093a7.rlib" "/opt/rustwide/target/release/build/bitflags/9efd7935be7050eb/out/libbitflags-9efd7935be7050eb.rlib" "/opt/rustwide/target/release/build/tg-rcore-tutorial-console/a19f79acea104049/out/libtg_rcore_tutorial_console-a19f79acea104049.rlib" "/opt/rustwide/target/release/build/spin/37e913bc731556dd/out/libspin-37e913bc731556dd.rlib" "/opt/rustwide/target/release/build/lock_api/4fd185a191d09ed3/out/liblock_api-4fd185a191d09ed3.rlib" "/opt/rustwide/target/release/build/scopeguard/692a23ecf302ea72/out/libscopeguard-692a23ecf302ea72.rlib" "/opt/rustwide/target/release/build/log/1fa38f82881ef693/out/liblog-1fa38f82881ef693.rlib" "/opt/rustwide/target/release/build/customizable-buddy/bfd4c5b4e1f44b42/out/libcustomizable_buddy-bfd4c5b4e1f44b42.rlib" "<sysroot>/lib/rustlib/x86_64-unknown-linux-gnu/lib/{liballoc-*,libcore-*,libcompiler_builtins-*}.rlib" "-L" "/opt/rustwide/target/release/build/tg-rcore-tutorial-games-ch2-moving-tangram-user/d44e3db3e52e7a7a/out/rustc5oOd3O/raw-dylibs" "-Wl,-Bdynamic" "-B<sysroot>/lib/rustlib/x86_64-unknown-linux-gnu/bin/gcc-ld" "-fuse-ld=lld" "-Wl,--eh-frame-hdr" "-Wl,-z,noexecstack" "-L" "<sysroot>/lib/rustlib/x86_64-unknown-linux-gnu/lib" "-o" "/opt/rustwide/target/release/build/tg-rcore-tutorial-games-ch2-moving-tangram-user/d44e3db3e52e7a7a/out/ch2_moving_tangram_2" "-Wl,--gc-sections" "-pie" "-Wl,-z,relro,-z,now" "-Wl,-O1" "-Wl,--strip-debug" "-nodefaultlibs"
[INFO] [stdout]   = note: some arguments are omitted. use `--verbose` to show all linker arguments
[INFO] [stdout]   = note: rust-lld: error: duplicate symbol: _start
[INFO] [stdout]           >>> defined at /usr/lib/gcc/x86_64-linux-gnu/15/../../../x86_64-linux-gnu/Scrt1.o:(_start)
[INFO] [stdout]           >>> defined at games_lib.506b14e8839442b7-cgu.0
[INFO] [stdout]           >>>            games_lib-2de5b53dd1f40d5c.games_lib.506b14e8839442b7-cgu.0.rcgu.o:(.text.entry+0x0) in archive /opt/rustwide/target/release/build/tg-rcore-tutorial-games-ch2-moving-tangram-user/2de5b53dd1f40d5c/out/libgames_lib-2de5b53dd1f40d5c.rlib
[INFO] [stdout]           collect2: error: ld returned 1 exit status
[INFO] [stdout]           
[INFO] [stdout] 
[INFO] [stdout] 
[INFO] [stderr] error: could not compile `tg-rcore-tutorial-games-ch2-moving-tangram-user` (bin "ch2-moving-tangram-8") due to 1 previous error
[INFO] [stderr] error: could not compile `tg-rcore-tutorial-games-ch2-moving-tangram-user` (bin "ch2-moving-tangram-6") due to 1 previous error
[INFO] [stderr] error: could not compile `tg-rcore-tutorial-games-ch2-moving-tangram-user` (bin "ch2-moving-tangram-2") due to 1 previous error
[INFO] [stdout] error: linking with `cc` failed: exit status: 1
[INFO] [stdout]   |
[INFO] [stdout]   = note:  "cc" "-m64" "/opt/rustwide/target/release/build/tg-rcore-tutorial-games-ch2-moving-tangram-user/bdb917f87c58f4af/out/rustcE3ZaTJ/symbols.o" "<2 object files omitted>" "-Wl,--as-needed" "-Wl,-Bstatic" "/opt/rustwide/target/release/build/tg-rcore-tutorial-games-ch2-moving-tangram-user/2de5b53dd1f40d5c/out/libgames_lib-2de5b53dd1f40d5c.rlib" "/opt/rustwide/target/release/build/tg-rcore-tutorial-games-syscall/8ba3d24b75ccad96/out/libtg_rcore_tutorial_games_syscall-8ba3d24b75ccad96.rlib" "/opt/rustwide/target/release/build/tg-rcore-tutorial-signal-defs/de04c9333cfd0df7/out/libtg_rcore_tutorial_signal_defs-de04c9333cfd0df7.rlib" "/opt/rustwide/target/release/build/numeric-enum-macro/3a700e81d16093a7/out/libnumeric_enum_macro-3a700e81d16093a7.rlib" "/opt/rustwide/target/release/build/bitflags/9efd7935be7050eb/out/libbitflags-9efd7935be7050eb.rlib" "/opt/rustwide/target/release/build/tg-rcore-tutorial-console/a19f79acea104049/out/libtg_rcore_tutorial_console-a19f79acea104049.rlib" "/opt/rustwide/target/release/build/spin/37e913bc731556dd/out/libspin-37e913bc731556dd.rlib" "/opt/rustwide/target/release/build/lock_api/4fd185a191d09ed3/out/liblock_api-4fd185a191d09ed3.rlib" "/opt/rustwide/target/release/build/scopeguard/692a23ecf302ea72/out/libscopeguard-692a23ecf302ea72.rlib" "/opt/rustwide/target/release/build/log/1fa38f82881ef693/out/liblog-1fa38f82881ef693.rlib" "/opt/rustwide/target/release/build/customizable-buddy/bfd4c5b4e1f44b42/out/libcustomizable_buddy-bfd4c5b4e1f44b42.rlib" "<sysroot>/lib/rustlib/x86_64-unknown-linux-gnu/lib/{liballoc-*,libcore-*,libcompiler_builtins-*}.rlib" "-L" "/opt/rustwide/target/release/build/tg-rcore-tutorial-games-ch2-moving-tangram-user/bdb917f87c58f4af/out/rustcE3ZaTJ/raw-dylibs" "-Wl,-Bdynamic" "-B<sysroot>/lib/rustlib/x86_64-unknown-linux-gnu/bin/gcc-ld" "-fuse-ld=lld" "-Wl,--eh-frame-hdr" "-Wl,-z,noexecstack" "-L" "<sysroot>/lib/rustlib/x86_64-unknown-linux-gnu/lib" "-o" "/opt/rustwide/target/release/build/tg-rcore-tutorial-games-ch2-moving-tangram-user/bdb917f87c58f4af/out/ch2_moving_tangram_7" "-Wl,--gc-sections" "-pie" "-Wl,-z,relro,-z,now" "-Wl,-O1" "-Wl,--strip-debug" "-nodefaultlibs"
[INFO] [stdout]   = note: some arguments are omitted. use `--verbose` to show all linker arguments
[INFO] [stdout]   = note: rust-lld: error: duplicate symbol: _start
[INFO] [stdout]           >>> defined at /usr/lib/gcc/x86_64-linux-gnu/15/../../../x86_64-linux-gnu/Scrt1.o:(_start)
[INFO] [stdout]           >>> defined at games_lib.506b14e8839442b7-cgu.0
[INFO] [stdout]           >>>            games_lib-2de5b53dd1f40d5c.games_lib.506b14e8839442b7-cgu.0.rcgu.o:(.text.entry+0x0) in archive /opt/rustwide/target/release/build/tg-rcore-tutorial-games-ch2-moving-tangram-user/2de5b53dd1f40d5c/out/libgames_lib-2de5b53dd1f40d5c.rlib
[INFO] [stdout]           collect2: error: ld returned 1 exit status
[INFO] [stdout]           
[INFO] [stdout] 
[INFO] [stdout] 
[INFO] [stderr] error: could not compile `tg-rcore-tutorial-games-ch2-moving-tangram-user` (bin "ch2-moving-tangram-7") due to 1 previous error
[INFO] running `Command { std: "docker" "inspect" "768bb38cce85a539b73948ad6a7645dff1818c3a0e997652c803dd7434c46a32", kill_on_drop: false }`
[INFO] running `Command { std: "docker" "rm" "-f" "768bb38cce85a539b73948ad6a7645dff1818c3a0e997652c803dd7434c46a32", kill_on_drop: false }`
[INFO] [stdout] 768bb38cce85a539b73948ad6a7645dff1818c3a0e997652c803dd7434c46a32
