[INFO] fetching crate tfhe-ark-poly 0.4.2...
[INFO] testing tfhe-ark-poly-0.4.2 against 1.99.0-beta.8+cargoflags=--release for beta-release-1.100-2
[INFO] extracting crate tfhe-ark-poly 0.4.2 into /workspace/builds/worker-6-tc1/source
[INFO] started tweaking crates.io crate tfhe-ark-poly 0.4.2
[INFO] finished tweaking crates.io crate tfhe-ark-poly 0.4.2
[INFO] tweaked toml for crates.io crate tfhe-ark-poly 0.4.2 written to /workspace/builds/worker-6-tc1/source/Cargo.toml
[INFO] validating manifest of crates.io crate tfhe-ark-poly 0.4.2 on toolchain 1.99.0-beta.8
[INFO] running `Command { std: CARGO_HOME="/workspace/cargo-home" RUSTUP_HOME="/workspace/rustup-home" "/workspace/cargo-home/bin/cargo" "+1.99.0-beta.8" "metadata" "--manifest-path" "Cargo.toml" "--no-deps", kill_on_drop: false }`
[INFO] running `Command { std: CARGO_HOME="/workspace/cargo-home" RUSTUP_HOME="/workspace/rustup-home" "/workspace/cargo-home/bin/cargo" "+1.99.0-beta.8" "generate-lockfile" "--manifest-path" "Cargo.toml", kill_on_drop: false }`
[INFO] [stderr]     Updating crates.io index
[INFO] [stderr]      Locking 95 packages to highest compatible versions
[INFO] [stderr]       Adding ark-serialize v0.4.2 (available: v0.6.0)
[INFO] [stderr]       Adding ark-std v0.4.0 (available: v0.6.0)
[INFO] [stderr]       Adding criterion v0.5.1 (available: v0.8.2)
[INFO] [stderr]       Adding generic-array v0.14.7 (available: v0.14.9)
[INFO] [stderr]       Adding hashbrown v0.14.5 (available: v0.17.1)
[INFO] running `Command { std: CARGO_HOME="/workspace/cargo-home" RUSTUP_HOME="/workspace/rustup-home" "/workspace/cargo-home/bin/cargo" "+1.99.0-beta.8" "fetch" "--manifest-path" "Cargo.toml", kill_on_drop: false }`
[INFO] [stderr]  Downloading crates ...
[INFO] [stderr]   Downloaded tfhe-ark-ff v0.4.3
[INFO] running `Command { std: "docker" "create" "-v" "/var/lib/crater-agent-workspace/builds/worker-6-tc1/source:/opt/rustwide/workdir:ro,Z" "-v" "/var/lib/crater-agent-workspace/builds/worker-6-tc1/target:/opt/rustwide/target:rw,Z" "-v" "/var/lib/crater-agent-workspace/cargo-home:/opt/rustwide/cargo-home:ro,Z" "-v" "/var/lib/crater-agent-workspace/rustup-home:/opt/rustwide/rustup-home:ro,Z" "-m" "1610612736" "--network" "none" "ghcr.io/rust-lang/crates-build-env/linux@sha256:77db811e55d90add9212f6832c23229e3de5f1c1f9905e8cb07319ea15df73ac" "sleep" "infinity", kill_on_drop: false }`
[INFO] [stdout] c9bdea1573a2d106260c3399a359371363d9f4e2a1692881cf8c247070b3242f
[INFO] running `Command { std: "docker" "start" "c9bdea1573a2d106260c3399a359371363d9f4e2a1692881cf8c247070b3242f", kill_on_drop: false }`
[INFO] running `Command { std: "docker" "inspect" "c9bdea1573a2d106260c3399a359371363d9f4e2a1692881cf8c247070b3242f", kill_on_drop: false }`
[INFO] running `Command { std: "docker" "exec" "-e" "SOURCE_DIR=/opt/rustwide/workdir" "-e" "CARGO_HOME=/opt/rustwide/cargo-home" "-e" "RUSTUP_HOME=/opt/rustwide/rustup-home" "-e" "CARGO_TARGET_DIR=/opt/rustwide/target" "-w" "/opt/rustwide/workdir" "--user" "0:0" "c9bdea1573a2d106260c3399a359371363d9f4e2a1692881cf8c247070b3242f" "/opt/rustwide/cargo-home/bin/cargo" "+1.99.0-beta.8" "metadata" "--no-deps" "--format-version=1", kill_on_drop: false }`
[INFO] running `Command { std: "docker" "inspect" "c9bdea1573a2d106260c3399a359371363d9f4e2a1692881cf8c247070b3242f", kill_on_drop: false }`
[INFO] running `Command { std: "docker" "exec" "-e" "SOURCE_DIR=/opt/rustwide/workdir" "-e" "CARGO_HOME=/opt/rustwide/cargo-home" "-e" "RUSTUP_HOME=/opt/rustwide/rustup-home" "-e" "CARGO_TARGET_DIR=/opt/rustwide/target" "-e" "CARGO_INCREMENTAL=0" "-e" "RUST_BACKTRACE=full" "-e" "RUSTFLAGS=--cap-lints=warn" "-e" "RUSTDOCFLAGS=--cap-lints=warn" "-w" "/opt/rustwide/workdir" "--user" "0:0" "c9bdea1573a2d106260c3399a359371363d9f4e2a1692881cf8c247070b3242f" "/opt/rustwide/cargo-home/bin/cargo" "+1.99.0-beta.8" "build" "--frozen" "--message-format=json" "--release", kill_on_drop: false }`
[INFO] [stderr]    Compiling syn v1.0.109
[INFO] [stderr]    Compiling num-traits v0.2.19
[INFO] [stderr]    Compiling syn v2.0.119
[INFO] [stderr]    Compiling ppv-lite86 v0.2.21
[INFO] [stderr]    Compiling crypto-common v0.1.7
[INFO] [stderr]    Compiling once_cell v1.21.4
[INFO] [stderr]    Compiling itertools v0.12.1
[INFO] [stderr]    Compiling digest v0.10.7
[INFO] [stderr]    Compiling ahash v0.8.12
[INFO] [stderr]    Compiling hashbrown v0.14.5
[INFO] [stderr]    Compiling rand_chacha v0.3.1
[INFO] [stderr]    Compiling rand v0.8.8
[INFO] [stderr]    Compiling num-integer v0.1.47
[INFO] [stderr]    Compiling num-bigint v0.4.8
[INFO] [stderr]    Compiling ark-std v0.4.0
[INFO] [stderr]    Compiling ark-serialize-derive v0.4.2
[INFO] [stderr]    Compiling ark-ff-macros v0.4.2
[INFO] [stderr]    Compiling derivative v2.2.0
[INFO] [stderr]    Compiling ark-ff-asm v0.4.2
[INFO] [stderr]    Compiling zeroize_derive v1.5.0
[INFO] [stderr]    Compiling ark-serialize v0.4.2
[INFO] [stderr]    Compiling zeroize v1.9.1
[INFO] [stderr]    Compiling tfhe-ark-ff v0.4.3
[INFO] [stderr]    Compiling tfhe-ark-poly v0.4.2 (/opt/rustwide/workdir)
[INFO] [stdout] warning: use of deprecated associated function `core::num::<impl usize>::max_value`: replaced by the `MAX` associated constant on this type
[INFO] [stdout]    --> src/domain/mixed_radix.rs:247:27
[INFO] [stdout]     |
[INFO] [stdout] 247 |     let mut best = usize::max_value();
[INFO] [stdout]     |                           ^^^^^^^^^
[INFO] [stdout]     |
[INFO] [stdout]     = note: `#[warn(deprecated)]` on by default
[INFO] [stdout] 
[INFO] [stdout] 
[INFO] [stderr]     Finished `release` profile [optimized] target(s) in 35.36s
[INFO] running `Command { std: "docker" "inspect" "c9bdea1573a2d106260c3399a359371363d9f4e2a1692881cf8c247070b3242f", kill_on_drop: false }`
[INFO] running `Command { std: "docker" "exec" "-e" "SOURCE_DIR=/opt/rustwide/workdir" "-e" "CARGO_HOME=/opt/rustwide/cargo-home" "-e" "RUSTUP_HOME=/opt/rustwide/rustup-home" "-e" "CARGO_TARGET_DIR=/opt/rustwide/target" "-e" "CARGO_INCREMENTAL=0" "-e" "RUST_BACKTRACE=full" "-e" "RUSTFLAGS=--cap-lints=warn" "-e" "RUSTDOCFLAGS=--cap-lints=warn" "-w" "/opt/rustwide/workdir" "--user" "0:0" "c9bdea1573a2d106260c3399a359371363d9f4e2a1692881cf8c247070b3242f" "/opt/rustwide/cargo-home/bin/cargo" "+1.99.0-beta.8" "test" "--frozen" "--no-run" "--message-format=json" "--release", kill_on_drop: false }`
[INFO] [stderr]    Compiling zerocopy-derive v0.8.63
[INFO] [stderr]    Compiling num-integer v0.1.47
[INFO] [stderr]    Compiling itertools v0.12.1
[INFO] [stderr]    Compiling plotters v0.3.7
[INFO] [stderr]    Compiling num-bigint v0.4.8
[INFO] [stderr]    Compiling zerocopy v0.8.63
[INFO] [stderr]    Compiling ppv-lite86 v0.2.21
[INFO] [stderr]    Compiling half v2.7.1
[INFO] [stderr]    Compiling ahash v0.8.12
[INFO] [stderr]    Compiling hashbrown v0.14.5
[INFO] [stderr]    Compiling ciborium-ll v0.2.2
[INFO] [stderr]    Compiling ciborium v0.2.2
[INFO] [stderr]    Compiling rand_chacha v0.3.1
[INFO] [stderr]    Compiling rand v0.8.8
[INFO] [stderr]    Compiling ark-std v0.4.0
[INFO] [stderr]    Compiling criterion v0.5.1
[INFO] [stderr]    Compiling ark-serialize v0.4.2
[INFO] [stderr]    Compiling tfhe-ark-ff v0.4.3
[INFO] [stderr]    Compiling tfhe-ark-poly v0.4.2 (/opt/rustwide/workdir)
[INFO] [stdout] warning: use of deprecated associated function `core::num::<impl usize>::max_value`: replaced by the `MAX` associated constant on this type
[INFO] [stdout]    --> src/domain/mixed_radix.rs:247:27
[INFO] [stdout]     |
[INFO] [stdout] 247 |     let mut best = usize::max_value();
[INFO] [stdout]     |                           ^^^^^^^^^
[INFO] [stdout]     |
[INFO] [stdout]     = note: `#[warn(deprecated)]` on by default
[INFO] [stdout] 
[INFO] [stdout] 
[INFO] [stdout] error[E0433]: cannot find module or crate `ark_test_curves` in this scope
[INFO] [stdout]    --> src/domain/general.rs:254:9
[INFO] [stdout]     |
[INFO] [stdout] 254 |     use ark_test_curves::{bls12_381::Fr, bn384_small_two_adicity::Fr as BNFr};
[INFO] [stdout]     |         ^^^^^^^^^^^^^^^ use of unresolved module or unlinked crate `ark_test_curves`
[INFO] [stdout]     |
[INFO] [stdout]     = help: if you wanted to use a crate named `ark_test_curves`, use `cargo add ark_test_curves` to add it to your `Cargo.toml`
[INFO] [stdout] 
[INFO] [stdout] 
[INFO] [stdout] error[E0433]: cannot find module or crate `ark_test_curves` in this scope
[INFO] [stdout]    --> src/domain/mixed_radix.rs:397:9
[INFO] [stdout]     |
[INFO] [stdout] 397 |     use ark_test_curves::bn384_small_two_adicity::Fq as Fr;
[INFO] [stdout]     |         ^^^^^^^^^^^^^^^ use of unresolved module or unlinked crate `ark_test_curves`
[INFO] [stdout]     |
[INFO] [stdout]     = help: if you wanted to use a crate named `ark_test_curves`, use `cargo add ark_test_curves` to add it to your `Cargo.toml`
[INFO] [stdout] 
[INFO] [stdout] 
[INFO] [stdout] error[E0433]: cannot find module or crate `ark_test_curves` in this scope
[INFO] [stdout]    --> src/domain/radix2/mod.rs:182:9
[INFO] [stdout]     |
[INFO] [stdout] 182 |     use ark_test_curves::bls12_381::Fr;
[INFO] [stdout]     |         ^^^^^^^^^^^^^^^ use of unresolved module or unlinked crate `ark_test_curves`
[INFO] [stdout]     |
[INFO] [stdout]     = help: if you wanted to use a crate named `ark_test_curves`, use `cargo add ark_test_curves` to add it to your `Cargo.toml`
[INFO] [stdout] 
[INFO] [stdout] 
[INFO] [stdout] error[E0433]: cannot find module or crate `ark_test_curves` in this scope
[INFO] [stdout]    --> src/evaluations/multivariate/multilinear/dense.rs:323:9
[INFO] [stdout]     |
[INFO] [stdout] 323 |     use ark_test_curves::bls12_381::Fr;
[INFO] [stdout]     |         ^^^^^^^^^^^^^^^ use of unresolved module or unlinked crate `ark_test_curves`
[INFO] [stdout]     |
[INFO] [stdout]     = help: if you wanted to use a crate named `ark_test_curves`, use `cargo add ark_test_curves` to add it to your `Cargo.toml`
[INFO] [stdout] 
[INFO] [stdout] 
[INFO] [stdout] error[E0433]: cannot find module or crate `ark_test_curves` in this scope
[INFO] [stdout]    --> src/evaluations/multivariate/multilinear/sparse.rs:415:9
[INFO] [stdout]     |
[INFO] [stdout] 415 |     use ark_test_curves::bls12_381::Fr;
[INFO] [stdout]     |         ^^^^^^^^^^^^^^^ use of unresolved module or unlinked crate `ark_test_curves`
[INFO] [stdout]     |
[INFO] [stdout]     = help: if you wanted to use a crate named `ark_test_curves`, use `cargo add ark_test_curves` to add it to your `Cargo.toml`
[INFO] [stdout] 
[INFO] [stdout] 
[INFO] [stdout] error[E0433]: cannot find module or crate `ark_test_curves` in this scope
[INFO] [stdout]    --> src/polynomial/multivariate/sparse.rs:298:9
[INFO] [stdout]     |
[INFO] [stdout] 298 |     use ark_test_curves::bls12_381::Fr;
[INFO] [stdout]     |         ^^^^^^^^^^^^^^^ use of unresolved module or unlinked crate `ark_test_curves`
[INFO] [stdout]     |
[INFO] [stdout]     = help: if you wanted to use a crate named `ark_test_curves`, use `cargo add ark_test_curves` to add it to your `Cargo.toml`
[INFO] [stdout] 
[INFO] [stdout] 
[INFO] [stdout] error[E0433]: cannot find module or crate `ark_test_curves` in this scope
[INFO] [stdout]    --> src/polynomial/univariate/sparse.rs:330:9
[INFO] [stdout]     |
[INFO] [stdout] 330 |     use ark_test_curves::bls12_381::Fr;
[INFO] [stdout]     |         ^^^^^^^^^^^^^^^ use of unresolved module or unlinked crate `ark_test_curves`
[INFO] [stdout]     |
[INFO] [stdout]     = help: if you wanted to use a crate named `ark_test_curves`, use `cargo add ark_test_curves` to add it to your `Cargo.toml`
[INFO] [stdout] 
[INFO] [stdout] 
[INFO] [stdout] error[E0433]: cannot find module or crate `ark_test_curves` in this scope
[INFO] [stdout]  --> src/test.rs:4:5
[INFO] [stdout]   |
[INFO] [stdout] 4 | use ark_test_curves::{
[INFO] [stdout]   |     ^^^^^^^^^^^^^^^ use of unresolved module or unlinked crate `ark_test_curves`
[INFO] [stdout]   |
[INFO] [stdout]   = help: if you wanted to use a crate named `ark_test_curves`, use `cargo add ark_test_curves` to add it to your `Cargo.toml`
[INFO] [stdout] 
[INFO] [stdout] 
[INFO] [stdout] error[E0433]: cannot find module or crate `ark_test_curves` in this scope
[INFO] [stdout]    --> src/polynomial/univariate/dense.rs:641:9
[INFO] [stdout]     |
[INFO] [stdout] 641 |     use ark_test_curves::bls12_381::Fr;
[INFO] [stdout]     |         ^^^^^^^^^^^^^^^ use of unresolved module or unlinked crate `ark_test_curves`
[INFO] [stdout]     |
[INFO] [stdout]     = help: if you wanted to use a crate named `ark_test_curves`, use `cargo add ark_test_curves` to add it to your `Cargo.toml`
[INFO] [stdout] 
[INFO] [stdout] 
[INFO] [stdout] warning: unused imports: `FftField` and `One`
[INFO] [stdout]    --> src/domain/mixed_radix.rs:395:18
[INFO] [stdout]     |
[INFO] [stdout] 395 |     use ark_ff::{FftField, Field, One, UniformRand, Zero};
[INFO] [stdout]     |                  ^^^^^^^^         ^^^
[INFO] [stdout]     |
[INFO] [stdout] note: the lint level is defined here
[INFO] [stdout]    --> src/lib.rs:5:5
[INFO] [stdout]     |
[INFO] [stdout]   5 |     unused,
[INFO] [stdout]     |     ^^^^^^
[INFO] [stdout]     = note: `#[warn(unused_imports)]` implied by `#[warn(unused)]`
[INFO] [stdout] 
[INFO] [stdout] 
[INFO] [stdout] warning: unused imports: `FftField` and `One`
[INFO] [stdout]    --> src/domain/radix2/mod.rs:180:18
[INFO] [stdout]     |
[INFO] [stdout] 180 |     use ark_ff::{FftField, Field, One, UniformRand, Zero};
[INFO] [stdout]     |                  ^^^^^^^^         ^^^
[INFO] [stdout] 
[INFO] [stdout] 
[INFO] [stdout] warning: unused import: `One`
[INFO] [stdout]    --> src/evaluations/multivariate/multilinear/sparse.rs:412:18
[INFO] [stdout]     |
[INFO] [stdout] 412 |     use ark_ff::{One, Zero};
[INFO] [stdout]     |                  ^^^
[INFO] [stdout] 
[INFO] [stdout] 
[INFO] [stdout] warning: unused import: `ark_ff::UniformRand`
[INFO] [stdout]    --> src/polynomial/multivariate/sparse.rs:296:9
[INFO] [stdout]     |
[INFO] [stdout] 296 |     use ark_ff::UniformRand;
[INFO] [stdout]     |         ^^^^^^^^^^^^^^^^^^^
[INFO] [stdout] 
[INFO] [stdout] 
[INFO] [stdout] warning: unused import: `One`
[INFO] [stdout]    --> src/polynomial/univariate/dense.rs:639:18
[INFO] [stdout]     |
[INFO] [stdout] 639 |     use ark_ff::{One, UniformRand};
[INFO] [stdout]     |                  ^^^
[INFO] [stdout] 
[INFO] [stdout] 
[INFO] [stdout] warning: unused import: `UniformRand`
[INFO] [stdout]    --> src/polynomial/univariate/sparse.rs:328:18
[INFO] [stdout]     |
[INFO] [stdout] 328 |     use ark_ff::{UniformRand, Zero};
[INFO] [stdout]     |                  ^^^^^^^^^^^
[INFO] [stdout] 
[INFO] [stdout] 
[INFO] [stdout] warning: use of deprecated associated function `core::num::<impl usize>::max_value`: replaced by the `MAX` associated constant on this type
[INFO] [stdout]    --> src/domain/mixed_radix.rs:247:27
[INFO] [stdout]     |
[INFO] [stdout] 247 |     let mut best = usize::max_value();
[INFO] [stdout]     |                           ^^^^^^^^^
[INFO] [stdout]     |
[INFO] [stdout]     = note: `#[warn(deprecated)]` on by default
[INFO] [stdout] 
[INFO] [stdout] 
[INFO] [stdout] warning: unused import: `UniformRand`
[INFO] [stdout]    --> src/evaluations/multivariate/multilinear/dense.rs:322:47
[INFO] [stdout]     |
[INFO] [stdout] 322 |     use ark_std::{ops::Neg, test_rng, vec::*, UniformRand};
[INFO] [stdout]     |                                               ^^^^^^^^^^^
[INFO] [stdout] 
[INFO] [stdout] 
[INFO] [stdout] For more information about this error, try `rustc --explain E0433`.
[INFO] [stdout] 
[INFO] [stderr] error: could not compile `tfhe-ark-poly` (lib test) due to 9 previous errors; 8 warnings emitted
[INFO] running `Command { std: "docker" "inspect" "c9bdea1573a2d106260c3399a359371363d9f4e2a1692881cf8c247070b3242f", kill_on_drop: false }`
[INFO] running `Command { std: "docker" "rm" "-f" "c9bdea1573a2d106260c3399a359371363d9f4e2a1692881cf8c247070b3242f", kill_on_drop: false }`
[INFO] [stdout] c9bdea1573a2d106260c3399a359371363d9f4e2a1692881cf8c247070b3242f
