[INFO] fetching crate tetra 0.9.1...
[INFO] testing tetra-0.9.1 against 1.99.0-beta.8+cargoflags=--release for beta-release-1.100-2
[INFO] extracting crate tetra 0.9.1 into /workspace/builds/worker-0-tc1/source
[INFO] started tweaking crates.io crate tetra 0.9.1
[INFO] removed 0 missing examples
[INFO] finished tweaking crates.io crate tetra 0.9.1
[INFO] tweaked toml for crates.io crate tetra 0.9.1 written to /workspace/builds/worker-0-tc1/source/Cargo.toml
[INFO] validating manifest of crates.io crate tetra 0.9.1 on toolchain 1.99.0-beta.8
[INFO] running `Command { std: CARGO_HOME="/workspace/cargo-home" RUSTUP_HOME="/workspace/rustup-home" "/workspace/cargo-home/bin/cargo" "+1.99.0-beta.8" "metadata" "--manifest-path" "Cargo.toml" "--no-deps", kill_on_drop: false }`
[INFO] crate crates.io crate tetra 0.9.1 already has a lockfile, it will not be regenerated
[INFO] running `Command { std: CARGO_HOME="/workspace/cargo-home" RUSTUP_HOME="/workspace/rustup-home" "/workspace/cargo-home/bin/cargo" "+1.99.0-beta.8" "fetch" "--manifest-path" "Cargo.toml", kill_on_drop: false }`
[INFO] [stderr]     Updating crates.io index
[INFO] [stderr]  Downloading crates ...
[INFO] [stderr]   Downloaded vek v0.17.1
[INFO] [stderr]   Downloaded serde v1.0.225
[INFO] [stderr]   Downloaded serde_core v1.0.225
[INFO] [stderr]   Downloaded symphonia v0.5.4
[INFO] [stderr]   Downloaded rpkg-config v0.1.2
[INFO] [stderr]   Downloaded coreaudio-sys v0.2.17
[INFO] [stderr]   Downloaded serde_derive v1.0.225
[INFO] [stderr]   Downloaded sdl3-image-sys v0.2.0+SDL3-image-3.2.4
[INFO] [stderr]   Downloaded hound v3.5.1
[INFO] [stderr]   Downloaded sdl3-ttf-sys v0.2.0+SDL3-ttf-3.2.2
[INFO] [stderr]   Downloaded toml_parser v1.0.2
[INFO] [stderr]   Downloaded symphonia-metadata v0.5.4
[INFO] [stderr]   Downloaded symphonia-bundle-mp3 v0.5.4
[INFO] [stderr]   Downloaded ab_glyph v0.2.31
[INFO] [stderr]   Downloaded lyon_geom v1.0.16
[INFO] [stderr]   Downloaded cc v1.2.37
[INFO] [stderr]   Downloaded rodio v0.20.1
[INFO] [stderr]   Downloaded symphonia-core v0.5.4
[INFO] [stderr]   Downloaded indexmap v2.11.3
[INFO] [stderr]   Downloaded hecs v0.10.5
[INFO] [stderr]   Downloaded claxon v0.4.3
[INFO] [stderr]   Downloaded lyon_tessellation v1.0.16
[INFO] [stderr]   Downloaded sdl3-sys v0.5.5+SDL3-3.2.22
[INFO] [stderr]   Downloaded sdl3 v0.15.1
[INFO] [stderr]   Downloaded pxfm v0.1.23
[INFO] [stderr]   Downloaded sdl3-src v3.2.22
[INFO] [stderr]   Downloaded sdl3-image-src v3.2.4
[INFO] [stderr]   Downloaded sdl3-ttf-src v3.2.3
[INFO] running `Command { std: "docker" "create" "-v" "/var/lib/crater-agent-workspace/builds/worker-0-tc1/source:/opt/rustwide/workdir:ro,Z" "-v" "/var/lib/crater-agent-workspace/builds/worker-0-tc1/target:/opt/rustwide/target:rw,Z" "-v" "/var/lib/crater-agent-workspace/cargo-home:/opt/rustwide/cargo-home:ro,Z" "-v" "/var/lib/crater-agent-workspace/rustup-home:/opt/rustwide/rustup-home:ro,Z" "-m" "1610612736" "--network" "none" "ghcr.io/rust-lang/crates-build-env/linux@sha256:77db811e55d90add9212f6832c23229e3de5f1c1f9905e8cb07319ea15df73ac" "sleep" "infinity", kill_on_drop: false }`
[INFO] [stdout] 3676dcd883ee3772a192c0381c632a1121fa1aa8c1a693ebcd122046d4d5da96
[INFO] running `Command { std: "docker" "start" "3676dcd883ee3772a192c0381c632a1121fa1aa8c1a693ebcd122046d4d5da96", kill_on_drop: false }`
[INFO] running `Command { std: "docker" "inspect" "3676dcd883ee3772a192c0381c632a1121fa1aa8c1a693ebcd122046d4d5da96", kill_on_drop: false }`
[INFO] running `Command { std: "docker" "exec" "-e" "SOURCE_DIR=/opt/rustwide/workdir" "-e" "CARGO_HOME=/opt/rustwide/cargo-home" "-e" "RUSTUP_HOME=/opt/rustwide/rustup-home" "-e" "CARGO_TARGET_DIR=/opt/rustwide/target" "-w" "/opt/rustwide/workdir" "--user" "0:0" "3676dcd883ee3772a192c0381c632a1121fa1aa8c1a693ebcd122046d4d5da96" "/opt/rustwide/cargo-home/bin/cargo" "+1.99.0-beta.8" "metadata" "--no-deps" "--format-version=1", kill_on_drop: false }`
[INFO] running `Command { std: "docker" "inspect" "3676dcd883ee3772a192c0381c632a1121fa1aa8c1a693ebcd122046d4d5da96", kill_on_drop: false }`
[INFO] running `Command { std: "docker" "exec" "-e" "SOURCE_DIR=/opt/rustwide/workdir" "-e" "CARGO_HOME=/opt/rustwide/cargo-home" "-e" "RUSTUP_HOME=/opt/rustwide/rustup-home" "-e" "CARGO_TARGET_DIR=/opt/rustwide/target" "-e" "CARGO_INCREMENTAL=0" "-e" "RUST_BACKTRACE=full" "-e" "RUSTFLAGS=--cap-lints=warn" "-e" "RUSTDOCFLAGS=--cap-lints=warn" "-w" "/opt/rustwide/workdir" "--user" "0:0" "3676dcd883ee3772a192c0381c632a1121fa1aa8c1a693ebcd122046d4d5da96" "/opt/rustwide/cargo-home/bin/cargo" "+1.99.0-beta.8" "build" "--frozen" "--message-format=json" "--release", kill_on_drop: false }`
[INFO] [stderr]    Compiling num-traits v0.2.19
[INFO] [stderr]    Compiling libc v0.2.175
[INFO] [stderr]    Compiling sdl3-sys v0.5.5+SDL3-3.2.22
[INFO] [stderr]    Compiling alsa-sys v0.3.1
[INFO] [stderr]    Compiling miniz_oxide v0.8.9
[INFO] [stderr]    Compiling cpal v0.15.3
[INFO] [stderr]    Compiling fdeflate v0.3.7
[INFO] [stderr]    Compiling sdl3 v0.15.1
[INFO] [stderr]    Compiling weezl v0.1.10
[INFO] [stderr]    Compiling vek v0.17.1
[INFO] [stderr]    Compiling ogg v0.8.0
[INFO] [stderr]    Compiling dasp_sample v0.11.0
[INFO] [stderr]    Compiling syn v2.0.106
[INFO] [stderr]    Compiling owned_ttf_parser v0.25.1
[INFO] [stderr]    Compiling ab_glyph_rasterizer v0.1.10
[INFO] [stderr]    Compiling hound v3.5.1
[INFO] [stderr]    Compiling float_next_after v1.0.0
[INFO] [stderr]    Compiling hashbrown v0.16.0
[INFO] [stderr]    Compiling xi-unicode v0.3.0
[INFO] [stderr]    Compiling ab_glyph v0.2.31
[INFO] [stderr]    Compiling lewton v0.10.2
[INFO] [stderr]    Compiling gif v0.13.3
[INFO] [stderr]    Compiling flate2 v1.1.2
[INFO] [stderr]    Compiling euclid v0.22.11
[INFO] [stderr]    Compiling pxfm v0.1.23
[INFO] [stderr]    Compiling approx v0.5.1
[INFO] [stderr]    Compiling num-integer v0.1.46
[INFO] [stderr]    Compiling png v0.18.0
[INFO] [stderr]    Compiling alsa v0.9.1
[INFO] [stderr]    Compiling lyon_geom v1.0.16
[INFO] [stderr]    Compiling bytemuck_derive v1.10.1
[INFO] [stderr]    Compiling lyon_path v1.0.16
[INFO] [stderr]    Compiling bytemuck v1.23.2
[INFO] [stderr]    Compiling symphonia-core v0.5.4
[INFO] [stderr]    Compiling half v2.6.0
[INFO] [stderr]    Compiling lyon_tessellation v1.0.16
[INFO] [stderr]    Compiling moxcms v0.7.5
[INFO] [stderr]    Compiling symphonia-metadata v0.5.4
[INFO] [stderr]    Compiling symphonia-bundle-mp3 v0.5.4
[INFO] [stderr]    Compiling symphonia v0.5.4
[INFO] [stderr]    Compiling rodio v0.20.1
[INFO] [stderr]    Compiling image v0.25.8
[INFO] [stderr]    Compiling tetra v0.9.1 (/opt/rustwide/workdir)
[INFO] [stderr]     Finished `release` profile [optimized] target(s) in 1m 25s
[INFO] running `Command { std: "docker" "inspect" "3676dcd883ee3772a192c0381c632a1121fa1aa8c1a693ebcd122046d4d5da96", kill_on_drop: false }`
[INFO] running `Command { std: "docker" "exec" "-e" "SOURCE_DIR=/opt/rustwide/workdir" "-e" "CARGO_HOME=/opt/rustwide/cargo-home" "-e" "RUSTUP_HOME=/opt/rustwide/rustup-home" "-e" "CARGO_TARGET_DIR=/opt/rustwide/target" "-e" "CARGO_INCREMENTAL=0" "-e" "RUST_BACKTRACE=full" "-e" "RUSTFLAGS=--cap-lints=warn" "-e" "RUSTDOCFLAGS=--cap-lints=warn" "-w" "/opt/rustwide/workdir" "--user" "0:0" "3676dcd883ee3772a192c0381c632a1121fa1aa8c1a693ebcd122046d4d5da96" "/opt/rustwide/cargo-home/bin/cargo" "+1.99.0-beta.8" "test" "--frozen" "--no-run" "--message-format=json" "--release", kill_on_drop: false }`
[INFO] [stderr]    Compiling getrandom v0.3.3
[INFO] [stderr]    Compiling once_cell v1.21.3
[INFO] [stderr]    Compiling spin v0.9.8
[INFO] [stderr]    Compiling ahash v0.8.12
[INFO] [stderr]    Compiling rand_core v0.9.3
[INFO] [stderr]    Compiling hashbrown v0.14.5
[INFO] [stderr]    Compiling rand_chacha v0.9.0
[INFO] [stderr]    Compiling rand v0.9.2
[INFO] [stderr]    Compiling hecs v0.10.5
[INFO] [stderr]    Compiling tetra v0.9.1 (/opt/rustwide/workdir)
[INFO] [stdout] error: linking with `cc` failed: exit status: 1
[INFO] [stdout]   |
[INFO] [stdout]   = note:  "cc" "-m64" "/opt/rustwide/target/release/examples/rustcznwkkS/symbols.o" "<4 object files omitted>" "-Wl,--as-needed" "-Wl,-Bstatic" "/opt/rustwide/target/release/deps/{libtetra-72edcea1b5b9f763,libsdl3-2d3e929647d916ca,libsdl3_sys-8855d7fdcd4d5579,libglow-442c4009fa22a7ec,libvek-6d82c7e7a04cf3c4,libapprox-2c31744281c52024,libnum_integer-1e69e5cbcce7dd35,libab_glyph-db0021317ef8a830,libowned_ttf_parser-1efa7058ae452ac6,libttf_parser-a6c0b475746747ad,libab_glyph_rasterizer-2b74033bdbe53065,libxi_unicode-1bc59b239ed316f6,libhashbrown-a5762aa79880ab94,libequivalent-26a0d6a3c1145f1b,liballocator_api2-fcccdd0f80408343,libfoldhash-aad4872049cd9a91,libhalf-be4bc091a0f18d21,liblyon_tessellation-05bfbe077f948d4b,libfloat_next_after-c625fae89d1e9dfd,liblyon_path-5d3c5e01067adc08,liblyon_geom-2185fa8daf72eefd,libeuclid-7b57d115ba7b2748,libimage-ec5c4c2b9b3d52ff,libmoxcms-7543f0c65e839455,libpxfm-9a79ffa9b5d8b15c,libpng-2a06642f43a1b5ab,libflate2-a4faeaa87772b6c1,libminiz_oxide-c0fedee8d66f5825,libfdeflate-042583344f432862,libsimd_adler32-79f5736e69df175b,libcrc32fast-86d064ece648b0a6,libzune_jpeg-51467dac3473cb0c,libzune_core-0055199d425867d2,libgif-549d2d291613d8e7,libcolor_quant-9e2536de46fec9df,libweezl-6fbe8236fc702a13,libbyteorder_lite-a767fe81cb63f861,libnum_traits-da3d32028c6286ad,librodio-6c0f8dddf3b34269,libhound-ad374472c48a9e86,liblewton-6f97e4c6a57527db,libogg-6f5cae44ec370d9e,libtinyvec-210181e5143322db,libtinyvec_macros-8d7f4b9d42c23ac6,libbyteorder-612182941aaee0f7,libsymphonia-e13d111b5ac09de1,libsymphonia_metadata-d0938cf43fcb5cd0,libencoding_rs-99c7ba320381cae9,libsymphonia_bundle_mp3-dd6d7feaf1de2a7a,libsymphonia_core-11d9b1bfcf1b2cc9,libbytemuck-9f5ac86b181268f7,liblog-83692528adb440c9,liblazy_static-fdd6af0286056ca3,libbitflags-68973b8086863992,libarrayvec-50f94247b118ab4d,libcpal-1d0c5cff3277a2c6,libdasp_sample-88544f8e98b0bb4b,libalsa-2a608717b905838a,libcfg_if-5732471c02c4c133,libbitflags-2194eaddd09e1338,libalsa_sys-aed1709990860467,liblibc-c01a236730e2bc9f}.rlib" "<sysroot>/lib/rustlib/x86_64-unknown-linux-gnu/lib/{libstd-*,libpanic_unwind-*,libobject-*,libmemchr-*,libaddr2line-*,libgimli-*,libcfg_if-*,librustc_demangle-*,libstd_detect-*,libhashbrown-*,librustc_std_workspace_alloc-*,libminiz_oxide-*,libadler2-*,libunwind-*,liblibc-*,librustc_std_workspace_core-*,liballoc-*,libcore-*,libcompiler_builtins-*}.rlib" "-Wl,-Bdynamic" "-lSDL3" "-lasound" "-lgcc_s" "-lutil" "-lrt" "-lpthread" "-lm" "-ldl" "-lc" "-L" "/opt/rustwide/target/release/examples/rustcznwkkS/raw-dylibs" "-B<sysroot>/lib/rustlib/x86_64-unknown-linux-gnu/bin/gcc-ld" "-fuse-ld=lld" "-Wl,--eh-frame-hdr" "-Wl,-z,noexecstack" "-L" "/usr/lib/x86_64-linux-gnu" "-L" "/usr/local/lib" "-L" "<sysroot>/lib/rustlib/x86_64-unknown-linux-gnu/lib" "-o" "/opt/rustwide/target/release/examples/shapes-a3961e30c06fbd71" "-Wl,--gc-sections" "-pie" "-Wl,-z,relro,-z,now" "-Wl,-O1" "-Wl,--strip-debug" "-nodefaultlibs"
[INFO] [stdout]   = note: some arguments are omitted. use `--verbose` to show all linker arguments
[INFO] [stdout]   = note: rust-lld: error: unable to find library -lSDL3
[INFO] [stdout]           collect2: error: ld returned 1 exit status
[INFO] [stdout]           
[INFO] [stdout] 
[INFO] [stdout] 
[INFO] [stdout] error: linking with `cc` failed: exit status: 1
[INFO] [stdout]   |
[INFO] [stdout]   = note:  "cc" "-m64" "/opt/rustwide/target/release/examples/rustc1oGZaR/symbols.o" "<4 object files omitted>" "-Wl,--as-needed" "-Wl,-Bstatic" "/opt/rustwide/target/release/deps/{libtetra-72edcea1b5b9f763,libsdl3-2d3e929647d916ca,libsdl3_sys-8855d7fdcd4d5579,libglow-442c4009fa22a7ec,libvek-6d82c7e7a04cf3c4,libapprox-2c31744281c52024,libnum_integer-1e69e5cbcce7dd35,libab_glyph-db0021317ef8a830,libowned_ttf_parser-1efa7058ae452ac6,libttf_parser-a6c0b475746747ad,libab_glyph_rasterizer-2b74033bdbe53065,libxi_unicode-1bc59b239ed316f6,libhashbrown-a5762aa79880ab94,libequivalent-26a0d6a3c1145f1b,liballocator_api2-fcccdd0f80408343,libfoldhash-aad4872049cd9a91,libhalf-be4bc091a0f18d21,liblyon_tessellation-05bfbe077f948d4b,libfloat_next_after-c625fae89d1e9dfd,liblyon_path-5d3c5e01067adc08,liblyon_geom-2185fa8daf72eefd,libeuclid-7b57d115ba7b2748,libimage-ec5c4c2b9b3d52ff,libmoxcms-7543f0c65e839455,libpxfm-9a79ffa9b5d8b15c,libpng-2a06642f43a1b5ab,libflate2-a4faeaa87772b6c1,libminiz_oxide-c0fedee8d66f5825,libfdeflate-042583344f432862,libsimd_adler32-79f5736e69df175b,libcrc32fast-86d064ece648b0a6,libzune_jpeg-51467dac3473cb0c,libzune_core-0055199d425867d2,libgif-549d2d291613d8e7,libcolor_quant-9e2536de46fec9df,libweezl-6fbe8236fc702a13,libbyteorder_lite-a767fe81cb63f861,libnum_traits-da3d32028c6286ad,librodio-6c0f8dddf3b34269,libhound-ad374472c48a9e86,liblewton-6f97e4c6a57527db,libogg-6f5cae44ec370d9e,libtinyvec-210181e5143322db,libtinyvec_macros-8d7f4b9d42c23ac6,libbyteorder-612182941aaee0f7,libsymphonia-e13d111b5ac09de1,libsymphonia_metadata-d0938cf43fcb5cd0,libencoding_rs-99c7ba320381cae9,libsymphonia_bundle_mp3-dd6d7feaf1de2a7a,libsymphonia_core-11d9b1bfcf1b2cc9,libbytemuck-9f5ac86b181268f7,liblog-83692528adb440c9,liblazy_static-fdd6af0286056ca3,libbitflags-68973b8086863992,libarrayvec-50f94247b118ab4d,libcpal-1d0c5cff3277a2c6,libdasp_sample-88544f8e98b0bb4b,libalsa-2a608717b905838a,libcfg_if-5732471c02c4c133,libbitflags-2194eaddd09e1338,libalsa_sys-aed1709990860467,liblibc-c01a236730e2bc9f}.rlib" "<sysroot>/lib/rustlib/x86_64-unknown-linux-gnu/lib/{libstd-*,libpanic_unwind-*,libobject-*,libmemchr-*,libaddr2line-*,libgimli-*,libcfg_if-*,librustc_demangle-*,libstd_detect-*,libhashbrown-*,librustc_std_workspace_alloc-*,libminiz_oxide-*,libadler2-*,libunwind-*,liblibc-*,librustc_std_workspace_core-*,liballoc-*,libcore-*,libcompiler_builtins-*}.rlib" "-Wl,-Bdynamic" "-lSDL3" "-lasound" "-lgcc_s" "-lutil" "-lrt" "-lpthread" "-lm" "-ldl" "-lc" "-L" "/opt/rustwide/target/release/examples/rustc1oGZaR/raw-dylibs" "-B<sysroot>/lib/rustlib/x86_64-unknown-linux-gnu/bin/gcc-ld" "-fuse-ld=lld" "-Wl,--eh-frame-hdr" "-Wl,-z,noexecstack" "-L" "/usr/lib/x86_64-linux-gnu" "-L" "/usr/local/lib" "-L" "<sysroot>/lib/rustlib/x86_64-unknown-linux-gnu/lib" "-o" "/opt/rustwide/target/release/examples/text-a0d79caedf7a4158" "-Wl,--gc-sections" "-pie" "-Wl,-z,relro,-z,now" "-Wl,-O1" "-Wl,--strip-debug" "-nodefaultlibs"
[INFO] [stdout]   = note: some arguments are omitted. use `--verbose` to show all linker arguments
[INFO] [stdout]   = note: rust-lld: error: unable to find library -lSDL3
[INFO] [stdout]           collect2: error: ld returned 1 exit status
[INFO] [stdout]           
[INFO] [stdout] 
[INFO] [stdout] 
[INFO] [stderr] error: could not compile `tetra` (example "text") due to 1 previous error
[INFO] [stderr] warning: build failed, waiting for other jobs to finish...
[INFO] [stderr] error: could not compile `tetra` (example "shapes") due to 1 previous error
[INFO] [stdout] error: linking with `cc` failed: exit status: 1
[INFO] [stdout]   |
[INFO] [stdout]   = note:  "cc" "-m64" "/opt/rustwide/target/release/examples/rustcf09k6C/symbols.o" "<4 object files omitted>" "-Wl,--as-needed" "-Wl,-Bstatic" "/opt/rustwide/target/release/deps/{libtetra-72edcea1b5b9f763,libsdl3-2d3e929647d916ca,libsdl3_sys-8855d7fdcd4d5579,libglow-442c4009fa22a7ec,libvek-6d82c7e7a04cf3c4,libapprox-2c31744281c52024,libnum_integer-1e69e5cbcce7dd35,libab_glyph-db0021317ef8a830,libowned_ttf_parser-1efa7058ae452ac6,libttf_parser-a6c0b475746747ad,libab_glyph_rasterizer-2b74033bdbe53065,libxi_unicode-1bc59b239ed316f6,libhashbrown-a5762aa79880ab94,libequivalent-26a0d6a3c1145f1b,liballocator_api2-fcccdd0f80408343,libfoldhash-aad4872049cd9a91,libhalf-be4bc091a0f18d21,liblyon_tessellation-05bfbe077f948d4b,libfloat_next_after-c625fae89d1e9dfd,liblyon_path-5d3c5e01067adc08,liblyon_geom-2185fa8daf72eefd,libeuclid-7b57d115ba7b2748,libimage-ec5c4c2b9b3d52ff,libmoxcms-7543f0c65e839455,libpxfm-9a79ffa9b5d8b15c,libpng-2a06642f43a1b5ab,libflate2-a4faeaa87772b6c1,libminiz_oxide-c0fedee8d66f5825,libfdeflate-042583344f432862,libsimd_adler32-79f5736e69df175b,libcrc32fast-86d064ece648b0a6,libzune_jpeg-51467dac3473cb0c,libzune_core-0055199d425867d2,libgif-549d2d291613d8e7,libcolor_quant-9e2536de46fec9df,libweezl-6fbe8236fc702a13,libbyteorder_lite-a767fe81cb63f861,libnum_traits-da3d32028c6286ad,librodio-6c0f8dddf3b34269,libhound-ad374472c48a9e86,liblewton-6f97e4c6a57527db,libogg-6f5cae44ec370d9e,libtinyvec-210181e5143322db,libtinyvec_macros-8d7f4b9d42c23ac6,libbyteorder-612182941aaee0f7,libsymphonia-e13d111b5ac09de1,libsymphonia_metadata-d0938cf43fcb5cd0,libencoding_rs-99c7ba320381cae9,libsymphonia_bundle_mp3-dd6d7feaf1de2a7a,libsymphonia_core-11d9b1bfcf1b2cc9,libbytemuck-9f5ac86b181268f7,liblog-83692528adb440c9,liblazy_static-fdd6af0286056ca3,libbitflags-68973b8086863992,libarrayvec-50f94247b118ab4d,libcpal-1d0c5cff3277a2c6,libdasp_sample-88544f8e98b0bb4b,libalsa-2a608717b905838a,libcfg_if-5732471c02c4c133,libbitflags-2194eaddd09e1338,libalsa_sys-aed1709990860467,liblibc-c01a236730e2bc9f}.rlib" "<sysroot>/lib/rustlib/x86_64-unknown-linux-gnu/lib/{libstd-*,libpanic_unwind-*,libobject-*,libmemchr-*,libaddr2line-*,libgimli-*,libcfg_if-*,librustc_demangle-*,libstd_detect-*,libhashbrown-*,librustc_std_workspace_alloc-*,libminiz_oxide-*,libadler2-*,libunwind-*,liblibc-*,librustc_std_workspace_core-*,liballoc-*,libcore-*,libcompiler_builtins-*}.rlib" "-Wl,-Bdynamic" "-lSDL3" "-lasound" "-lgcc_s" "-lutil" "-lrt" "-lpthread" "-lm" "-ldl" "-lc" "-L" "/opt/rustwide/target/release/examples/rustcf09k6C/raw-dylibs" "-B<sysroot>/lib/rustlib/x86_64-unknown-linux-gnu/bin/gcc-ld" "-fuse-ld=lld" "-Wl,--eh-frame-hdr" "-Wl,-z,noexecstack" "-L" "/usr/lib/x86_64-linux-gnu" "-L" "/usr/local/lib" "-L" "<sysroot>/lib/rustlib/x86_64-unknown-linux-gnu/lib" "-o" "/opt/rustwide/target/release/examples/audio-b9bde54d84d02e40" "-Wl,--gc-sections" "-pie" "-Wl,-z,relro,-z,now" "-Wl,-O1" "-Wl,--strip-debug" "-nodefaultlibs"
[INFO] [stdout]   = note: some arguments are omitted. use `--verbose` to show all linker arguments
[INFO] [stdout]   = note: rust-lld: error: unable to find library -lSDL3
[INFO] [stdout]           collect2: error: ld returned 1 exit status
[INFO] [stdout]           
[INFO] [stdout] 
[INFO] [stdout] 
[INFO] [stderr] error: could not compile `tetra` (example "audio") due to 1 previous error
[INFO] [stdout] error: linking with `cc` failed: exit status: 1
[INFO] [stdout]   |
[INFO] [stdout]   = note:  "cc" "-m64" "/opt/rustwide/target/release/examples/rustceGgXGP/symbols.o" "<4 object files omitted>" "-Wl,--as-needed" "-Wl,-Bstatic" "/opt/rustwide/target/release/deps/{libtetra-72edcea1b5b9f763,libsdl3-2d3e929647d916ca,libsdl3_sys-8855d7fdcd4d5579,libglow-442c4009fa22a7ec,libvek-6d82c7e7a04cf3c4,libapprox-2c31744281c52024,libnum_integer-1e69e5cbcce7dd35,libab_glyph-db0021317ef8a830,libowned_ttf_parser-1efa7058ae452ac6,libttf_parser-a6c0b475746747ad,libab_glyph_rasterizer-2b74033bdbe53065,libxi_unicode-1bc59b239ed316f6,libhashbrown-a5762aa79880ab94,libequivalent-26a0d6a3c1145f1b,liballocator_api2-fcccdd0f80408343,libfoldhash-aad4872049cd9a91,libhalf-be4bc091a0f18d21,liblyon_tessellation-05bfbe077f948d4b,libfloat_next_after-c625fae89d1e9dfd,liblyon_path-5d3c5e01067adc08,liblyon_geom-2185fa8daf72eefd,libeuclid-7b57d115ba7b2748,libimage-ec5c4c2b9b3d52ff,libmoxcms-7543f0c65e839455,libpxfm-9a79ffa9b5d8b15c,libpng-2a06642f43a1b5ab,libflate2-a4faeaa87772b6c1,libminiz_oxide-c0fedee8d66f5825,libfdeflate-042583344f432862,libsimd_adler32-79f5736e69df175b,libcrc32fast-86d064ece648b0a6,libzune_jpeg-51467dac3473cb0c,libzune_core-0055199d425867d2,libgif-549d2d291613d8e7,libcolor_quant-9e2536de46fec9df,libweezl-6fbe8236fc702a13,libbyteorder_lite-a767fe81cb63f861,libnum_traits-da3d32028c6286ad,librodio-6c0f8dddf3b34269,libhound-ad374472c48a9e86,liblewton-6f97e4c6a57527db,libogg-6f5cae44ec370d9e,libtinyvec-210181e5143322db,libtinyvec_macros-8d7f4b9d42c23ac6,libbyteorder-612182941aaee0f7,libsymphonia-e13d111b5ac09de1,libsymphonia_metadata-d0938cf43fcb5cd0,libencoding_rs-99c7ba320381cae9,libsymphonia_bundle_mp3-dd6d7feaf1de2a7a,libsymphonia_core-11d9b1bfcf1b2cc9,libbytemuck-9f5ac86b181268f7,liblog-83692528adb440c9,liblazy_static-fdd6af0286056ca3,libbitflags-68973b8086863992,libarrayvec-50f94247b118ab4d,libcpal-1d0c5cff3277a2c6,libdasp_sample-88544f8e98b0bb4b,libalsa-2a608717b905838a,libcfg_if-5732471c02c4c133,libbitflags-2194eaddd09e1338,libalsa_sys-aed1709990860467,liblibc-c01a236730e2bc9f}.rlib" "<sysroot>/lib/rustlib/x86_64-unknown-linux-gnu/lib/{libstd-*,libpanic_unwind-*,libobject-*,libmemchr-*,libaddr2line-*,libgimli-*,libcfg_if-*,librustc_demangle-*,libstd_detect-*,libhashbrown-*,librustc_std_workspace_alloc-*,libminiz_oxide-*,libadler2-*,libunwind-*,liblibc-*,librustc_std_workspace_core-*,liballoc-*,libcore-*,libcompiler_builtins-*}.rlib" "-Wl,-Bdynamic" "-lSDL3" "-lasound" "-lgcc_s" "-lutil" "-lrt" "-lpthread" "-lm" "-ldl" "-lc" "-L" "/opt/rustwide/target/release/examples/rustceGgXGP/raw-dylibs" "-B<sysroot>/lib/rustlib/x86_64-unknown-linux-gnu/bin/gcc-ld" "-fuse-ld=lld" "-Wl,--eh-frame-hdr" "-Wl,-z,noexecstack" "-L" "/usr/lib/x86_64-linux-gnu" "-L" "/usr/local/lib" "-L" "<sysroot>/lib/rustlib/x86_64-unknown-linux-gnu/lib" "-o" "/opt/rustwide/target/release/examples/file_drop-7b5f94a828912630" "-Wl,--gc-sections" "-pie" "-Wl,-z,relro,-z,now" "-Wl,-O1" "-Wl,--strip-debug" "-nodefaultlibs"
[INFO] [stdout]   = note: some arguments are omitted. use `--verbose` to show all linker arguments
[INFO] [stdout]   = note: rust-lld: error: unable to find library -lSDL3
[INFO] [stdout]           collect2: error: ld returned 1 exit status
[INFO] [stdout]           
[INFO] [stdout] 
[INFO] [stdout] 
[INFO] [stderr] error: could not compile `tetra` (example "file_drop") due to 1 previous error
[INFO] [stdout] error: linking with `cc` failed: exit status: 1
[INFO] [stdout]   |
[INFO] [stdout]   = note:  "cc" "-m64" "/opt/rustwide/target/release/examples/rustc9Yq0VU/symbols.o" "<4 object files omitted>" "-Wl,--as-needed" "-Wl,-Bstatic" "/opt/rustwide/target/release/deps/{libtetra-72edcea1b5b9f763,libsdl3-2d3e929647d916ca,libsdl3_sys-8855d7fdcd4d5579,libglow-442c4009fa22a7ec,libvek-6d82c7e7a04cf3c4,libapprox-2c31744281c52024,libnum_integer-1e69e5cbcce7dd35,libab_glyph-db0021317ef8a830,libowned_ttf_parser-1efa7058ae452ac6,libttf_parser-a6c0b475746747ad,libab_glyph_rasterizer-2b74033bdbe53065,libxi_unicode-1bc59b239ed316f6,libhashbrown-a5762aa79880ab94,libequivalent-26a0d6a3c1145f1b,liballocator_api2-fcccdd0f80408343,libfoldhash-aad4872049cd9a91,libhalf-be4bc091a0f18d21,liblyon_tessellation-05bfbe077f948d4b,libfloat_next_after-c625fae89d1e9dfd,liblyon_path-5d3c5e01067adc08,liblyon_geom-2185fa8daf72eefd,libeuclid-7b57d115ba7b2748,libimage-ec5c4c2b9b3d52ff,libmoxcms-7543f0c65e839455,libpxfm-9a79ffa9b5d8b15c,libpng-2a06642f43a1b5ab,libflate2-a4faeaa87772b6c1,libminiz_oxide-c0fedee8d66f5825,libfdeflate-042583344f432862,libsimd_adler32-79f5736e69df175b,libcrc32fast-86d064ece648b0a6,libzune_jpeg-51467dac3473cb0c,libzune_core-0055199d425867d2,libgif-549d2d291613d8e7,libcolor_quant-9e2536de46fec9df,libweezl-6fbe8236fc702a13,libbyteorder_lite-a767fe81cb63f861,libnum_traits-da3d32028c6286ad,librodio-6c0f8dddf3b34269,libhound-ad374472c48a9e86,liblewton-6f97e4c6a57527db,libogg-6f5cae44ec370d9e,libtinyvec-210181e5143322db,libtinyvec_macros-8d7f4b9d42c23ac6,libbyteorder-612182941aaee0f7,libsymphonia-e13d111b5ac09de1,libsymphonia_metadata-d0938cf43fcb5cd0,libencoding_rs-99c7ba320381cae9,libsymphonia_bundle_mp3-dd6d7feaf1de2a7a,libsymphonia_core-11d9b1bfcf1b2cc9,libbytemuck-9f5ac86b181268f7,liblog-83692528adb440c9,liblazy_static-fdd6af0286056ca3,libbitflags-68973b8086863992,libarrayvec-50f94247b118ab4d,libcpal-1d0c5cff3277a2c6,libdasp_sample-88544f8e98b0bb4b,libalsa-2a608717b905838a,libcfg_if-5732471c02c4c133,libbitflags-2194eaddd09e1338,libalsa_sys-aed1709990860467,liblibc-c01a236730e2bc9f,libanyhow-45e4e49eb1360075}.rlib" "<sysroot>/lib/rustlib/x86_64-unknown-linux-gnu/lib/{libstd-*,libpanic_unwind-*,libobject-*,libmemchr-*,libaddr2line-*,libgimli-*,libcfg_if-*,librustc_demangle-*,libstd_detect-*,libhashbrown-*,librustc_std_workspace_alloc-*,libminiz_oxide-*,libadler2-*,libunwind-*,liblibc-*,librustc_std_workspace_core-*,liballoc-*,libcore-*,libcompiler_builtins-*}.rlib" "-Wl,-Bdynamic" "-lSDL3" "-lasound" "-lgcc_s" "-lutil" "-lrt" "-lpthread" "-lm" "-ldl" "-lc" "-L" "/opt/rustwide/target/release/examples/rustc9Yq0VU/raw-dylibs" "-B<sysroot>/lib/rustlib/x86_64-unknown-linux-gnu/bin/gcc-ld" "-fuse-ld=lld" "-Wl,--eh-frame-hdr" "-Wl,-z,noexecstack" "-L" "/usr/lib/x86_64-linux-gnu" "-L" "/usr/local/lib" "-L" "<sysroot>/lib/rustlib/x86_64-unknown-linux-gnu/lib" "-o" "/opt/rustwide/target/release/examples/error_handling-dd2720b541cb668a" "-Wl,--gc-sections" "-pie" "-Wl,-z,relro,-z,now" "-Wl,-O1" "-Wl,--strip-debug" "-nodefaultlibs"
[INFO] [stdout]   = note: some arguments are omitted. use `--verbose` to show all linker arguments
[INFO] [stdout]   = note: rust-lld: error: unable to find library -lSDL3
[INFO] [stdout]           collect2: error: ld returned 1 exit status
[INFO] [stdout]           
[INFO] [stdout] 
[INFO] [stdout] 
[INFO] [stderr] error: could not compile `tetra` (example "error_handling") due to 1 previous error
[INFO] [stdout] error: linking with `cc` failed: exit status: 1
[INFO] [stdout]   |
[INFO] [stdout]   = note:  "cc" "-m64" "/opt/rustwide/target/release/examples/rustcrSJdPo/symbols.o" "<4 object files omitted>" "-Wl,--as-needed" "-Wl,-Bstatic" "/opt/rustwide/target/release/deps/{libtetra-72edcea1b5b9f763,libsdl3-2d3e929647d916ca,libsdl3_sys-8855d7fdcd4d5579,libglow-442c4009fa22a7ec,libvek-6d82c7e7a04cf3c4,libapprox-2c31744281c52024,libnum_integer-1e69e5cbcce7dd35,libab_glyph-db0021317ef8a830,libowned_ttf_parser-1efa7058ae452ac6,libttf_parser-a6c0b475746747ad,libab_glyph_rasterizer-2b74033bdbe53065,libxi_unicode-1bc59b239ed316f6,libhashbrown-a5762aa79880ab94,libequivalent-26a0d6a3c1145f1b,liballocator_api2-fcccdd0f80408343,libfoldhash-aad4872049cd9a91,libhalf-be4bc091a0f18d21,liblyon_tessellation-05bfbe077f948d4b,libfloat_next_after-c625fae89d1e9dfd,liblyon_path-5d3c5e01067adc08,liblyon_geom-2185fa8daf72eefd,libeuclid-7b57d115ba7b2748,libimage-ec5c4c2b9b3d52ff,libmoxcms-7543f0c65e839455,libpxfm-9a79ffa9b5d8b15c,libpng-2a06642f43a1b5ab,libflate2-a4faeaa87772b6c1,libminiz_oxide-c0fedee8d66f5825,libfdeflate-042583344f432862,libsimd_adler32-79f5736e69df175b,libcrc32fast-86d064ece648b0a6,libzune_jpeg-51467dac3473cb0c,libzune_core-0055199d425867d2,libgif-549d2d291613d8e7,libcolor_quant-9e2536de46fec9df,libweezl-6fbe8236fc702a13,libbyteorder_lite-a767fe81cb63f861,libnum_traits-da3d32028c6286ad,librodio-6c0f8dddf3b34269,libhound-ad374472c48a9e86,liblewton-6f97e4c6a57527db,libogg-6f5cae44ec370d9e,libtinyvec-210181e5143322db,libtinyvec_macros-8d7f4b9d42c23ac6,libbyteorder-612182941aaee0f7,libsymphonia-e13d111b5ac09de1,libsymphonia_metadata-d0938cf43fcb5cd0,libencoding_rs-99c7ba320381cae9,libsymphonia_bundle_mp3-dd6d7feaf1de2a7a,libsymphonia_core-11d9b1bfcf1b2cc9,libbytemuck-9f5ac86b181268f7,liblog-83692528adb440c9,liblazy_static-fdd6af0286056ca3,libbitflags-68973b8086863992,libarrayvec-50f94247b118ab4d,libcpal-1d0c5cff3277a2c6,libdasp_sample-88544f8e98b0bb4b,libalsa-2a608717b905838a,libcfg_if-5732471c02c4c133,libbitflags-2194eaddd09e1338,libalsa_sys-aed1709990860467,liblibc-c01a236730e2bc9f}.rlib" "<sysroot>/lib/rustlib/x86_64-unknown-linux-gnu/lib/{libstd-*,libpanic_unwind-*,libobject-*,libmemchr-*,libaddr2line-*,libgimli-*,libcfg_if-*,librustc_demangle-*,libstd_detect-*,libhashbrown-*,librustc_std_workspace_alloc-*,libminiz_oxide-*,libadler2-*,libunwind-*,liblibc-*,librustc_std_workspace_core-*,liballoc-*,libcore-*,libcompiler_builtins-*}.rlib" "-Wl,-Bdynamic" "-lSDL3" "-lasound" "-lgcc_s" "-lutil" "-lrt" "-lpthread" "-lm" "-ldl" "-lc" "-L" "/opt/rustwide/target/release/examples/rustcrSJdPo/raw-dylibs" "-B<sysroot>/lib/rustlib/x86_64-unknown-linux-gnu/bin/gcc-ld" "-fuse-ld=lld" "-Wl,--eh-frame-hdr" "-Wl,-z,noexecstack" "-L" "/usr/lib/x86_64-linux-gnu" "-L" "/usr/local/lib" "-L" "<sysroot>/lib/rustlib/x86_64-unknown-linux-gnu/lib" "-o" "/opt/rustwide/target/release/examples/events-bbc1bc2a58dd0a40" "-Wl,--gc-sections" "-pie" "-Wl,-z,relro,-z,now" "-Wl,-O1" "-Wl,--strip-debug" "-nodefaultlibs"
[INFO] [stdout]   = note: some arguments are omitted. use `--verbose` to show all linker arguments
[INFO] [stdout]   = note: rust-lld: error: unable to find library -lSDL3
[INFO] [stdout]           collect2: error: ld returned 1 exit status
[INFO] [stdout]           
[INFO] [stdout] 
[INFO] [stdout] 
[INFO] [stderr] error: could not compile `tetra` (example "events") due to 1 previous error
[INFO] [stdout] error: linking with `cc` failed: exit status: 1
[INFO] [stdout]   |
[INFO] [stdout]   = note:  "cc" "-m64" "/opt/rustwide/target/release/examples/rustcw8i7IZ/symbols.o" "<11 object files omitted>" "-Wl,--as-needed" "-Wl,-Bstatic" "/opt/rustwide/target/release/deps/{libtetra-72edcea1b5b9f763,libsdl3-2d3e929647d916ca,libsdl3_sys-8855d7fdcd4d5579,libglow-442c4009fa22a7ec,libvek-6d82c7e7a04cf3c4,libapprox-2c31744281c52024,libnum_integer-1e69e5cbcce7dd35,libab_glyph-db0021317ef8a830,libowned_ttf_parser-1efa7058ae452ac6,libttf_parser-a6c0b475746747ad,libab_glyph_rasterizer-2b74033bdbe53065,libxi_unicode-1bc59b239ed316f6,libhashbrown-a5762aa79880ab94,libequivalent-26a0d6a3c1145f1b,liballocator_api2-fcccdd0f80408343,libfoldhash-aad4872049cd9a91,libhalf-be4bc091a0f18d21,liblyon_tessellation-05bfbe077f948d4b,libfloat_next_after-c625fae89d1e9dfd,liblyon_path-5d3c5e01067adc08,liblyon_geom-2185fa8daf72eefd,libeuclid-7b57d115ba7b2748,libimage-ec5c4c2b9b3d52ff,libmoxcms-7543f0c65e839455,libpxfm-9a79ffa9b5d8b15c,libpng-2a06642f43a1b5ab,libflate2-a4faeaa87772b6c1,libminiz_oxide-c0fedee8d66f5825,libfdeflate-042583344f432862,libsimd_adler32-79f5736e69df175b,libcrc32fast-86d064ece648b0a6,libzune_jpeg-51467dac3473cb0c,libzune_core-0055199d425867d2,libgif-549d2d291613d8e7,libcolor_quant-9e2536de46fec9df,libweezl-6fbe8236fc702a13,libbyteorder_lite-a767fe81cb63f861,libnum_traits-da3d32028c6286ad,librodio-6c0f8dddf3b34269,libhound-ad374472c48a9e86,liblewton-6f97e4c6a57527db,libogg-6f5cae44ec370d9e,libtinyvec-210181e5143322db,libtinyvec_macros-8d7f4b9d42c23ac6,libbyteorder-612182941aaee0f7,libsymphonia-e13d111b5ac09de1,libsymphonia_metadata-d0938cf43fcb5cd0,libencoding_rs-99c7ba320381cae9,libsymphonia_bundle_mp3-dd6d7feaf1de2a7a,libsymphonia_core-11d9b1bfcf1b2cc9,libbytemuck-9f5ac86b181268f7,liblog-83692528adb440c9,liblazy_static-fdd6af0286056ca3,libbitflags-68973b8086863992,libarrayvec-50f94247b118ab4d,libcpal-1d0c5cff3277a2c6,libdasp_sample-88544f8e98b0bb4b,libalsa-2a608717b905838a,libcfg_if-5732471c02c4c133,libbitflags-2194eaddd09e1338,libalsa_sys-aed1709990860467,liblibc-c01a236730e2bc9f}.rlib" "<sysroot>/lib/rustlib/x86_64-unknown-linux-gnu/lib/{libstd-*,libpanic_unwind-*,libobject-*,libmemchr-*,libaddr2line-*,libgimli-*,libcfg_if-*,librustc_demangle-*,libstd_detect-*,libhashbrown-*,librustc_std_workspace_alloc-*,libminiz_oxide-*,libadler2-*,libunwind-*,liblibc-*,librustc_std_workspace_core-*,liballoc-*,libcore-*,libcompiler_builtins-*}.rlib" "-Wl,-Bdynamic" "-lSDL3" "-lasound" "-lgcc_s" "-lutil" "-lrt" "-lpthread" "-lm" "-ldl" "-lc" "-L" "/opt/rustwide/target/release/examples/rustcw8i7IZ/raw-dylibs" "-B<sysroot>/lib/rustlib/x86_64-unknown-linux-gnu/bin/gcc-ld" "-fuse-ld=lld" "-Wl,--eh-frame-hdr" "-Wl,-z,noexecstack" "-L" "/usr/lib/x86_64-linux-gnu" "-L" "/usr/local/lib" "-L" "<sysroot>/lib/rustlib/x86_64-unknown-linux-gnu/lib" "-o" "/opt/rustwide/target/release/examples/mesh-df7628cf8fc5a372" "-Wl,--gc-sections" "-pie" "-Wl,-z,relro,-z,now" "-Wl,-O1" "-Wl,--strip-debug" "-nodefaultlibs"
[INFO] [stdout]   = note: some arguments are omitted. use `--verbose` to show all linker arguments
[INFO] [stdout]   = note: rust-lld: error: unable to find library -lSDL3
[INFO] [stdout]           collect2: error: ld returned 1 exit status
[INFO] [stdout]           
[INFO] [stdout] 
[INFO] [stdout] 
[INFO] [stderr] error: could not compile `tetra` (example "mesh") due to 1 previous error
[INFO] [stdout] error: linking with `cc` failed: exit status: 1
[INFO] [stdout]   |
[INFO] [stdout]   = note:  "cc" "-m64" "/opt/rustwide/target/release/examples/rustcukJrqk/symbols.o" "<11 object files omitted>" "-Wl,--as-needed" "-Wl,-Bstatic" "/opt/rustwide/target/release/deps/{libtetra-72edcea1b5b9f763,libsdl3-2d3e929647d916ca,libsdl3_sys-8855d7fdcd4d5579,libglow-442c4009fa22a7ec,libvek-6d82c7e7a04cf3c4,libapprox-2c31744281c52024,libnum_integer-1e69e5cbcce7dd35,libab_glyph-db0021317ef8a830,libowned_ttf_parser-1efa7058ae452ac6,libttf_parser-a6c0b475746747ad,libab_glyph_rasterizer-2b74033bdbe53065,libxi_unicode-1bc59b239ed316f6,libhashbrown-a5762aa79880ab94,libequivalent-26a0d6a3c1145f1b,liballocator_api2-fcccdd0f80408343,libfoldhash-aad4872049cd9a91,libhalf-be4bc091a0f18d21,liblyon_tessellation-05bfbe077f948d4b,libfloat_next_after-c625fae89d1e9dfd,liblyon_path-5d3c5e01067adc08,liblyon_geom-2185fa8daf72eefd,libeuclid-7b57d115ba7b2748,libimage-ec5c4c2b9b3d52ff,libmoxcms-7543f0c65e839455,libpxfm-9a79ffa9b5d8b15c,libpng-2a06642f43a1b5ab,libflate2-a4faeaa87772b6c1,libminiz_oxide-c0fedee8d66f5825,libfdeflate-042583344f432862,libsimd_adler32-79f5736e69df175b,libcrc32fast-86d064ece648b0a6,libzune_jpeg-51467dac3473cb0c,libzune_core-0055199d425867d2,libgif-549d2d291613d8e7,libcolor_quant-9e2536de46fec9df,libweezl-6fbe8236fc702a13,libbyteorder_lite-a767fe81cb63f861,libnum_traits-da3d32028c6286ad,librodio-6c0f8dddf3b34269,libhound-ad374472c48a9e86,liblewton-6f97e4c6a57527db,libogg-6f5cae44ec370d9e,libtinyvec-210181e5143322db,libtinyvec_macros-8d7f4b9d42c23ac6,libbyteorder-612182941aaee0f7,libsymphonia-e13d111b5ac09de1,libsymphonia_metadata-d0938cf43fcb5cd0,libencoding_rs-99c7ba320381cae9,libsymphonia_bundle_mp3-dd6d7feaf1de2a7a,libsymphonia_core-11d9b1bfcf1b2cc9,libbytemuck-9f5ac86b181268f7,liblog-83692528adb440c9,liblazy_static-fdd6af0286056ca3,libbitflags-68973b8086863992,libarrayvec-50f94247b118ab4d,libcpal-1d0c5cff3277a2c6,libdasp_sample-88544f8e98b0bb4b,libalsa-2a608717b905838a,libcfg_if-5732471c02c4c133,libbitflags-2194eaddd09e1338,libalsa_sys-aed1709990860467,liblibc-c01a236730e2bc9f}.rlib" "<sysroot>/lib/rustlib/x86_64-unknown-linux-gnu/lib/{libstd-*,libpanic_unwind-*,libobject-*,libmemchr-*,libaddr2line-*,libgimli-*,libcfg_if-*,librustc_demangle-*,libstd_detect-*,libhashbrown-*,librustc_std_workspace_alloc-*,libminiz_oxide-*,libadler2-*,libunwind-*,liblibc-*,librustc_std_workspace_core-*,liballoc-*,libcore-*,libcompiler_builtins-*}.rlib" "-Wl,-Bdynamic" "-lSDL3" "-lasound" "-lgcc_s" "-lutil" "-lrt" "-lpthread" "-lm" "-ldl" "-lc" "-L" "/opt/rustwide/target/release/examples/rustcukJrqk/raw-dylibs" "-B<sysroot>/lib/rustlib/x86_64-unknown-linux-gnu/bin/gcc-ld" "-fuse-ld=lld" "-Wl,--eh-frame-hdr" "-Wl,-z,noexecstack" "-L" "/usr/lib/x86_64-linux-gnu" "-L" "/usr/local/lib" "-L" "<sysroot>/lib/rustlib/x86_64-unknown-linux-gnu/lib" "-o" "/opt/rustwide/target/release/examples/mouse-e78eb015fbbe5891" "-Wl,--gc-sections" "-pie" "-Wl,-z,relro,-z,now" "-Wl,-O1" "-Wl,--strip-debug" "-nodefaultlibs"
[INFO] [stdout]   = note: some arguments are omitted. use `--verbose` to show all linker arguments
[INFO] [stdout]   = note: rust-lld: error: unable to find library -lSDL3
[INFO] [stdout]           collect2: error: ld returned 1 exit status
[INFO] [stdout]           
[INFO] [stdout] 
[INFO] [stdout] 
[INFO] [stderr] error: could not compile `tetra` (example "mouse") due to 1 previous error
[INFO] [stdout] error: linking with `cc` failed: exit status: 1
[INFO] [stdout]   |
[INFO] [stdout]   = note:  "cc" "-m64" "/opt/rustwide/target/release/examples/rustcb8EgGk/symbols.o" "<11 object files omitted>" "-Wl,--as-needed" "-Wl,-Bstatic" "/opt/rustwide/target/release/deps/{libtetra-72edcea1b5b9f763,libsdl3-2d3e929647d916ca,libsdl3_sys-8855d7fdcd4d5579,libglow-442c4009fa22a7ec,libvek-6d82c7e7a04cf3c4,libapprox-2c31744281c52024,libnum_integer-1e69e5cbcce7dd35,libab_glyph-db0021317ef8a830,libowned_ttf_parser-1efa7058ae452ac6,libttf_parser-a6c0b475746747ad,libab_glyph_rasterizer-2b74033bdbe53065,libxi_unicode-1bc59b239ed316f6,libhashbrown-a5762aa79880ab94,libequivalent-26a0d6a3c1145f1b,liballocator_api2-fcccdd0f80408343,libfoldhash-aad4872049cd9a91,libhalf-be4bc091a0f18d21,liblyon_tessellation-05bfbe077f948d4b,libfloat_next_after-c625fae89d1e9dfd,liblyon_path-5d3c5e01067adc08,liblyon_geom-2185fa8daf72eefd,libeuclid-7b57d115ba7b2748,libimage-ec5c4c2b9b3d52ff,libmoxcms-7543f0c65e839455,libpxfm-9a79ffa9b5d8b15c,libpng-2a06642f43a1b5ab,libflate2-a4faeaa87772b6c1,libminiz_oxide-c0fedee8d66f5825,libfdeflate-042583344f432862,libsimd_adler32-79f5736e69df175b,libcrc32fast-86d064ece648b0a6,libzune_jpeg-51467dac3473cb0c,libzune_core-0055199d425867d2,libgif-549d2d291613d8e7,libcolor_quant-9e2536de46fec9df,libweezl-6fbe8236fc702a13,libbyteorder_lite-a767fe81cb63f861,libnum_traits-da3d32028c6286ad,librodio-6c0f8dddf3b34269,libhound-ad374472c48a9e86,liblewton-6f97e4c6a57527db,libogg-6f5cae44ec370d9e,libtinyvec-210181e5143322db,libtinyvec_macros-8d7f4b9d42c23ac6,libbyteorder-612182941aaee0f7,libsymphonia-e13d111b5ac09de1,libsymphonia_metadata-d0938cf43fcb5cd0,libencoding_rs-99c7ba320381cae9,libsymphonia_bundle_mp3-dd6d7feaf1de2a7a,libsymphonia_core-11d9b1bfcf1b2cc9,libbytemuck-9f5ac86b181268f7,liblog-83692528adb440c9,liblazy_static-fdd6af0286056ca3,libbitflags-68973b8086863992,libarrayvec-50f94247b118ab4d,libcpal-1d0c5cff3277a2c6,libdasp_sample-88544f8e98b0bb4b,libalsa-2a608717b905838a,libcfg_if-5732471c02c4c133,libbitflags-2194eaddd09e1338,libalsa_sys-aed1709990860467,liblibc-c01a236730e2bc9f}.rlib" "<sysroot>/lib/rustlib/x86_64-unknown-linux-gnu/lib/{libstd-*,libpanic_unwind-*,libobject-*,libmemchr-*,libaddr2line-*,libgimli-*,libcfg_if-*,librustc_demangle-*,libstd_detect-*,libhashbrown-*,librustc_std_workspace_alloc-*,libminiz_oxide-*,libadler2-*,libunwind-*,liblibc-*,librustc_std_workspace_core-*,liballoc-*,libcore-*,libcompiler_builtins-*}.rlib" "-Wl,-Bdynamic" "-lSDL3" "-lasound" "-lgcc_s" "-lutil" "-lrt" "-lpthread" "-lm" "-ldl" "-lc" "-L" "/opt/rustwide/target/release/examples/rustcb8EgGk/raw-dylibs" "-B<sysroot>/lib/rustlib/x86_64-unknown-linux-gnu/bin/gcc-ld" "-fuse-ld=lld" "-Wl,--eh-frame-hdr" "-Wl,-z,noexecstack" "-L" "/usr/lib/x86_64-linux-gnu" "-L" "/usr/local/lib" "-L" "<sysroot>/lib/rustlib/x86_64-unknown-linux-gnu/lib" "-o" "/opt/rustwide/target/release/examples/animation_controller-3c4d987241a90b07" "-Wl,--gc-sections" "-pie" "-Wl,-z,relro,-z,now" "-Wl,-O1" "-Wl,--strip-debug" "-nodefaultlibs"
[INFO] [stdout]   = note: some arguments are omitted. use `--verbose` to show all linker arguments
[INFO] [stdout]   = note: rust-lld: error: unable to find library -lSDL3
[INFO] [stdout]           collect2: error: ld returned 1 exit status
[INFO] [stdout]           
[INFO] [stdout] 
[INFO] [stdout] 
[INFO] [stderr] error: could not compile `tetra` (example "animation_controller") due to 1 previous error
[INFO] [stdout] error: linking with `cc` failed: exit status: 1
[INFO] [stdout]   |
[INFO] [stdout]   = note:  "cc" "-m64" "/opt/rustwide/target/release/examples/rustcjQVKXF/symbols.o" "<11 object files omitted>" "-Wl,--as-needed" "-Wl,-Bstatic" "/opt/rustwide/target/release/deps/{libtetra-72edcea1b5b9f763,libsdl3-2d3e929647d916ca,libsdl3_sys-8855d7fdcd4d5579,libglow-442c4009fa22a7ec,libvek-6d82c7e7a04cf3c4,libapprox-2c31744281c52024,libnum_integer-1e69e5cbcce7dd35,libab_glyph-db0021317ef8a830,libowned_ttf_parser-1efa7058ae452ac6,libttf_parser-a6c0b475746747ad,libab_glyph_rasterizer-2b74033bdbe53065,libxi_unicode-1bc59b239ed316f6,libhashbrown-a5762aa79880ab94,libequivalent-26a0d6a3c1145f1b,liballocator_api2-fcccdd0f80408343,libfoldhash-aad4872049cd9a91,libhalf-be4bc091a0f18d21,liblyon_tessellation-05bfbe077f948d4b,libfloat_next_after-c625fae89d1e9dfd,liblyon_path-5d3c5e01067adc08,liblyon_geom-2185fa8daf72eefd,libeuclid-7b57d115ba7b2748,libimage-ec5c4c2b9b3d52ff,libmoxcms-7543f0c65e839455,libpxfm-9a79ffa9b5d8b15c,libpng-2a06642f43a1b5ab,libflate2-a4faeaa87772b6c1,libminiz_oxide-c0fedee8d66f5825,libfdeflate-042583344f432862,libsimd_adler32-79f5736e69df175b,libcrc32fast-86d064ece648b0a6,libzune_jpeg-51467dac3473cb0c,libzune_core-0055199d425867d2,libgif-549d2d291613d8e7,libcolor_quant-9e2536de46fec9df,libweezl-6fbe8236fc702a13,libbyteorder_lite-a767fe81cb63f861,libnum_traits-da3d32028c6286ad,librodio-6c0f8dddf3b34269,libhound-ad374472c48a9e86,liblewton-6f97e4c6a57527db,libogg-6f5cae44ec370d9e,libtinyvec-210181e5143322db,libtinyvec_macros-8d7f4b9d42c23ac6,libbyteorder-612182941aaee0f7,libsymphonia-e13d111b5ac09de1,libsymphonia_metadata-d0938cf43fcb5cd0,libencoding_rs-99c7ba320381cae9,libsymphonia_bundle_mp3-dd6d7feaf1de2a7a,libsymphonia_core-11d9b1bfcf1b2cc9,libbytemuck-9f5ac86b181268f7,liblog-83692528adb440c9,liblazy_static-fdd6af0286056ca3,libbitflags-68973b8086863992,libarrayvec-50f94247b118ab4d,libcpal-1d0c5cff3277a2c6,libdasp_sample-88544f8e98b0bb4b,libalsa-2a608717b905838a,libbitflags-2194eaddd09e1338,libalsa_sys-aed1709990860467,librand-12a66710aaa20598,librand_chacha-e75d627333af0b93,libppv_lite86-fad996525c353579,libzerocopy-1c70e647d2bdc7cb,librand_core-9b17ee77284eceb8,libgetrandom-7af0a5a73d5da5ba,liblibc-c01a236730e2bc9f,libcfg_if-5732471c02c4c133}.rlib" "<sysroot>/lib/rustlib/x86_64-unknown-linux-gnu/lib/{libstd-*,libpanic_unwind-*,libobject-*,libmemchr-*,libaddr2line-*,libgimli-*,libcfg_if-*,librustc_demangle-*,libstd_detect-*,libhashbrown-*,librustc_std_workspace_alloc-*,libminiz_oxide-*,libadler2-*,libunwind-*,liblibc-*,librustc_std_workspace_core-*,liballoc-*,libcore-*,libcompiler_builtins-*}.rlib" "-Wl,-Bdynamic" "-lSDL3" "-lasound" "-lgcc_s" "-lutil" "-lrt" "-lpthread" "-lm" "-ldl" "-lc" "-L" "/opt/rustwide/target/release/examples/rustcjQVKXF/raw-dylibs" "-B<sysroot>/lib/rustlib/x86_64-unknown-linux-gnu/bin/gcc-ld" "-fuse-ld=lld" "-Wl,--eh-frame-hdr" "-Wl,-z,noexecstack" "-L" "/usr/lib/x86_64-linux-gnu" "-L" "/usr/local/lib" "-L" "<sysroot>/lib/rustlib/x86_64-unknown-linux-gnu/lib" "-o" "/opt/rustwide/target/release/examples/bunnymark-25df4eda3d6f42fa" "-Wl,--gc-sections" "-pie" "-Wl,-z,relro,-z,now" "-Wl,-O1" "-Wl,--strip-debug" "-nodefaultlibs"
[INFO] [stdout]   = note: some arguments are omitted. use `--verbose` to show all linker arguments
[INFO] [stdout]   = note: rust-lld: error: unable to find library -lSDL3
[INFO] [stdout]           collect2: error: ld returned 1 exit status
[INFO] [stdout]           
[INFO] [stdout] 
[INFO] [stdout] 
[INFO] [stdout] error: linking with `cc` failed: exit status: 1
[INFO] [stdout]   |
[INFO] [stdout]   = note:  "cc" "-m64" "/opt/rustwide/target/release/examples/rustcEtZtiz/symbols.o" "<11 object files omitted>" "-Wl,--as-needed" "-Wl,-Bstatic" "/opt/rustwide/target/release/deps/{libtetra-72edcea1b5b9f763,libsdl3-2d3e929647d916ca,libsdl3_sys-8855d7fdcd4d5579,libglow-442c4009fa22a7ec,libvek-6d82c7e7a04cf3c4,libapprox-2c31744281c52024,libnum_integer-1e69e5cbcce7dd35,libab_glyph-db0021317ef8a830,libowned_ttf_parser-1efa7058ae452ac6,libttf_parser-a6c0b475746747ad,libab_glyph_rasterizer-2b74033bdbe53065,libxi_unicode-1bc59b239ed316f6,libhashbrown-a5762aa79880ab94,libequivalent-26a0d6a3c1145f1b,liballocator_api2-fcccdd0f80408343,libfoldhash-aad4872049cd9a91,libhalf-be4bc091a0f18d21,liblyon_tessellation-05bfbe077f948d4b,libfloat_next_after-c625fae89d1e9dfd,liblyon_path-5d3c5e01067adc08,liblyon_geom-2185fa8daf72eefd,libeuclid-7b57d115ba7b2748,libimage-ec5c4c2b9b3d52ff,libmoxcms-7543f0c65e839455,libpxfm-9a79ffa9b5d8b15c,libpng-2a06642f43a1b5ab,libflate2-a4faeaa87772b6c1,libminiz_oxide-c0fedee8d66f5825,libfdeflate-042583344f432862,libsimd_adler32-79f5736e69df175b,libcrc32fast-86d064ece648b0a6,libzune_jpeg-51467dac3473cb0c,libzune_core-0055199d425867d2,libgif-549d2d291613d8e7,libcolor_quant-9e2536de46fec9df,libweezl-6fbe8236fc702a13,libbyteorder_lite-a767fe81cb63f861,libnum_traits-da3d32028c6286ad,librodio-6c0f8dddf3b34269,libhound-ad374472c48a9e86,liblewton-6f97e4c6a57527db,libogg-6f5cae44ec370d9e,libtinyvec-210181e5143322db,libtinyvec_macros-8d7f4b9d42c23ac6,libbyteorder-612182941aaee0f7,libsymphonia-e13d111b5ac09de1,libsymphonia_metadata-d0938cf43fcb5cd0,libencoding_rs-99c7ba320381cae9,libsymphonia_bundle_mp3-dd6d7feaf1de2a7a,libsymphonia_core-11d9b1bfcf1b2cc9,libbytemuck-9f5ac86b181268f7,liblog-83692528adb440c9,liblazy_static-fdd6af0286056ca3,libbitflags-68973b8086863992,libarrayvec-50f94247b118ab4d,libcpal-1d0c5cff3277a2c6,libdasp_sample-88544f8e98b0bb4b,libalsa-2a608717b905838a,libcfg_if-5732471c02c4c133,libbitflags-2194eaddd09e1338,libalsa_sys-aed1709990860467,liblibc-c01a236730e2bc9f}.rlib" "<sysroot>/lib/rustlib/x86_64-unknown-linux-gnu/lib/{libstd-*,libpanic_unwind-*,libobject-*,libmemchr-*,libaddr2line-*,libgimli-*,libcfg_if-*,librustc_demangle-*,libstd_detect-*,libhashbrown-*,librustc_std_workspace_alloc-*,libminiz_oxide-*,libadler2-*,libunwind-*,liblibc-*,librustc_std_workspace_core-*,liballoc-*,libcore-*,libcompiler_builtins-*}.rlib" "-Wl,-Bdynamic" "-lSDL3" "-lasound" "-lgcc_s" "-lutil" "-lrt" "-lpthread" "-lm" "-ldl" "-lc" "-L" "/opt/rustwide/target/release/examples/rustcEtZtiz/raw-dylibs" "-B<sysroot>/lib/rustlib/x86_64-unknown-linux-gnu/bin/gcc-ld" "-fuse-ld=lld" "-Wl,--eh-frame-hdr" "-Wl,-z,noexecstack" "-L" "/usr/lib/x86_64-linux-gnu" "-L" "/usr/local/lib" "-L" "<sysroot>/lib/rustlib/x86_64-unknown-linux-gnu/lib" "-o" "/opt/rustwide/target/release/examples/keyboard-2825ccde86c62168" "-Wl,--gc-sections" "-pie" "-Wl,-z,relro,-z,now" "-Wl,-O1" "-Wl,--strip-debug" "-nodefaultlibs"
[INFO] [stdout]   = note: some arguments are omitted. use `--verbose` to show all linker arguments
[INFO] [stdout]   = note: rust-lld: error: unable to find library -lSDL3
[INFO] [stdout]           collect2: error: ld returned 1 exit status
[INFO] [stdout]           
[INFO] [stdout] 
[INFO] [stdout] 
[INFO] [stderr] error: could not compile `tetra` (example "bunnymark") due to 1 previous error
[INFO] [stdout] error: linking with `cc` failed: exit status: 1
[INFO] [stdout]   |
[INFO] [stdout]   = note:  "cc" "-m64" "/opt/rustwide/target/release/examples/rustc4TeqDs/symbols.o" "<11 object files omitted>" "-Wl,--as-needed" "-Wl,-Bstatic" "/opt/rustwide/target/release/deps/{libtetra-72edcea1b5b9f763,libsdl3-2d3e929647d916ca,libsdl3_sys-8855d7fdcd4d5579,libglow-442c4009fa22a7ec,libvek-6d82c7e7a04cf3c4,libapprox-2c31744281c52024,libnum_integer-1e69e5cbcce7dd35,libab_glyph-db0021317ef8a830,libowned_ttf_parser-1efa7058ae452ac6,libttf_parser-a6c0b475746747ad,libab_glyph_rasterizer-2b74033bdbe53065,libxi_unicode-1bc59b239ed316f6,libhashbrown-a5762aa79880ab94,libequivalent-26a0d6a3c1145f1b,liballocator_api2-fcccdd0f80408343,libfoldhash-aad4872049cd9a91,libhalf-be4bc091a0f18d21,liblyon_tessellation-05bfbe077f948d4b,libfloat_next_after-c625fae89d1e9dfd,liblyon_path-5d3c5e01067adc08,liblyon_geom-2185fa8daf72eefd,libeuclid-7b57d115ba7b2748,libimage-ec5c4c2b9b3d52ff,libmoxcms-7543f0c65e839455,libpxfm-9a79ffa9b5d8b15c,libpng-2a06642f43a1b5ab,libflate2-a4faeaa87772b6c1,libminiz_oxide-c0fedee8d66f5825,libfdeflate-042583344f432862,libsimd_adler32-79f5736e69df175b,libcrc32fast-86d064ece648b0a6,libzune_jpeg-51467dac3473cb0c,libzune_core-0055199d425867d2,libgif-549d2d291613d8e7,libcolor_quant-9e2536de46fec9df,libweezl-6fbe8236fc702a13,libbyteorder_lite-a767fe81cb63f861,libnum_traits-da3d32028c6286ad,librodio-6c0f8dddf3b34269,libhound-ad374472c48a9e86,liblewton-6f97e4c6a57527db,libogg-6f5cae44ec370d9e,libtinyvec-210181e5143322db,libtinyvec_macros-8d7f4b9d42c23ac6,libbyteorder-612182941aaee0f7,libsymphonia-e13d111b5ac09de1,libsymphonia_metadata-d0938cf43fcb5cd0,libencoding_rs-99c7ba320381cae9,libsymphonia_bundle_mp3-dd6d7feaf1de2a7a,libsymphonia_core-11d9b1bfcf1b2cc9,libbytemuck-9f5ac86b181268f7,liblog-83692528adb440c9,liblazy_static-fdd6af0286056ca3,libbitflags-68973b8086863992,libarrayvec-50f94247b118ab4d,libcpal-1d0c5cff3277a2c6,libdasp_sample-88544f8e98b0bb4b,libalsa-2a608717b905838a,libcfg_if-5732471c02c4c133,libbitflags-2194eaddd09e1338,libalsa_sys-aed1709990860467,liblibc-c01a236730e2bc9f}.rlib" "<sysroot>/lib/rustlib/x86_64-unknown-linux-gnu/lib/{libstd-*,libpanic_unwind-*,libobject-*,libmemchr-*,libaddr2line-*,libgimli-*,libcfg_if-*,librustc_demangle-*,libstd_detect-*,libhashbrown-*,librustc_std_workspace_alloc-*,libminiz_oxide-*,libadler2-*,libunwind-*,liblibc-*,librustc_std_workspace_core-*,liballoc-*,libcore-*,libcompiler_builtins-*}.rlib" "-Wl,-Bdynamic" "-lSDL3" "-lasound" "-lgcc_s" "-lutil" "-lrt" "-lpthread" "-lm" "-ldl" "-lc" "-L" "/opt/rustwide/target/release/examples/rustc4TeqDs/raw-dylibs" "-B<sysroot>/lib/rustlib/x86_64-unknown-linux-gnu/bin/gcc-ld" "-fuse-ld=lld" "-Wl,--eh-frame-hdr" "-Wl,-z,noexecstack" "-L" "/usr/lib/x86_64-linux-gnu" "-L" "/usr/local/lib" "-L" "<sysroot>/lib/rustlib/x86_64-unknown-linux-gnu/lib" "-o" "/opt/rustwide/target/release/examples/animation-539fa149eee1d02d" "-Wl,--gc-sections" "-pie" "-Wl,-z,relro,-z,now" "-Wl,-O1" "-Wl,--strip-debug" "-nodefaultlibs"
[INFO] [stdout]   = note: some arguments are omitted. use `--verbose` to show all linker arguments
[INFO] [stdout]   = note: rust-lld: error: unable to find library -lSDL3
[INFO] [stdout]           collect2: error: ld returned 1 exit status
[INFO] [stdout]           
[INFO] [stdout] 
[INFO] [stdout] 
[INFO] [stderr] error: could not compile `tetra` (example "animation") due to 1 previous error
[INFO] [stderr] error: could not compile `tetra` (example "keyboard") due to 1 previous error
[INFO] [stdout] error: linking with `cc` failed: exit status: 1
[INFO] [stdout]   |
[INFO] [stdout]   = note:  "cc" "-m64" "/opt/rustwide/target/release/examples/rustcpgMe5X/symbols.o" "<11 object files omitted>" "-Wl,--as-needed" "-Wl,-Bstatic" "/opt/rustwide/target/release/deps/{libtetra-72edcea1b5b9f763,libsdl3-2d3e929647d916ca,libsdl3_sys-8855d7fdcd4d5579,libglow-442c4009fa22a7ec,libvek-6d82c7e7a04cf3c4,libapprox-2c31744281c52024,libnum_integer-1e69e5cbcce7dd35,libab_glyph-db0021317ef8a830,libowned_ttf_parser-1efa7058ae452ac6,libttf_parser-a6c0b475746747ad,libab_glyph_rasterizer-2b74033bdbe53065,libxi_unicode-1bc59b239ed316f6,libhashbrown-a5762aa79880ab94,libequivalent-26a0d6a3c1145f1b,liballocator_api2-fcccdd0f80408343,libfoldhash-aad4872049cd9a91,libhalf-be4bc091a0f18d21,liblyon_tessellation-05bfbe077f948d4b,libfloat_next_after-c625fae89d1e9dfd,liblyon_path-5d3c5e01067adc08,liblyon_geom-2185fa8daf72eefd,libeuclid-7b57d115ba7b2748,libimage-ec5c4c2b9b3d52ff,libmoxcms-7543f0c65e839455,libpxfm-9a79ffa9b5d8b15c,libpng-2a06642f43a1b5ab,libflate2-a4faeaa87772b6c1,libminiz_oxide-c0fedee8d66f5825,libfdeflate-042583344f432862,libsimd_adler32-79f5736e69df175b,libcrc32fast-86d064ece648b0a6,libzune_jpeg-51467dac3473cb0c,libzune_core-0055199d425867d2,libgif-549d2d291613d8e7,libcolor_quant-9e2536de46fec9df,libweezl-6fbe8236fc702a13,libbyteorder_lite-a767fe81cb63f861,libnum_traits-da3d32028c6286ad,librodio-6c0f8dddf3b34269,libhound-ad374472c48a9e86,liblewton-6f97e4c6a57527db,libogg-6f5cae44ec370d9e,libtinyvec-210181e5143322db,libtinyvec_macros-8d7f4b9d42c23ac6,libbyteorder-612182941aaee0f7,libsymphonia-e13d111b5ac09de1,libsymphonia_metadata-d0938cf43fcb5cd0,libencoding_rs-99c7ba320381cae9,libsymphonia_bundle_mp3-dd6d7feaf1de2a7a,libsymphonia_core-11d9b1bfcf1b2cc9,libbytemuck-9f5ac86b181268f7,liblog-83692528adb440c9,liblazy_static-fdd6af0286056ca3,libbitflags-68973b8086863992,libarrayvec-50f94247b118ab4d,libcpal-1d0c5cff3277a2c6,libdasp_sample-88544f8e98b0bb4b,libalsa-2a608717b905838a,libcfg_if-5732471c02c4c133,libbitflags-2194eaddd09e1338,libalsa_sys-aed1709990860467,liblibc-c01a236730e2bc9f}.rlib" "<sysroot>/lib/rustlib/x86_64-unknown-linux-gnu/lib/{libstd-*,libpanic_unwind-*,libobject-*,libmemchr-*,libaddr2line-*,libgimli-*,libcfg_if-*,librustc_demangle-*,libstd_detect-*,libhashbrown-*,librustc_std_workspace_alloc-*,libminiz_oxide-*,libadler2-*,libunwind-*,liblibc-*,librustc_std_workspace_core-*,liballoc-*,libcore-*,libcompiler_builtins-*}.rlib" "-Wl,-Bdynamic" "-lSDL3" "-lasound" "-lgcc_s" "-lutil" "-lrt" "-lpthread" "-lm" "-ldl" "-lc" "-L" "/opt/rustwide/target/release/examples/rustcpgMe5X/raw-dylibs" "-B<sysroot>/lib/rustlib/x86_64-unknown-linux-gnu/bin/gcc-ld" "-fuse-ld=lld" "-Wl,--eh-frame-hdr" "-Wl,-z,noexecstack" "-L" "/usr/lib/x86_64-linux-gnu" "-L" "/usr/local/lib" "-L" "<sysroot>/lib/rustlib/x86_64-unknown-linux-gnu/lib" "-o" "/opt/rustwide/target/release/examples/nineslice-edf00085ff48709d" "-Wl,--gc-sections" "-pie" "-Wl,-z,relro,-z,now" "-Wl,-O1" "-Wl,--strip-debug" "-nodefaultlibs"
[INFO] [stdout]   = note: some arguments are omitted. use `--verbose` to show all linker arguments
[INFO] [stdout]   = note: rust-lld: error: unable to find library -lSDL3
[INFO] [stdout]           collect2: error: ld returned 1 exit status
[INFO] [stdout]           
[INFO] [stdout] 
[INFO] [stdout] 
[INFO] [stderr] error: could not compile `tetra` (example "nineslice") due to 1 previous error
[INFO] [stdout] error: linking with `cc` failed: exit status: 1
[INFO] [stdout]   |
[INFO] [stdout]   = note:  "cc" "-m64" "/opt/rustwide/target/release/examples/rustc4Fixvu/symbols.o" "<11 object files omitted>" "-Wl,--as-needed" "-Wl,-Bstatic" "/opt/rustwide/target/release/deps/{libtetra-72edcea1b5b9f763,libsdl3-2d3e929647d916ca,libsdl3_sys-8855d7fdcd4d5579,libglow-442c4009fa22a7ec,libvek-6d82c7e7a04cf3c4,libapprox-2c31744281c52024,libnum_integer-1e69e5cbcce7dd35,libab_glyph-db0021317ef8a830,libowned_ttf_parser-1efa7058ae452ac6,libttf_parser-a6c0b475746747ad,libab_glyph_rasterizer-2b74033bdbe53065,libxi_unicode-1bc59b239ed316f6,libhashbrown-a5762aa79880ab94,libequivalent-26a0d6a3c1145f1b,liballocator_api2-fcccdd0f80408343,libfoldhash-aad4872049cd9a91,libhalf-be4bc091a0f18d21,liblyon_tessellation-05bfbe077f948d4b,libfloat_next_after-c625fae89d1e9dfd,liblyon_path-5d3c5e01067adc08,liblyon_geom-2185fa8daf72eefd,libeuclid-7b57d115ba7b2748,libimage-ec5c4c2b9b3d52ff,libmoxcms-7543f0c65e839455,libpxfm-9a79ffa9b5d8b15c,libpng-2a06642f43a1b5ab,libflate2-a4faeaa87772b6c1,libminiz_oxide-c0fedee8d66f5825,libfdeflate-042583344f432862,libsimd_adler32-79f5736e69df175b,libcrc32fast-86d064ece648b0a6,libzune_jpeg-51467dac3473cb0c,libzune_core-0055199d425867d2,libgif-549d2d291613d8e7,libcolor_quant-9e2536de46fec9df,libweezl-6fbe8236fc702a13,libbyteorder_lite-a767fe81cb63f861,libnum_traits-da3d32028c6286ad,librodio-6c0f8dddf3b34269,libhound-ad374472c48a9e86,liblewton-6f97e4c6a57527db,libogg-6f5cae44ec370d9e,libtinyvec-210181e5143322db,libtinyvec_macros-8d7f4b9d42c23ac6,libbyteorder-612182941aaee0f7,libsymphonia-e13d111b5ac09de1,libsymphonia_metadata-d0938cf43fcb5cd0,libencoding_rs-99c7ba320381cae9,libsymphonia_bundle_mp3-dd6d7feaf1de2a7a,libsymphonia_core-11d9b1bfcf1b2cc9,libbytemuck-9f5ac86b181268f7,liblog-83692528adb440c9,liblazy_static-fdd6af0286056ca3,libbitflags-68973b8086863992,libarrayvec-50f94247b118ab4d,libcpal-1d0c5cff3277a2c6,libdasp_sample-88544f8e98b0bb4b,libalsa-2a608717b905838a,libcfg_if-5732471c02c4c133,libbitflags-2194eaddd09e1338,libalsa_sys-aed1709990860467,liblibc-c01a236730e2bc9f}.rlib" "<sysroot>/lib/rustlib/x86_64-unknown-linux-gnu/lib/{libstd-*,libpanic_unwind-*,libobject-*,libmemchr-*,libaddr2line-*,libgimli-*,libcfg_if-*,librustc_demangle-*,libstd_detect-*,libhashbrown-*,librustc_std_workspace_alloc-*,libminiz_oxide-*,libadler2-*,libunwind-*,liblibc-*,librustc_std_workspace_core-*,liballoc-*,libcore-*,libcompiler_builtins-*}.rlib" "-Wl,-Bdynamic" "-lSDL3" "-lasound" "-lgcc_s" "-lutil" "-lrt" "-lpthread" "-lm" "-ldl" "-lc" "-L" "/opt/rustwide/target/release/examples/rustc4Fixvu/raw-dylibs" "-B<sysroot>/lib/rustlib/x86_64-unknown-linux-gnu/bin/gcc-ld" "-fuse-ld=lld" "-Wl,--eh-frame-hdr" "-Wl,-z,noexecstack" "-L" "/usr/lib/x86_64-linux-gnu" "-L" "/usr/local/lib" "-L" "<sysroot>/lib/rustlib/x86_64-unknown-linux-gnu/lib" "-o" "/opt/rustwide/target/release/examples/gamepad-8308afa496b419c2" "-Wl,--gc-sections" "-pie" "-Wl,-z,relro,-z,now" "-Wl,-O1" "-Wl,--strip-debug" "-nodefaultlibs"
[INFO] [stdout]   = note: some arguments are omitted. use `--verbose` to show all linker arguments
[INFO] [stdout]   = note: rust-lld: error: unable to find library -lSDL3
[INFO] [stdout]           collect2: error: ld returned 1 exit status
[INFO] [stdout]           
[INFO] [stdout] 
[INFO] [stdout] 
[INFO] [stderr] error: could not compile `tetra` (example "gamepad") due to 1 previous error
[INFO] [stdout] error: linking with `cc` failed: exit status: 1
[INFO] [stdout]   |
[INFO] [stdout]   = note:  "cc" "-m64" "/opt/rustwide/target/release/examples/rustctbfpmD/symbols.o" "<11 object files omitted>" "-Wl,--as-needed" "-Wl,-Bstatic" "/opt/rustwide/target/release/deps/{libtetra-72edcea1b5b9f763,libsdl3-2d3e929647d916ca,libsdl3_sys-8855d7fdcd4d5579,libglow-442c4009fa22a7ec,libvek-6d82c7e7a04cf3c4,libapprox-2c31744281c52024,libnum_integer-1e69e5cbcce7dd35,libab_glyph-db0021317ef8a830,libowned_ttf_parser-1efa7058ae452ac6,libttf_parser-a6c0b475746747ad,libab_glyph_rasterizer-2b74033bdbe53065,libxi_unicode-1bc59b239ed316f6,libhashbrown-a5762aa79880ab94,libequivalent-26a0d6a3c1145f1b,liballocator_api2-fcccdd0f80408343,libfoldhash-aad4872049cd9a91,libhalf-be4bc091a0f18d21,liblyon_tessellation-05bfbe077f948d4b,libfloat_next_after-c625fae89d1e9dfd,liblyon_path-5d3c5e01067adc08,liblyon_geom-2185fa8daf72eefd,libeuclid-7b57d115ba7b2748,libimage-ec5c4c2b9b3d52ff,libmoxcms-7543f0c65e839455,libpxfm-9a79ffa9b5d8b15c,libpng-2a06642f43a1b5ab,libflate2-a4faeaa87772b6c1,libminiz_oxide-c0fedee8d66f5825,libfdeflate-042583344f432862,libsimd_adler32-79f5736e69df175b,libcrc32fast-86d064ece648b0a6,libzune_jpeg-51467dac3473cb0c,libzune_core-0055199d425867d2,libgif-549d2d291613d8e7,libcolor_quant-9e2536de46fec9df,libweezl-6fbe8236fc702a13,libbyteorder_lite-a767fe81cb63f861,libnum_traits-da3d32028c6286ad,librodio-6c0f8dddf3b34269,libhound-ad374472c48a9e86,liblewton-6f97e4c6a57527db,libogg-6f5cae44ec370d9e,libtinyvec-210181e5143322db,libtinyvec_macros-8d7f4b9d42c23ac6,libbyteorder-612182941aaee0f7,libsymphonia-e13d111b5ac09de1,libsymphonia_metadata-d0938cf43fcb5cd0,libencoding_rs-99c7ba320381cae9,libsymphonia_bundle_mp3-dd6d7feaf1de2a7a,libsymphonia_core-11d9b1bfcf1b2cc9,libbytemuck-9f5ac86b181268f7,liblog-83692528adb440c9,liblazy_static-fdd6af0286056ca3,libbitflags-68973b8086863992,libarrayvec-50f94247b118ab4d,libcpal-1d0c5cff3277a2c6,libdasp_sample-88544f8e98b0bb4b,libalsa-2a608717b905838a,libcfg_if-5732471c02c4c133,libbitflags-2194eaddd09e1338,libalsa_sys-aed1709990860467,liblibc-c01a236730e2bc9f}.rlib" "<sysroot>/lib/rustlib/x86_64-unknown-linux-gnu/lib/{libstd-*,libpanic_unwind-*,libobject-*,libmemchr-*,libaddr2line-*,libgimli-*,libcfg_if-*,librustc_demangle-*,libstd_detect-*,libhashbrown-*,librustc_std_workspace_alloc-*,libminiz_oxide-*,libadler2-*,libunwind-*,liblibc-*,librustc_std_workspace_core-*,liballoc-*,libcore-*,libcompiler_builtins-*}.rlib" "-Wl,-Bdynamic" "-lSDL3" "-lasound" "-lgcc_s" "-lutil" "-lrt" "-lpthread" "-lm" "-ldl" "-lc" "-L" "/opt/rustwide/target/release/examples/rustctbfpmD/raw-dylibs" "-B<sysroot>/lib/rustlib/x86_64-unknown-linux-gnu/bin/gcc-ld" "-fuse-ld=lld" "-Wl,--eh-frame-hdr" "-Wl,-z,noexecstack" "-L" "/usr/lib/x86_64-linux-gnu" "-L" "/usr/local/lib" "-L" "<sysroot>/lib/rustlib/x86_64-unknown-linux-gnu/lib" "-o" "/opt/rustwide/target/release/examples/stencil-6ea47064fb6ce688" "-Wl,--gc-sections" "-pie" "-Wl,-z,relro,-z,now" "-Wl,-O1" "-Wl,--strip-debug" "-nodefaultlibs"
[INFO] [stdout]   = note: some arguments are omitted. use `--verbose` to show all linker arguments
[INFO] [stdout]   = note: rust-lld: error: unable to find library -lSDL3
[INFO] [stdout]           collect2: error: ld returned 1 exit status
[INFO] [stdout]           
[INFO] [stdout] 
[INFO] [stdout] 
[INFO] [stderr] error: could not compile `tetra` (example "stencil") due to 1 previous error
[INFO] [stdout] error: linking with `cc` failed: exit status: 1
[INFO] [stdout]   |
[INFO] [stdout]   = note:  "cc" "-m64" "/opt/rustwide/target/release/examples/rustchKv6Wn/symbols.o" "<11 object files omitted>" "-Wl,--as-needed" "-Wl,-Bstatic" "/opt/rustwide/target/release/deps/{libtetra-72edcea1b5b9f763,libsdl3-2d3e929647d916ca,libsdl3_sys-8855d7fdcd4d5579,libglow-442c4009fa22a7ec,libvek-6d82c7e7a04cf3c4,libapprox-2c31744281c52024,libnum_integer-1e69e5cbcce7dd35,libab_glyph-db0021317ef8a830,libowned_ttf_parser-1efa7058ae452ac6,libttf_parser-a6c0b475746747ad,libab_glyph_rasterizer-2b74033bdbe53065,libxi_unicode-1bc59b239ed316f6,libhashbrown-a5762aa79880ab94,libequivalent-26a0d6a3c1145f1b,liballocator_api2-fcccdd0f80408343,libfoldhash-aad4872049cd9a91,libhalf-be4bc091a0f18d21,liblyon_tessellation-05bfbe077f948d4b,libfloat_next_after-c625fae89d1e9dfd,liblyon_path-5d3c5e01067adc08,liblyon_geom-2185fa8daf72eefd,libeuclid-7b57d115ba7b2748,libimage-ec5c4c2b9b3d52ff,libmoxcms-7543f0c65e839455,libpxfm-9a79ffa9b5d8b15c,libpng-2a06642f43a1b5ab,libflate2-a4faeaa87772b6c1,libminiz_oxide-c0fedee8d66f5825,libfdeflate-042583344f432862,libsimd_adler32-79f5736e69df175b,libcrc32fast-86d064ece648b0a6,libzune_jpeg-51467dac3473cb0c,libzune_core-0055199d425867d2,libgif-549d2d291613d8e7,libcolor_quant-9e2536de46fec9df,libweezl-6fbe8236fc702a13,libbyteorder_lite-a767fe81cb63f861,libnum_traits-da3d32028c6286ad,librodio-6c0f8dddf3b34269,libhound-ad374472c48a9e86,liblewton-6f97e4c6a57527db,libogg-6f5cae44ec370d9e,libtinyvec-210181e5143322db,libtinyvec_macros-8d7f4b9d42c23ac6,libbyteorder-612182941aaee0f7,libsymphonia-e13d111b5ac09de1,libsymphonia_metadata-d0938cf43fcb5cd0,libencoding_rs-99c7ba320381cae9,libsymphonia_bundle_mp3-dd6d7feaf1de2a7a,libsymphonia_core-11d9b1bfcf1b2cc9,libbytemuck-9f5ac86b181268f7,liblog-83692528adb440c9,liblazy_static-fdd6af0286056ca3,libbitflags-68973b8086863992,libarrayvec-50f94247b118ab4d,libcpal-1d0c5cff3277a2c6,libdasp_sample-88544f8e98b0bb4b,libalsa-2a608717b905838a,libbitflags-2194eaddd09e1338,libalsa_sys-aed1709990860467,librand-12a66710aaa20598,librand_chacha-e75d627333af0b93,libppv_lite86-fad996525c353579,libzerocopy-1c70e647d2bdc7cb,librand_core-9b17ee77284eceb8,libgetrandom-7af0a5a73d5da5ba,liblibc-c01a236730e2bc9f,libcfg_if-5732471c02c4c133}.rlib" "<sysroot>/lib/rustlib/x86_64-unknown-linux-gnu/lib/{libstd-*,libpanic_unwind-*,libobject-*,libmemchr-*,libaddr2line-*,libgimli-*,libcfg_if-*,librustc_demangle-*,libstd_detect-*,libhashbrown-*,librustc_std_workspace_alloc-*,libminiz_oxide-*,libadler2-*,libunwind-*,liblibc-*,librustc_std_workspace_core-*,liballoc-*,libcore-*,libcompiler_builtins-*}.rlib" "-Wl,-Bdynamic" "-lSDL3" "-lasound" "-lgcc_s" "-lutil" "-lrt" "-lpthread" "-lm" "-ldl" "-lc" "-L" "/opt/rustwide/target/release/examples/rustchKv6Wn/raw-dylibs" "-B<sysroot>/lib/rustlib/x86_64-unknown-linux-gnu/bin/gcc-ld" "-fuse-ld=lld" "-Wl,--eh-frame-hdr" "-Wl,-z,noexecstack" "-L" "/usr/lib/x86_64-linux-gnu" "-L" "/usr/local/lib" "-L" "<sysroot>/lib/rustlib/x86_64-unknown-linux-gnu/lib" "-o" "/opt/rustwide/target/release/examples/tetras-07d2bf648b656851" "-Wl,--gc-sections" "-pie" "-Wl,-z,relro,-z,now" "-Wl,-O1" "-Wl,--strip-debug" "-nodefaultlibs"
[INFO] [stdout]   = note: some arguments are omitted. use `--verbose` to show all linker arguments
[INFO] [stdout]   = note: rust-lld: error: unable to find library -lSDL3
[INFO] [stdout]           collect2: error: ld returned 1 exit status
[INFO] [stdout]           
[INFO] [stdout] 
[INFO] [stdout] 
[INFO] [stderr] error: could not compile `tetra` (example "tetras") due to 1 previous error
[INFO] running `Command { std: "docker" "inspect" "3676dcd883ee3772a192c0381c632a1121fa1aa8c1a693ebcd122046d4d5da96", kill_on_drop: false }`
[INFO] running `Command { std: "docker" "rm" "-f" "3676dcd883ee3772a192c0381c632a1121fa1aa8c1a693ebcd122046d4d5da96", kill_on_drop: false }`
[INFO] [stdout] 3676dcd883ee3772a192c0381c632a1121fa1aa8c1a693ebcd122046d4d5da96
