[INFO] fetching crate test-fuzz 8.1.1...
[INFO] testing test-fuzz-8.1.1 against 1.100.0-beta.1+cargoflags=--release for beta-release-1.100-2
[INFO] extracting crate test-fuzz 8.1.1 into /workspace/builds/worker-5-tc2/source
[INFO] started tweaking crates.io crate test-fuzz 8.1.1
[INFO] removed 0 missing tests
[INFO] finished tweaking crates.io crate test-fuzz 8.1.1
[INFO] tweaked toml for crates.io crate test-fuzz 8.1.1 written to /workspace/builds/worker-5-tc2/source/Cargo.toml
[INFO] validating manifest of crates.io crate test-fuzz 8.1.1 on toolchain 1.100.0-beta.1
[INFO] running `Command { std: CARGO_HOME="/workspace/cargo-home" RUSTUP_HOME="/workspace/rustup-home" "/workspace/cargo-home/bin/cargo" "+1.100.0-beta.1" "metadata" "--manifest-path" "Cargo.toml" "--no-deps", kill_on_drop: false }`
[INFO] crate crates.io crate test-fuzz 8.1.1 already has a lockfile, it will not be regenerated
[INFO] running `Command { std: CARGO_HOME="/workspace/cargo-home" RUSTUP_HOME="/workspace/rustup-home" "/workspace/cargo-home/bin/cargo" "+1.100.0-beta.1" "fetch" "--manifest-path" "Cargo.toml", kill_on_drop: false }`
[INFO] [stderr] warning: Cargo.toml: `lints.clippy.cognitive-complexity` is deprecated in favor of `lints.clippy.cognitive_complexity` and will not work in a future edition
[INFO] [stderr] warning: Cargo.toml: `lints.clippy.missing-errors-doc` is deprecated in favor of `lints.clippy.missing_errors_doc` and will not work in a future edition
[INFO] [stderr] warning: Cargo.toml: `lints.clippy.missing-panics-doc` is deprecated in favor of `lints.clippy.missing_panics_doc` and will not work in a future edition
[INFO] [stderr] warning: Cargo.toml: `lints.clippy.multiple-bound-locations` is deprecated in favor of `lints.clippy.multiple_bound_locations` and will not work in a future edition
[INFO] [stderr] warning: Cargo.toml: `lints.clippy.option-if-let-else` is deprecated in favor of `lints.clippy.option_if_let_else` and will not work in a future edition
[INFO] [stderr] warning: Cargo.toml: `lints.clippy.redundant-pub-crate` is deprecated in favor of `lints.clippy.redundant_pub_crate` and will not work in a future edition
[INFO] [stderr] warning: Cargo.toml: `lints.clippy.result-large-err` is deprecated in favor of `lints.clippy.result_large_err` and will not work in a future edition
[INFO] [stderr] warning: Cargo.toml: `lints.clippy.struct-field-names` is deprecated in favor of `lints.clippy.struct_field_names` and will not work in a future edition
[INFO] [stderr] warning: `test-fuzz` (manifest) generated 8 warnings
[INFO] running `Command { std: "docker" "create" "-v" "/var/lib/crater-agent-workspace/builds/worker-5-tc2/source:/opt/rustwide/workdir:ro,Z" "-v" "/var/lib/crater-agent-workspace/builds/worker-5-tc2/target:/opt/rustwide/target:rw,Z" "-v" "/var/lib/crater-agent-workspace/cargo-home:/opt/rustwide/cargo-home:ro,Z" "-v" "/var/lib/crater-agent-workspace/rustup-home:/opt/rustwide/rustup-home:ro,Z" "-m" "1610612736" "--network" "none" "ghcr.io/rust-lang/crates-build-env/linux@sha256:77db811e55d90add9212f6832c23229e3de5f1c1f9905e8cb07319ea15df73ac" "sleep" "infinity", kill_on_drop: false }`
[INFO] [stdout] 658d2b2d7f58f08b818430abd3582af3b4ddde3437a0666af01b969db9131988
[INFO] running `Command { std: "docker" "start" "658d2b2d7f58f08b818430abd3582af3b4ddde3437a0666af01b969db9131988", kill_on_drop: false }`
[INFO] running `Command { std: "docker" "inspect" "658d2b2d7f58f08b818430abd3582af3b4ddde3437a0666af01b969db9131988", kill_on_drop: false }`
[INFO] running `Command { std: "docker" "exec" "-e" "SOURCE_DIR=/opt/rustwide/workdir" "-e" "CARGO_HOME=/opt/rustwide/cargo-home" "-e" "RUSTUP_HOME=/opt/rustwide/rustup-home" "-e" "CARGO_TARGET_DIR=/opt/rustwide/target" "-w" "/opt/rustwide/workdir" "--user" "0:0" "658d2b2d7f58f08b818430abd3582af3b4ddde3437a0666af01b969db9131988" "/opt/rustwide/cargo-home/bin/cargo" "+1.100.0-beta.1" "metadata" "--no-deps" "--format-version=1", kill_on_drop: false }`
[INFO] running `Command { std: "docker" "inspect" "658d2b2d7f58f08b818430abd3582af3b4ddde3437a0666af01b969db9131988", kill_on_drop: false }`
[INFO] running `Command { std: "docker" "exec" "-e" "SOURCE_DIR=/opt/rustwide/workdir" "-e" "CARGO_HOME=/opt/rustwide/cargo-home" "-e" "RUSTUP_HOME=/opt/rustwide/rustup-home" "-e" "CARGO_TARGET_DIR=/opt/rustwide/target" "-e" "CARGO_INCREMENTAL=0" "-e" "RUST_BACKTRACE=full" "-e" "RUSTFLAGS=--cap-lints=warn" "-e" "RUSTDOCFLAGS=--cap-lints=warn" "-w" "/opt/rustwide/workdir" "--user" "0:0" "658d2b2d7f58f08b818430abd3582af3b4ddde3437a0666af01b969db9131988" "/opt/rustwide/cargo-home/bin/cargo" "+1.100.0-beta.1" "build" "--frozen" "--message-format=json" "--release", kill_on_drop: false }`
[INFO] [stderr] warning: Cargo.toml: `lints.clippy.cognitive-complexity` is deprecated in favor of `lints.clippy.cognitive_complexity` and will not work in a future edition
[INFO] [stderr] warning: Cargo.toml: `lints.clippy.missing-errors-doc` is deprecated in favor of `lints.clippy.missing_errors_doc` and will not work in a future edition
[INFO] [stderr] warning: Cargo.toml: `lints.clippy.missing-panics-doc` is deprecated in favor of `lints.clippy.missing_panics_doc` and will not work in a future edition
[INFO] [stderr] warning: Cargo.toml: `lints.clippy.multiple-bound-locations` is deprecated in favor of `lints.clippy.multiple_bound_locations` and will not work in a future edition
[INFO] [stderr] warning: Cargo.toml: `lints.clippy.option-if-let-else` is deprecated in favor of `lints.clippy.option_if_let_else` and will not work in a future edition
[INFO] [stderr] warning: Cargo.toml: `lints.clippy.redundant-pub-crate` is deprecated in favor of `lints.clippy.redundant_pub_crate` and will not work in a future edition
[INFO] [stderr] warning: Cargo.toml: `lints.clippy.result-large-err` is deprecated in favor of `lints.clippy.result_large_err` and will not work in a future edition
[INFO] [stderr] warning: Cargo.toml: `lints.clippy.struct-field-names` is deprecated in favor of `lints.clippy.struct_field_names` and will not work in a future edition
[INFO] [stderr] warning: `test-fuzz` (manifest) generated 8 warnings
[INFO] [stderr]    Compiling proc-macro2 v1.0.107
[INFO] [stderr]    Compiling thiserror v2.0.19
[INFO] [stderr]    Compiling hybrid-array v0.4.14
[INFO] [stderr]    Compiling test-fuzz-internal v8.1.1
[INFO] [stderr]    Compiling prettyplease v0.3.0
[INFO] [stderr]    Compiling either v1.17.0
[INFO] [stderr]    Compiling test-fuzz v8.1.1 (/opt/rustwide/workdir)
[INFO] [stderr]    Compiling camino v1.2.5
[INFO] [stderr]    Compiling cargo-platform v0.3.3
[INFO] [stderr]    Compiling serde_json v1.0.151
[INFO] [stderr]    Compiling semver v1.0.28
[INFO] [stderr]    Compiling itertools v0.15.0
[INFO] [stderr]    Compiling quote v1.0.47
[INFO] [stderr]    Compiling syn v3.0.3
[INFO] [stderr]    Compiling crypto-common v0.2.2
[INFO] [stderr]    Compiling block-buffer v0.12.1
[INFO] [stderr]    Compiling digest v0.11.3
[INFO] [stderr]    Compiling sha1 v0.11.0
[INFO] [stderr]    Compiling darling_core v0.24.0
[INFO] [stderr]    Compiling serde_derive v1.0.229
[INFO] [stderr]    Compiling thiserror-impl v2.0.19
[INFO] [stderr]    Compiling cobs v0.3.0
[INFO] [stderr]    Compiling darling_macro v0.24.0
[INFO] [stderr]    Compiling darling v0.24.0
[INFO] [stderr]    Compiling test-fuzz-macro v8.1.1
[INFO] [stderr]    Compiling serde v1.0.229
[INFO] [stderr]    Compiling heapless v0.7.17
[INFO] [stderr]    Compiling cargo_metadata v0.23.1
[INFO] [stderr]    Compiling serde_combinators v0.1.0
[INFO] [stderr]    Compiling postcard v1.1.3
[INFO] [stderr]    Compiling test-fuzz-runtime v8.1.1
[INFO] [stderr]     Finished `release` profile [optimized] target(s) in 21.91s
[INFO] running `Command { std: "docker" "inspect" "658d2b2d7f58f08b818430abd3582af3b4ddde3437a0666af01b969db9131988", kill_on_drop: false }`
[INFO] running `Command { std: "docker" "exec" "-e" "SOURCE_DIR=/opt/rustwide/workdir" "-e" "CARGO_HOME=/opt/rustwide/cargo-home" "-e" "RUSTUP_HOME=/opt/rustwide/rustup-home" "-e" "CARGO_TARGET_DIR=/opt/rustwide/target" "-e" "CARGO_INCREMENTAL=0" "-e" "RUST_BACKTRACE=full" "-e" "RUSTFLAGS=--cap-lints=warn" "-e" "RUSTDOCFLAGS=--cap-lints=warn" "-w" "/opt/rustwide/workdir" "--user" "0:0" "658d2b2d7f58f08b818430abd3582af3b4ddde3437a0666af01b969db9131988" "/opt/rustwide/cargo-home/bin/cargo" "+1.100.0-beta.1" "test" "--frozen" "--no-run" "--message-format=json" "--release", kill_on_drop: false }`
[INFO] [stderr] warning: Cargo.toml: `lints.clippy.cognitive-complexity` is deprecated in favor of `lints.clippy.cognitive_complexity` and will not work in a future edition
[INFO] [stderr] warning: Cargo.toml: `lints.clippy.missing-errors-doc` is deprecated in favor of `lints.clippy.missing_errors_doc` and will not work in a future edition
[INFO] [stderr] warning: Cargo.toml: `lints.clippy.missing-panics-doc` is deprecated in favor of `lints.clippy.missing_panics_doc` and will not work in a future edition
[INFO] [stderr] warning: Cargo.toml: `lints.clippy.multiple-bound-locations` is deprecated in favor of `lints.clippy.multiple_bound_locations` and will not work in a future edition
[INFO] [stderr] warning: Cargo.toml: `lints.clippy.option-if-let-else` is deprecated in favor of `lints.clippy.option_if_let_else` and will not work in a future edition
[INFO] [stderr] warning: Cargo.toml: `lints.clippy.redundant-pub-crate` is deprecated in favor of `lints.clippy.redundant_pub_crate` and will not work in a future edition
[INFO] [stderr] warning: Cargo.toml: `lints.clippy.result-large-err` is deprecated in favor of `lints.clippy.result_large_err` and will not work in a future edition
[INFO] [stderr] warning: Cargo.toml: `lints.clippy.struct-field-names` is deprecated in favor of `lints.clippy.struct_field_names` and will not work in a future edition
[INFO] [stderr] warning: `test-fuzz` (manifest) generated 8 warnings
[INFO] [stderr]    Compiling aho-corasick v1.1.4
[INFO] [stderr]    Compiling float-cmp v0.10.0
[INFO] [stderr]    Compiling winnow v1.0.4
[INFO] [stderr]    Compiling unicode-segmentation v1.13.3
[INFO] [stderr]    Compiling assert_cmd v2.2.2
[INFO] [stderr]    Compiling console v0.16.4
[INFO] [stderr]    Compiling toml_writer v1.1.2+spec-1.1.0
[INFO] [stderr]    Compiling link-section v0.19.2
[INFO] [stderr]    Compiling linktime-proc-macro v0.2.2
[INFO] [stderr]    Compiling toml_datetime v1.1.1+spec-1.1.0
[INFO] [stderr]    Compiling lcov v0.8.2
[INFO] [stderr]    Compiling tempfile v3.27.0
[INFO] [stderr]    Compiling ctor v1.0.12
[INFO] [stderr]    Compiling similar v3.1.1
[INFO] [stderr]    Compiling regex-automata v0.4.16
[INFO] [stderr]    Compiling similar-asserts v2.0.0
[INFO] [stderr]    Compiling toml_parser v1.1.3+spec-1.1.0
[INFO] [stderr]    Compiling toml_edit v0.25.13+spec-1.1.0
[INFO] [stderr]    Compiling regex v1.13.1
[INFO] [stderr]    Compiling bstr v1.13.0
[INFO] [stderr]    Compiling predicates v3.1.4
[INFO] [stderr]    Compiling test-fuzz v8.1.1 (/opt/rustwide/workdir)
[INFO] [stdout] error[E0432]: unresolved import `testing`
[INFO] [stdout]  --> tests/integration/auto_generate.rs:3:5
[INFO] [stdout]   |
[INFO] [stdout] 3 | use testing::{LoggedAssert, fuzzable};
[INFO] [stdout]   |     ^^^^^^^ use of unresolved module or unlinked crate `testing`
[INFO] [stdout]   |
[INFO] [stdout]   = help: if you wanted to use a crate named `testing`, use `cargo add testing` to add it to your `Cargo.toml`
[INFO] [stdout] 
[INFO] [stdout] 
[INFO] [stdout] error[E0432]: unresolved import `testing`
[INFO] [stdout]   --> tests/integration/ci.rs:13:5
[INFO] [stdout]    |
[INFO] [stdout] 13 | use testing::LoggedAssert;
[INFO] [stdout]    |     ^^^^^^^ use of unresolved module or unlinked crate `testing`
[INFO] [stdout]    |
[INFO] [stdout]    = help: if you wanted to use a crate named `testing`, use `cargo add testing` to add it to your `Cargo.toml`
[INFO] [stdout] 
[INFO] [stdout] 
[INFO] [stdout] error[E0433]: cannot find module or crate `testing` in this scope
[INFO] [stdout]  --> tests/integration/conversion.rs:3:5
[INFO] [stdout]   |
[INFO] [stdout] 3 | use testing::{LoggedAssert, fuzzable::MANIFEST_PATH};
[INFO] [stdout]   |     ^^^^^^^ use of unresolved module or unlinked crate `testing`
[INFO] [stdout]   |
[INFO] [stdout]   = help: if you wanted to use a crate named `testing`, use `cargo add testing` to add it to your `Cargo.toml`
[INFO] [stdout] 
[INFO] [stdout] 
[INFO] [stdout] error[E0432]: unresolved import `testing`
[INFO] [stdout]  --> tests/integration/conversion.rs:3:5
[INFO] [stdout]   |
[INFO] [stdout] 3 | use testing::{LoggedAssert, fuzzable::MANIFEST_PATH};
[INFO] [stdout]   |     ^^^^^^^ use of unresolved module or unlinked crate `testing`
[INFO] [stdout]   |
[INFO] [stdout]   = help: if you wanted to use a crate named `testing`, use `cargo add testing` to add it to your `Cargo.toml`
[INFO] [stdout] 
[INFO] [stdout] 
[INFO] [stdout] error[E0432]: unresolved import `testing`
[INFO] [stdout]  --> tests/integration/default.rs:3:5
[INFO] [stdout]   |
[INFO] [stdout] 3 | use testing::{LoggedAssert, fuzzable};
[INFO] [stdout]   |     ^^^^^^^ use of unresolved module or unlinked crate `testing`
[INFO] [stdout]   |
[INFO] [stdout]   = help: if you wanted to use a crate named `testing`, use `cargo add testing` to add it to your `Cargo.toml`
[INFO] [stdout] 
[INFO] [stdout] 
[INFO] [stdout] error[E0433]: cannot find module or crate `testing` in this scope
[INFO] [stdout]   --> tests/integration/in_production.rs:91:9
[INFO] [stdout]    |
[INFO] [stdout] 91 |     use testing::fuzzable::test_fuzz_all;
[INFO] [stdout]    |         ^^^^^^^ use of unresolved module or unlinked crate `testing`
[INFO] [stdout]    |
[INFO] [stdout]    = help: if you wanted to use a crate named `testing`, use `cargo add testing` to add it to your `Cargo.toml`
[INFO] [stdout] 
[INFO] [stdout] 
[INFO] [stdout] error[E0432]: unresolved import `testing`
[INFO] [stdout]   --> tests/integration/in_production.rs:10:5
[INFO] [stdout]    |
[INFO] [stdout] 10 | use testing::LoggedAssert;
[INFO] [stdout]    |     ^^^^^^^ use of unresolved module or unlinked crate `testing`
[INFO] [stdout]    |
[INFO] [stdout]    = help: if you wanted to use a crate named `testing`, use `cargo add testing` to add it to your `Cargo.toml`
[INFO] [stdout] 
[INFO] [stdout] 
[INFO] [stdout] error[E0433]: cannot find module or crate `testing` in this scope
[INFO] [stdout]  --> tests/integration/link.rs:4:5
[INFO] [stdout]   |
[INFO] [stdout] 4 | use testing::{LoggedAssert, fuzzable::MANIFEST_PATH};
[INFO] [stdout]   |     ^^^^^^^ use of unresolved module or unlinked crate `testing`
[INFO] [stdout]   |
[INFO] [stdout]   = help: if you wanted to use a crate named `testing`, use `cargo add testing` to add it to your `Cargo.toml`
[INFO] [stdout] 
[INFO] [stdout] 
[INFO] [stdout] error[E0432]: unresolved import `testing`
[INFO] [stdout]  --> tests/integration/link.rs:4:5
[INFO] [stdout]   |
[INFO] [stdout] 4 | use testing::{LoggedAssert, fuzzable::MANIFEST_PATH};
[INFO] [stdout]   |     ^^^^^^^ use of unresolved module or unlinked crate `testing`
[INFO] [stdout]   |
[INFO] [stdout]   = help: if you wanted to use a crate named `testing`, use `cargo add testing` to add it to your `Cargo.toml`
[INFO] [stdout] 
[INFO] [stdout] 
[INFO] [stdout] error[E0433]: cannot find module or crate `testing` in this scope
[INFO] [stdout]  --> tests/integration/rename.rs:3:5
[INFO] [stdout]   |
[INFO] [stdout] 3 | use testing::{LoggedAssert, fuzzable::MANIFEST_PATH};
[INFO] [stdout]   |     ^^^^^^^ use of unresolved module or unlinked crate `testing`
[INFO] [stdout]   |
[INFO] [stdout]   = help: if you wanted to use a crate named `testing`, use `cargo add testing` to add it to your `Cargo.toml`
[INFO] [stdout] 
[INFO] [stdout] 
[INFO] [stdout] error[E0432]: unresolved import `testing`
[INFO] [stdout]  --> tests/integration/rename.rs:3:5
[INFO] [stdout]   |
[INFO] [stdout] 3 | use testing::{LoggedAssert, fuzzable::MANIFEST_PATH};
[INFO] [stdout]   |     ^^^^^^^ use of unresolved module or unlinked crate `testing`
[INFO] [stdout]   |
[INFO] [stdout]   = help: if you wanted to use a crate named `testing`, use `cargo add testing` to add it to your `Cargo.toml`
[INFO] [stdout] 
[INFO] [stdout] 
[INFO] [stdout] error[E0433]: cannot find module or crate `testing` in this scope
[INFO] [stdout]  --> tests/integration/self_ty_in_mod_name.rs:3:5
[INFO] [stdout]   |
[INFO] [stdout] 3 | use testing::{LoggedAssert, fuzzable::MANIFEST_PATH};
[INFO] [stdout]   |     ^^^^^^^ use of unresolved module or unlinked crate `testing`
[INFO] [stdout]   |
[INFO] [stdout]   = help: if you wanted to use a crate named `testing`, use `cargo add testing` to add it to your `Cargo.toml`
[INFO] [stdout] 
[INFO] [stdout] 
[INFO] [stdout] error[E0432]: unresolved import `testing`
[INFO] [stdout]  --> tests/integration/self_ty_in_mod_name.rs:3:5
[INFO] [stdout]   |
[INFO] [stdout] 3 | use testing::{LoggedAssert, fuzzable::MANIFEST_PATH};
[INFO] [stdout]   |     ^^^^^^^ use of unresolved module or unlinked crate `testing`
[INFO] [stdout]   |
[INFO] [stdout]   = help: if you wanted to use a crate named `testing`, use `cargo add testing` to add it to your `Cargo.toml`
[INFO] [stdout] 
[INFO] [stdout] 
[INFO] [stdout] error[E0432]: unresolved import `testing`
[INFO] [stdout]  --> tests/integration/serde_format.rs:6:5
[INFO] [stdout]   |
[INFO] [stdout] 6 | use testing::{LoggedAssert, fuzzable};
[INFO] [stdout]   |     ^^^^^^^ use of unresolved module or unlinked crate `testing`
[INFO] [stdout]   |
[INFO] [stdout]   = help: if you wanted to use a crate named `testing`, use `cargo add testing` to add it to your `Cargo.toml`
[INFO] [stdout] 
[INFO] [stdout] 
[INFO] [stdout] error[E0433]: cannot find module or crate `testing` in this scope
[INFO] [stdout]  --> tests/integration/test_fuzz_log.rs:3:5
[INFO] [stdout]   |
[INFO] [stdout] 3 | use testing::{LoggedAssert, fuzzable::MANIFEST_PATH};
[INFO] [stdout]   |     ^^^^^^^ use of unresolved module or unlinked crate `testing`
[INFO] [stdout]   |
[INFO] [stdout]   = help: if you wanted to use a crate named `testing`, use `cargo add testing` to add it to your `Cargo.toml`
[INFO] [stdout] 
[INFO] [stdout] 
[INFO] [stdout] error[E0432]: unresolved import `testing`
[INFO] [stdout]  --> tests/integration/test_fuzz_log.rs:3:5
[INFO] [stdout]   |
[INFO] [stdout] 3 | use testing::{LoggedAssert, fuzzable::MANIFEST_PATH};
[INFO] [stdout]   |     ^^^^^^^ use of unresolved module or unlinked crate `testing`
[INFO] [stdout]   |
[INFO] [stdout]   = help: if you wanted to use a crate named `testing`, use `cargo add testing` to add it to your `Cargo.toml`
[INFO] [stdout] 
[INFO] [stdout] 
[INFO] [stdout] error[E0599]: no method named `logged_assert` found for mutable reference `&mut std::process::Command` in the current scope
[INFO] [stdout]   --> tests/integration/ci.rs:21:10
[INFO] [stdout]    |
[INFO] [stdout] 18 |     Command::new("cargo")
[INFO] [stdout] 19 |         .args(["clippy", "--all-targets", "--", "--deny=warnings"])
[INFO] [stdout] 20 |         .current_dir("..")
[INFO] [stdout] 21 |         .logged_assert()
[INFO] [stdout]    |          ^^^^^^^^^^^^^ method not found in `&mut std::process::Command`
[INFO] [stdout] 
[INFO] [stdout] 
[INFO] [stdout] error[E0599]: no method named `logged_assert` found for mutable reference `&mut std::process::Command` in the current scope
[INFO] [stdout]   --> tests/integration/ci.rs:38:10
[INFO] [stdout]    |
[INFO] [stdout] 28 |     Command::new("cargo")
[INFO] [stdout] 29 |         .args(["clippy", "--all-targets", "--", "--deny=warnings"])
[INFO] [stdout] 30 |         .env(
[INFO] [stdout] 31 |             "CLIPPY_CONF_DIR",
[INFO] [stdout] 32 |             concat!(
[INFO] [stdout] 33 |                 env!("CARGO_MANIFEST_DIR"),
[INFO] [stdout] 34 |                 "/../cargo-test-fuzz/clippy_conf"
[INFO] [stdout] 35 |             ),
[INFO] [stdout] 36 |         )
[INFO] [stdout] 37 |         .current_dir("../cargo-test-fuzz")
[INFO] [stdout] 38 |         .logged_assert()
[INFO] [stdout]    |          ^^^^^^^^^^^^^ method not found in `&mut std::process::Command`
[INFO] [stdout] 
[INFO] [stdout] 
[INFO] [stdout] error[E0599]: no method named `logged_assert` found for mutable reference `&mut std::process::Command` in the current scope
[INFO] [stdout]   --> tests/integration/ci.rs:48:10
[INFO] [stdout]    |
[INFO] [stdout] 44 |     Command::new("cargo")
[INFO] [stdout] 45 |         .args(["dylint", "--all", "--", "--all-targets"])
[INFO] [stdout] 46 |         .env("DYLINT_RUSTFLAGS", "--deny warnings")
[INFO] [stdout] 47 |         .current_dir("..")
[INFO] [stdout] 48 |         .logged_assert()
[INFO] [stdout]    |          ^^^^^^^^^^^^^ method not found in `&mut std::process::Command`
[INFO] [stdout] 
[INFO] [stdout] 
[INFO] [stdout] error[E0599]: no method named `logged_assert` found for mutable reference `&mut std::process::Command` in the current scope
[INFO] [stdout]   --> tests/integration/ci.rs:57:10
[INFO] [stdout]    |
[INFO] [stdout] 54 |     Command::new("cargo")
[INFO] [stdout] 55 |         .args(["+nightly", "fmt", "--check"])
[INFO] [stdout] 56 |         .current_dir("..")
[INFO] [stdout] 57 |         .logged_assert()
[INFO] [stdout]    |          ^^^^^^^^^^^^^ method not found in `&mut std::process::Command`
[INFO] [stdout] 
[INFO] [stdout] 
[INFO] [stdout] error[E0599]: no method named `logged_assert` found for mutable reference `&mut std::process::Command` in the current scope
[INFO] [stdout]   --> tests/integration/ci.rs:70:14
[INFO] [stdout]    |
[INFO] [stdout] 67 |         &Command::new("cargo")
[INFO] [stdout] 68 |             .arg("license")
[INFO] [stdout] 69 |             .current_dir("..")
[INFO] [stdout] 70 |             .logged_assert()
[INFO] [stdout]    |              ^^^^^^^^^^^^^ method not found in `&mut std::process::Command`
[INFO] [stdout] 
[INFO] [stdout] 
[INFO] [stdout] error[E0599]: no method named `logged_assert` found for mutable reference `&mut std::process::Command` in the current scope
[INFO] [stdout]   --> tests/integration/ci.rs:95:10
[INFO] [stdout]    |
[INFO] [stdout] 92 |     Command::new("npm")
[INFO] [stdout] 93 |         .args(["install", "markdown-link-check"])
[INFO] [stdout] 94 |         .current_dir(&tempdir)
[INFO] [stdout] 95 |         .logged_assert()
[INFO] [stdout]    |          ^^^^^^^^^^^^^ method not found in `&mut std::process::Command`
[INFO] [stdout] 
[INFO] [stdout] 
[INFO] [stdout] error[E0599]: no method named `logged_assert` found for mutable reference `&mut std::process::Command` in the current scope
[INFO] [stdout]    --> tests/integration/ci.rs:103:10
[INFO] [stdout]     |
[INFO] [stdout] 100 |     Command::new("npx")
[INFO] [stdout] 101 |         .args(["markdown-link-check", readme_md.to_str().unwrap()])
[INFO] [stdout] 102 |         .current_dir(&tempdir)
[INFO] [stdout] 103 |         .logged_assert()
[INFO] [stdout]     |          ^^^^^^^^^^^^^ method not found in `&mut std::process::Command`
[INFO] [stdout] 
[INFO] [stdout] 
[INFO] [stdout] error[E0599]: no method named `logged_assert` found for mutable reference `&mut std::process::Command` in the current scope
[INFO] [stdout]    --> tests/integration/ci.rs:118:10
[INFO] [stdout]     |
[INFO] [stdout] 109 |     Command::new("prettier")
[INFO] [stdout] 110 |         .args([
[INFO] [stdout] 111 |             "--check",
[INFO] [stdout] 112 |             "**/*.json",
[INFO] [stdout] 113 |             "**/*.md",
[INFO] [stdout] 114 |             "**/*.yml",
[INFO] [stdout] 115 |             "!test-fuzz/tests/supply_chain.json",
[INFO] [stdout] 116 |         ])
[INFO] [stdout] 117 |         .current_dir("..")
[INFO] [stdout] 118 |         .logged_assert()
[INFO] [stdout]     |          ^^^^^^^^^^^^^ method not found in `&mut std::process::Command`
[INFO] [stdout] 
[INFO] [stdout] 
[INFO] [stdout] error[E0599]: no method named `logged_assert` found for mutable reference `&mut std::process::Command` in the current scope
[INFO] [stdout]    --> tests/integration/ci.rs:130:10
[INFO] [stdout]     |
[INFO] [stdout] 127 |     let assert = Command::new("cargo")
[INFO] [stdout] 128 |         .args(["run", "--bin=cargo-test-fuzz", "--", "test-fuzz", "--help"])
[INFO] [stdout] 129 |         .current_dir("..")
[INFO] [stdout] 130 |         .logged_assert()
[INFO] [stdout]     |          ^^^^^^^^^^^^^ method not found in `&mut std::process::Command`
[INFO] [stdout] 
[INFO] [stdout] 
[INFO] [stdout] error[E0599]: no method named `logged_assert` found for mutable reference `&mut std::process::Command` in the current scope
[INFO] [stdout]    --> tests/integration/ci.rs:192:18
[INFO] [stdout]     |
[INFO] [stdout] 190 |             Command::new("shellcheck")
[INFO] [stdout] 191 |                 .args(["--exclude=SC2002", &path.to_string_lossy()])
[INFO] [stdout] 192 |                 .logged_assert()
[INFO] [stdout]     |                  ^^^^^^^^^^^^^ method not found in `&mut std::process::Command`
[INFO] [stdout] 
[INFO] [stdout] 
[INFO] [stdout] error[E0599]: no method named `logged_assert` found for mutable reference `&mut std::process::Command` in the current scope
[INFO] [stdout]    --> tests/integration/ci.rs:347:10
[INFO] [stdout]     |
[INFO] [stdout] 339 |     Command::new("cargo")
[INFO] [stdout] 340 |         .args([
[INFO] [stdout] 341 |             "+nightly",
[INFO] [stdout] 342 |             "udeps",
[INFO] [stdout] 343 |             "--features=test-install",
[INFO] [stdout] 344 |             "--all-targets",
[INFO] [stdout] 345 |         ])
[INFO] [stdout] 346 |         .current_dir("..")
[INFO] [stdout] 347 |         .logged_assert()
[INFO] [stdout]     |          ^^^^^^^^^^^^^ method not found in `&mut std::process::Command`
[INFO] [stdout] 
[INFO] [stdout] 
[INFO] [stdout] error[E0599]: no method named `logged_assert` found for mutable reference `&mut std::process::Command` in the current scope
[INFO] [stdout]    --> tests/integration/ci.rs:355:10
[INFO] [stdout]     |
[INFO] [stdout] 353 |     Command::new("cargo")
[INFO] [stdout] 354 |         .args(["unmaintained", "--color=never", "--fail-fast"])
[INFO] [stdout] 355 |         .logged_assert()
[INFO] [stdout]     |          ^^^^^^^^^^^^^ method not found in `&mut std::process::Command`
[INFO] [stdout] 
[INFO] [stdout] 
[INFO] [stdout] error[E0599]: no method named `logged_assert` found for struct `std::process::Command` in the current scope
[INFO] [stdout]  --> tests/integration/conversion.rs:9:13
[INFO] [stdout]   |
[INFO] [stdout] 9 |     command.logged_assert().success();
[INFO] [stdout]   |             ^^^^^^^^^^^^^ method not found in `std::process::Command`
[INFO] [stdout] 
[INFO] [stdout] 
[INFO] [stdout] error[E0599]: no method named `logged_assert` found for mutable reference `&mut std::process::Command` in the current scope
[INFO] [stdout]   --> tests/integration/conversion.rs:13:10
[INFO] [stdout]    |
[INFO] [stdout] 11 |     command
[INFO] [stdout] 12 |         .args(["--features", "__inapplicable_conversion"])
[INFO] [stdout] 13 |         .logged_assert()
[INFO] [stdout]    |          ^^^^^^^^^^^^^ method not found in `&mut std::process::Command`
[INFO] [stdout] 
[INFO] [stdout] 
[INFO] [stdout] error[E0599]: no method named `logged_assert` found for mutable reference `&mut std::process::Command` in the current scope
[INFO] [stdout]   --> tests/integration/in_production.rs:68:10
[INFO] [stdout]    |
[INFO] [stdout] 65 |     command
[INFO] [stdout] 66 |         .current_dir("/tmp")
[INFO] [stdout] 67 |         .envs(envs)
[INFO] [stdout] 68 |         .logged_assert()
[INFO] [stdout]    |          ^^^^^^^^^^^^^ method not found in `&mut std::process::Command`
[INFO] [stdout] 
[INFO] [stdout] 
[INFO] [stdout] error[E0599]: no method named `logged_assert` found for mutable reference `&mut std::process::Command` in the current scope
[INFO] [stdout]   --> tests/integration/link.rs:18:10
[INFO] [stdout]    |
[INFO] [stdout] 10 |     Command::new("cargo")
[INFO] [stdout] 11 |         .args([
[INFO] [stdout] 12 |             "build",
[INFO] [stdout] 13 |             "--manifest-path",
[INFO] [stdout] 14 |             MANIFEST_PATH,
[INFO] [stdout] 15 |             "--features",
[INFO] [stdout] 16 |             &("test-fuzz/".to_owned() + test_fuzz::serde_format::as_feature()),
[INFO] [stdout] 17 |         ])
[INFO] [stdout] 18 |         .logged_assert()
[INFO] [stdout]    |          ^^^^^^^^^^^^^ method not found in `&mut std::process::Command`
[INFO] [stdout] 
[INFO] [stdout] 
[INFO] [stdout] error[E0599]: no method named `logged_assert` found for mutable reference `&mut std::process::Command` in the current scope
[INFO] [stdout]   --> tests/integration/link.rs:33:10
[INFO] [stdout]    |
[INFO] [stdout] 28 |     Command::new("nm")
[INFO] [stdout] 29 |         .args([target_directory(false, false)
[INFO] [stdout] 30 |             .join("debug/hello-world")
[INFO] [stdout] 31 |             .to_string_lossy()
[INFO] [stdout] 32 |             .to_string()])
[INFO] [stdout] 33 |         .logged_assert()
[INFO] [stdout]    |          ^^^^^^^^^^^^^ method not found in `&mut std::process::Command`
[INFO] [stdout] 
[INFO] [stdout] 
[INFO] [stdout] error[E0599]: no method named `logged_assert` found for struct `std::process::Command` in the current scope
[INFO] [stdout]  --> tests/integration/rename.rs:9:13
[INFO] [stdout]   |
[INFO] [stdout] 9 |     command.logged_assert().success();
[INFO] [stdout]   |             ^^^^^^^^^^^^^ method not found in `std::process::Command`
[INFO] [stdout] 
[INFO] [stdout] 
[INFO] [stdout] error[E0599]: no method named `logged_assert` found for mutable reference `&mut std::process::Command` in the current scope
[INFO] [stdout]   --> tests/integration/rename.rs:13:10
[INFO] [stdout]    |
[INFO] [stdout] 11 |     command
[INFO] [stdout] 12 |         .args(["--features", "__bar_fuzz"])
[INFO] [stdout] 13 |         .logged_assert()
[INFO] [stdout]    |          ^^^^^^^^^^^^^ method not found in `&mut std::process::Command`
[INFO] [stdout] 
[INFO] [stdout] 
[INFO] [stdout] error[E0599]: no method named `logged_assert` found for struct `std::process::Command` in the current scope
[INFO] [stdout]  --> tests/integration/self_ty_in_mod_name.rs:9:13
[INFO] [stdout]   |
[INFO] [stdout] 9 |     command.logged_assert().success();
[INFO] [stdout]   |             ^^^^^^^^^^^^^ method not found in `std::process::Command`
[INFO] [stdout] 
[INFO] [stdout] 
[INFO] [stdout] error[E0599]: no method named `logged_assert` found for mutable reference `&mut std::process::Command` in the current scope
[INFO] [stdout]   --> tests/integration/self_ty_in_mod_name.rs:18:10
[INFO] [stdout]    |
[INFO] [stdout] 16 |     command
[INFO] [stdout] 17 |         .args(["--features=__self_ty_conflict"])
[INFO] [stdout] 18 |         .logged_assert()
[INFO] [stdout]    |          ^^^^^^^^^^^^^ method not found in `&mut std::process::Command`
[INFO] [stdout] 
[INFO] [stdout] 
[INFO] [stdout] error[E0599]: no method named `logged_assert` found for mutable reference `&mut std::process::Command` in the current scope
[INFO] [stdout]   --> tests/integration/test_fuzz_log.rs:19:10
[INFO] [stdout]    |
[INFO] [stdout]  8 |     Command::new("cargo")
[INFO] [stdout]  9 |         .env("TEST_FUZZ_LOG", "1")
[INFO] [stdout] 10 |         .args([
[INFO] [stdout] 11 |             "test",
[INFO] [stdout] 12 |             "--manifest-path",
[INFO] [stdout] 13 |             MANIFEST_PATH,
[INFO] [stdout] 14 |             "--no-run",
[INFO] [stdout] 15 |             "--features",
[INFO] [stdout] 16 |             &("test-fuzz/".to_owned() + test_fuzz::serde_format::as_feature()),
[INFO] [stdout] 17 |             "--test=parse_duration",
[INFO] [stdout] 18 |         ])
[INFO] [stdout] 19 |         .logged_assert()
[INFO] [stdout]    |          ^^^^^^^^^^^^^ method not found in `&mut std::process::Command`
[INFO] [stdout] 
[INFO] [stdout] 
[INFO] [stdout] Some errors have detailed explanations: E0432, E0433, E0599.
[INFO] [stdout] 
[INFO] [stdout] For more information about an error, try `rustc --explain E0432`.
[INFO] [stdout] 
[INFO] [stderr] error: could not compile `test-fuzz` (test "integration") due to 38 previous errors
[INFO] running `Command { std: "docker" "inspect" "658d2b2d7f58f08b818430abd3582af3b4ddde3437a0666af01b969db9131988", kill_on_drop: false }`
[INFO] running `Command { std: "docker" "rm" "-f" "658d2b2d7f58f08b818430abd3582af3b4ddde3437a0666af01b969db9131988", kill_on_drop: false }`
[INFO] [stdout] 658d2b2d7f58f08b818430abd3582af3b4ddde3437a0666af01b969db9131988
