[INFO] fetching crate test-foo-bar-ml-dsa 0.0.9...
[INFO] testing test-foo-bar-ml-dsa-0.0.9 against 1.99.0-beta.8+cargoflags=--release for beta-release-1.100-2
[INFO] extracting crate test-foo-bar-ml-dsa 0.0.9 into /workspace/builds/worker-5-tc1/source
[INFO] started tweaking crates.io crate test-foo-bar-ml-dsa 0.0.9
[INFO] removed 0 missing examples
[INFO] removed 0 missing tests
[INFO] finished tweaking crates.io crate test-foo-bar-ml-dsa 0.0.9
[INFO] tweaked toml for crates.io crate test-foo-bar-ml-dsa 0.0.9 written to /workspace/builds/worker-5-tc1/source/Cargo.toml
[INFO] validating manifest of crates.io crate test-foo-bar-ml-dsa 0.0.9 on toolchain 1.99.0-beta.8
[INFO] running `Command { std: CARGO_HOME="/workspace/cargo-home" RUSTUP_HOME="/workspace/rustup-home" "/workspace/cargo-home/bin/cargo" "+1.99.0-beta.8" "metadata" "--manifest-path" "Cargo.toml" "--no-deps", kill_on_drop: false }`
[INFO] crate crates.io crate test-foo-bar-ml-dsa 0.0.9 already has a lockfile, it will not be regenerated
[INFO] running `Command { std: CARGO_HOME="/workspace/cargo-home" RUSTUP_HOME="/workspace/rustup-home" "/workspace/cargo-home/bin/cargo" "+1.99.0-beta.8" "fetch" "--manifest-path" "Cargo.toml", kill_on_drop: false }`
[INFO] [stderr]     Updating crates.io index
[INFO] [stderr]  Downloading crates ...
[INFO] [stderr]   Downloaded test-foo-bar-traits v0.0.7
[INFO] [stderr]   Downloaded hax-lib-macros v0.3.6
[INFO] [stderr]   Downloaded test-foo-bar-secrets v0.0.5
[INFO] [stderr]   Downloaded test-foo-bar-macros v0.0.4
[INFO] [stderr]   Downloaded pqcrypto-traits v0.3.5
[INFO] [stderr]   Downloaded pqcrypto-internals v0.2.11
[INFO] [stderr]   Downloaded hax-lib-macros-types v0.3.6
[INFO] [stderr]   Downloaded test-foo-bar-platform v0.0.4
[INFO] [stderr]   Downloaded test-foo-bar-sha3 v0.0.10
[INFO] [stderr]   Downloaded test-foo-bar-intrinsics v0.0.8
[INFO] [stderr]   Downloaded test-foo-bar-core-models v0.0.7
[INFO] [stderr]   Downloaded hax-lib v0.3.6
[INFO] [stderr]   Downloaded pqcrypto-mldsa v0.1.2
[INFO] running `Command { std: "docker" "create" "-v" "/var/lib/crater-agent-workspace/builds/worker-5-tc1/source:/opt/rustwide/workdir:ro,Z" "-v" "/var/lib/crater-agent-workspace/builds/worker-5-tc1/target:/opt/rustwide/target:rw,Z" "-v" "/var/lib/crater-agent-workspace/cargo-home:/opt/rustwide/cargo-home:ro,Z" "-v" "/var/lib/crater-agent-workspace/rustup-home:/opt/rustwide/rustup-home:ro,Z" "-m" "1610612736" "--network" "none" "ghcr.io/rust-lang/crates-build-env/linux@sha256:77db811e55d90add9212f6832c23229e3de5f1c1f9905e8cb07319ea15df73ac" "sleep" "infinity", kill_on_drop: false }`
[INFO] [stdout] d3d8184338e8bbaea43bf6f8bcf2b42dffc4d568f5e211b835d7100ca5ce3032
[INFO] running `Command { std: "docker" "start" "d3d8184338e8bbaea43bf6f8bcf2b42dffc4d568f5e211b835d7100ca5ce3032", kill_on_drop: false }`
[INFO] running `Command { std: "docker" "inspect" "d3d8184338e8bbaea43bf6f8bcf2b42dffc4d568f5e211b835d7100ca5ce3032", kill_on_drop: false }`
[INFO] running `Command { std: "docker" "exec" "-e" "SOURCE_DIR=/opt/rustwide/workdir" "-e" "CARGO_HOME=/opt/rustwide/cargo-home" "-e" "RUSTUP_HOME=/opt/rustwide/rustup-home" "-e" "CARGO_TARGET_DIR=/opt/rustwide/target" "-w" "/opt/rustwide/workdir" "--user" "0:0" "d3d8184338e8bbaea43bf6f8bcf2b42dffc4d568f5e211b835d7100ca5ce3032" "/opt/rustwide/cargo-home/bin/cargo" "+1.99.0-beta.8" "metadata" "--no-deps" "--format-version=1", kill_on_drop: false }`
[INFO] running `Command { std: "docker" "inspect" "d3d8184338e8bbaea43bf6f8bcf2b42dffc4d568f5e211b835d7100ca5ce3032", kill_on_drop: false }`
[INFO] running `Command { std: "docker" "exec" "-e" "SOURCE_DIR=/opt/rustwide/workdir" "-e" "CARGO_HOME=/opt/rustwide/cargo-home" "-e" "RUSTUP_HOME=/opt/rustwide/rustup-home" "-e" "CARGO_TARGET_DIR=/opt/rustwide/target" "-e" "CARGO_INCREMENTAL=0" "-e" "RUST_BACKTRACE=full" "-e" "RUSTFLAGS=--cap-lints=warn" "-e" "RUSTDOCFLAGS=--cap-lints=warn" "-w" "/opt/rustwide/workdir" "--user" "0:0" "d3d8184338e8bbaea43bf6f8bcf2b42dffc4d568f5e211b835d7100ca5ce3032" "/opt/rustwide/cargo-home/bin/cargo" "+1.99.0-beta.8" "build" "--frozen" "--message-format=json" "--release", kill_on_drop: false }`
[INFO] [stderr]    Compiling syn v2.0.117
[INFO] [stderr]    Compiling hax-lib v0.3.6
[INFO] [stderr]    Compiling test-foo-bar-intrinsics v0.0.8
[INFO] [stderr]    Compiling test-foo-bar-sha3 v0.0.10
[INFO] [stderr]    Compiling test-foo-bar-ml-dsa v0.0.9 (/opt/rustwide/workdir)
[INFO] [stderr]    Compiling rand v0.10.1
[INFO] [stderr]    Compiling test-foo-bar-platform v0.0.4
[INFO] [stderr]    Compiling hax-lib-macros v0.3.6
[INFO] [stderr]    Compiling test-foo-bar-macros v0.0.4
[INFO] [stderr]    Compiling test-foo-bar-secrets v0.0.5
[INFO] [stderr]    Compiling test-foo-bar-traits v0.0.7
[INFO] [stderr]     Finished `release` profile [optimized] target(s) in 51.00s
[INFO] running `Command { std: "docker" "inspect" "d3d8184338e8bbaea43bf6f8bcf2b42dffc4d568f5e211b835d7100ca5ce3032", kill_on_drop: false }`
[INFO] running `Command { std: "docker" "exec" "-e" "SOURCE_DIR=/opt/rustwide/workdir" "-e" "CARGO_HOME=/opt/rustwide/cargo-home" "-e" "RUSTUP_HOME=/opt/rustwide/rustup-home" "-e" "CARGO_TARGET_DIR=/opt/rustwide/target" "-e" "CARGO_INCREMENTAL=0" "-e" "RUST_BACKTRACE=full" "-e" "RUSTFLAGS=--cap-lints=warn" "-e" "RUSTDOCFLAGS=--cap-lints=warn" "-w" "/opt/rustwide/workdir" "--user" "0:0" "d3d8184338e8bbaea43bf6f8bcf2b42dffc4d568f5e211b835d7100ca5ce3032" "/opt/rustwide/cargo-home/bin/cargo" "+1.99.0-beta.8" "test" "--frozen" "--no-run" "--message-format=json" "--release", kill_on_drop: false }`
[INFO] [stderr]    Compiling cc v1.2.62
[INFO] [stderr]    Compiling zerocopy v0.8.48
[INFO] [stderr]    Compiling serde_derive v1.0.228
[INFO] [stderr]    Compiling zerocopy-derive v0.8.48
[INFO] [stderr]    Compiling getrandom v0.4.2
[INFO] [stderr]    Compiling chacha20 v0.10.0
[INFO] [stderr]    Compiling glob v0.3.3
[INFO] [stderr]    Compiling serde_json v1.0.150
[INFO] [stderr]    Compiling getrandom v0.3.4
[INFO] [stderr]    Compiling itertools v0.13.0
[INFO] [stderr]    Compiling clap v4.6.1
[INFO] [stderr]    Compiling page_size v0.6.0
[INFO] [stderr]    Compiling pqcrypto-traits v0.3.5
[INFO] [stderr]    Compiling rand v0.10.1
[INFO] [stderr]    Compiling pqcrypto-internals v0.2.11
[INFO] [stderr]    Compiling alloca v0.4.0
[INFO] [stderr]    Compiling pqcrypto-mldsa v0.1.2
[INFO] [stderr]    Compiling test-foo-bar-traits v0.0.7
[INFO] [stderr]    Compiling test-foo-bar-sha3 v0.0.10
[INFO] [stderr]    Compiling test-foo-bar-ml-dsa v0.0.9 (/opt/rustwide/workdir)
[INFO] [stderr]    Compiling criterion-plot v0.8.2
[INFO] [stderr]    Compiling serde v1.0.228
[INFO] [stderr]    Compiling tinytemplate v1.2.1
[INFO] [stderr]    Compiling hex v0.4.3
[INFO] [stderr]    Compiling half v2.7.1
[INFO] [stderr]    Compiling ciborium-ll v0.2.2
[INFO] [stderr]    Compiling ciborium v0.2.2
[INFO] [stderr]    Compiling criterion v0.8.2
[INFO] [stdout] error[E0433]: cannot find module or crate `test_foo_bar_kats` in this scope
[INFO] [stdout]  --> tests/wycheproof_verify.rs:9:5
[INFO] [stdout]   |
[INFO] [stdout] 9 | use test_foo_bar_kats::wycheproof::mldsa::{verify_schema::*, MlDsaVerifyTests, ParameterSet};
[INFO] [stdout]   |     ^^^^^^^^^^^^^^^^^ use of unresolved module or unlinked crate `test_foo_bar_kats`
[INFO] [stdout]   |
[INFO] [stdout] help: there is a crate or module with a similar name
[INFO] [stdout]   |
[INFO] [stdout] 9 - use test_foo_bar_kats::wycheproof::mldsa::{verify_schema::*, MlDsaVerifyTests, ParameterSet};
[INFO] [stdout] 9 + use test_foo_bar_macros::wycheproof::mldsa::{verify_schema::*, MlDsaVerifyTests, ParameterSet};
[INFO] [stdout]   |
[INFO] [stdout] 
[INFO] [stdout] 
[INFO] [stdout] error[E0432]: unresolved imports `test_foo_bar_kats::wycheproof::mldsa::MlDsaVerifyTests`, `test_foo_bar_kats::wycheproof::mldsa::ParameterSet`
[INFO] [stdout]  --> tests/wycheproof_verify.rs:9:62
[INFO] [stdout]   |
[INFO] [stdout] 9 | use test_foo_bar_kats::wycheproof::mldsa::{verify_schema::*, MlDsaVerifyTests, ParameterSet};
[INFO] [stdout]   |                                                              ^^^^^^^^^^^^^^^^  ^^^^^^^^^^^^
[INFO] [stdout] 
[INFO] [stdout] 
[INFO] [stdout] error[E0433]: cannot find module or crate `test_foo_bar_kats` in this scope
[INFO] [stdout]  --> tests/wycheproof_sign.rs:7:5
[INFO] [stdout]   |
[INFO] [stdout] 7 | use test_foo_bar_kats::wycheproof::mldsa::{sign_noseed_schema, sign_seed_schema, ParameterSet};
[INFO] [stdout]   |     ^^^^^^^^^^^^^^^^^ use of unresolved module or unlinked crate `test_foo_bar_kats`
[INFO] [stdout]   |
[INFO] [stdout] help: there is a crate or module with a similar name
[INFO] [stdout]   |
[INFO] [stdout] 7 - use test_foo_bar_kats::wycheproof::mldsa::{sign_noseed_schema, sign_seed_schema, ParameterSet};
[INFO] [stdout] 7 + use test_foo_bar_macros::wycheproof::mldsa::{sign_noseed_schema, sign_seed_schema, ParameterSet};
[INFO] [stdout]   |
[INFO] [stdout] 
[INFO] [stdout] 
[INFO] [stdout] error[E0432]: unresolved imports `sign_noseed_schema::*`, `sign_seed_schema::*`, `sign_noseed_schema::*`, `sign_seed_schema::*`, `sign_noseed_schema::*`, `sign_seed_schema::*`, `sign_noseed_schema::*`, `sign_seed_schema::*`, `sign_noseed_schema::*`, `sign_seed_schema::*`, `sign_noseed_schema::*`, `sign_seed_schema::*`, `sign_noseed_schema::*`, `sign_seed_schema::*`, `sign_noseed_schema::*`, `sign_seed_schema::*`, `sign_noseed_schema::*`, `sign_seed_schema::*`
[INFO] [stdout]    --> tests/wycheproof_sign.rs:21:21
[INFO] [stdout]     |
[INFO] [stdout]  21 |                   use sign_noseed_schema::*;
[INFO] [stdout]     |                       ^^^^^^^^^^^^^^^^^^^^^
[INFO] [stdout] ...
[INFO] [stdout]  61 |                   use sign_seed_schema::*;
[INFO] [stdout]     |                       ^^^^^^^^^^^^^^^^^^^
[INFO] [stdout] ...
[INFO] [stdout] 103 | / wycheproof_sign_test!(
[INFO] [stdout] 104 | |     wycheproof_sign_44,
[INFO] [stdout] 105 | |     ParameterSet::MlDsa44,
[INFO] [stdout] 106 | |     MLDSA44SigningKey,
[INFO] [stdout] ...   |
[INFO] [stdout] 109 | |     ml_dsa_44::verify
[INFO] [stdout] 110 | | );
[INFO] [stdout]     | |_- in this macro invocation
[INFO] [stdout] 111 |
[INFO] [stdout] 112 | / wycheproof_sign_test!(
[INFO] [stdout] 113 | |     wycheproof_sign_44_portable,
[INFO] [stdout] 114 | |     ParameterSet::MlDsa44,
[INFO] [stdout] 115 | |     MLDSA44SigningKey,
[INFO] [stdout] ...   |
[INFO] [stdout] 118 | |     ml_dsa_44::portable::verify
[INFO] [stdout] 119 | | );
[INFO] [stdout]     | |_- in this macro invocation
[INFO] [stdout] ...
[INFO] [stdout] 132 | / wycheproof_sign_test!(
[INFO] [stdout] 133 | |     wycheproof_sign_44_simd256,
[INFO] [stdout] 134 | |     ParameterSet::MlDsa44,
[INFO] [stdout] 135 | |     MLDSA44SigningKey,
[INFO] [stdout] ...   |
[INFO] [stdout] 138 | |     ml_dsa_44::avx2::verify
[INFO] [stdout] 139 | | );
[INFO] [stdout]     | |_- in this macro invocation
[INFO] [stdout] ...
[INFO] [stdout] 143 | / wycheproof_sign_test!(
[INFO] [stdout] 144 | |     wycheproof_sign_65,
[INFO] [stdout] 145 | |     ParameterSet::MlDsa65,
[INFO] [stdout] 146 | |     MLDSA65SigningKey,
[INFO] [stdout] ...   |
[INFO] [stdout] 149 | |     ml_dsa_65::verify
[INFO] [stdout] 150 | | );
[INFO] [stdout]     | |_- in this macro invocation
[INFO] [stdout] 151 |
[INFO] [stdout] 152 | / wycheproof_sign_test!(
[INFO] [stdout] 153 | |     wycheproof_sign_65_portable,
[INFO] [stdout] 154 | |     ParameterSet::MlDsa65,
[INFO] [stdout] 155 | |     MLDSA65SigningKey,
[INFO] [stdout] ...   |
[INFO] [stdout] 158 | |     ml_dsa_65::portable::verify
[INFO] [stdout] 159 | | );
[INFO] [stdout]     | |_- in this macro invocation
[INFO] [stdout] ...
[INFO] [stdout] 172 | / wycheproof_sign_test!(
[INFO] [stdout] 173 | |     wycheproof_sign_65_simd256,
[INFO] [stdout] 174 | |     ParameterSet::MlDsa65,
[INFO] [stdout] 175 | |     MLDSA65SigningKey,
[INFO] [stdout] ...   |
[INFO] [stdout] 178 | |     ml_dsa_65::avx2::verify
[INFO] [stdout] 179 | | );
[INFO] [stdout]     | |_- in this macro invocation
[INFO] [stdout] ...
[INFO] [stdout] 183 | / wycheproof_sign_test!(
[INFO] [stdout] 184 | |     wycheproof_sign_87,
[INFO] [stdout] 185 | |     ParameterSet::MlDsa87,
[INFO] [stdout] 186 | |     MLDSA87SigningKey,
[INFO] [stdout] ...   |
[INFO] [stdout] 189 | |     ml_dsa_87::verify
[INFO] [stdout] 190 | | );
[INFO] [stdout]     | |_- in this macro invocation
[INFO] [stdout] 191 |
[INFO] [stdout] 192 | / wycheproof_sign_test!(
[INFO] [stdout] 193 | |     wycheproof_sign_87_portable,
[INFO] [stdout] 194 | |     ParameterSet::MlDsa87,
[INFO] [stdout] 195 | |     MLDSA87SigningKey,
[INFO] [stdout] ...   |
[INFO] [stdout] 198 | |     ml_dsa_87::portable::verify
[INFO] [stdout] 199 | | );
[INFO] [stdout]     | |_- in this macro invocation
[INFO] [stdout] ...
[INFO] [stdout] 212 | / wycheproof_sign_test!(
[INFO] [stdout] 213 | |     wycheproof_sign_87_simd256,
[INFO] [stdout] 214 | |     ParameterSet::MlDsa87,
[INFO] [stdout] 215 | |     MLDSA87SigningKey,
[INFO] [stdout] ...   |
[INFO] [stdout] 218 | |     ml_dsa_87::avx2::verify
[INFO] [stdout] 219 | | );
[INFO] [stdout]     | |_- in this macro invocation
[INFO] [stdout]     |
[INFO] [stdout]     = note: this error originates in the macro `wycheproof_sign_test` (in Nightly builds, run with -Z macro-backtrace for more info)
[INFO] [stdout] 
[INFO] [stdout] 
[INFO] [stdout] error[E0433]: cannot find type `Flag` in this scope
[INFO] [stdout]   --> tests/wycheproof_verify.rs:28:36
[INFO] [stdout]    |
[INFO] [stdout] 28 |                           .contains(&Flag::IncorrectPublicKeyLength));
[INFO] [stdout]    |                                      ^^^^ use of undeclared type `Flag`
[INFO] [stdout] ...
[INFO] [stdout] 75 | / wycheproof_verify_test!(
[INFO] [stdout] 76 | |     wycheproof_verify_44,
[INFO] [stdout] 77 | |     ParameterSet::MlDsa44,
[INFO] [stdout] 78 | |     ml_dsa_44::MLDSA44VerificationKey,
[INFO] [stdout] 79 | |     ml_dsa_44::MLDSA44Signature,
[INFO] [stdout] 80 | |     ml_dsa_44::verify
[INFO] [stdout] 81 | | );
[INFO] [stdout]    | |_- in this macro invocation
[INFO] [stdout]    |
[INFO] [stdout]    = note: this error originates in the macro `wycheproof_verify_test` (in Nightly builds, run with -Z macro-backtrace for more info)
[INFO] [stdout] 
[INFO] [stdout] 
[INFO] [stdout] error[E0433]: cannot find type `Flag` in this scope
[INFO] [stdout]   --> tests/wycheproof_verify.rs:44:54
[INFO] [stdout]    |
[INFO] [stdout] 44 |                           assert!(test.flags.contains(&Flag::IncorrectSignatureLength));
[INFO] [stdout]    |                                                        ^^^^ use of undeclared type `Flag`
[INFO] [stdout] ...
[INFO] [stdout] 75 | / wycheproof_verify_test!(
[INFO] [stdout] 76 | |     wycheproof_verify_44,
[INFO] [stdout] 77 | |     ParameterSet::MlDsa44,
[INFO] [stdout] 78 | |     ml_dsa_44::MLDSA44VerificationKey,
[INFO] [stdout] 79 | |     ml_dsa_44::MLDSA44Signature,
[INFO] [stdout] 80 | |     ml_dsa_44::verify
[INFO] [stdout] 81 | | );
[INFO] [stdout]    | |_- in this macro invocation
[INFO] [stdout]    |
[INFO] [stdout]    = note: this error originates in the macro `wycheproof_verify_test` (in Nightly builds, run with -Z macro-backtrace for more info)
[INFO] [stdout] 
[INFO] [stdout] 
[INFO] [stdout] error[E0433]: cannot find type `Flag` in this scope
[INFO] [stdout]   --> tests/wycheproof_verify.rs:28:36
[INFO] [stdout]    |
[INFO] [stdout] 28 |                           .contains(&Flag::IncorrectPublicKeyLength));
[INFO] [stdout]    |                                      ^^^^ use of undeclared type `Flag`
[INFO] [stdout] ...
[INFO] [stdout] 83 | / wycheproof_verify_test!(
[INFO] [stdout] 84 | |     wycheproof_verify_44_portable,
[INFO] [stdout] 85 | |     ParameterSet::MlDsa44,
[INFO] [stdout] 86 | |     ml_dsa_44::MLDSA44VerificationKey,
[INFO] [stdout] 87 | |     ml_dsa_44::MLDSA44Signature,
[INFO] [stdout] 88 | |     ml_dsa_44::portable::verify
[INFO] [stdout] 89 | | );
[INFO] [stdout]    | |_- in this macro invocation
[INFO] [stdout]    |
[INFO] [stdout]    = note: this error originates in the macro `wycheproof_verify_test` (in Nightly builds, run with -Z macro-backtrace for more info)
[INFO] [stdout] 
[INFO] [stdout] 
[INFO] [stdout] error[E0433]: cannot find type `Flag` in this scope
[INFO] [stdout]   --> tests/wycheproof_verify.rs:44:54
[INFO] [stdout]    |
[INFO] [stdout] 44 |                           assert!(test.flags.contains(&Flag::IncorrectSignatureLength));
[INFO] [stdout]    |                                                        ^^^^ use of undeclared type `Flag`
[INFO] [stdout] ...
[INFO] [stdout] 83 | / wycheproof_verify_test!(
[INFO] [stdout] 84 | |     wycheproof_verify_44_portable,
[INFO] [stdout] 85 | |     ParameterSet::MlDsa44,
[INFO] [stdout] 86 | |     ml_dsa_44::MLDSA44VerificationKey,
[INFO] [stdout] 87 | |     ml_dsa_44::MLDSA44Signature,
[INFO] [stdout] 88 | |     ml_dsa_44::portable::verify
[INFO] [stdout] 89 | | );
[INFO] [stdout]    | |_- in this macro invocation
[INFO] [stdout]    |
[INFO] [stdout]    = note: this error originates in the macro `wycheproof_verify_test` (in Nightly builds, run with -Z macro-backtrace for more info)
[INFO] [stdout] 
[INFO] [stdout] 
[INFO] [stdout] error[E0433]: cannot find type `Flag` in this scope
[INFO] [stdout]    --> tests/wycheproof_verify.rs:28:36
[INFO] [stdout]     |
[INFO] [stdout]  28 |                           .contains(&Flag::IncorrectPublicKeyLength));
[INFO] [stdout]     |                                      ^^^^ use of undeclared type `Flag`
[INFO] [stdout] ...
[INFO] [stdout] 101 | / wycheproof_verify_test!(
[INFO] [stdout] 102 | |     wycheproof_verify_44_simd256,
[INFO] [stdout] 103 | |     ParameterSet::MlDsa44,
[INFO] [stdout] 104 | |     ml_dsa_44::MLDSA44VerificationKey,
[INFO] [stdout] 105 | |     ml_dsa_44::MLDSA44Signature,
[INFO] [stdout] 106 | |     ml_dsa_44::avx2::verify
[INFO] [stdout] 107 | | );
[INFO] [stdout]     | |_- in this macro invocation
[INFO] [stdout]     |
[INFO] [stdout]     = note: this error originates in the macro `wycheproof_verify_test` (in Nightly builds, run with -Z macro-backtrace for more info)
[INFO] [stdout] 
[INFO] [stdout] 
[INFO] [stdout] error[E0433]: cannot find type `Flag` in this scope
[INFO] [stdout]    --> tests/wycheproof_verify.rs:44:54
[INFO] [stdout]     |
[INFO] [stdout]  44 |                           assert!(test.flags.contains(&Flag::IncorrectSignatureLength));
[INFO] [stdout]     |                                                        ^^^^ use of undeclared type `Flag`
[INFO] [stdout] ...
[INFO] [stdout] 101 | / wycheproof_verify_test!(
[INFO] [stdout] 102 | |     wycheproof_verify_44_simd256,
[INFO] [stdout] 103 | |     ParameterSet::MlDsa44,
[INFO] [stdout] 104 | |     ml_dsa_44::MLDSA44VerificationKey,
[INFO] [stdout] 105 | |     ml_dsa_44::MLDSA44Signature,
[INFO] [stdout] 106 | |     ml_dsa_44::avx2::verify
[INFO] [stdout] 107 | | );
[INFO] [stdout]     | |_- in this macro invocation
[INFO] [stdout]     |
[INFO] [stdout]     = note: this error originates in the macro `wycheproof_verify_test` (in Nightly builds, run with -Z macro-backtrace for more info)
[INFO] [stdout] 
[INFO] [stdout] 
[INFO] [stdout] error[E0433]: cannot find type `Flag` in this scope
[INFO] [stdout]    --> tests/wycheproof_verify.rs:28:36
[INFO] [stdout]     |
[INFO] [stdout]  28 |                           .contains(&Flag::IncorrectPublicKeyLength));
[INFO] [stdout]     |                                      ^^^^ use of undeclared type `Flag`
[INFO] [stdout] ...
[INFO] [stdout] 111 | / wycheproof_verify_test!(
[INFO] [stdout] 112 | |     wycheproof_verify_65,
[INFO] [stdout] 113 | |     ParameterSet::MlDsa65,
[INFO] [stdout] 114 | |     ml_dsa_65::MLDSA65VerificationKey,
[INFO] [stdout] 115 | |     ml_dsa_65::MLDSA65Signature,
[INFO] [stdout] 116 | |     ml_dsa_65::verify
[INFO] [stdout] 117 | | );
[INFO] [stdout]     | |_- in this macro invocation
[INFO] [stdout]     |
[INFO] [stdout]     = note: this error originates in the macro `wycheproof_verify_test` (in Nightly builds, run with -Z macro-backtrace for more info)
[INFO] [stdout] 
[INFO] [stdout] 
[INFO] [stdout] error[E0433]: cannot find type `Flag` in this scope
[INFO] [stdout]    --> tests/wycheproof_verify.rs:44:54
[INFO] [stdout]     |
[INFO] [stdout]  44 |                           assert!(test.flags.contains(&Flag::IncorrectSignatureLength));
[INFO] [stdout]     |                                                        ^^^^ use of undeclared type `Flag`
[INFO] [stdout] ...
[INFO] [stdout] 111 | / wycheproof_verify_test!(
[INFO] [stdout] 112 | |     wycheproof_verify_65,
[INFO] [stdout] 113 | |     ParameterSet::MlDsa65,
[INFO] [stdout] 114 | |     ml_dsa_65::MLDSA65VerificationKey,
[INFO] [stdout] 115 | |     ml_dsa_65::MLDSA65Signature,
[INFO] [stdout] 116 | |     ml_dsa_65::verify
[INFO] [stdout] 117 | | );
[INFO] [stdout]     | |_- in this macro invocation
[INFO] [stdout]     |
[INFO] [stdout]     = note: this error originates in the macro `wycheproof_verify_test` (in Nightly builds, run with -Z macro-backtrace for more info)
[INFO] [stdout] 
[INFO] [stdout] 
[INFO] [stdout] error[E0433]: cannot find type `Flag` in this scope
[INFO] [stdout]    --> tests/wycheproof_verify.rs:28:36
[INFO] [stdout]     |
[INFO] [stdout]  28 |                           .contains(&Flag::IncorrectPublicKeyLength));
[INFO] [stdout]     |                                      ^^^^ use of undeclared type `Flag`
[INFO] [stdout] ...
[INFO] [stdout] 119 | / wycheproof_verify_test!(
[INFO] [stdout] 120 | |     wycheproof_verify_65_portable,
[INFO] [stdout] 121 | |     ParameterSet::MlDsa65,
[INFO] [stdout] 122 | |     ml_dsa_65::MLDSA65VerificationKey,
[INFO] [stdout] 123 | |     ml_dsa_65::MLDSA65Signature,
[INFO] [stdout] 124 | |     ml_dsa_65::portable::verify
[INFO] [stdout] 125 | | );
[INFO] [stdout]     | |_- in this macro invocation
[INFO] [stdout]     |
[INFO] [stdout]     = note: this error originates in the macro `wycheproof_verify_test` (in Nightly builds, run with -Z macro-backtrace for more info)
[INFO] [stdout] 
[INFO] [stdout] 
[INFO] [stdout] error[E0433]: cannot find type `Flag` in this scope
[INFO] [stdout]    --> tests/wycheproof_verify.rs:44:54
[INFO] [stdout]     |
[INFO] [stdout]  44 |                           assert!(test.flags.contains(&Flag::IncorrectSignatureLength));
[INFO] [stdout]     |                                                        ^^^^ use of undeclared type `Flag`
[INFO] [stdout] ...
[INFO] [stdout] 119 | / wycheproof_verify_test!(
[INFO] [stdout] 120 | |     wycheproof_verify_65_portable,
[INFO] [stdout] 121 | |     ParameterSet::MlDsa65,
[INFO] [stdout] 122 | |     ml_dsa_65::MLDSA65VerificationKey,
[INFO] [stdout] 123 | |     ml_dsa_65::MLDSA65Signature,
[INFO] [stdout] 124 | |     ml_dsa_65::portable::verify
[INFO] [stdout] 125 | | );
[INFO] [stdout]     | |_- in this macro invocation
[INFO] [stdout]     |
[INFO] [stdout]     = note: this error originates in the macro `wycheproof_verify_test` (in Nightly builds, run with -Z macro-backtrace for more info)
[INFO] [stdout] 
[INFO] [stdout] 
[INFO] [stdout] error[E0433]: cannot find type `Flag` in this scope
[INFO] [stdout]    --> tests/wycheproof_verify.rs:28:36
[INFO] [stdout]     |
[INFO] [stdout]  28 |                           .contains(&Flag::IncorrectPublicKeyLength));
[INFO] [stdout]     |                                      ^^^^ use of undeclared type `Flag`
[INFO] [stdout] ...
[INFO] [stdout] 137 | / wycheproof_verify_test!(
[INFO] [stdout] 138 | |     wycheproof_verify_65_simd256,
[INFO] [stdout] 139 | |     ParameterSet::MlDsa65,
[INFO] [stdout] 140 | |     ml_dsa_65::MLDSA65VerificationKey,
[INFO] [stdout] 141 | |     ml_dsa_65::MLDSA65Signature,
[INFO] [stdout] 142 | |     ml_dsa_65::avx2::verify
[INFO] [stdout] 143 | | );
[INFO] [stdout]     | |_- in this macro invocation
[INFO] [stdout]     |
[INFO] [stdout]     = note: this error originates in the macro `wycheproof_verify_test` (in Nightly builds, run with -Z macro-backtrace for more info)
[INFO] [stdout] 
[INFO] [stdout] 
[INFO] [stdout] error[E0433]: cannot find type `Flag` in this scope
[INFO] [stdout]    --> tests/wycheproof_verify.rs:44:54
[INFO] [stdout]     |
[INFO] [stdout]  44 |                           assert!(test.flags.contains(&Flag::IncorrectSignatureLength));
[INFO] [stdout]     |                                                        ^^^^ use of undeclared type `Flag`
[INFO] [stdout] ...
[INFO] [stdout] 137 | / wycheproof_verify_test!(
[INFO] [stdout] 138 | |     wycheproof_verify_65_simd256,
[INFO] [stdout] 139 | |     ParameterSet::MlDsa65,
[INFO] [stdout] 140 | |     ml_dsa_65::MLDSA65VerificationKey,
[INFO] [stdout] 141 | |     ml_dsa_65::MLDSA65Signature,
[INFO] [stdout] 142 | |     ml_dsa_65::avx2::verify
[INFO] [stdout] 143 | | );
[INFO] [stdout]     | |_- in this macro invocation
[INFO] [stdout]     |
[INFO] [stdout]     = note: this error originates in the macro `wycheproof_verify_test` (in Nightly builds, run with -Z macro-backtrace for more info)
[INFO] [stdout] 
[INFO] [stdout] 
[INFO] [stdout] error[E0433]: cannot find type `Flag` in this scope
[INFO] [stdout]    --> tests/wycheproof_verify.rs:28:36
[INFO] [stdout]     |
[INFO] [stdout]  28 |                           .contains(&Flag::IncorrectPublicKeyLength));
[INFO] [stdout]     |                                      ^^^^ use of undeclared type `Flag`
[INFO] [stdout] ...
[INFO] [stdout] 147 | / wycheproof_verify_test!(
[INFO] [stdout] 148 | |     wycheproof_verify_87,
[INFO] [stdout] 149 | |     ParameterSet::MlDsa87,
[INFO] [stdout] 150 | |     ml_dsa_87::MLDSA87VerificationKey,
[INFO] [stdout] 151 | |     ml_dsa_87::MLDSA87Signature,
[INFO] [stdout] 152 | |     ml_dsa_87::verify
[INFO] [stdout] 153 | | );
[INFO] [stdout]     | |_- in this macro invocation
[INFO] [stdout]     |
[INFO] [stdout]     = note: this error originates in the macro `wycheproof_verify_test` (in Nightly builds, run with -Z macro-backtrace for more info)
[INFO] [stdout] 
[INFO] [stdout] 
[INFO] [stdout] error[E0433]: cannot find type `Flag` in this scope
[INFO] [stdout]    --> tests/wycheproof_verify.rs:44:54
[INFO] [stdout]     |
[INFO] [stdout]  44 |                           assert!(test.flags.contains(&Flag::IncorrectSignatureLength));
[INFO] [stdout]     |                                                        ^^^^ use of undeclared type `Flag`
[INFO] [stdout] ...
[INFO] [stdout] 147 | / wycheproof_verify_test!(
[INFO] [stdout] 148 | |     wycheproof_verify_87,
[INFO] [stdout] 149 | |     ParameterSet::MlDsa87,
[INFO] [stdout] 150 | |     ml_dsa_87::MLDSA87VerificationKey,
[INFO] [stdout] 151 | |     ml_dsa_87::MLDSA87Signature,
[INFO] [stdout] 152 | |     ml_dsa_87::verify
[INFO] [stdout] 153 | | );
[INFO] [stdout]     | |_- in this macro invocation
[INFO] [stdout]     |
[INFO] [stdout]     = note: this error originates in the macro `wycheproof_verify_test` (in Nightly builds, run with -Z macro-backtrace for more info)
[INFO] [stdout] 
[INFO] [stdout] 
[INFO] [stdout] error[E0433]: cannot find type `Flag` in this scope
[INFO] [stdout]    --> tests/wycheproof_verify.rs:28:36
[INFO] [stdout]     |
[INFO] [stdout]  28 |                           .contains(&Flag::IncorrectPublicKeyLength));
[INFO] [stdout]     |                                      ^^^^ use of undeclared type `Flag`
[INFO] [stdout] ...
[INFO] [stdout] 155 | / wycheproof_verify_test!(
[INFO] [stdout] 156 | |     wycheproof_verify_87_portable,
[INFO] [stdout] 157 | |     ParameterSet::MlDsa87,
[INFO] [stdout] 158 | |     ml_dsa_87::MLDSA87VerificationKey,
[INFO] [stdout] 159 | |     ml_dsa_87::MLDSA87Signature,
[INFO] [stdout] 160 | |     ml_dsa_87::portable::verify
[INFO] [stdout] 161 | | );
[INFO] [stdout]     | |_- in this macro invocation
[INFO] [stdout]     |
[INFO] [stdout]     = note: this error originates in the macro `wycheproof_verify_test` (in Nightly builds, run with -Z macro-backtrace for more info)
[INFO] [stdout] 
[INFO] [stdout] 
[INFO] [stdout] error[E0433]: cannot find type `Flag` in this scope
[INFO] [stdout]    --> tests/wycheproof_verify.rs:44:54
[INFO] [stdout]     |
[INFO] [stdout]  44 |                           assert!(test.flags.contains(&Flag::IncorrectSignatureLength));
[INFO] [stdout]     |                                                        ^^^^ use of undeclared type `Flag`
[INFO] [stdout] ...
[INFO] [stdout] 155 | / wycheproof_verify_test!(
[INFO] [stdout] 156 | |     wycheproof_verify_87_portable,
[INFO] [stdout] 157 | |     ParameterSet::MlDsa87,
[INFO] [stdout] 158 | |     ml_dsa_87::MLDSA87VerificationKey,
[INFO] [stdout] 159 | |     ml_dsa_87::MLDSA87Signature,
[INFO] [stdout] 160 | |     ml_dsa_87::portable::verify
[INFO] [stdout] 161 | | );
[INFO] [stdout]     | |_- in this macro invocation
[INFO] [stdout]     |
[INFO] [stdout]     = note: this error originates in the macro `wycheproof_verify_test` (in Nightly builds, run with -Z macro-backtrace for more info)
[INFO] [stdout] 
[INFO] [stdout] 
[INFO] [stdout] error[E0433]: cannot find type `Flag` in this scope
[INFO] [stdout]    --> tests/wycheproof_verify.rs:28:36
[INFO] [stdout]     |
[INFO] [stdout]  28 |                           .contains(&Flag::IncorrectPublicKeyLength));
[INFO] [stdout]     |                                      ^^^^ use of undeclared type `Flag`
[INFO] [stdout] ...
[INFO] [stdout] 173 | / wycheproof_verify_test!(
[INFO] [stdout] 174 | |     wycheproof_verify_87_simd256,
[INFO] [stdout] 175 | |     ParameterSet::MlDsa87,
[INFO] [stdout] 176 | |     ml_dsa_87::MLDSA87VerificationKey,
[INFO] [stdout] 177 | |     ml_dsa_87::MLDSA87Signature,
[INFO] [stdout] 178 | |     ml_dsa_87::avx2::verify
[INFO] [stdout] 179 | | );
[INFO] [stdout]     | |_- in this macro invocation
[INFO] [stdout]     |
[INFO] [stdout]     = note: this error originates in the macro `wycheproof_verify_test` (in Nightly builds, run with -Z macro-backtrace for more info)
[INFO] [stdout] 
[INFO] [stdout] 
[INFO] [stdout] error[E0433]: cannot find type `Flag` in this scope
[INFO] [stdout]    --> tests/wycheproof_verify.rs:44:54
[INFO] [stdout]     |
[INFO] [stdout]  44 |                           assert!(test.flags.contains(&Flag::IncorrectSignatureLength));
[INFO] [stdout]     |                                                        ^^^^ use of undeclared type `Flag`
[INFO] [stdout] ...
[INFO] [stdout] 173 | / wycheproof_verify_test!(
[INFO] [stdout] 174 | |     wycheproof_verify_87_simd256,
[INFO] [stdout] 175 | |     ParameterSet::MlDsa87,
[INFO] [stdout] 176 | |     ml_dsa_87::MLDSA87VerificationKey,
[INFO] [stdout] 177 | |     ml_dsa_87::MLDSA87Signature,
[INFO] [stdout] 178 | |     ml_dsa_87::avx2::verify
[INFO] [stdout] 179 | | );
[INFO] [stdout]     | |_- in this macro invocation
[INFO] [stdout]     |
[INFO] [stdout]     = note: this error originates in the macro `wycheproof_verify_test` (in Nightly builds, run with -Z macro-backtrace for more info)
[INFO] [stdout] 
[INFO] [stdout] 
[INFO] [stdout] error[E0433]: cannot find type `VerifyResult` in this scope
[INFO] [stdout]    --> tests/wycheproof_verify.rs:60:25
[INFO] [stdout]     |
[INFO] [stdout]  60 |                           VerifyResult::Invalid => assert!(
[INFO] [stdout]     |                           ^^^^^^^^^^^^ use of undeclared type `VerifyResult`
[INFO] [stdout] ...
[INFO] [stdout] 173 | / wycheproof_verify_test!(
[INFO] [stdout] 174 | |     wycheproof_verify_87_simd256,
[INFO] [stdout] 175 | |     ParameterSet::MlDsa87,
[INFO] [stdout] 176 | |     ml_dsa_87::MLDSA87VerificationKey,
[INFO] [stdout] 177 | |     ml_dsa_87::MLDSA87Signature,
[INFO] [stdout] 178 | |     ml_dsa_87::avx2::verify
[INFO] [stdout] 179 | | );
[INFO] [stdout]     | |_- in this macro invocation
[INFO] [stdout]     |
[INFO] [stdout]     = note: this error originates in the macro `wycheproof_verify_test` (in Nightly builds, run with -Z macro-backtrace for more info)
[INFO] [stdout] 
[INFO] [stdout] 
[INFO] [stderr] error: could not compile `test-foo-bar-ml-dsa` (test "wycheproof_verify") due to 38 previous errors
[INFO] [stderr] warning: build failed, waiting for other jobs to finish...
[INFO] [stdout] error[E0433]: cannot find type `VerifyResult` in this scope
[INFO] [stdout]    --> tests/wycheproof_verify.rs:54:25
[INFO] [stdout]     |
[INFO] [stdout]  54 |                           VerifyResult::Valid => assert!(
[INFO] [stdout]     |                           ^^^^^^^^^^^^ use of undeclared type `VerifyResult`
[INFO] [stdout] ...
[INFO] [stdout] 173 | / wycheproof_verify_test!(
[INFO] [stdout] 174 | |     wycheproof_verify_87_simd256,
[INFO] [stdout] 175 | |     ParameterSet::MlDsa87,
[INFO] [stdout] 176 | |     ml_dsa_87::MLDSA87VerificationKey,
[INFO] [stdout] 177 | |     ml_dsa_87::MLDSA87Signature,
[INFO] [stdout] 178 | |     ml_dsa_87::avx2::verify
[INFO] [stdout] 179 | | );
[INFO] [stdout]     | |_- in this macro invocation
[INFO] [stdout]     |
[INFO] [stdout]     = note: this error originates in the macro `wycheproof_verify_test` (in Nightly builds, run with -Z macro-backtrace for more info)
[INFO] [stdout] 
[INFO] [stdout] 
[INFO] [stdout] error[E0433]: cannot find type `VerifyResult` in this scope
[INFO] [stdout]   --> tests/wycheproof_verify.rs:54:25
[INFO] [stdout]    |
[INFO] [stdout] 54 |                           VerifyResult::Valid => assert!(
[INFO] [stdout]    |                           ^^^^^^^^^^^^ use of undeclared type `VerifyResult`
[INFO] [stdout] ...
[INFO] [stdout] 75 | / wycheproof_verify_test!(
[INFO] [stdout] 76 | |     wycheproof_verify_44,
[INFO] [stdout] 77 | |     ParameterSet::MlDsa44,
[INFO] [stdout] 78 | |     ml_dsa_44::MLDSA44VerificationKey,
[INFO] [stdout] 79 | |     ml_dsa_44::MLDSA44Signature,
[INFO] [stdout] 80 | |     ml_dsa_44::verify
[INFO] [stdout] 81 | | );
[INFO] [stdout]    | |_- in this macro invocation
[INFO] [stdout]    |
[INFO] [stdout]    = note: this error originates in the macro `wycheproof_verify_test` (in Nightly builds, run with -Z macro-backtrace for more info)
[INFO] [stdout] 
[INFO] [stdout] 
[INFO] [stdout] error[E0433]: cannot find type `VerifyResult` in this scope
[INFO] [stdout]   --> tests/wycheproof_verify.rs:60:25
[INFO] [stdout]    |
[INFO] [stdout] 60 |                           VerifyResult::Invalid => assert!(
[INFO] [stdout]    |                           ^^^^^^^^^^^^ use of undeclared type `VerifyResult`
[INFO] [stdout] ...
[INFO] [stdout] 75 | / wycheproof_verify_test!(
[INFO] [stdout] 76 | |     wycheproof_verify_44,
[INFO] [stdout] 77 | |     ParameterSet::MlDsa44,
[INFO] [stdout] 78 | |     ml_dsa_44::MLDSA44VerificationKey,
[INFO] [stdout] 79 | |     ml_dsa_44::MLDSA44Signature,
[INFO] [stdout] 80 | |     ml_dsa_44::verify
[INFO] [stdout] 81 | | );
[INFO] [stdout]    | |_- in this macro invocation
[INFO] [stdout]    |
[INFO] [stdout]    = note: this error originates in the macro `wycheproof_verify_test` (in Nightly builds, run with -Z macro-backtrace for more info)
[INFO] [stdout] 
[INFO] [stdout] 
[INFO] [stdout] error[E0433]: cannot find type `VerifyResult` in this scope
[INFO] [stdout]    --> tests/wycheproof_verify.rs:54:25
[INFO] [stdout]     |
[INFO] [stdout]  54 |                           VerifyResult::Valid => assert!(
[INFO] [stdout]     |                           ^^^^^^^^^^^^ use of undeclared type `VerifyResult`
[INFO] [stdout] ...
[INFO] [stdout] 119 | / wycheproof_verify_test!(
[INFO] [stdout] 120 | |     wycheproof_verify_65_portable,
[INFO] [stdout] 121 | |     ParameterSet::MlDsa65,
[INFO] [stdout] 122 | |     ml_dsa_65::MLDSA65VerificationKey,
[INFO] [stdout] 123 | |     ml_dsa_65::MLDSA65Signature,
[INFO] [stdout] 124 | |     ml_dsa_65::portable::verify
[INFO] [stdout] 125 | | );
[INFO] [stdout]     | |_- in this macro invocation
[INFO] [stdout]     |
[INFO] [stdout]     = note: this error originates in the macro `wycheproof_verify_test` (in Nightly builds, run with -Z macro-backtrace for more info)
[INFO] [stdout] 
[INFO] [stdout] 
[INFO] [stdout] error[E0433]: cannot find type `VerifyResult` in this scope
[INFO] [stdout]    --> tests/wycheproof_verify.rs:60:25
[INFO] [stdout]     |
[INFO] [stdout]  60 |                           VerifyResult::Invalid => assert!(
[INFO] [stdout]     |                           ^^^^^^^^^^^^ use of undeclared type `VerifyResult`
[INFO] [stdout] ...
[INFO] [stdout] 119 | / wycheproof_verify_test!(
[INFO] [stdout] 120 | |     wycheproof_verify_65_portable,
[INFO] [stdout] 121 | |     ParameterSet::MlDsa65,
[INFO] [stdout] 122 | |     ml_dsa_65::MLDSA65VerificationKey,
[INFO] [stdout] 123 | |     ml_dsa_65::MLDSA65Signature,
[INFO] [stdout] 124 | |     ml_dsa_65::portable::verify
[INFO] [stdout] 125 | | );
[INFO] [stdout]     | |_- in this macro invocation
[INFO] [stdout]     |
[INFO] [stdout]     = note: this error originates in the macro `wycheproof_verify_test` (in Nightly builds, run with -Z macro-backtrace for more info)
[INFO] [stdout] 
[INFO] [stdout] 
[INFO] [stdout] error[E0433]: cannot find type `VerifyResult` in this scope
[INFO] [stdout]   --> tests/wycheproof_verify.rs:54:25
[INFO] [stdout]    |
[INFO] [stdout] 54 |                           VerifyResult::Valid => assert!(
[INFO] [stdout]    |                           ^^^^^^^^^^^^ use of undeclared type `VerifyResult`
[INFO] [stdout] ...
[INFO] [stdout] 83 | / wycheproof_verify_test!(
[INFO] [stdout] 84 | |     wycheproof_verify_44_portable,
[INFO] [stdout] 85 | |     ParameterSet::MlDsa44,
[INFO] [stdout] 86 | |     ml_dsa_44::MLDSA44VerificationKey,
[INFO] [stdout] 87 | |     ml_dsa_44::MLDSA44Signature,
[INFO] [stdout] 88 | |     ml_dsa_44::portable::verify
[INFO] [stdout] 89 | | );
[INFO] [stdout]    | |_- in this macro invocation
[INFO] [stdout]    |
[INFO] [stdout]    = note: this error originates in the macro `wycheproof_verify_test` (in Nightly builds, run with -Z macro-backtrace for more info)
[INFO] [stdout] 
[INFO] [stdout] 
[INFO] [stdout] error[E0433]: cannot find type `VerifyResult` in this scope
[INFO] [stdout]   --> tests/wycheproof_verify.rs:60:25
[INFO] [stdout]    |
[INFO] [stdout] 60 |                           VerifyResult::Invalid => assert!(
[INFO] [stdout]    |                           ^^^^^^^^^^^^ use of undeclared type `VerifyResult`
[INFO] [stdout] ...
[INFO] [stdout] 83 | / wycheproof_verify_test!(
[INFO] [stdout] 84 | |     wycheproof_verify_44_portable,
[INFO] [stdout] 85 | |     ParameterSet::MlDsa44,
[INFO] [stdout] 86 | |     ml_dsa_44::MLDSA44VerificationKey,
[INFO] [stdout] 87 | |     ml_dsa_44::MLDSA44Signature,
[INFO] [stdout] 88 | |     ml_dsa_44::portable::verify
[INFO] [stdout] 89 | | );
[INFO] [stdout]    | |_- in this macro invocation
[INFO] [stdout]    |
[INFO] [stdout]    = note: this error originates in the macro `wycheproof_verify_test` (in Nightly builds, run with -Z macro-backtrace for more info)
[INFO] [stdout] 
[INFO] [stdout] 
[INFO] [stdout] error[E0433]: cannot find type `VerifyResult` in this scope
[INFO] [stdout]    --> tests/wycheproof_verify.rs:60:25
[INFO] [stdout]     |
[INFO] [stdout]  60 |                           VerifyResult::Invalid => assert!(
[INFO] [stdout]     |                           ^^^^^^^^^^^^ use of undeclared type `VerifyResult`
[INFO] [stdout] ...
[INFO] [stdout] 155 | / wycheproof_verify_test!(
[INFO] [stdout] 156 | |     wycheproof_verify_87_portable,
[INFO] [stdout] 157 | |     ParameterSet::MlDsa87,
[INFO] [stdout] 158 | |     ml_dsa_87::MLDSA87VerificationKey,
[INFO] [stdout] 159 | |     ml_dsa_87::MLDSA87Signature,
[INFO] [stdout] 160 | |     ml_dsa_87::portable::verify
[INFO] [stdout] 161 | | );
[INFO] [stdout]     | |_- in this macro invocation
[INFO] [stdout]     |
[INFO] [stdout]     = note: this error originates in the macro `wycheproof_verify_test` (in Nightly builds, run with -Z macro-backtrace for more info)
[INFO] [stdout] 
[INFO] [stdout] 
[INFO] [stdout] error[E0433]: cannot find type `VerifyResult` in this scope
[INFO] [stdout]    --> tests/wycheproof_verify.rs:54:25
[INFO] [stdout]     |
[INFO] [stdout]  54 |                           VerifyResult::Valid => assert!(
[INFO] [stdout]     |                           ^^^^^^^^^^^^ use of undeclared type `VerifyResult`
[INFO] [stdout] ...
[INFO] [stdout] 155 | / wycheproof_verify_test!(
[INFO] [stdout] 156 | |     wycheproof_verify_87_portable,
[INFO] [stdout] 157 | |     ParameterSet::MlDsa87,
[INFO] [stdout] 158 | |     ml_dsa_87::MLDSA87VerificationKey,
[INFO] [stdout] 159 | |     ml_dsa_87::MLDSA87Signature,
[INFO] [stdout] 160 | |     ml_dsa_87::portable::verify
[INFO] [stdout] 161 | | );
[INFO] [stdout]     | |_- in this macro invocation
[INFO] [stdout]     |
[INFO] [stdout]     = note: this error originates in the macro `wycheproof_verify_test` (in Nightly builds, run with -Z macro-backtrace for more info)
[INFO] [stdout] 
[INFO] [stdout] 
[INFO] [stdout] error[E0433]: cannot find type `VerifyResult` in this scope
[INFO] [stdout]    --> tests/wycheproof_verify.rs:54:25
[INFO] [stdout]     |
[INFO] [stdout]  54 |                           VerifyResult::Valid => assert!(
[INFO] [stdout]     |                           ^^^^^^^^^^^^ use of undeclared type `VerifyResult`
[INFO] [stdout] ...
[INFO] [stdout] 101 | / wycheproof_verify_test!(
[INFO] [stdout] 102 | |     wycheproof_verify_44_simd256,
[INFO] [stdout] 103 | |     ParameterSet::MlDsa44,
[INFO] [stdout] 104 | |     ml_dsa_44::MLDSA44VerificationKey,
[INFO] [stdout] 105 | |     ml_dsa_44::MLDSA44Signature,
[INFO] [stdout] 106 | |     ml_dsa_44::avx2::verify
[INFO] [stdout] 107 | | );
[INFO] [stdout]     | |_- in this macro invocation
[INFO] [stdout]     |
[INFO] [stdout]     = note: this error originates in the macro `wycheproof_verify_test` (in Nightly builds, run with -Z macro-backtrace for more info)
[INFO] [stdout] 
[INFO] [stdout] 
[INFO] [stdout] error[E0433]: cannot find type `VerifyResult` in this scope
[INFO] [stdout]    --> tests/wycheproof_verify.rs:60:25
[INFO] [stdout]     |
[INFO] [stdout]  60 |                           VerifyResult::Invalid => assert!(
[INFO] [stdout]     |                           ^^^^^^^^^^^^ use of undeclared type `VerifyResult`
[INFO] [stdout] ...
[INFO] [stdout] 101 | / wycheproof_verify_test!(
[INFO] [stdout] 102 | |     wycheproof_verify_44_simd256,
[INFO] [stdout] 103 | |     ParameterSet::MlDsa44,
[INFO] [stdout] 104 | |     ml_dsa_44::MLDSA44VerificationKey,
[INFO] [stdout] 105 | |     ml_dsa_44::MLDSA44Signature,
[INFO] [stdout] 106 | |     ml_dsa_44::avx2::verify
[INFO] [stdout] 107 | | );
[INFO] [stdout]     | |_- in this macro invocation
[INFO] [stdout]     |
[INFO] [stdout]     = note: this error originates in the macro `wycheproof_verify_test` (in Nightly builds, run with -Z macro-backtrace for more info)
[INFO] [stdout] 
[INFO] [stdout] 
[INFO] [stdout] error[E0433]: cannot find type `VerifyResult` in this scope
[INFO] [stdout]    --> tests/wycheproof_verify.rs:54:25
[INFO] [stdout]     |
[INFO] [stdout]  54 |                           VerifyResult::Valid => assert!(
[INFO] [stdout]     |                           ^^^^^^^^^^^^ use of undeclared type `VerifyResult`
[INFO] [stdout] ...
[INFO] [stdout] 137 | / wycheproof_verify_test!(
[INFO] [stdout] 138 | |     wycheproof_verify_65_simd256,
[INFO] [stdout] 139 | |     ParameterSet::MlDsa65,
[INFO] [stdout] 140 | |     ml_dsa_65::MLDSA65VerificationKey,
[INFO] [stdout] 141 | |     ml_dsa_65::MLDSA65Signature,
[INFO] [stdout] 142 | |     ml_dsa_65::avx2::verify
[INFO] [stdout] 143 | | );
[INFO] [stdout]     | |_- in this macro invocation
[INFO] [stdout]     |
[INFO] [stdout]     = note: this error originates in the macro `wycheproof_verify_test` (in Nightly builds, run with -Z macro-backtrace for more info)
[INFO] [stdout] 
[INFO] [stdout] 
[INFO] [stdout] error[E0433]: cannot find type `VerifyResult` in this scope
[INFO] [stdout]    --> tests/wycheproof_verify.rs:60:25
[INFO] [stdout]     |
[INFO] [stdout]  60 |                           VerifyResult::Invalid => assert!(
[INFO] [stdout]     |                           ^^^^^^^^^^^^ use of undeclared type `VerifyResult`
[INFO] [stdout] ...
[INFO] [stdout] 137 | / wycheproof_verify_test!(
[INFO] [stdout] 138 | |     wycheproof_verify_65_simd256,
[INFO] [stdout] 139 | |     ParameterSet::MlDsa65,
[INFO] [stdout] 140 | |     ml_dsa_65::MLDSA65VerificationKey,
[INFO] [stdout] 141 | |     ml_dsa_65::MLDSA65Signature,
[INFO] [stdout] 142 | |     ml_dsa_65::avx2::verify
[INFO] [stdout] 143 | | );
[INFO] [stdout]     | |_- in this macro invocation
[INFO] [stdout]     |
[INFO] [stdout]     = note: this error originates in the macro `wycheproof_verify_test` (in Nightly builds, run with -Z macro-backtrace for more info)
[INFO] [stdout] 
[INFO] [stdout] 
[INFO] [stdout] error[E0433]: cannot find type `VerifyResult` in this scope
[INFO] [stdout]    --> tests/wycheproof_verify.rs:54:25
[INFO] [stdout]     |
[INFO] [stdout]  54 |                           VerifyResult::Valid => assert!(
[INFO] [stdout]     |                           ^^^^^^^^^^^^ use of undeclared type `VerifyResult`
[INFO] [stdout] ...
[INFO] [stdout] 111 | / wycheproof_verify_test!(
[INFO] [stdout] 112 | |     wycheproof_verify_65,
[INFO] [stdout] 113 | |     ParameterSet::MlDsa65,
[INFO] [stdout] 114 | |     ml_dsa_65::MLDSA65VerificationKey,
[INFO] [stdout] 115 | |     ml_dsa_65::MLDSA65Signature,
[INFO] [stdout] 116 | |     ml_dsa_65::verify
[INFO] [stdout] 117 | | );
[INFO] [stdout]     | |_- in this macro invocation
[INFO] [stdout]     |
[INFO] [stdout]     = note: this error originates in the macro `wycheproof_verify_test` (in Nightly builds, run with -Z macro-backtrace for more info)
[INFO] [stdout] 
[INFO] [stdout] 
[INFO] [stdout] error[E0433]: cannot find type `VerifyResult` in this scope
[INFO] [stdout]    --> tests/wycheproof_verify.rs:60:25
[INFO] [stdout]     |
[INFO] [stdout]  60 |                           VerifyResult::Invalid => assert!(
[INFO] [stdout]     |                           ^^^^^^^^^^^^ use of undeclared type `VerifyResult`
[INFO] [stdout] ...
[INFO] [stdout] 111 | / wycheproof_verify_test!(
[INFO] [stdout] 112 | |     wycheproof_verify_65,
[INFO] [stdout] 113 | |     ParameterSet::MlDsa65,
[INFO] [stdout] 114 | |     ml_dsa_65::MLDSA65VerificationKey,
[INFO] [stdout] 115 | |     ml_dsa_65::MLDSA65Signature,
[INFO] [stdout] 116 | |     ml_dsa_65::verify
[INFO] [stdout] 117 | | );
[INFO] [stdout]     | |_- in this macro invocation
[INFO] [stdout]     |
[INFO] [stdout]     = note: this error originates in the macro `wycheproof_verify_test` (in Nightly builds, run with -Z macro-backtrace for more info)
[INFO] [stdout] 
[INFO] [stdout] 
[INFO] [stdout] error[E0433]: cannot find type `VerifyResult` in this scope
[INFO] [stdout]    --> tests/wycheproof_verify.rs:60:25
[INFO] [stdout]     |
[INFO] [stdout]  60 |                           VerifyResult::Invalid => assert!(
[INFO] [stdout]     |                           ^^^^^^^^^^^^ use of undeclared type `VerifyResult`
[INFO] [stdout] ...
[INFO] [stdout] 147 | / wycheproof_verify_test!(
[INFO] [stdout] 148 | |     wycheproof_verify_87,
[INFO] [stdout] 149 | |     ParameterSet::MlDsa87,
[INFO] [stdout] 150 | |     ml_dsa_87::MLDSA87VerificationKey,
[INFO] [stdout] 151 | |     ml_dsa_87::MLDSA87Signature,
[INFO] [stdout] 152 | |     ml_dsa_87::verify
[INFO] [stdout] 153 | | );
[INFO] [stdout]     | |_- in this macro invocation
[INFO] [stdout]     |
[INFO] [stdout]     = note: this error originates in the macro `wycheproof_verify_test` (in Nightly builds, run with -Z macro-backtrace for more info)
[INFO] [stdout] 
[INFO] [stdout] 
[INFO] [stdout] error[E0433]: cannot find type `VerifyResult` in this scope
[INFO] [stdout]    --> tests/wycheproof_verify.rs:54:25
[INFO] [stdout]     |
[INFO] [stdout]  54 |                           VerifyResult::Valid => assert!(
[INFO] [stdout]     |                           ^^^^^^^^^^^^ use of undeclared type `VerifyResult`
[INFO] [stdout] ...
[INFO] [stdout] 147 | / wycheproof_verify_test!(
[INFO] [stdout] 148 | |     wycheproof_verify_87,
[INFO] [stdout] 149 | |     ParameterSet::MlDsa87,
[INFO] [stdout] 150 | |     ml_dsa_87::MLDSA87VerificationKey,
[INFO] [stdout] 151 | |     ml_dsa_87::MLDSA87Signature,
[INFO] [stdout] 152 | |     ml_dsa_87::verify
[INFO] [stdout] 153 | | );
[INFO] [stdout]     | |_- in this macro invocation
[INFO] [stdout]     |
[INFO] [stdout]     = note: this error originates in the macro `wycheproof_verify_test` (in Nightly builds, run with -Z macro-backtrace for more info)
[INFO] [stdout] 
[INFO] [stdout] 
[INFO] [stdout] Some errors have detailed explanations: E0432, E0433.
[INFO] [stdout] 
[INFO] [stdout] For more information about an error, try `rustc --explain E0432`.
[INFO] [stdout] 
[INFO] [stdout] error[E0433]: cannot find type `MlDsaSignTestsNoSeed` in this scope
[INFO] [stdout]    --> tests/wycheproof_sign.rs:22:42
[INFO] [stdout]     |
[INFO] [stdout]  22 |                   let katfile_serialized = MlDsaSignTestsNoSeed::load($test_name);
[INFO] [stdout]     |                                            ^^^^^^^^^^^^^^^^^^^^ use of undeclared type `MlDsaSignTestsNoSeed`
[INFO] [stdout] ...
[INFO] [stdout] 103 | / wycheproof_sign_test!(
[INFO] [stdout] 104 | |     wycheproof_sign_44,
[INFO] [stdout] 105 | |     ParameterSet::MlDsa44,
[INFO] [stdout] 106 | |     MLDSA44SigningKey,
[INFO] [stdout] ...   |
[INFO] [stdout] 109 | |     ml_dsa_44::verify
[INFO] [stdout] 110 | | );
[INFO] [stdout]     | |_- in this macro invocation
[INFO] [stdout]     |
[INFO] [stdout]     = note: this error originates in the macro `wycheproof_sign_test` (in Nightly builds, run with -Z macro-backtrace for more info)
[INFO] [stdout] 
[INFO] [stdout] 
[INFO] [stdout] error[E0433]: cannot find type `Flag` in this scope
[INFO] [stdout]    --> tests/wycheproof_sign.rs:37:40
[INFO] [stdout]     |
[INFO] [stdout]  37 |                               .contains(&Flag::IncorrectPrivateKeyLength));
[INFO] [stdout]     |                                          ^^^^ use of undeclared type `Flag`
[INFO] [stdout] ...
[INFO] [stdout] 103 | / wycheproof_sign_test!(
[INFO] [stdout] 104 | |     wycheproof_sign_44,
[INFO] [stdout] 105 | |     ParameterSet::MlDsa44,
[INFO] [stdout] 106 | |     MLDSA44SigningKey,
[INFO] [stdout] ...   |
[INFO] [stdout] 109 | |     ml_dsa_44::verify
[INFO] [stdout] 110 | | );
[INFO] [stdout]     | |_- in this macro invocation
[INFO] [stdout]     |
[INFO] [stdout]     = note: this error originates in the macro `wycheproof_sign_test` (in Nightly builds, run with -Z macro-backtrace for more info)
[INFO] [stdout] 
[INFO] [stdout] 
[INFO] [stdout] error[E0433]: cannot find type `SignResult` in this scope
[INFO] [stdout]    --> tests/wycheproof_sign.rs:50:52
[INFO] [stdout]     |
[INFO] [stdout]  50 |                               assert!(test.result == SignResult::Invalid)
[INFO] [stdout]     |                                                      ^^^^^^^^^^ use of undeclared type `SignResult`
[INFO] [stdout] ...
[INFO] [stdout] 103 | / wycheproof_sign_test!(
[INFO] [stdout] 104 | |     wycheproof_sign_44,
[INFO] [stdout] 105 | |     ParameterSet::MlDsa44,
[INFO] [stdout] 106 | |     MLDSA44SigningKey,
[INFO] [stdout] ...   |
[INFO] [stdout] 109 | |     ml_dsa_44::verify
[INFO] [stdout] 110 | | );
[INFO] [stdout]     | |_- in this macro invocation
[INFO] [stdout]     |
[INFO] [stdout]     = note: this error originates in the macro `wycheproof_sign_test` (in Nightly builds, run with -Z macro-backtrace for more info)
[INFO] [stdout] 
[INFO] [stdout] 
[INFO] [stdout] error[E0433]: cannot find type `SignResult` in this scope
[INFO] [stdout]    --> tests/wycheproof_sign.rs:53:43
[INFO] [stdout]     |
[INFO] [stdout]  53 |                           if test.result == SignResult::Valid {
[INFO] [stdout]     |                                             ^^^^^^^^^^ use of undeclared type `SignResult`
[INFO] [stdout] ...
[INFO] [stdout] 103 | / wycheproof_sign_test!(
[INFO] [stdout] 104 | |     wycheproof_sign_44,
[INFO] [stdout] 105 | |     ParameterSet::MlDsa44,
[INFO] [stdout] 106 | |     MLDSA44SigningKey,
[INFO] [stdout] ...   |
[INFO] [stdout] 109 | |     ml_dsa_44::verify
[INFO] [stdout] 110 | | );
[INFO] [stdout]     | |_- in this macro invocation
[INFO] [stdout]     |
[INFO] [stdout]     = note: this error originates in the macro `wycheproof_sign_test` (in Nightly builds, run with -Z macro-backtrace for more info)
[INFO] [stdout] 
[INFO] [stdout] 
[INFO] [stdout] error[E0433]: cannot find type `MlDsaSignTestsWithSeed` in this scope
[INFO] [stdout]    --> tests/wycheproof_sign.rs:62:42
[INFO] [stdout]     |
[INFO] [stdout]  62 |                   let katfile_serialized = MlDsaSignTestsWithSeed::load($test_name);
[INFO] [stdout]     |                                            ^^^^^^^^^^^^^^^^^^^^^^ use of undeclared type `MlDsaSignTestsWithSeed`
[INFO] [stdout] ...
[INFO] [stdout] 103 | / wycheproof_sign_test!(
[INFO] [stdout] 104 | |     wycheproof_sign_44,
[INFO] [stdout] 105 | |     ParameterSet::MlDsa44,
[INFO] [stdout] 106 | |     MLDSA44SigningKey,
[INFO] [stdout] ...   |
[INFO] [stdout] 109 | |     ml_dsa_44::verify
[INFO] [stdout] 110 | | );
[INFO] [stdout]     | |_- in this macro invocation
[INFO] [stdout]     |
[INFO] [stdout]     = note: this error originates in the macro `wycheproof_sign_test` (in Nightly builds, run with -Z macro-backtrace for more info)
[INFO] [stdout] 
[INFO] [stdout] 
[INFO] [stdout] error[E0433]: cannot find type `SignResult` in this scope
[INFO] [stdout]    --> tests/wycheproof_sign.rs:79:52
[INFO] [stdout]     |
[INFO] [stdout]  79 |                               assert!(test.result == SignResult::Invalid)
[INFO] [stdout]     |                                                      ^^^^^^^^^^ use of undeclared type `SignResult`
[INFO] [stdout] ...
[INFO] [stdout] 103 | / wycheproof_sign_test!(
[INFO] [stdout] 104 | |     wycheproof_sign_44,
[INFO] [stdout] 105 | |     ParameterSet::MlDsa44,
[INFO] [stdout] 106 | |     MLDSA44SigningKey,
[INFO] [stdout] ...   |
[INFO] [stdout] 109 | |     ml_dsa_44::verify
[INFO] [stdout] 110 | | );
[INFO] [stdout]     | |_- in this macro invocation
[INFO] [stdout]     |
[INFO] [stdout]     = note: this error originates in the macro `wycheproof_sign_test` (in Nightly builds, run with -Z macro-backtrace for more info)
[INFO] [stdout] 
[INFO] [stdout] 
[INFO] [stdout] error[E0433]: cannot find type `SignResult` in this scope
[INFO] [stdout]    --> tests/wycheproof_sign.rs:83:47
[INFO] [stdout]     |
[INFO] [stdout]  83 |                               if test.result == SignResult::Valid {
[INFO] [stdout]     |                                                 ^^^^^^^^^^ use of undeclared type `SignResult`
[INFO] [stdout] ...
[INFO] [stdout] 103 | / wycheproof_sign_test!(
[INFO] [stdout] 104 | |     wycheproof_sign_44,
[INFO] [stdout] 105 | |     ParameterSet::MlDsa44,
[INFO] [stdout] 106 | |     MLDSA44SigningKey,
[INFO] [stdout] ...   |
[INFO] [stdout] 109 | |     ml_dsa_44::verify
[INFO] [stdout] 110 | | );
[INFO] [stdout]     | |_- in this macro invocation
[INFO] [stdout]     |
[INFO] [stdout]     = note: this error originates in the macro `wycheproof_sign_test` (in Nightly builds, run with -Z macro-backtrace for more info)
[INFO] [stdout] 
[INFO] [stdout] 
[INFO] [stdout] error[E0433]: cannot find type `SignResult` in this scope
[INFO] [stdout]    --> tests/wycheproof_sign.rs:86:54
[INFO] [stdout]     |
[INFO] [stdout]  86 |                               } else if test.result == SignResult::Invalid {
[INFO] [stdout]     |                                                        ^^^^^^^^^^ use of undeclared type `SignResult`
[INFO] [stdout] ...
[INFO] [stdout] 103 | / wycheproof_sign_test!(
[INFO] [stdout] 104 | |     wycheproof_sign_44,
[INFO] [stdout] 105 | |     ParameterSet::MlDsa44,
[INFO] [stdout] 106 | |     MLDSA44SigningKey,
[INFO] [stdout] ...   |
[INFO] [stdout] 109 | |     ml_dsa_44::verify
[INFO] [stdout] 110 | | );
[INFO] [stdout]     | |_- in this macro invocation
[INFO] [stdout]     |
[INFO] [stdout]     = note: this error originates in the macro `wycheproof_sign_test` (in Nightly builds, run with -Z macro-backtrace for more info)
[INFO] [stdout] 
[INFO] [stdout] 
[INFO] [stdout] error[E0433]: cannot find type `MlDsaSignTestsNoSeed` in this scope
[INFO] [stdout]    --> tests/wycheproof_sign.rs:22:42
[INFO] [stdout]     |
[INFO] [stdout]  22 |                   let katfile_serialized = MlDsaSignTestsNoSeed::load($test_name);
[INFO] [stdout]     |                                            ^^^^^^^^^^^^^^^^^^^^ use of undeclared type `MlDsaSignTestsNoSeed`
[INFO] [stdout] ...
[INFO] [stdout] 112 | / wycheproof_sign_test!(
[INFO] [stdout] 113 | |     wycheproof_sign_44_portable,
[INFO] [stdout] 114 | |     ParameterSet::MlDsa44,
[INFO] [stdout] 115 | |     MLDSA44SigningKey,
[INFO] [stdout] ...   |
[INFO] [stdout] 118 | |     ml_dsa_44::portable::verify
[INFO] [stdout] 119 | | );
[INFO] [stdout]     | |_- in this macro invocation
[INFO] [stdout]     |
[INFO] [stdout]     = note: this error originates in the macro `wycheproof_sign_test` (in Nightly builds, run with -Z macro-backtrace for more info)
[INFO] [stdout] 
[INFO] [stdout] 
[INFO] [stdout] error[E0433]: cannot find type `Flag` in this scope
[INFO] [stdout]    --> tests/wycheproof_sign.rs:37:40
[INFO] [stdout]     |
[INFO] [stdout]  37 |                               .contains(&Flag::IncorrectPrivateKeyLength));
[INFO] [stdout]     |                                          ^^^^ use of undeclared type `Flag`
[INFO] [stdout] ...
[INFO] [stdout] 112 | / wycheproof_sign_test!(
[INFO] [stdout] 113 | |     wycheproof_sign_44_portable,
[INFO] [stdout] 114 | |     ParameterSet::MlDsa44,
[INFO] [stdout] 115 | |     MLDSA44SigningKey,
[INFO] [stdout] ...   |
[INFO] [stdout] 118 | |     ml_dsa_44::portable::verify
[INFO] [stdout] 119 | | );
[INFO] [stdout]     | |_- in this macro invocation
[INFO] [stdout]     |
[INFO] [stdout]     = note: this error originates in the macro `wycheproof_sign_test` (in Nightly builds, run with -Z macro-backtrace for more info)
[INFO] [stdout] 
[INFO] [stdout] 
[INFO] [stdout] error[E0433]: cannot find type `SignResult` in this scope
[INFO] [stdout]    --> tests/wycheproof_sign.rs:50:52
[INFO] [stdout]     |
[INFO] [stdout]  50 |                               assert!(test.result == SignResult::Invalid)
[INFO] [stdout]     |                                                      ^^^^^^^^^^ use of undeclared type `SignResult`
[INFO] [stdout] ...
[INFO] [stdout] 112 | / wycheproof_sign_test!(
[INFO] [stdout] 113 | |     wycheproof_sign_44_portable,
[INFO] [stdout] 114 | |     ParameterSet::MlDsa44,
[INFO] [stdout] 115 | |     MLDSA44SigningKey,
[INFO] [stdout] ...   |
[INFO] [stdout] 118 | |     ml_dsa_44::portable::verify
[INFO] [stdout] 119 | | );
[INFO] [stdout]     | |_- in this macro invocation
[INFO] [stdout]     |
[INFO] [stdout]     = note: this error originates in the macro `wycheproof_sign_test` (in Nightly builds, run with -Z macro-backtrace for more info)
[INFO] [stdout] 
[INFO] [stdout] 
[INFO] [stdout] error[E0433]: cannot find type `SignResult` in this scope
[INFO] [stdout]    --> tests/wycheproof_sign.rs:53:43
[INFO] [stdout]     |
[INFO] [stdout]  53 |                           if test.result == SignResult::Valid {
[INFO] [stdout]     |                                             ^^^^^^^^^^ use of undeclared type `SignResult`
[INFO] [stdout] ...
[INFO] [stdout] 112 | / wycheproof_sign_test!(
[INFO] [stdout] 113 | |     wycheproof_sign_44_portable,
[INFO] [stdout] 114 | |     ParameterSet::MlDsa44,
[INFO] [stdout] 115 | |     MLDSA44SigningKey,
[INFO] [stdout] ...   |
[INFO] [stdout] 118 | |     ml_dsa_44::portable::verify
[INFO] [stdout] 119 | | );
[INFO] [stdout]     | |_- in this macro invocation
[INFO] [stdout]     |
[INFO] [stdout]     = note: this error originates in the macro `wycheproof_sign_test` (in Nightly builds, run with -Z macro-backtrace for more info)
[INFO] [stdout] 
[INFO] [stdout] 
[INFO] [stdout] error[E0433]: cannot find type `MlDsaSignTestsWithSeed` in this scope
[INFO] [stdout]    --> tests/wycheproof_sign.rs:62:42
[INFO] [stdout]     |
[INFO] [stdout]  62 |                   let katfile_serialized = MlDsaSignTestsWithSeed::load($test_name);
[INFO] [stdout]     |                                            ^^^^^^^^^^^^^^^^^^^^^^ use of undeclared type `MlDsaSignTestsWithSeed`
[INFO] [stdout] ...
[INFO] [stdout] 112 | / wycheproof_sign_test!(
[INFO] [stdout] 113 | |     wycheproof_sign_44_portable,
[INFO] [stdout] 114 | |     ParameterSet::MlDsa44,
[INFO] [stdout] 115 | |     MLDSA44SigningKey,
[INFO] [stdout] ...   |
[INFO] [stdout] 118 | |     ml_dsa_44::portable::verify
[INFO] [stdout] 119 | | );
[INFO] [stdout]     | |_- in this macro invocation
[INFO] [stdout]     |
[INFO] [stdout]     = note: this error originates in the macro `wycheproof_sign_test` (in Nightly builds, run with -Z macro-backtrace for more info)
[INFO] [stdout] 
[INFO] [stdout] 
[INFO] [stdout] error[E0433]: cannot find type `SignResult` in this scope
[INFO] [stdout]    --> tests/wycheproof_sign.rs:79:52
[INFO] [stdout]     |
[INFO] [stdout]  79 |                               assert!(test.result == SignResult::Invalid)
[INFO] [stdout]     |                                                      ^^^^^^^^^^ use of undeclared type `SignResult`
[INFO] [stdout] ...
[INFO] [stdout] 112 | / wycheproof_sign_test!(
[INFO] [stdout] 113 | |     wycheproof_sign_44_portable,
[INFO] [stdout] 114 | |     ParameterSet::MlDsa44,
[INFO] [stdout] 115 | |     MLDSA44SigningKey,
[INFO] [stdout] ...   |
[INFO] [stdout] 118 | |     ml_dsa_44::portable::verify
[INFO] [stdout] 119 | | );
[INFO] [stdout]     | |_- in this macro invocation
[INFO] [stdout]     |
[INFO] [stdout]     = note: this error originates in the macro `wycheproof_sign_test` (in Nightly builds, run with -Z macro-backtrace for more info)
[INFO] [stdout] 
[INFO] [stdout] 
[INFO] [stdout] error[E0433]: cannot find type `SignResult` in this scope
[INFO] [stdout]    --> tests/wycheproof_sign.rs:83:47
[INFO] [stdout]     |
[INFO] [stdout]  83 |                               if test.result == SignResult::Valid {
[INFO] [stdout]     |                                                 ^^^^^^^^^^ use of undeclared type `SignResult`
[INFO] [stdout] ...
[INFO] [stdout] 112 | / wycheproof_sign_test!(
[INFO] [stdout] 113 | |     wycheproof_sign_44_portable,
[INFO] [stdout] 114 | |     ParameterSet::MlDsa44,
[INFO] [stdout] 115 | |     MLDSA44SigningKey,
[INFO] [stdout] ...   |
[INFO] [stdout] 118 | |     ml_dsa_44::portable::verify
[INFO] [stdout] 119 | | );
[INFO] [stdout]     | |_- in this macro invocation
[INFO] [stdout]     |
[INFO] [stdout]     = note: this error originates in the macro `wycheproof_sign_test` (in Nightly builds, run with -Z macro-backtrace for more info)
[INFO] [stdout] 
[INFO] [stdout] 
[INFO] [stdout] error[E0433]: cannot find type `SignResult` in this scope
[INFO] [stdout]    --> tests/wycheproof_sign.rs:86:54
[INFO] [stdout]     |
[INFO] [stdout]  86 |                               } else if test.result == SignResult::Invalid {
[INFO] [stdout]     |                                                        ^^^^^^^^^^ use of undeclared type `SignResult`
[INFO] [stdout] ...
[INFO] [stdout] 112 | / wycheproof_sign_test!(
[INFO] [stdout] 113 | |     wycheproof_sign_44_portable,
[INFO] [stdout] 114 | |     ParameterSet::MlDsa44,
[INFO] [stdout] 115 | |     MLDSA44SigningKey,
[INFO] [stdout] ...   |
[INFO] [stdout] 118 | |     ml_dsa_44::portable::verify
[INFO] [stdout] 119 | | );
[INFO] [stdout]     | |_- in this macro invocation
[INFO] [stdout]     |
[INFO] [stdout]     = note: this error originates in the macro `wycheproof_sign_test` (in Nightly builds, run with -Z macro-backtrace for more info)
[INFO] [stdout] 
[INFO] [stdout] 
[INFO] [stdout] error[E0433]: cannot find type `MlDsaSignTestsNoSeed` in this scope
[INFO] [stdout]    --> tests/wycheproof_sign.rs:22:42
[INFO] [stdout]     |
[INFO] [stdout]  22 |                   let katfile_serialized = MlDsaSignTestsNoSeed::load($test_name);
[INFO] [stdout]     |                                            ^^^^^^^^^^^^^^^^^^^^ use of undeclared type `MlDsaSignTestsNoSeed`
[INFO] [stdout] ...
[INFO] [stdout] 132 | / wycheproof_sign_test!(
[INFO] [stdout] 133 | |     wycheproof_sign_44_simd256,
[INFO] [stdout] 134 | |     ParameterSet::MlDsa44,
[INFO] [stdout] 135 | |     MLDSA44SigningKey,
[INFO] [stdout] ...   |
[INFO] [stdout] 138 | |     ml_dsa_44::avx2::verify
[INFO] [stdout] 139 | | );
[INFO] [stdout]     | |_- in this macro invocation
[INFO] [stdout]     |
[INFO] [stdout]     = note: this error originates in the macro `wycheproof_sign_test` (in Nightly builds, run with -Z macro-backtrace for more info)
[INFO] [stdout] 
[INFO] [stdout] 
[INFO] [stdout] error[E0433]: cannot find type `Flag` in this scope
[INFO] [stdout]    --> tests/wycheproof_sign.rs:37:40
[INFO] [stdout]     |
[INFO] [stdout]  37 |                               .contains(&Flag::IncorrectPrivateKeyLength));
[INFO] [stdout]     |                                          ^^^^ use of undeclared type `Flag`
[INFO] [stdout] ...
[INFO] [stdout] 132 | / wycheproof_sign_test!(
[INFO] [stdout] 133 | |     wycheproof_sign_44_simd256,
[INFO] [stdout] 134 | |     ParameterSet::MlDsa44,
[INFO] [stdout] 135 | |     MLDSA44SigningKey,
[INFO] [stdout] ...   |
[INFO] [stdout] 138 | |     ml_dsa_44::avx2::verify
[INFO] [stdout] 139 | | );
[INFO] [stdout]     | |_- in this macro invocation
[INFO] [stdout]     |
[INFO] [stdout]     = note: this error originates in the macro `wycheproof_sign_test` (in Nightly builds, run with -Z macro-backtrace for more info)
[INFO] [stdout] 
[INFO] [stdout] 
[INFO] [stdout] error[E0433]: cannot find type `SignResult` in this scope
[INFO] [stdout]    --> tests/wycheproof_sign.rs:50:52
[INFO] [stdout]     |
[INFO] [stdout]  50 |                               assert!(test.result == SignResult::Invalid)
[INFO] [stdout]     |                                                      ^^^^^^^^^^ use of undeclared type `SignResult`
[INFO] [stdout] ...
[INFO] [stdout] 132 | / wycheproof_sign_test!(
[INFO] [stdout] 133 | |     wycheproof_sign_44_simd256,
[INFO] [stdout] 134 | |     ParameterSet::MlDsa44,
[INFO] [stdout] 135 | |     MLDSA44SigningKey,
[INFO] [stdout] ...   |
[INFO] [stdout] 138 | |     ml_dsa_44::avx2::verify
[INFO] [stdout] 139 | | );
[INFO] [stdout]     | |_- in this macro invocation
[INFO] [stdout]     |
[INFO] [stdout]     = note: this error originates in the macro `wycheproof_sign_test` (in Nightly builds, run with -Z macro-backtrace for more info)
[INFO] [stdout] 
[INFO] [stdout] 
[INFO] [stdout] error[E0433]: cannot find type `SignResult` in this scope
[INFO] [stdout]    --> tests/wycheproof_sign.rs:53:43
[INFO] [stdout]     |
[INFO] [stdout]  53 |                           if test.result == SignResult::Valid {
[INFO] [stdout]     |                                             ^^^^^^^^^^ use of undeclared type `SignResult`
[INFO] [stdout] ...
[INFO] [stdout] 132 | / wycheproof_sign_test!(
[INFO] [stdout] 133 | |     wycheproof_sign_44_simd256,
[INFO] [stdout] 134 | |     ParameterSet::MlDsa44,
[INFO] [stdout] 135 | |     MLDSA44SigningKey,
[INFO] [stdout] ...   |
[INFO] [stdout] 138 | |     ml_dsa_44::avx2::verify
[INFO] [stdout] 139 | | );
[INFO] [stdout]     | |_- in this macro invocation
[INFO] [stdout]     |
[INFO] [stdout]     = note: this error originates in the macro `wycheproof_sign_test` (in Nightly builds, run with -Z macro-backtrace for more info)
[INFO] [stdout] 
[INFO] [stdout] 
[INFO] [stdout] error[E0433]: cannot find type `MlDsaSignTestsWithSeed` in this scope
[INFO] [stdout]    --> tests/wycheproof_sign.rs:62:42
[INFO] [stdout]     |
[INFO] [stdout]  62 |                   let katfile_serialized = MlDsaSignTestsWithSeed::load($test_name);
[INFO] [stdout]     |                                            ^^^^^^^^^^^^^^^^^^^^^^ use of undeclared type `MlDsaSignTestsWithSeed`
[INFO] [stdout] ...
[INFO] [stdout] 132 | / wycheproof_sign_test!(
[INFO] [stdout] 133 | |     wycheproof_sign_44_simd256,
[INFO] [stdout] 134 | |     ParameterSet::MlDsa44,
[INFO] [stdout] 135 | |     MLDSA44SigningKey,
[INFO] [stdout] ...   |
[INFO] [stdout] 138 | |     ml_dsa_44::avx2::verify
[INFO] [stdout] 139 | | );
[INFO] [stdout]     | |_- in this macro invocation
[INFO] [stdout]     |
[INFO] [stdout]     = note: this error originates in the macro `wycheproof_sign_test` (in Nightly builds, run with -Z macro-backtrace for more info)
[INFO] [stdout] 
[INFO] [stdout] 
[INFO] [stdout] error[E0433]: cannot find type `SignResult` in this scope
[INFO] [stdout]    --> tests/wycheproof_sign.rs:79:52
[INFO] [stdout]     |
[INFO] [stdout]  79 |                               assert!(test.result == SignResult::Invalid)
[INFO] [stdout]     |                                                      ^^^^^^^^^^ use of undeclared type `SignResult`
[INFO] [stdout] ...
[INFO] [stdout] 132 | / wycheproof_sign_test!(
[INFO] [stdout] 133 | |     wycheproof_sign_44_simd256,
[INFO] [stdout] 134 | |     ParameterSet::MlDsa44,
[INFO] [stdout] 135 | |     MLDSA44SigningKey,
[INFO] [stdout] ...   |
[INFO] [stdout] 138 | |     ml_dsa_44::avx2::verify
[INFO] [stdout] 139 | | );
[INFO] [stdout]     | |_- in this macro invocation
[INFO] [stdout]     |
[INFO] [stdout]     = note: this error originates in the macro `wycheproof_sign_test` (in Nightly builds, run with -Z macro-backtrace for more info)
[INFO] [stdout] 
[INFO] [stdout] 
[INFO] [stdout] error[E0433]: cannot find type `SignResult` in this scope
[INFO] [stdout]    --> tests/wycheproof_sign.rs:83:47
[INFO] [stdout]     |
[INFO] [stdout]  83 |                               if test.result == SignResult::Valid {
[INFO] [stdout]     |                                                 ^^^^^^^^^^ use of undeclared type `SignResult`
[INFO] [stdout] ...
[INFO] [stdout] 132 | / wycheproof_sign_test!(
[INFO] [stdout] 133 | |     wycheproof_sign_44_simd256,
[INFO] [stdout] 134 | |     ParameterSet::MlDsa44,
[INFO] [stdout] 135 | |     MLDSA44SigningKey,
[INFO] [stdout] ...   |
[INFO] [stdout] 138 | |     ml_dsa_44::avx2::verify
[INFO] [stdout] 139 | | );
[INFO] [stdout]     | |_- in this macro invocation
[INFO] [stdout]     |
[INFO] [stdout]     = note: this error originates in the macro `wycheproof_sign_test` (in Nightly builds, run with -Z macro-backtrace for more info)
[INFO] [stdout] 
[INFO] [stdout] 
[INFO] [stdout] error[E0433]: cannot find type `SignResult` in this scope
[INFO] [stdout]    --> tests/wycheproof_sign.rs:86:54
[INFO] [stdout]     |
[INFO] [stdout]  86 |                               } else if test.result == SignResult::Invalid {
[INFO] [stdout]     |                                                        ^^^^^^^^^^ use of undeclared type `SignResult`
[INFO] [stdout] ...
[INFO] [stdout] 132 | / wycheproof_sign_test!(
[INFO] [stdout] 133 | |     wycheproof_sign_44_simd256,
[INFO] [stdout] 134 | |     ParameterSet::MlDsa44,
[INFO] [stdout] 135 | |     MLDSA44SigningKey,
[INFO] [stdout] ...   |
[INFO] [stdout] 138 | |     ml_dsa_44::avx2::verify
[INFO] [stdout] 139 | | );
[INFO] [stdout]     | |_- in this macro invocation
[INFO] [stdout]     |
[INFO] [stdout]     = note: this error originates in the macro `wycheproof_sign_test` (in Nightly builds, run with -Z macro-backtrace for more info)
[INFO] [stdout] 
[INFO] [stdout] 
[INFO] [stdout] error[E0433]: cannot find type `MlDsaSignTestsNoSeed` in this scope
[INFO] [stdout]    --> tests/wycheproof_sign.rs:22:42
[INFO] [stdout]     |
[INFO] [stdout]  22 |                   let katfile_serialized = MlDsaSignTestsNoSeed::load($test_name);
[INFO] [stdout]     |                                            ^^^^^^^^^^^^^^^^^^^^ use of undeclared type `MlDsaSignTestsNoSeed`
[INFO] [stdout] ...
[INFO] [stdout] 143 | / wycheproof_sign_test!(
[INFO] [stdout] 144 | |     wycheproof_sign_65,
[INFO] [stdout] 145 | |     ParameterSet::MlDsa65,
[INFO] [stdout] 146 | |     MLDSA65SigningKey,
[INFO] [stdout] ...   |
[INFO] [stdout] 149 | |     ml_dsa_65::verify
[INFO] [stdout] 150 | | );
[INFO] [stdout]     | |_- in this macro invocation
[INFO] [stdout]     |
[INFO] [stdout]     = note: this error originates in the macro `wycheproof_sign_test` (in Nightly builds, run with -Z macro-backtrace for more info)
[INFO] [stdout] 
[INFO] [stdout] 
[INFO] [stdout] error[E0433]: cannot find type `Flag` in this scope
[INFO] [stdout]    --> tests/wycheproof_sign.rs:37:40
[INFO] [stdout]     |
[INFO] [stdout]  37 |                               .contains(&Flag::IncorrectPrivateKeyLength));
[INFO] [stdout]     |                                          ^^^^ use of undeclared type `Flag`
[INFO] [stdout] ...
[INFO] [stdout] 143 | / wycheproof_sign_test!(
[INFO] [stdout] 144 | |     wycheproof_sign_65,
[INFO] [stdout] 145 | |     ParameterSet::MlDsa65,
[INFO] [stdout] 146 | |     MLDSA65SigningKey,
[INFO] [stdout] ...   |
[INFO] [stdout] 149 | |     ml_dsa_65::verify
[INFO] [stdout] 150 | | );
[INFO] [stdout]     | |_- in this macro invocation
[INFO] [stdout]     |
[INFO] [stdout]     = note: this error originates in the macro `wycheproof_sign_test` (in Nightly builds, run with -Z macro-backtrace for more info)
[INFO] [stdout] 
[INFO] [stdout] 
[INFO] [stdout] error[E0433]: cannot find type `SignResult` in this scope
[INFO] [stdout]    --> tests/wycheproof_sign.rs:50:52
[INFO] [stdout]     |
[INFO] [stdout]  50 |                               assert!(test.result == SignResult::Invalid)
[INFO] [stdout]     |                                                      ^^^^^^^^^^ use of undeclared type `SignResult`
[INFO] [stdout] ...
[INFO] [stdout] 143 | / wycheproof_sign_test!(
[INFO] [stdout] 144 | |     wycheproof_sign_65,
[INFO] [stdout] 145 | |     ParameterSet::MlDsa65,
[INFO] [stdout] 146 | |     MLDSA65SigningKey,
[INFO] [stdout] ...   |
[INFO] [stdout] 149 | |     ml_dsa_65::verify
[INFO] [stdout] 150 | | );
[INFO] [stdout]     | |_- in this macro invocation
[INFO] [stdout]     |
[INFO] [stdout]     = note: this error originates in the macro `wycheproof_sign_test` (in Nightly builds, run with -Z macro-backtrace for more info)
[INFO] [stdout] 
[INFO] [stdout] 
[INFO] [stdout] error[E0433]: cannot find type `SignResult` in this scope
[INFO] [stdout]    --> tests/wycheproof_sign.rs:53:43
[INFO] [stdout]     |
[INFO] [stdout]  53 |                           if test.result == SignResult::Valid {
[INFO] [stdout]     |                                             ^^^^^^^^^^ use of undeclared type `SignResult`
[INFO] [stdout] ...
[INFO] [stdout] 143 | / wycheproof_sign_test!(
[INFO] [stdout] 144 | |     wycheproof_sign_65,
[INFO] [stdout] 145 | |     ParameterSet::MlDsa65,
[INFO] [stdout] 146 | |     MLDSA65SigningKey,
[INFO] [stdout] ...   |
[INFO] [stdout] 149 | |     ml_dsa_65::verify
[INFO] [stdout] 150 | | );
[INFO] [stdout]     | |_- in this macro invocation
[INFO] [stdout]     |
[INFO] [stdout]     = note: this error originates in the macro `wycheproof_sign_test` (in Nightly builds, run with -Z macro-backtrace for more info)
[INFO] [stdout] 
[INFO] [stdout] 
[INFO] [stdout] error[E0433]: cannot find type `MlDsaSignTestsWithSeed` in this scope
[INFO] [stdout]    --> tests/wycheproof_sign.rs:62:42
[INFO] [stdout]     |
[INFO] [stdout]  62 |                   let katfile_serialized = MlDsaSignTestsWithSeed::load($test_name);
[INFO] [stdout]     |                                            ^^^^^^^^^^^^^^^^^^^^^^ use of undeclared type `MlDsaSignTestsWithSeed`
[INFO] [stdout] ...
[INFO] [stdout] 143 | / wycheproof_sign_test!(
[INFO] [stdout] 144 | |     wycheproof_sign_65,
[INFO] [stdout] 145 | |     ParameterSet::MlDsa65,
[INFO] [stdout] 146 | |     MLDSA65SigningKey,
[INFO] [stdout] ...   |
[INFO] [stdout] 149 | |     ml_dsa_65::verify
[INFO] [stdout] 150 | | );
[INFO] [stdout]     | |_- in this macro invocation
[INFO] [stdout]     |
[INFO] [stdout]     = note: this error originates in the macro `wycheproof_sign_test` (in Nightly builds, run with -Z macro-backtrace for more info)
[INFO] [stdout] 
[INFO] [stdout] 
[INFO] [stdout] error[E0433]: cannot find type `SignResult` in this scope
[INFO] [stdout]    --> tests/wycheproof_sign.rs:79:52
[INFO] [stdout]     |
[INFO] [stdout]  79 |                               assert!(test.result == SignResult::Invalid)
[INFO] [stdout]     |                                                      ^^^^^^^^^^ use of undeclared type `SignResult`
[INFO] [stdout] ...
[INFO] [stdout] 143 | / wycheproof_sign_test!(
[INFO] [stdout] 144 | |     wycheproof_sign_65,
[INFO] [stdout] 145 | |     ParameterSet::MlDsa65,
[INFO] [stdout] 146 | |     MLDSA65SigningKey,
[INFO] [stdout] ...   |
[INFO] [stdout] 149 | |     ml_dsa_65::verify
[INFO] [stdout] 150 | | );
[INFO] [stdout]     | |_- in this macro invocation
[INFO] [stdout]     |
[INFO] [stdout]     = note: this error originates in the macro `wycheproof_sign_test` (in Nightly builds, run with -Z macro-backtrace for more info)
[INFO] [stdout] 
[INFO] [stdout] 
[INFO] [stdout] error[E0433]: cannot find type `SignResult` in this scope
[INFO] [stdout]    --> tests/wycheproof_sign.rs:83:47
[INFO] [stdout]     |
[INFO] [stdout]  83 |                               if test.result == SignResult::Valid {
[INFO] [stdout]     |                                                 ^^^^^^^^^^ use of undeclared type `SignResult`
[INFO] [stdout] ...
[INFO] [stdout] 143 | / wycheproof_sign_test!(
[INFO] [stdout] 144 | |     wycheproof_sign_65,
[INFO] [stdout] 145 | |     ParameterSet::MlDsa65,
[INFO] [stdout] 146 | |     MLDSA65SigningKey,
[INFO] [stdout] ...   |
[INFO] [stdout] 149 | |     ml_dsa_65::verify
[INFO] [stdout] 150 | | );
[INFO] [stdout]     | |_- in this macro invocation
[INFO] [stdout]     |
[INFO] [stdout]     = note: this error originates in the macro `wycheproof_sign_test` (in Nightly builds, run with -Z macro-backtrace for more info)
[INFO] [stdout] 
[INFO] [stdout] 
[INFO] [stdout] error[E0433]: cannot find type `SignResult` in this scope
[INFO] [stdout]    --> tests/wycheproof_sign.rs:86:54
[INFO] [stdout]     |
[INFO] [stdout]  86 |                               } else if test.result == SignResult::Invalid {
[INFO] [stdout]     |                                                        ^^^^^^^^^^ use of undeclared type `SignResult`
[INFO] [stdout] ...
[INFO] [stdout] 143 | / wycheproof_sign_test!(
[INFO] [stdout] 144 | |     wycheproof_sign_65,
[INFO] [stdout] 145 | |     ParameterSet::MlDsa65,
[INFO] [stdout] 146 | |     MLDSA65SigningKey,
[INFO] [stdout] ...   |
[INFO] [stdout] 149 | |     ml_dsa_65::verify
[INFO] [stdout] 150 | | );
[INFO] [stdout]     | |_- in this macro invocation
[INFO] [stdout]     |
[INFO] [stdout]     = note: this error originates in the macro `wycheproof_sign_test` (in Nightly builds, run with -Z macro-backtrace for more info)
[INFO] [stdout] 
[INFO] [stdout] 
[INFO] [stdout] error[E0433]: cannot find type `MlDsaSignTestsNoSeed` in this scope
[INFO] [stdout]    --> tests/wycheproof_sign.rs:22:42
[INFO] [stdout]     |
[INFO] [stdout]  22 |                   let katfile_serialized = MlDsaSignTestsNoSeed::load($test_name);
[INFO] [stdout]     |                                            ^^^^^^^^^^^^^^^^^^^^ use of undeclared type `MlDsaSignTestsNoSeed`
[INFO] [stdout] ...
[INFO] [stdout] 152 | / wycheproof_sign_test!(
[INFO] [stdout] 153 | |     wycheproof_sign_65_portable,
[INFO] [stdout] 154 | |     ParameterSet::MlDsa65,
[INFO] [stdout] 155 | |     MLDSA65SigningKey,
[INFO] [stdout] ...   |
[INFO] [stdout] 158 | |     ml_dsa_65::portable::verify
[INFO] [stdout] 159 | | );
[INFO] [stdout]     | |_- in this macro invocation
[INFO] [stdout]     |
[INFO] [stdout]     = note: this error originates in the macro `wycheproof_sign_test` (in Nightly builds, run with -Z macro-backtrace for more info)
[INFO] [stdout] 
[INFO] [stdout] 
[INFO] [stdout] error[E0433]: cannot find type `Flag` in this scope
[INFO] [stdout]    --> tests/wycheproof_sign.rs:37:40
[INFO] [stdout]     |
[INFO] [stdout]  37 |                               .contains(&Flag::IncorrectPrivateKeyLength));
[INFO] [stdout]     |                                          ^^^^ use of undeclared type `Flag`
[INFO] [stdout] ...
[INFO] [stdout] 152 | / wycheproof_sign_test!(
[INFO] [stdout] 153 | |     wycheproof_sign_65_portable,
[INFO] [stdout] 154 | |     ParameterSet::MlDsa65,
[INFO] [stdout] 155 | |     MLDSA65SigningKey,
[INFO] [stdout] ...   |
[INFO] [stdout] 158 | |     ml_dsa_65::portable::verify
[INFO] [stdout] 159 | | );
[INFO] [stdout]     | |_- in this macro invocation
[INFO] [stdout]     |
[INFO] [stdout]     = note: this error originates in the macro `wycheproof_sign_test` (in Nightly builds, run with -Z macro-backtrace for more info)
[INFO] [stdout] 
[INFO] [stdout] 
[INFO] [stdout] error[E0433]: cannot find type `SignResult` in this scope
[INFO] [stdout]    --> tests/wycheproof_sign.rs:50:52
[INFO] [stdout]     |
[INFO] [stdout]  50 |                               assert!(test.result == SignResult::Invalid)
[INFO] [stdout]     |                                                      ^^^^^^^^^^ use of undeclared type `SignResult`
[INFO] [stdout] ...
[INFO] [stdout] 152 | / wycheproof_sign_test!(
[INFO] [stdout] 153 | |     wycheproof_sign_65_portable,
[INFO] [stdout] 154 | |     ParameterSet::MlDsa65,
[INFO] [stdout] 155 | |     MLDSA65SigningKey,
[INFO] [stdout] ...   |
[INFO] [stdout] 158 | |     ml_dsa_65::portable::verify
[INFO] [stdout] 159 | | );
[INFO] [stdout]     | |_- in this macro invocation
[INFO] [stdout]     |
[INFO] [stdout]     = note: this error originates in the macro `wycheproof_sign_test` (in Nightly builds, run with -Z macro-backtrace for more info)
[INFO] [stdout] 
[INFO] [stdout] 
[INFO] [stdout] error[E0433]: cannot find type `SignResult` in this scope
[INFO] [stdout]    --> tests/wycheproof_sign.rs:53:43
[INFO] [stdout]     |
[INFO] [stdout]  53 |                           if test.result == SignResult::Valid {
[INFO] [stdout]     |                                             ^^^^^^^^^^ use of undeclared type `SignResult`
[INFO] [stdout] ...
[INFO] [stdout] 152 | / wycheproof_sign_test!(
[INFO] [stdout] 153 | |     wycheproof_sign_65_portable,
[INFO] [stdout] 154 | |     ParameterSet::MlDsa65,
[INFO] [stdout] 155 | |     MLDSA65SigningKey,
[INFO] [stdout] ...   |
[INFO] [stdout] 158 | |     ml_dsa_65::portable::verify
[INFO] [stdout] 159 | | );
[INFO] [stdout]     | |_- in this macro invocation
[INFO] [stdout]     |
[INFO] [stdout]     = note: this error originates in the macro `wycheproof_sign_test` (in Nightly builds, run with -Z macro-backtrace for more info)
[INFO] [stdout] 
[INFO] [stdout] 
[INFO] [stdout] error[E0433]: cannot find type `MlDsaSignTestsWithSeed` in this scope
[INFO] [stdout]    --> tests/wycheproof_sign.rs:62:42
[INFO] [stdout]     |
[INFO] [stdout]  62 |                   let katfile_serialized = MlDsaSignTestsWithSeed::load($test_name);
[INFO] [stdout]     |                                            ^^^^^^^^^^^^^^^^^^^^^^ use of undeclared type `MlDsaSignTestsWithSeed`
[INFO] [stdout] ...
[INFO] [stdout] 152 | / wycheproof_sign_test!(
[INFO] [stdout] 153 | |     wycheproof_sign_65_portable,
[INFO] [stdout] 154 | |     ParameterSet::MlDsa65,
[INFO] [stdout] 155 | |     MLDSA65SigningKey,
[INFO] [stdout] ...   |
[INFO] [stdout] 158 | |     ml_dsa_65::portable::verify
[INFO] [stdout] 159 | | );
[INFO] [stdout]     | |_- in this macro invocation
[INFO] [stdout]     |
[INFO] [stdout]     = note: this error originates in the macro `wycheproof_sign_test` (in Nightly builds, run with -Z macro-backtrace for more info)
[INFO] [stdout] 
[INFO] [stdout] 
[INFO] [stdout] error[E0433]: cannot find type `SignResult` in this scope
[INFO] [stdout]    --> tests/wycheproof_sign.rs:79:52
[INFO] [stdout]     |
[INFO] [stdout]  79 |                               assert!(test.result == SignResult::Invalid)
[INFO] [stdout]     |                                                      ^^^^^^^^^^ use of undeclared type `SignResult`
[INFO] [stdout] ...
[INFO] [stdout] 152 | / wycheproof_sign_test!(
[INFO] [stdout] 153 | |     wycheproof_sign_65_portable,
[INFO] [stdout] 154 | |     ParameterSet::MlDsa65,
[INFO] [stdout] 155 | |     MLDSA65SigningKey,
[INFO] [stdout] ...   |
[INFO] [stdout] 158 | |     ml_dsa_65::portable::verify
[INFO] [stdout] 159 | | );
[INFO] [stdout]     | |_- in this macro invocation
[INFO] [stdout]     |
[INFO] [stdout]     = note: this error originates in the macro `wycheproof_sign_test` (in Nightly builds, run with -Z macro-backtrace for more info)
[INFO] [stdout] 
[INFO] [stdout] 
[INFO] [stdout] error[E0433]: cannot find type `SignResult` in this scope
[INFO] [stdout]    --> tests/wycheproof_sign.rs:83:47
[INFO] [stdout]     |
[INFO] [stdout]  83 |                               if test.result == SignResult::Valid {
[INFO] [stdout]     |                                                 ^^^^^^^^^^ use of undeclared type `SignResult`
[INFO] [stdout] ...
[INFO] [stdout] 152 | / wycheproof_sign_test!(
[INFO] [stdout] 153 | |     wycheproof_sign_65_portable,
[INFO] [stdout] 154 | |     ParameterSet::MlDsa65,
[INFO] [stdout] 155 | |     MLDSA65SigningKey,
[INFO] [stdout] ...   |
[INFO] [stdout] 158 | |     ml_dsa_65::portable::verify
[INFO] [stdout] 159 | | );
[INFO] [stdout]     | |_- in this macro invocation
[INFO] [stdout]     |
[INFO] [stdout]     = note: this error originates in the macro `wycheproof_sign_test` (in Nightly builds, run with -Z macro-backtrace for more info)
[INFO] [stdout] 
[INFO] [stdout] 
[INFO] [stdout] error[E0433]: cannot find type `SignResult` in this scope
[INFO] [stdout]    --> tests/wycheproof_sign.rs:86:54
[INFO] [stdout]     |
[INFO] [stdout]  86 |                               } else if test.result == SignResult::Invalid {
[INFO] [stdout]     |                                                        ^^^^^^^^^^ use of undeclared type `SignResult`
[INFO] [stdout] ...
[INFO] [stdout] 152 | / wycheproof_sign_test!(
[INFO] [stdout] 153 | |     wycheproof_sign_65_portable,
[INFO] [stdout] 154 | |     ParameterSet::MlDsa65,
[INFO] [stdout] 155 | |     MLDSA65SigningKey,
[INFO] [stdout] ...   |
[INFO] [stdout] 158 | |     ml_dsa_65::portable::verify
[INFO] [stdout] 159 | | );
[INFO] [stdout]     | |_- in this macro invocation
[INFO] [stdout]     |
[INFO] [stdout]     = note: this error originates in the macro `wycheproof_sign_test` (in Nightly builds, run with -Z macro-backtrace for more info)
[INFO] [stdout] 
[INFO] [stdout] 
[INFO] [stdout] error[E0433]: cannot find type `MlDsaSignTestsNoSeed` in this scope
[INFO] [stdout]    --> tests/wycheproof_sign.rs:22:42
[INFO] [stdout]     |
[INFO] [stdout]  22 |                   let katfile_serialized = MlDsaSignTestsNoSeed::load($test_name);
[INFO] [stdout]     |                                            ^^^^^^^^^^^^^^^^^^^^ use of undeclared type `MlDsaSignTestsNoSeed`
[INFO] [stdout] ...
[INFO] [stdout] 172 | / wycheproof_sign_test!(
[INFO] [stdout] 173 | |     wycheproof_sign_65_simd256,
[INFO] [stdout] 174 | |     ParameterSet::MlDsa65,
[INFO] [stdout] 175 | |     MLDSA65SigningKey,
[INFO] [stdout] ...   |
[INFO] [stdout] 178 | |     ml_dsa_65::avx2::verify
[INFO] [stdout] 179 | | );
[INFO] [stdout]     | |_- in this macro invocation
[INFO] [stdout]     |
[INFO] [stdout]     = note: this error originates in the macro `wycheproof_sign_test` (in Nightly builds, run with -Z macro-backtrace for more info)
[INFO] [stdout] 
[INFO] [stdout] 
[INFO] [stdout] error[E0433]: cannot find type `Flag` in this scope
[INFO] [stdout]    --> tests/wycheproof_sign.rs:37:40
[INFO] [stdout]     |
[INFO] [stdout]  37 |                               .contains(&Flag::IncorrectPrivateKeyLength));
[INFO] [stdout]     |                                          ^^^^ use of undeclared type `Flag`
[INFO] [stdout] ...
[INFO] [stdout] 172 | / wycheproof_sign_test!(
[INFO] [stdout] 173 | |     wycheproof_sign_65_simd256,
[INFO] [stdout] 174 | |     ParameterSet::MlDsa65,
[INFO] [stdout] 175 | |     MLDSA65SigningKey,
[INFO] [stdout] ...   |
[INFO] [stdout] 178 | |     ml_dsa_65::avx2::verify
[INFO] [stdout] 179 | | );
[INFO] [stdout]     | |_- in this macro invocation
[INFO] [stdout]     |
[INFO] [stdout]     = note: this error originates in the macro `wycheproof_sign_test` (in Nightly builds, run with -Z macro-backtrace for more info)
[INFO] [stdout] 
[INFO] [stdout] 
[INFO] [stdout] error[E0433]: cannot find type `SignResult` in this scope
[INFO] [stdout]    --> tests/wycheproof_sign.rs:50:52
[INFO] [stdout]     |
[INFO] [stdout]  50 |                               assert!(test.result == SignResult::Invalid)
[INFO] [stdout]     |                                                      ^^^^^^^^^^ use of undeclared type `SignResult`
[INFO] [stdout] ...
[INFO] [stdout] 172 | / wycheproof_sign_test!(
[INFO] [stdout] 173 | |     wycheproof_sign_65_simd256,
[INFO] [stdout] 174 | |     ParameterSet::MlDsa65,
[INFO] [stdout] 175 | |     MLDSA65SigningKey,
[INFO] [stdout] ...   |
[INFO] [stdout] 178 | |     ml_dsa_65::avx2::verify
[INFO] [stdout] 179 | | );
[INFO] [stdout]     | |_- in this macro invocation
[INFO] [stdout]     |
[INFO] [stdout]     = note: this error originates in the macro `wycheproof_sign_test` (in Nightly builds, run with -Z macro-backtrace for more info)
[INFO] [stdout] 
[INFO] [stdout] 
[INFO] [stdout] error[E0433]: cannot find type `SignResult` in this scope
[INFO] [stdout]    --> tests/wycheproof_sign.rs:53:43
[INFO] [stdout]     |
[INFO] [stdout]  53 |                           if test.result == SignResult::Valid {
[INFO] [stdout]     |                                             ^^^^^^^^^^ use of undeclared type `SignResult`
[INFO] [stdout] ...
[INFO] [stdout] 172 | / wycheproof_sign_test!(
[INFO] [stdout] 173 | |     wycheproof_sign_65_simd256,
[INFO] [stdout] 174 | |     ParameterSet::MlDsa65,
[INFO] [stdout] 175 | |     MLDSA65SigningKey,
[INFO] [stdout] ...   |
[INFO] [stdout] 178 | |     ml_dsa_65::avx2::verify
[INFO] [stdout] 179 | | );
[INFO] [stdout]     | |_- in this macro invocation
[INFO] [stdout]     |
[INFO] [stdout]     = note: this error originates in the macro `wycheproof_sign_test` (in Nightly builds, run with -Z macro-backtrace for more info)
[INFO] [stdout] 
[INFO] [stdout] 
[INFO] [stdout] error[E0433]: cannot find type `MlDsaSignTestsWithSeed` in this scope
[INFO] [stdout]    --> tests/wycheproof_sign.rs:62:42
[INFO] [stdout]     |
[INFO] [stdout]  62 |                   let katfile_serialized = MlDsaSignTestsWithSeed::load($test_name);
[INFO] [stdout]     |                                            ^^^^^^^^^^^^^^^^^^^^^^ use of undeclared type `MlDsaSignTestsWithSeed`
[INFO] [stdout] ...
[INFO] [stdout] 172 | / wycheproof_sign_test!(
[INFO] [stdout] 173 | |     wycheproof_sign_65_simd256,
[INFO] [stdout] 174 | |     ParameterSet::MlDsa65,
[INFO] [stdout] 175 | |     MLDSA65SigningKey,
[INFO] [stdout] ...   |
[INFO] [stdout] 178 | |     ml_dsa_65::avx2::verify
[INFO] [stdout] 179 | | );
[INFO] [stdout]     | |_- in this macro invocation
[INFO] [stdout]     |
[INFO] [stdout]     = note: this error originates in the macro `wycheproof_sign_test` (in Nightly builds, run with -Z macro-backtrace for more info)
[INFO] [stdout] 
[INFO] [stdout] 
[INFO] [stdout] error[E0433]: cannot find type `SignResult` in this scope
[INFO] [stdout]    --> tests/wycheproof_sign.rs:79:52
[INFO] [stdout]     |
[INFO] [stdout]  79 |                               assert!(test.result == SignResult::Invalid)
[INFO] [stdout]     |                                                      ^^^^^^^^^^ use of undeclared type `SignResult`
[INFO] [stdout] ...
[INFO] [stdout] 172 | / wycheproof_sign_test!(
[INFO] [stdout] 173 | |     wycheproof_sign_65_simd256,
[INFO] [stdout] 174 | |     ParameterSet::MlDsa65,
[INFO] [stdout] 175 | |     MLDSA65SigningKey,
[INFO] [stdout] ...   |
[INFO] [stdout] 178 | |     ml_dsa_65::avx2::verify
[INFO] [stdout] 179 | | );
[INFO] [stdout]     | |_- in this macro invocation
[INFO] [stdout]     |
[INFO] [stdout]     = note: this error originates in the macro `wycheproof_sign_test` (in Nightly builds, run with -Z macro-backtrace for more info)
[INFO] [stdout] 
[INFO] [stdout] 
[INFO] [stdout] error[E0433]: cannot find type `SignResult` in this scope
[INFO] [stdout]    --> tests/wycheproof_sign.rs:83:47
[INFO] [stdout]     |
[INFO] [stdout]  83 |                               if test.result == SignResult::Valid {
[INFO] [stdout]     |                                                 ^^^^^^^^^^ use of undeclared type `SignResult`
[INFO] [stdout] ...
[INFO] [stdout] 172 | / wycheproof_sign_test!(
[INFO] [stdout] 173 | |     wycheproof_sign_65_simd256,
[INFO] [stdout] 174 | |     ParameterSet::MlDsa65,
[INFO] [stdout] 175 | |     MLDSA65SigningKey,
[INFO] [stdout] ...   |
[INFO] [stdout] 178 | |     ml_dsa_65::avx2::verify
[INFO] [stdout] 179 | | );
[INFO] [stdout]     | |_- in this macro invocation
[INFO] [stdout]     |
[INFO] [stdout]     = note: this error originates in the macro `wycheproof_sign_test` (in Nightly builds, run with -Z macro-backtrace for more info)
[INFO] [stdout] 
[INFO] [stdout] 
[INFO] [stdout] error[E0433]: cannot find type `SignResult` in this scope
[INFO] [stdout]    --> tests/wycheproof_sign.rs:86:54
[INFO] [stdout]     |
[INFO] [stdout]  86 |                               } else if test.result == SignResult::Invalid {
[INFO] [stdout]     |                                                        ^^^^^^^^^^ use of undeclared type `SignResult`
[INFO] [stdout] ...
[INFO] [stdout] 172 | / wycheproof_sign_test!(
[INFO] [stdout] 173 | |     wycheproof_sign_65_simd256,
[INFO] [stdout] 174 | |     ParameterSet::MlDsa65,
[INFO] [stdout] 175 | |     MLDSA65SigningKey,
[INFO] [stdout] ...   |
[INFO] [stdout] 178 | |     ml_dsa_65::avx2::verify
[INFO] [stdout] 179 | | );
[INFO] [stdout]     | |_- in this macro invocation
[INFO] [stdout]     |
[INFO] [stdout]     = note: this error originates in the macro `wycheproof_sign_test` (in Nightly builds, run with -Z macro-backtrace for more info)
[INFO] [stdout] 
[INFO] [stdout] 
[INFO] [stdout] error[E0433]: cannot find type `MlDsaSignTestsNoSeed` in this scope
[INFO] [stdout]    --> tests/wycheproof_sign.rs:22:42
[INFO] [stdout]     |
[INFO] [stdout]  22 |                   let katfile_serialized = MlDsaSignTestsNoSeed::load($test_name);
[INFO] [stdout]     |                                            ^^^^^^^^^^^^^^^^^^^^ use of undeclared type `MlDsaSignTestsNoSeed`
[INFO] [stdout] ...
[INFO] [stdout] 183 | / wycheproof_sign_test!(
[INFO] [stdout] 184 | |     wycheproof_sign_87,
[INFO] [stdout] 185 | |     ParameterSet::MlDsa87,
[INFO] [stdout] 186 | |     MLDSA87SigningKey,
[INFO] [stdout] ...   |
[INFO] [stdout] 189 | |     ml_dsa_87::verify
[INFO] [stdout] 190 | | );
[INFO] [stdout]     | |_- in this macro invocation
[INFO] [stdout]     |
[INFO] [stdout]     = note: this error originates in the macro `wycheproof_sign_test` (in Nightly builds, run with -Z macro-backtrace for more info)
[INFO] [stdout] 
[INFO] [stdout] 
[INFO] [stdout] error[E0433]: cannot find type `Flag` in this scope
[INFO] [stdout]    --> tests/wycheproof_sign.rs:37:40
[INFO] [stdout]     |
[INFO] [stdout]  37 |                               .contains(&Flag::IncorrectPrivateKeyLength));
[INFO] [stdout]     |                                          ^^^^ use of undeclared type `Flag`
[INFO] [stdout] ...
[INFO] [stdout] 183 | / wycheproof_sign_test!(
[INFO] [stdout] 184 | |     wycheproof_sign_87,
[INFO] [stdout] 185 | |     ParameterSet::MlDsa87,
[INFO] [stdout] 186 | |     MLDSA87SigningKey,
[INFO] [stdout] ...   |
[INFO] [stdout] 189 | |     ml_dsa_87::verify
[INFO] [stdout] 190 | | );
[INFO] [stdout]     | |_- in this macro invocation
[INFO] [stdout]     |
[INFO] [stdout]     = note: this error originates in the macro `wycheproof_sign_test` (in Nightly builds, run with -Z macro-backtrace for more info)
[INFO] [stdout] 
[INFO] [stdout] 
[INFO] [stdout] error[E0433]: cannot find type `SignResult` in this scope
[INFO] [stdout]    --> tests/wycheproof_sign.rs:50:52
[INFO] [stdout]     |
[INFO] [stdout]  50 |                               assert!(test.result == SignResult::Invalid)
[INFO] [stdout]     |                                                      ^^^^^^^^^^ use of undeclared type `SignResult`
[INFO] [stdout] ...
[INFO] [stdout] 183 | / wycheproof_sign_test!(
[INFO] [stdout] 184 | |     wycheproof_sign_87,
[INFO] [stdout] 185 | |     ParameterSet::MlDsa87,
[INFO] [stdout] 186 | |     MLDSA87SigningKey,
[INFO] [stdout] ...   |
[INFO] [stdout] 189 | |     ml_dsa_87::verify
[INFO] [stdout] 190 | | );
[INFO] [stdout]     | |_- in this macro invocation
[INFO] [stdout]     |
[INFO] [stdout]     = note: this error originates in the macro `wycheproof_sign_test` (in Nightly builds, run with -Z macro-backtrace for more info)
[INFO] [stdout] 
[INFO] [stdout] 
[INFO] [stdout] error[E0433]: cannot find type `SignResult` in this scope
[INFO] [stdout]    --> tests/wycheproof_sign.rs:53:43
[INFO] [stdout]     |
[INFO] [stdout]  53 |                           if test.result == SignResult::Valid {
[INFO] [stdout]     |                                             ^^^^^^^^^^ use of undeclared type `SignResult`
[INFO] [stdout] ...
[INFO] [stdout] 183 | / wycheproof_sign_test!(
[INFO] [stdout] 184 | |     wycheproof_sign_87,
[INFO] [stdout] 185 | |     ParameterSet::MlDsa87,
[INFO] [stdout] 186 | |     MLDSA87SigningKey,
[INFO] [stdout] ...   |
[INFO] [stdout] 189 | |     ml_dsa_87::verify
[INFO] [stdout] 190 | | );
[INFO] [stdout]     | |_- in this macro invocation
[INFO] [stdout]     |
[INFO] [stdout]     = note: this error originates in the macro `wycheproof_sign_test` (in Nightly builds, run with -Z macro-backtrace for more info)
[INFO] [stdout] 
[INFO] [stdout] 
[INFO] [stdout] error[E0433]: cannot find type `MlDsaSignTestsWithSeed` in this scope
[INFO] [stdout]    --> tests/wycheproof_sign.rs:62:42
[INFO] [stdout]     |
[INFO] [stdout]  62 |                   let katfile_serialized = MlDsaSignTestsWithSeed::load($test_name);
[INFO] [stdout]     |                                            ^^^^^^^^^^^^^^^^^^^^^^ use of undeclared type `MlDsaSignTestsWithSeed`
[INFO] [stdout] ...
[INFO] [stdout] 183 | / wycheproof_sign_test!(
[INFO] [stdout] 184 | |     wycheproof_sign_87,
[INFO] [stdout] 185 | |     ParameterSet::MlDsa87,
[INFO] [stdout] 186 | |     MLDSA87SigningKey,
[INFO] [stdout] ...   |
[INFO] [stdout] 189 | |     ml_dsa_87::verify
[INFO] [stdout] 190 | | );
[INFO] [stdout]     | |_- in this macro invocation
[INFO] [stdout]     |
[INFO] [stdout]     = note: this error originates in the macro `wycheproof_sign_test` (in Nightly builds, run with -Z macro-backtrace for more info)
[INFO] [stdout] 
[INFO] [stdout] 
[INFO] [stdout] error[E0433]: cannot find type `SignResult` in this scope
[INFO] [stdout]    --> tests/wycheproof_sign.rs:79:52
[INFO] [stdout]     |
[INFO] [stdout]  79 |                               assert!(test.result == SignResult::Invalid)
[INFO] [stdout]     |                                                      ^^^^^^^^^^ use of undeclared type `SignResult`
[INFO] [stdout] ...
[INFO] [stdout] 183 | / wycheproof_sign_test!(
[INFO] [stdout] 184 | |     wycheproof_sign_87,
[INFO] [stdout] 185 | |     ParameterSet::MlDsa87,
[INFO] [stdout] 186 | |     MLDSA87SigningKey,
[INFO] [stdout] ...   |
[INFO] [stdout] 189 | |     ml_dsa_87::verify
[INFO] [stdout] 190 | | );
[INFO] [stdout]     | |_- in this macro invocation
[INFO] [stdout]     |
[INFO] [stdout]     = note: this error originates in the macro `wycheproof_sign_test` (in Nightly builds, run with -Z macro-backtrace for more info)
[INFO] [stdout] 
[INFO] [stdout] 
[INFO] [stdout] error[E0433]: cannot find type `SignResult` in this scope
[INFO] [stdout]    --> tests/wycheproof_sign.rs:83:47
[INFO] [stdout]     |
[INFO] [stdout]  83 |                               if test.result == SignResult::Valid {
[INFO] [stdout]     |                                                 ^^^^^^^^^^ use of undeclared type `SignResult`
[INFO] [stdout] ...
[INFO] [stdout] 183 | / wycheproof_sign_test!(
[INFO] [stdout] 184 | |     wycheproof_sign_87,
[INFO] [stdout] 185 | |     ParameterSet::MlDsa87,
[INFO] [stdout] 186 | |     MLDSA87SigningKey,
[INFO] [stdout] ...   |
[INFO] [stdout] 189 | |     ml_dsa_87::verify
[INFO] [stdout] 190 | | );
[INFO] [stdout]     | |_- in this macro invocation
[INFO] [stdout]     |
[INFO] [stdout]     = note: this error originates in the macro `wycheproof_sign_test` (in Nightly builds, run with -Z macro-backtrace for more info)
[INFO] [stdout] 
[INFO] [stdout] 
[INFO] [stdout] error[E0433]: cannot find type `SignResult` in this scope
[INFO] [stdout]    --> tests/wycheproof_sign.rs:86:54
[INFO] [stdout]     |
[INFO] [stdout]  86 |                               } else if test.result == SignResult::Invalid {
[INFO] [stdout]     |                                                        ^^^^^^^^^^ use of undeclared type `SignResult`
[INFO] [stdout] ...
[INFO] [stdout] 183 | / wycheproof_sign_test!(
[INFO] [stdout] 184 | |     wycheproof_sign_87,
[INFO] [stdout] 185 | |     ParameterSet::MlDsa87,
[INFO] [stdout] 186 | |     MLDSA87SigningKey,
[INFO] [stdout] ...   |
[INFO] [stdout] 189 | |     ml_dsa_87::verify
[INFO] [stdout] 190 | | );
[INFO] [stdout]     | |_- in this macro invocation
[INFO] [stdout]     |
[INFO] [stdout]     = note: this error originates in the macro `wycheproof_sign_test` (in Nightly builds, run with -Z macro-backtrace for more info)
[INFO] [stdout] 
[INFO] [stdout] 
[INFO] [stdout] error[E0433]: cannot find type `MlDsaSignTestsNoSeed` in this scope
[INFO] [stdout]    --> tests/wycheproof_sign.rs:22:42
[INFO] [stdout]     |
[INFO] [stdout]  22 |                   let katfile_serialized = MlDsaSignTestsNoSeed::load($test_name);
[INFO] [stdout]     |                                            ^^^^^^^^^^^^^^^^^^^^ use of undeclared type `MlDsaSignTestsNoSeed`
[INFO] [stdout] ...
[INFO] [stdout] 192 | / wycheproof_sign_test!(
[INFO] [stdout] 193 | |     wycheproof_sign_87_portable,
[INFO] [stdout] 194 | |     ParameterSet::MlDsa87,
[INFO] [stdout] 195 | |     MLDSA87SigningKey,
[INFO] [stdout] ...   |
[INFO] [stdout] 198 | |     ml_dsa_87::portable::verify
[INFO] [stdout] 199 | | );
[INFO] [stdout]     | |_- in this macro invocation
[INFO] [stdout]     |
[INFO] [stdout]     = note: this error originates in the macro `wycheproof_sign_test` (in Nightly builds, run with -Z macro-backtrace for more info)
[INFO] [stdout] 
[INFO] [stdout] 
[INFO] [stdout] error[E0433]: cannot find type `Flag` in this scope
[INFO] [stdout]    --> tests/wycheproof_sign.rs:37:40
[INFO] [stdout]     |
[INFO] [stdout]  37 |                               .contains(&Flag::IncorrectPrivateKeyLength));
[INFO] [stdout]     |                                          ^^^^ use of undeclared type `Flag`
[INFO] [stdout] ...
[INFO] [stdout] 192 | / wycheproof_sign_test!(
[INFO] [stdout] 193 | |     wycheproof_sign_87_portable,
[INFO] [stdout] 194 | |     ParameterSet::MlDsa87,
[INFO] [stdout] 195 | |     MLDSA87SigningKey,
[INFO] [stdout] ...   |
[INFO] [stdout] 198 | |     ml_dsa_87::portable::verify
[INFO] [stdout] 199 | | );
[INFO] [stdout]     | |_- in this macro invocation
[INFO] [stdout]     |
[INFO] [stdout]     = note: this error originates in the macro `wycheproof_sign_test` (in Nightly builds, run with -Z macro-backtrace for more info)
[INFO] [stdout] 
[INFO] [stdout] 
[INFO] [stdout] error[E0433]: cannot find type `SignResult` in this scope
[INFO] [stdout]    --> tests/wycheproof_sign.rs:50:52
[INFO] [stdout]     |
[INFO] [stdout]  50 |                               assert!(test.result == SignResult::Invalid)
[INFO] [stdout]     |                                                      ^^^^^^^^^^ use of undeclared type `SignResult`
[INFO] [stdout] ...
[INFO] [stdout] 192 | / wycheproof_sign_test!(
[INFO] [stdout] 193 | |     wycheproof_sign_87_portable,
[INFO] [stdout] 194 | |     ParameterSet::MlDsa87,
[INFO] [stdout] 195 | |     MLDSA87SigningKey,
[INFO] [stdout] ...   |
[INFO] [stdout] 198 | |     ml_dsa_87::portable::verify
[INFO] [stdout] 199 | | );
[INFO] [stdout]     | |_- in this macro invocation
[INFO] [stdout]     |
[INFO] [stdout]     = note: this error originates in the macro `wycheproof_sign_test` (in Nightly builds, run with -Z macro-backtrace for more info)
[INFO] [stdout] 
[INFO] [stdout] 
[INFO] [stdout] error[E0433]: cannot find type `SignResult` in this scope
[INFO] [stdout]    --> tests/wycheproof_sign.rs:53:43
[INFO] [stdout]     |
[INFO] [stdout]  53 |                           if test.result == SignResult::Valid {
[INFO] [stdout]     |                                             ^^^^^^^^^^ use of undeclared type `SignResult`
[INFO] [stdout] ...
[INFO] [stdout] 192 | / wycheproof_sign_test!(
[INFO] [stdout] 193 | |     wycheproof_sign_87_portable,
[INFO] [stdout] 194 | |     ParameterSet::MlDsa87,
[INFO] [stdout] 195 | |     MLDSA87SigningKey,
[INFO] [stdout] ...   |
[INFO] [stdout] 198 | |     ml_dsa_87::portable::verify
[INFO] [stdout] 199 | | );
[INFO] [stdout]     | |_- in this macro invocation
[INFO] [stdout]     |
[INFO] [stdout]     = note: this error originates in the macro `wycheproof_sign_test` (in Nightly builds, run with -Z macro-backtrace for more info)
[INFO] [stdout] 
[INFO] [stdout] 
[INFO] [stdout] error[E0433]: cannot find type `MlDsaSignTestsWithSeed` in this scope
[INFO] [stdout]    --> tests/wycheproof_sign.rs:62:42
[INFO] [stdout]     |
[INFO] [stdout]  62 |                   let katfile_serialized = MlDsaSignTestsWithSeed::load($test_name);
[INFO] [stdout]     |                                            ^^^^^^^^^^^^^^^^^^^^^^ use of undeclared type `MlDsaSignTestsWithSeed`
[INFO] [stdout] ...
[INFO] [stdout] 192 | / wycheproof_sign_test!(
[INFO] [stdout] 193 | |     wycheproof_sign_87_portable,
[INFO] [stdout] 194 | |     ParameterSet::MlDsa87,
[INFO] [stdout] 195 | |     MLDSA87SigningKey,
[INFO] [stdout] ...   |
[INFO] [stdout] 198 | |     ml_dsa_87::portable::verify
[INFO] [stdout] 199 | | );
[INFO] [stdout]     | |_- in this macro invocation
[INFO] [stdout]     |
[INFO] [stdout]     = note: this error originates in the macro `wycheproof_sign_test` (in Nightly builds, run with -Z macro-backtrace for more info)
[INFO] [stdout] 
[INFO] [stdout] 
[INFO] [stdout] error[E0433]: cannot find type `SignResult` in this scope
[INFO] [stdout]    --> tests/wycheproof_sign.rs:79:52
[INFO] [stdout]     |
[INFO] [stdout]  79 |                               assert!(test.result == SignResult::Invalid)
[INFO] [stdout]     |                                                      ^^^^^^^^^^ use of undeclared type `SignResult`
[INFO] [stdout] ...
[INFO] [stdout] 192 | / wycheproof_sign_test!(
[INFO] [stdout] 193 | |     wycheproof_sign_87_portable,
[INFO] [stdout] 194 | |     ParameterSet::MlDsa87,
[INFO] [stdout] 195 | |     MLDSA87SigningKey,
[INFO] [stdout] ...   |
[INFO] [stdout] 198 | |     ml_dsa_87::portable::verify
[INFO] [stdout] 199 | | );
[INFO] [stdout]     | |_- in this macro invocation
[INFO] [stdout]     |
[INFO] [stdout]     = note: this error originates in the macro `wycheproof_sign_test` (in Nightly builds, run with -Z macro-backtrace for more info)
[INFO] [stdout] 
[INFO] [stdout] 
[INFO] [stderr] error: could not compile `test-foo-bar-ml-dsa` (test "wycheproof_sign") due to 74 previous errors
[INFO] [stdout] error[E0433]: cannot find type `SignResult` in this scope
[INFO] [stdout]    --> tests/wycheproof_sign.rs:83:47
[INFO] [stdout]     |
[INFO] [stdout]  83 |                               if test.result == SignResult::Valid {
[INFO] [stdout]     |                                                 ^^^^^^^^^^ use of undeclared type `SignResult`
[INFO] [stdout] ...
[INFO] [stdout] 192 | / wycheproof_sign_test!(
[INFO] [stdout] 193 | |     wycheproof_sign_87_portable,
[INFO] [stdout] 194 | |     ParameterSet::MlDsa87,
[INFO] [stdout] 195 | |     MLDSA87SigningKey,
[INFO] [stdout] ...   |
[INFO] [stdout] 198 | |     ml_dsa_87::portable::verify
[INFO] [stdout] 199 | | );
[INFO] [stdout]     | |_- in this macro invocation
[INFO] [stdout]     |
[INFO] [stdout]     = note: this error originates in the macro `wycheproof_sign_test` (in Nightly builds, run with -Z macro-backtrace for more info)
[INFO] [stdout] 
[INFO] [stdout] 
[INFO] [stdout] error[E0433]: cannot find type `SignResult` in this scope
[INFO] [stdout]    --> tests/wycheproof_sign.rs:86:54
[INFO] [stdout]     |
[INFO] [stdout]  86 |                               } else if test.result == SignResult::Invalid {
[INFO] [stdout]     |                                                        ^^^^^^^^^^ use of undeclared type `SignResult`
[INFO] [stdout] ...
[INFO] [stdout] 192 | / wycheproof_sign_test!(
[INFO] [stdout] 193 | |     wycheproof_sign_87_portable,
[INFO] [stdout] 194 | |     ParameterSet::MlDsa87,
[INFO] [stdout] 195 | |     MLDSA87SigningKey,
[INFO] [stdout] ...   |
[INFO] [stdout] 198 | |     ml_dsa_87::portable::verify
[INFO] [stdout] 199 | | );
[INFO] [stdout]     | |_- in this macro invocation
[INFO] [stdout]     |
[INFO] [stdout]     = note: this error originates in the macro `wycheproof_sign_test` (in Nightly builds, run with -Z macro-backtrace for more info)
[INFO] [stdout] 
[INFO] [stdout] 
[INFO] [stdout] error[E0433]: cannot find type `MlDsaSignTestsNoSeed` in this scope
[INFO] [stdout]    --> tests/wycheproof_sign.rs:22:42
[INFO] [stdout]     |
[INFO] [stdout]  22 |                   let katfile_serialized = MlDsaSignTestsNoSeed::load($test_name);
[INFO] [stdout]     |                                            ^^^^^^^^^^^^^^^^^^^^ use of undeclared type `MlDsaSignTestsNoSeed`
[INFO] [stdout] ...
[INFO] [stdout] 212 | / wycheproof_sign_test!(
[INFO] [stdout] 213 | |     wycheproof_sign_87_simd256,
[INFO] [stdout] 214 | |     ParameterSet::MlDsa87,
[INFO] [stdout] 215 | |     MLDSA87SigningKey,
[INFO] [stdout] ...   |
[INFO] [stdout] 218 | |     ml_dsa_87::avx2::verify
[INFO] [stdout] 219 | | );
[INFO] [stdout]     | |_- in this macro invocation
[INFO] [stdout]     |
[INFO] [stdout]     = note: this error originates in the macro `wycheproof_sign_test` (in Nightly builds, run with -Z macro-backtrace for more info)
[INFO] [stdout] 
[INFO] [stdout] 
[INFO] [stdout] error[E0433]: cannot find type `Flag` in this scope
[INFO] [stdout]    --> tests/wycheproof_sign.rs:37:40
[INFO] [stdout]     |
[INFO] [stdout]  37 |                               .contains(&Flag::IncorrectPrivateKeyLength));
[INFO] [stdout]     |                                          ^^^^ use of undeclared type `Flag`
[INFO] [stdout] ...
[INFO] [stdout] 212 | / wycheproof_sign_test!(
[INFO] [stdout] 213 | |     wycheproof_sign_87_simd256,
[INFO] [stdout] 214 | |     ParameterSet::MlDsa87,
[INFO] [stdout] 215 | |     MLDSA87SigningKey,
[INFO] [stdout] ...   |
[INFO] [stdout] 218 | |     ml_dsa_87::avx2::verify
[INFO] [stdout] 219 | | );
[INFO] [stdout]     | |_- in this macro invocation
[INFO] [stdout]     |
[INFO] [stdout]     = note: this error originates in the macro `wycheproof_sign_test` (in Nightly builds, run with -Z macro-backtrace for more info)
[INFO] [stdout] 
[INFO] [stdout] 
[INFO] [stdout] error[E0433]: cannot find type `SignResult` in this scope
[INFO] [stdout]    --> tests/wycheproof_sign.rs:50:52
[INFO] [stdout]     |
[INFO] [stdout]  50 |                               assert!(test.result == SignResult::Invalid)
[INFO] [stdout]     |                                                      ^^^^^^^^^^ use of undeclared type `SignResult`
[INFO] [stdout] ...
[INFO] [stdout] 212 | / wycheproof_sign_test!(
[INFO] [stdout] 213 | |     wycheproof_sign_87_simd256,
[INFO] [stdout] 214 | |     ParameterSet::MlDsa87,
[INFO] [stdout] 215 | |     MLDSA87SigningKey,
[INFO] [stdout] ...   |
[INFO] [stdout] 218 | |     ml_dsa_87::avx2::verify
[INFO] [stdout] 219 | | );
[INFO] [stdout]     | |_- in this macro invocation
[INFO] [stdout]     |
[INFO] [stdout]     = note: this error originates in the macro `wycheproof_sign_test` (in Nightly builds, run with -Z macro-backtrace for more info)
[INFO] [stdout] 
[INFO] [stdout] 
[INFO] [stdout] error[E0433]: cannot find type `SignResult` in this scope
[INFO] [stdout]    --> tests/wycheproof_sign.rs:53:43
[INFO] [stdout]     |
[INFO] [stdout]  53 |                           if test.result == SignResult::Valid {
[INFO] [stdout]     |                                             ^^^^^^^^^^ use of undeclared type `SignResult`
[INFO] [stdout] ...
[INFO] [stdout] 212 | / wycheproof_sign_test!(
[INFO] [stdout] 213 | |     wycheproof_sign_87_simd256,
[INFO] [stdout] 214 | |     ParameterSet::MlDsa87,
[INFO] [stdout] 215 | |     MLDSA87SigningKey,
[INFO] [stdout] ...   |
[INFO] [stdout] 218 | |     ml_dsa_87::avx2::verify
[INFO] [stdout] 219 | | );
[INFO] [stdout]     | |_- in this macro invocation
[INFO] [stdout]     |
[INFO] [stdout]     = note: this error originates in the macro `wycheproof_sign_test` (in Nightly builds, run with -Z macro-backtrace for more info)
[INFO] [stdout] 
[INFO] [stdout] 
[INFO] [stdout] error[E0433]: cannot find type `MlDsaSignTestsWithSeed` in this scope
[INFO] [stdout]    --> tests/wycheproof_sign.rs:62:42
[INFO] [stdout]     |
[INFO] [stdout]  62 |                   let katfile_serialized = MlDsaSignTestsWithSeed::load($test_name);
[INFO] [stdout]     |                                            ^^^^^^^^^^^^^^^^^^^^^^ use of undeclared type `MlDsaSignTestsWithSeed`
[INFO] [stdout] ...
[INFO] [stdout] 212 | / wycheproof_sign_test!(
[INFO] [stdout] 213 | |     wycheproof_sign_87_simd256,
[INFO] [stdout] 214 | |     ParameterSet::MlDsa87,
[INFO] [stdout] 215 | |     MLDSA87SigningKey,
[INFO] [stdout] ...   |
[INFO] [stdout] 218 | |     ml_dsa_87::avx2::verify
[INFO] [stdout] 219 | | );
[INFO] [stdout]     | |_- in this macro invocation
[INFO] [stdout]     |
[INFO] [stdout]     = note: this error originates in the macro `wycheproof_sign_test` (in Nightly builds, run with -Z macro-backtrace for more info)
[INFO] [stdout] 
[INFO] [stdout] 
[INFO] [stdout] error[E0433]: cannot find type `SignResult` in this scope
[INFO] [stdout]    --> tests/wycheproof_sign.rs:79:52
[INFO] [stdout]     |
[INFO] [stdout]  79 |                               assert!(test.result == SignResult::Invalid)
[INFO] [stdout]     |                                                      ^^^^^^^^^^ use of undeclared type `SignResult`
[INFO] [stdout] ...
[INFO] [stdout] 212 | / wycheproof_sign_test!(
[INFO] [stdout] 213 | |     wycheproof_sign_87_simd256,
[INFO] [stdout] 214 | |     ParameterSet::MlDsa87,
[INFO] [stdout] 215 | |     MLDSA87SigningKey,
[INFO] [stdout] ...   |
[INFO] [stdout] 218 | |     ml_dsa_87::avx2::verify
[INFO] [stdout] 219 | | );
[INFO] [stdout]     | |_- in this macro invocation
[INFO] [stdout]     |
[INFO] [stdout]     = note: this error originates in the macro `wycheproof_sign_test` (in Nightly builds, run with -Z macro-backtrace for more info)
[INFO] [stdout] 
[INFO] [stdout] 
[INFO] [stdout] error[E0433]: cannot find type `SignResult` in this scope
[INFO] [stdout]    --> tests/wycheproof_sign.rs:83:47
[INFO] [stdout]     |
[INFO] [stdout]  83 |                               if test.result == SignResult::Valid {
[INFO] [stdout]     |                                                 ^^^^^^^^^^ use of undeclared type `SignResult`
[INFO] [stdout] ...
[INFO] [stdout] 212 | / wycheproof_sign_test!(
[INFO] [stdout] 213 | |     wycheproof_sign_87_simd256,
[INFO] [stdout] 214 | |     ParameterSet::MlDsa87,
[INFO] [stdout] 215 | |     MLDSA87SigningKey,
[INFO] [stdout] ...   |
[INFO] [stdout] 218 | |     ml_dsa_87::avx2::verify
[INFO] [stdout] 219 | | );
[INFO] [stdout]     | |_- in this macro invocation
[INFO] [stdout]     |
[INFO] [stdout]     = note: this error originates in the macro `wycheproof_sign_test` (in Nightly builds, run with -Z macro-backtrace for more info)
[INFO] [stdout] 
[INFO] [stdout] 
[INFO] [stdout] error[E0433]: cannot find type `SignResult` in this scope
[INFO] [stdout]    --> tests/wycheproof_sign.rs:86:54
[INFO] [stdout]     |
[INFO] [stdout]  86 |                               } else if test.result == SignResult::Invalid {
[INFO] [stdout]     |                                                        ^^^^^^^^^^ use of undeclared type `SignResult`
[INFO] [stdout] ...
[INFO] [stdout] 212 | / wycheproof_sign_test!(
[INFO] [stdout] 213 | |     wycheproof_sign_87_simd256,
[INFO] [stdout] 214 | |     ParameterSet::MlDsa87,
[INFO] [stdout] 215 | |     MLDSA87SigningKey,
[INFO] [stdout] ...   |
[INFO] [stdout] 218 | |     ml_dsa_87::avx2::verify
[INFO] [stdout] 219 | | );
[INFO] [stdout]     | |_- in this macro invocation
[INFO] [stdout]     |
[INFO] [stdout]     = note: this error originates in the macro `wycheproof_sign_test` (in Nightly builds, run with -Z macro-backtrace for more info)
[INFO] [stdout] 
[INFO] [stdout] 
[INFO] [stdout] Some errors have detailed explanations: E0432, E0433.
[INFO] [stdout] 
[INFO] [stdout] For more information about an error, try `rustc --explain E0432`.
[INFO] [stdout] 
[INFO] running `Command { std: "docker" "inspect" "d3d8184338e8bbaea43bf6f8bcf2b42dffc4d568f5e211b835d7100ca5ce3032", kill_on_drop: false }`
[INFO] running `Command { std: "docker" "rm" "-f" "d3d8184338e8bbaea43bf6f8bcf2b42dffc4d568f5e211b835d7100ca5ce3032", kill_on_drop: false }`
[INFO] [stdout] d3d8184338e8bbaea43bf6f8bcf2b42dffc4d568f5e211b835d7100ca5ce3032
