[INFO] fetching crate tersse 0.1.0...
[INFO] testing tersse-0.1.0 against 1.99.0-beta.8+cargoflags=--release for beta-release-1.100-2
[INFO] extracting crate tersse 0.1.0 into /workspace/builds/worker-1-tc1/source
[INFO] started tweaking crates.io crate tersse 0.1.0
[INFO] removed 0 missing tests
[INFO] finished tweaking crates.io crate tersse 0.1.0
[INFO] tweaked toml for crates.io crate tersse 0.1.0 written to /workspace/builds/worker-1-tc1/source/Cargo.toml
[INFO] validating manifest of crates.io crate tersse 0.1.0 on toolchain 1.99.0-beta.8
[INFO] running `Command { std: CARGO_HOME="/workspace/cargo-home" RUSTUP_HOME="/workspace/rustup-home" "/workspace/cargo-home/bin/cargo" "+1.99.0-beta.8" "metadata" "--manifest-path" "Cargo.toml" "--no-deps", kill_on_drop: false }`
[INFO] crate crates.io crate tersse 0.1.0 already has a lockfile, it will not be regenerated
[INFO] running `Command { std: CARGO_HOME="/workspace/cargo-home" RUSTUP_HOME="/workspace/rustup-home" "/workspace/cargo-home/bin/cargo" "+1.99.0-beta.8" "fetch" "--manifest-path" "Cargo.toml", kill_on_drop: false }`
[INFO] [stderr]     Updating crates.io index
[INFO] [stderr]  Downloading crates ...
[INFO] [stderr]   Downloaded ncurses v5.101.0
[INFO] [stderr]   Downloaded pancurses v0.17.0
[INFO] [stderr]   Downloaded pdcurses-sys v0.7.1
[INFO] running `Command { std: "docker" "create" "-v" "/var/lib/crater-agent-workspace/builds/worker-1-tc1/source:/opt/rustwide/workdir:ro,Z" "-v" "/var/lib/crater-agent-workspace/builds/worker-1-tc1/target:/opt/rustwide/target:rw,Z" "-v" "/var/lib/crater-agent-workspace/cargo-home:/opt/rustwide/cargo-home:ro,Z" "-v" "/var/lib/crater-agent-workspace/rustup-home:/opt/rustwide/rustup-home:ro,Z" "-m" "1610612736" "--network" "none" "ghcr.io/rust-lang/crates-build-env/linux@sha256:77db811e55d90add9212f6832c23229e3de5f1c1f9905e8cb07319ea15df73ac" "sleep" "infinity", kill_on_drop: false }`
[INFO] [stdout] 0642388279be1c17cb44ab28b0265ae97681612f8aca4ca26c58e0dac6e44205
[INFO] running `Command { std: "docker" "start" "0642388279be1c17cb44ab28b0265ae97681612f8aca4ca26c58e0dac6e44205", kill_on_drop: false }`
[INFO] running `Command { std: "docker" "inspect" "0642388279be1c17cb44ab28b0265ae97681612f8aca4ca26c58e0dac6e44205", kill_on_drop: false }`
[INFO] running `Command { std: "docker" "exec" "-e" "SOURCE_DIR=/opt/rustwide/workdir" "-e" "CARGO_HOME=/opt/rustwide/cargo-home" "-e" "RUSTUP_HOME=/opt/rustwide/rustup-home" "-e" "CARGO_TARGET_DIR=/opt/rustwide/target" "-w" "/opt/rustwide/workdir" "--user" "0:0" "0642388279be1c17cb44ab28b0265ae97681612f8aca4ca26c58e0dac6e44205" "/opt/rustwide/cargo-home/bin/cargo" "+1.99.0-beta.8" "metadata" "--no-deps" "--format-version=1", kill_on_drop: false }`
[INFO] running `Command { std: "docker" "inspect" "0642388279be1c17cb44ab28b0265ae97681612f8aca4ca26c58e0dac6e44205", kill_on_drop: false }`
[INFO] running `Command { std: "docker" "exec" "-e" "SOURCE_DIR=/opt/rustwide/workdir" "-e" "CARGO_HOME=/opt/rustwide/cargo-home" "-e" "RUSTUP_HOME=/opt/rustwide/rustup-home" "-e" "CARGO_TARGET_DIR=/opt/rustwide/target" "-e" "CARGO_INCREMENTAL=0" "-e" "RUST_BACKTRACE=full" "-e" "RUSTFLAGS=--cap-lints=warn" "-e" "RUSTDOCFLAGS=--cap-lints=warn" "-w" "/opt/rustwide/workdir" "--user" "0:0" "0642388279be1c17cb44ab28b0265ae97681612f8aca4ca26c58e0dac6e44205" "/opt/rustwide/cargo-home/bin/cargo" "+1.99.0-beta.8" "build" "--frozen" "--message-format=json" "--release", kill_on_drop: false }`
[INFO] [stderr]    Compiling libc v0.2.186
[INFO] [stderr]    Compiling cfg-if v1.0.4
[INFO] [stderr]    Compiling bitflags v2.11.1
[INFO] [stderr]    Compiling proc-macro2 v1.0.106
[INFO] [stderr]    Compiling unicode-ident v1.0.24
[INFO] [stderr]    Compiling quote v1.0.45
[INFO] [stderr]    Compiling simd-adler32 v0.3.9
[INFO] [stderr]    Compiling autocfg v1.5.1
[INFO] [stderr]    Compiling crc32fast v1.5.0
[INFO] [stderr]    Compiling log v0.4.29
[INFO] [stderr]    Compiling rustix v1.1.4
[INFO] [stderr]    Compiling adler2 v2.0.1
[INFO] [stderr]    Compiling find-msvc-tools v0.1.9
[INFO] [stderr]    Compiling num-traits v0.2.19
[INFO] [stderr]    Compiling parking_lot_core v0.9.12
[INFO] [stderr]    Compiling shlex v1.3.0
[INFO] [stderr]    Compiling miniz_oxide v0.8.9
[INFO] [stderr]    Compiling signal-hook v0.3.18
[INFO] [stderr]    Compiling linux-raw-sys v0.12.1
[INFO] [stderr]    Compiling smallvec v1.15.1
[INFO] [stderr]    Compiling scopeguard v1.2.0
[INFO] [stderr]    Compiling cc v1.2.62
[INFO] [stderr]    Compiling pkg-config v0.3.33
[INFO] [stderr]    Compiling lock_api v0.4.14
[INFO] [stderr]    Compiling flate2 v1.1.9
[INFO] [stderr]    Compiling syn v2.0.117
[INFO] [stderr]    Compiling fdeflate v0.3.7
[INFO] [stderr]    Compiling zerocopy v0.8.48
[INFO] [stderr]    Compiling errno v0.3.14
[INFO] [stderr]    Compiling signal-hook-registry v1.4.8
[INFO] [stderr]    Compiling rustix v0.38.44
[INFO] [stderr]    Compiling getrandom v0.3.4
[INFO] [stderr]    Compiling pxfm v0.1.29
[INFO] [stderr]    Compiling version_check v0.9.5
[INFO] [stderr]    Compiling parking_lot v0.12.5
[INFO] [stderr]    Compiling png v0.18.1
[INFO] [stderr]    Compiling ahash v0.8.12
[INFO] [stderr]    Compiling ncurses v5.101.0
[INFO] [stderr]    Compiling mio v1.2.0
[INFO] [stderr]    Compiling futures-core v0.3.32
[INFO] [stderr]    Compiling byteorder-lite v0.1.0
[INFO] [stderr]    Compiling pin-project-lite v0.2.17
[INFO] [stderr]    Compiling bytemuck v1.25.0
[INFO] [stderr]    Compiling linux-raw-sys v0.4.15
[INFO] [stderr]    Compiling x11rb-protocol v0.13.2
[INFO] [stderr]    Compiling signal-hook-mio v0.2.5
[INFO] [stderr]    Compiling slab v0.4.12
[INFO] [stderr]    Compiling percent-encoding v2.3.2
[INFO] [stderr]    Compiling once_cell v1.21.4
[INFO] [stderr]    Compiling futures-task v0.3.32
[INFO] [stderr]    Compiling tersse v0.1.0 (/opt/rustwide/workdir)
[INFO] [stderr]    Compiling crossterm v0.28.1
[INFO] [stderr]    Compiling pancurses v0.17.0
[INFO] [stderr]    Compiling tokio-macros v2.7.0
[INFO] [stderr]    Compiling futures-macro v0.3.32
[INFO] [stderr]    Compiling moxcms v0.8.1
[INFO] [stderr]    Compiling tokio v1.52.3
[INFO] [stderr]    Compiling futures-util v0.3.32
[INFO] [stderr]    Compiling gethostname v1.1.0
[INFO] [stderr]    Compiling x11rb v0.13.2
[INFO] [stderr]    Compiling image v0.25.10
[INFO] [stderr]    Compiling arboard v3.6.1
[INFO] [stderr]     Finished `release` profile [optimized] target(s) in 1m 47s
[INFO] running `Command { std: "docker" "inspect" "0642388279be1c17cb44ab28b0265ae97681612f8aca4ca26c58e0dac6e44205", kill_on_drop: false }`
[INFO] running `Command { std: "docker" "exec" "-e" "SOURCE_DIR=/opt/rustwide/workdir" "-e" "CARGO_HOME=/opt/rustwide/cargo-home" "-e" "RUSTUP_HOME=/opt/rustwide/rustup-home" "-e" "CARGO_TARGET_DIR=/opt/rustwide/target" "-e" "CARGO_INCREMENTAL=0" "-e" "RUST_BACKTRACE=full" "-e" "RUSTFLAGS=--cap-lints=warn" "-e" "RUSTDOCFLAGS=--cap-lints=warn" "-w" "/opt/rustwide/workdir" "--user" "0:0" "0642388279be1c17cb44ab28b0265ae97681612f8aca4ca26c58e0dac6e44205" "/opt/rustwide/cargo-home/bin/cargo" "+1.99.0-beta.8" "test" "--frozen" "--no-run" "--message-format=json" "--release", kill_on_drop: false }`
[INFO] [stderr]    Compiling libc v0.2.186
[INFO] [stderr]    Compiling cfg-if v1.0.4
[INFO] [stderr]    Compiling bitflags v2.11.1
[INFO] [stderr]    Compiling simd-adler32 v0.3.9
[INFO] [stderr]    Compiling adler2 v2.0.1
[INFO] [stderr]    Compiling log v0.4.29
[INFO] [stderr]    Compiling scopeguard v1.2.0
[INFO] [stderr]    Compiling linux-raw-sys v0.12.1
[INFO] [stderr]    Compiling crc32fast v1.5.0
[INFO] [stderr]    Compiling smallvec v1.15.1
[INFO] [stderr]    Compiling lock_api v0.4.14
[INFO] [stderr]    Compiling miniz_oxide v0.8.9
[INFO] [stderr]    Compiling fdeflate v0.3.7
[INFO] [stderr]    Compiling num-traits v0.2.19
[INFO] [stderr]    Compiling pxfm v0.1.29
[INFO] [stderr]    Compiling pin-project-lite v0.2.17
[INFO] [stderr]    Compiling byteorder-lite v0.1.0
[INFO] [stderr]    Compiling futures-core v0.3.32
[INFO] [stderr]    Compiling x11rb-protocol v0.13.2
[INFO] [stderr]    Compiling flate2 v1.1.9
[INFO] [stderr]    Compiling bytemuck v1.25.0
[INFO] [stderr]    Compiling png v0.18.1
[INFO] [stderr]    Compiling linux-raw-sys v0.4.15
[INFO] [stderr]    Compiling errno v0.3.14
[INFO] [stderr]    Compiling parking_lot_core v0.9.12
[INFO] [stderr]    Compiling mio v1.2.0
[INFO] [stderr]    Compiling signal-hook-registry v1.4.8
[INFO] [stderr]    Compiling signal-hook v0.3.18
[INFO] [stderr]    Compiling rustix v1.1.4
[INFO] [stderr]    Compiling parking_lot v0.12.5
[INFO] [stderr]    Compiling rustix v0.38.44
[INFO] [stderr]    Compiling ncurses v5.101.0
[INFO] [stderr]    Compiling signal-hook-mio v0.2.5
[INFO] [stderr]    Compiling getrandom v0.3.4
[INFO] [stderr]    Compiling zerocopy v0.8.48
[INFO] [stderr]    Compiling once_cell v1.21.4
[INFO] [stderr]    Compiling futures-task v0.3.32
[INFO] [stderr]    Compiling percent-encoding v2.3.2
[INFO] [stderr]    Compiling slab v0.4.12
[INFO] [stderr]    Compiling pancurses v0.17.0
[INFO] [stderr]    Compiling futures-util v0.3.32
[INFO] [stderr]    Compiling crossterm v0.28.1
[INFO] [stderr]    Compiling tokio v1.52.3
[INFO] [stderr]    Compiling moxcms v0.8.1
[INFO] [stderr]    Compiling gethostname v1.1.0
[INFO] [stderr]    Compiling x11rb v0.13.2
[INFO] [stderr]    Compiling ahash v0.8.12
[INFO] [stderr]    Compiling image v0.25.10
[INFO] [stderr]    Compiling arboard v3.6.1
[INFO] [stderr]    Compiling tersse v0.1.0 (/opt/rustwide/workdir)
[INFO] [stdout] error[E0433]: cannot find `pure_test` in `tersse`
[INFO] [stdout]   --> tests/pure_element_placement.rs:1:13
[INFO] [stdout]    |
[INFO] [stdout]  1 | use tersse::pure_test::element_placement::{
[INFO] [stdout]    |             ^^^^^^^^^ could not find `pure_test` in `tersse`
[INFO] [stdout]    |
[INFO] [stdout] note: found an item that was configured out
[INFO] [stdout]   --> src/lib.rs:12:9
[INFO] [stdout]    |
[INFO] [stdout] 11 | #[cfg(feature = "pure-tests")]
[INFO] [stdout]    |       ---------------------- the item is gated behind the `pure-tests` feature
[INFO] [stdout] 12 | pub mod pure_test;
[INFO] [stdout]    |         ^^^^^^^^^
[INFO] [stdout] 
[INFO] [stdout] 
[INFO] [stdout] error[E0433]: cannot find `pure_test` in `tersse`
[INFO] [stdout]   --> tests/pure_terminal_input_batch.rs:1:13
[INFO] [stdout]    |
[INFO] [stdout]  1 | use tersse::pure_test::terminal_input_batch::{
[INFO] [stdout]    |             ^^^^^^^^^ could not find `pure_test` in `tersse`
[INFO] [stdout]    |
[INFO] [stdout] note: found an item that was configured out
[INFO] [stdout]   --> src/lib.rs:12:9
[INFO] [stdout]    |
[INFO] [stdout] 11 | #[cfg(feature = "pure-tests")]
[INFO] [stdout]    |       ---------------------- the item is gated behind the `pure-tests` feature
[INFO] [stdout] 12 | pub mod pure_test;
[INFO] [stdout]    |         ^^^^^^^^^
[INFO] [stdout] 
[INFO] [stdout] 
[INFO] [stdout] error[E0433]: cannot find `pure_test` in `tersse`
[INFO] [stdout]   --> tests/pure_terminal_input_batch.rs:6:13
[INFO] [stdout]    |
[INFO] [stdout]  6 | use tersse::pure_test::terminal_poll_coalesce::{
[INFO] [stdout]    |             ^^^^^^^^^ could not find `pure_test` in `tersse`
[INFO] [stdout]    |
[INFO] [stdout] note: found an item that was configured out
[INFO] [stdout]   --> src/lib.rs:12:9
[INFO] [stdout]    |
[INFO] [stdout] 11 | #[cfg(feature = "pure-tests")]
[INFO] [stdout]    |       ---------------------- the item is gated behind the `pure-tests` feature
[INFO] [stdout] 12 | pub mod pure_test;
[INFO] [stdout]    |         ^^^^^^^^^
[INFO] [stdout] 
[INFO] [stdout] 
[INFO] [stdout] error[E0433]: cannot find `pure_test` in `tersse`
[INFO] [stdout]   --> tests/pure_keyboard.rs:1:13
[INFO] [stdout]    |
[INFO] [stdout]  1 | use tersse::pure_test::keyboard::arrow_extend_selection;
[INFO] [stdout]    |             ^^^^^^^^^ could not find `pure_test` in `tersse`
[INFO] [stdout]    |
[INFO] [stdout] note: found an item that was configured out
[INFO] [stdout]   --> src/lib.rs:12:9
[INFO] [stdout]    |
[INFO] [stdout] 11 | #[cfg(feature = "pure-tests")]
[INFO] [stdout]    |       ---------------------- the item is gated behind the `pure-tests` feature
[INFO] [stdout] 12 | pub mod pure_test;
[INFO] [stdout]    |         ^^^^^^^^^
[INFO] [stdout] 
[INFO] [stdout] 
[INFO] [stdout] error[E0433]: cannot find `pure_test` in `tersse`
[INFO] [stdout]   --> tests/pure_screen_scroll.rs:1:13
[INFO] [stdout]    |
[INFO] [stdout]  1 | use tersse::pure_test::screen_scroll::{
[INFO] [stdout]    |             ^^^^^^^^^ could not find `pure_test` in `tersse`
[INFO] [stdout]    |
[INFO] [stdout] note: found an item that was configured out
[INFO] [stdout]   --> src/lib.rs:12:9
[INFO] [stdout]    |
[INFO] [stdout] 11 | #[cfg(feature = "pure-tests")]
[INFO] [stdout]    |       ---------------------- the item is gated behind the `pure-tests` feature
[INFO] [stdout] 12 | pub mod pure_test;
[INFO] [stdout]    |         ^^^^^^^^^
[INFO] [stdout] 
[INFO] [stdout] 
[INFO] [stdout] error[E0433]: cannot find `pure_test` in `tersse`
[INFO] [stdout]   --> tests/pure_element_id.rs:1:13
[INFO] [stdout]    |
[INFO] [stdout]  1 | use tersse::pure_test::element_id::{advance_element_id, allocate_element_id};
[INFO] [stdout]    |             ^^^^^^^^^ could not find `pure_test` in `tersse`
[INFO] [stdout]    |
[INFO] [stdout] note: found an item that was configured out
[INFO] [stdout]   --> src/lib.rs:12:9
[INFO] [stdout]    |
[INFO] [stdout] 11 | #[cfg(feature = "pure-tests")]
[INFO] [stdout]    |       ---------------------- the item is gated behind the `pure-tests` feature
[INFO] [stdout] 12 | pub mod pure_test;
[INFO] [stdout]    |         ^^^^^^^^^
[INFO] [stdout] 
[INFO] [stdout] 
[INFO] [stdout] For more information about this error, try `rustc --explain E0433`.
[INFO] [stdout] 
[INFO] [stderr] error: could not compile `tersse` (test "pure_keyboard") due to 1 previous error
[INFO] [stderr] warning: build failed, waiting for other jobs to finish...
[INFO] [stderr] error: could not compile `tersse` (test "pure_screen_scroll") due to 1 previous error
[INFO] [stdout] For more information about this error, try `rustc --explain E0433`.
[INFO] [stdout] 
[INFO] [stdout] For more information about this error, try `rustc --explain E0433`.
[INFO] [stdout] 
[INFO] [stdout] For more information about this error, try `rustc --explain E0433`.
[INFO] [stdout] 
[INFO] [stderr] error: could not compile `tersse` (test "pure_element_placement") due to 1 previous error
[INFO] [stderr] error: could not compile `tersse` (test "pure_element_id") due to 1 previous error
[INFO] [stdout] error[E0433]: cannot find `pure_test` in `tersse`
[INFO] [stdout]   --> tests/pure_ui_redraw.rs:3:13
[INFO] [stdout]    |
[INFO] [stdout]  3 | use tersse::pure_test::ui_redraw::{
[INFO] [stdout]    |             ^^^^^^^^^ could not find `pure_test` in `tersse`
[INFO] [stdout]    |
[INFO] [stdout] note: found an item that was configured out
[INFO] [stdout]   --> src/lib.rs:12:9
[INFO] [stdout]    |
[INFO] [stdout] 11 | #[cfg(feature = "pure-tests")]
[INFO] [stdout]    |       ---------------------- the item is gated behind the `pure-tests` feature
[INFO] [stdout] 12 | pub mod pure_test;
[INFO] [stdout]    |         ^^^^^^^^^
[INFO] [stdout] 
[INFO] [stdout] 
[INFO] [stdout] error[E0433]: cannot find `pure_test` in `tersse`
[INFO] [stdout]   --> tests/pure_resize_debounce.rs:3:13
[INFO] [stdout]    |
[INFO] [stdout]  3 | use tersse::pure_test::resize_debounce::{debounce_deadline, debounce_has_elapsed};
[INFO] [stdout]    |             ^^^^^^^^^ could not find `pure_test` in `tersse`
[INFO] [stdout]    |
[INFO] [stdout] note: found an item that was configured out
[INFO] [stdout]   --> src/lib.rs:12:9
[INFO] [stdout]    |
[INFO] [stdout] 11 | #[cfg(feature = "pure-tests")]
[INFO] [stdout]    |       ---------------------- the item is gated behind the `pure-tests` feature
[INFO] [stdout] 12 | pub mod pure_test;
[INFO] [stdout]    |         ^^^^^^^^^
[INFO] [stdout] 
[INFO] [stdout] 
[INFO] [stdout] For more information about this error, try `rustc --explain E0433`.
[INFO] [stdout] 
[INFO] [stderr] error: could not compile `tersse` (test "pure_terminal_input_batch") due to 2 previous errors
[INFO] [stdout] For more information about this error, try `rustc --explain E0433`.
[INFO] [stdout] 
[INFO] [stderr] error: could not compile `tersse` (test "pure_resize_debounce") due to 1 previous error
[INFO] [stdout] For more information about this error, try `rustc --explain E0433`.
[INFO] [stdout] 
[INFO] [stderr] error: could not compile `tersse` (test "pure_ui_redraw") due to 1 previous error
[INFO] running `Command { std: "docker" "inspect" "0642388279be1c17cb44ab28b0265ae97681612f8aca4ca26c58e0dac6e44205", kill_on_drop: false }`
[INFO] running `Command { std: "docker" "rm" "-f" "0642388279be1c17cb44ab28b0265ae97681612f8aca4ca26c58e0dac6e44205", kill_on_drop: false }`
[INFO] [stdout] 0642388279be1c17cb44ab28b0265ae97681612f8aca4ca26c58e0dac6e44205
