[INFO] fetching crate terminal-velocity 1.0.1...
[INFO] testing terminal-velocity-1.0.1 against 1.99.0-beta.8+cargoflags=--release for beta-release-1.100-2
[INFO] extracting crate terminal-velocity 1.0.1 into /workspace/builds/worker-4-tc1/source
[INFO] started tweaking crates.io crate terminal-velocity 1.0.1
[INFO] finished tweaking crates.io crate terminal-velocity 1.0.1
[INFO] tweaked toml for crates.io crate terminal-velocity 1.0.1 written to /workspace/builds/worker-4-tc1/source/Cargo.toml
[INFO] validating manifest of crates.io crate terminal-velocity 1.0.1 on toolchain 1.99.0-beta.8
[INFO] running `Command { std: CARGO_HOME="/workspace/cargo-home" RUSTUP_HOME="/workspace/rustup-home" "/workspace/cargo-home/bin/cargo" "+1.99.0-beta.8" "metadata" "--manifest-path" "Cargo.toml" "--no-deps", kill_on_drop: false }`
[INFO] crate crates.io crate terminal-velocity 1.0.1 already has a lockfile, it will not be regenerated
[INFO] running `Command { std: CARGO_HOME="/workspace/cargo-home" RUSTUP_HOME="/workspace/rustup-home" "/workspace/cargo-home/bin/cargo" "+1.99.0-beta.8" "fetch" "--manifest-path" "Cargo.toml", kill_on_drop: false }`
[INFO] [stderr]     Updating crates.io index
[INFO] [stderr]  Downloading crates ...
[INFO] [stderr]   Downloaded yaml-front-matter v0.1.0
[INFO] [stderr]   Downloaded serde_yaml v0.8.26
[INFO] [stderr]   Downloaded yaml-rust v0.4.5
[INFO] [stderr]   Downloaded serde_derive v1.0.215
[INFO] [stderr]   Downloaded serde v1.0.215
[INFO] [stderr]   Downloaded unic-segment v0.9.0
[INFO] [stderr]   Downloaded zerofrom v0.1.4
[INFO] [stderr]   Downloaded wasm-bindgen-futures v0.4.45
[INFO] [stderr]   Downloaded security-framework-sys v2.12.1
[INFO] [stderr]   Downloaded system-configuration v0.6.1
[INFO] [stderr]   Downloaded native-tls v0.2.12
[INFO] [stderr]   Downloaded jobserver v0.1.32
[INFO] [stderr]   Downloaded tempfile v3.14.0
[INFO] [stderr]   Downloaded fastrand v2.2.0
[INFO] [stderr]   Downloaded shell-words v1.1.0
[INFO] [stderr]   Downloaded yoke-derive v0.7.4
[INFO] [stderr]   Downloaded serde_spanned v0.6.8
[INFO] [stderr]   Downloaded wasm-bindgen-shared v0.2.95
[INFO] [stderr]   Downloaded pkg-config v0.3.31
[INFO] [stderr]   Downloaded yoke v0.7.4
[INFO] [stderr]   Downloaded cpufeatures v0.2.15
[INFO] [stderr]   Downloaded onig v6.4.0
[INFO] [stderr]   Downloaded zerofrom-derive v0.1.4
[INFO] [stderr]   Downloaded wasm-bindgen-backend v0.2.95
[INFO] [stderr]   Downloaded clap_lex v0.7.3
[INFO] [stderr]   Downloaded globwalk v0.9.1
[INFO] [stderr]   Downloaded syn v2.0.87
[INFO] [stderr]   Downloaded anstyle-wincon v3.0.6
[INFO] [stderr]   Downloaded slug v0.1.6
[INFO] [stderr]   Downloaded wasm-bindgen-macro v0.2.95
[INFO] [stderr]   Downloaded humansize v2.1.3
[INFO] [stderr]   Downloaded windows-registry v0.2.0
[INFO] [stderr]   Downloaded hyper-rustls v0.27.3
[INFO] [stderr]   Downloaded pulldown-cmark-escape v0.11.0
[INFO] [stderr]   Downloaded getopts v0.2.21
[INFO] [stderr]   Downloaded notify v7.0.0
[INFO] [stderr]   Downloaded notify-types v1.0.0
[INFO] [stderr]   Downloaded impl-more v0.1.8
[INFO] [stderr]   Downloaded bytestring v1.3.1
[INFO] [stderr]   Downloaded actix-web-codegen v4.3.0
[INFO] [stderr]   Downloaded actix-router v0.5.3
[INFO] [stderr]   Downloaded actix-macros v0.2.4
[INFO] [stderr]   Downloaded local-channel v0.1.5
[INFO] [stderr]   Downloaded v_htmlescape v0.15.8
[INFO] [stderr]   Downloaded unicode-ident v1.0.13
[INFO] [stderr]   Downloaded quote v1.0.37
[INFO] [stderr]   Downloaded proc-macro2 v1.0.89
[INFO] [stderr]   Downloaded redox_syscall v0.5.7
[INFO] [stderr]   Downloaded bytes v1.8.0
[INFO] [stderr]   Downloaded wasm-bindgen v0.2.95
[INFO] [stderr]   Downloaded wasm-bindgen-macro-support v0.2.95
[INFO] [stderr]   Downloaded pest_generator v2.7.14
[INFO] [stderr]   Downloaded globset v0.4.15
[INFO] [stderr]   Downloaded chrono-tz-build v0.3.0
[INFO] [stderr]   Downloaded iana-time-zone v0.1.61
[INFO] [stderr]   Downloaded url v2.5.3
[INFO] [stderr]   Downloaded litemap v0.7.3
[INFO] [stderr]   Downloaded openssl-sys v0.9.104
[INFO] [stderr]   Downloaded unicase v2.8.0
[INFO] [stderr]   Downloaded inotify v0.10.2
[INFO] [stderr]   Downloaded clap_derive v4.5.18
[INFO] [stderr]   Downloaded actix-utils v3.0.1
[INFO] [stderr]   Downloaded actix-rt v2.10.0
[INFO] [stderr]   Downloaded actix-codec v0.5.2
[INFO] [stderr]   Downloaded http-range v0.1.5
[INFO] [stderr]   Downloaded pin-project-lite v0.2.15
[INFO] [stderr]   Downloaded once_cell v1.20.2
[INFO] [stderr]   Downloaded pest_derive v2.7.14
[INFO] [stderr]   Downloaded pest_meta v2.7.14
[INFO] [stderr]   Downloaded crossbeam-deque v0.8.5
[INFO] [stderr]   Downloaded indicatif v0.17.9
[INFO] [stderr]   Downloaded clap v4.5.21
[INFO] [stderr]   Downloaded language-tags v0.3.2
[INFO] [stderr]   Downloaded local-waker v0.1.4
[INFO] [stderr]   Downloaded unic-ucd-segment v0.9.0
[INFO] [stderr]   Downloaded js-sys v0.3.72
[INFO] [stderr]   Downloaded zstd v0.13.2
[INFO] [stderr]   Downloaded zstd-safe v7.2.1
[INFO] [stderr]   Downloaded actix-files v0.6.6
[INFO] [stderr]   Downloaded indexmap v2.6.0
[INFO] [stderr]   Downloaded parse-zoneinfo v0.3.1
[INFO] [stderr]   Downloaded cc v1.2.1
[INFO] [stderr]   Downloaded regex-lite v0.1.6
[INFO] [stderr]   Downloaded actix-service v2.0.2
[INFO] [stderr]   Downloaded toml_edit v0.22.22
[INFO] [stderr]   Downloaded deunicode v1.6.0
[INFO] [stderr]   Downloaded actix-server v2.5.0
[INFO] [stderr]   Downloaded tera v1.20.0
[INFO] [stderr]   Downloaded pest v2.7.14
[INFO] [stderr]   Downloaded flate2 v1.0.35
[INFO] [stderr]   Downloaded reqwest v0.12.9
[INFO] [stderr]   Downloaded hashbrown v0.15.1
[INFO] [stderr]   Downloaded hyper v1.5.1
[INFO] [stderr]   Downloaded h2 v0.4.7
[INFO] [stderr]   Downloaded clap_builder v4.5.21
[INFO] [stderr]   Downloaded brotli-decompressor v4.0.1
[INFO] [stderr]   Downloaded winnow v0.6.20
[INFO] [stderr]   Downloaded pulldown-cmark v0.12.2
[INFO] [stderr]   Downloaded portable-atomic v1.9.0
[INFO] [stderr]   Downloaded actix-http v3.9.0
[INFO] [stderr]   Downloaded serde_json v1.0.133
[INFO] [stderr]   Downloaded h2 v0.3.26
[INFO] [stderr]   Downloaded openssl v0.10.68
[INFO] [stderr]   Downloaded git2 v0.19.0
[INFO] [stderr]   Downloaded actix-web v4.9.0
[INFO] [stderr]   Downloaded rustix v0.38.41
[INFO] [stderr]   Downloaded chrono-tz v0.9.0
[INFO] [stderr]   Downloaded rustls v0.23.17
[INFO] [stderr]   Downloaded bstr v1.11.0
[INFO] [stderr]   Downloaded libssh2-sys v0.3.0
[INFO] [stderr]   Downloaded onig_sys v69.8.1
[INFO] [stderr]   Downloaded web-sys v0.3.72
[INFO] [stderr]   Downloaded syntect v5.2.0
[INFO] [stderr]   Downloaded libz-sys v1.1.20
[INFO] [stderr]   Downloaded zstd-sys v2.0.13+zstd.1.5.6
[INFO] [stderr]   Downloaded libc v0.2.164
[INFO] [stderr]   Downloaded tokio v1.41.1
[INFO] [stderr]   Downloaded brotli v6.0.0
[INFO] [stderr]   Downloaded libgit2-sys v0.17.0+1.8.1
[INFO] running `Command { std: "docker" "create" "-v" "/var/lib/crater-agent-workspace/builds/worker-4-tc1/source:/opt/rustwide/workdir:ro,Z" "-v" "/var/lib/crater-agent-workspace/builds/worker-4-tc1/target:/opt/rustwide/target:rw,Z" "-v" "/var/lib/crater-agent-workspace/cargo-home:/opt/rustwide/cargo-home:ro,Z" "-v" "/var/lib/crater-agent-workspace/rustup-home:/opt/rustwide/rustup-home:ro,Z" "-m" "1610612736" "--network" "none" "ghcr.io/rust-lang/crates-build-env/linux@sha256:77db811e55d90add9212f6832c23229e3de5f1c1f9905e8cb07319ea15df73ac" "sleep" "infinity", kill_on_drop: false }`
[INFO] [stdout] 25b6217cc85b7007ddc0bbef9caf6c6d2d62d758c683b79906bc1f7952430a41
[INFO] running `Command { std: "docker" "start" "25b6217cc85b7007ddc0bbef9caf6c6d2d62d758c683b79906bc1f7952430a41", kill_on_drop: false }`
[INFO] running `Command { std: "docker" "inspect" "25b6217cc85b7007ddc0bbef9caf6c6d2d62d758c683b79906bc1f7952430a41", kill_on_drop: false }`
[INFO] running `Command { std: "docker" "exec" "-e" "SOURCE_DIR=/opt/rustwide/workdir" "-e" "CARGO_HOME=/opt/rustwide/cargo-home" "-e" "RUSTUP_HOME=/opt/rustwide/rustup-home" "-e" "CARGO_TARGET_DIR=/opt/rustwide/target" "-w" "/opt/rustwide/workdir" "--user" "0:0" "25b6217cc85b7007ddc0bbef9caf6c6d2d62d758c683b79906bc1f7952430a41" "/opt/rustwide/cargo-home/bin/cargo" "+1.99.0-beta.8" "metadata" "--no-deps" "--format-version=1", kill_on_drop: false }`
[INFO] running `Command { std: "docker" "inspect" "25b6217cc85b7007ddc0bbef9caf6c6d2d62d758c683b79906bc1f7952430a41", kill_on_drop: false }`
[INFO] running `Command { std: "docker" "exec" "-e" "SOURCE_DIR=/opt/rustwide/workdir" "-e" "CARGO_HOME=/opt/rustwide/cargo-home" "-e" "RUSTUP_HOME=/opt/rustwide/rustup-home" "-e" "CARGO_TARGET_DIR=/opt/rustwide/target" "-e" "CARGO_INCREMENTAL=0" "-e" "RUST_BACKTRACE=full" "-e" "RUSTFLAGS=--cap-lints=warn" "-e" "RUSTDOCFLAGS=--cap-lints=warn" "-w" "/opt/rustwide/workdir" "--user" "0:0" "25b6217cc85b7007ddc0bbef9caf6c6d2d62d758c683b79906bc1f7952430a41" "/opt/rustwide/cargo-home/bin/cargo" "+1.99.0-beta.8" "build" "--frozen" "--message-format=json" "--release", kill_on_drop: false }`
[INFO] [stderr]    Compiling proc-macro2 v1.0.89
[INFO] [stderr]    Compiling unicode-ident v1.0.13
[INFO] [stderr]    Compiling libc v0.2.164
[INFO] [stderr]    Compiling pkg-config v0.3.31
[INFO] [stderr]    Compiling log v0.4.22
[INFO] [stderr]    Compiling smallvec v1.13.2
[INFO] [stderr]    Compiling pin-project-lite v0.2.15
[INFO] [stderr]    Compiling bytes v1.8.0
[INFO] [stderr]    Compiling itoa v1.0.11
[INFO] [stderr]    Compiling once_cell v1.20.2
[INFO] [stderr]    Compiling memchr v2.7.4
[INFO] [stderr]    Compiling futures-core v0.3.31
[INFO] [stderr]    Compiling serde v1.0.215
[INFO] [stderr]    Compiling fnv v1.0.7
[INFO] [stderr]    Compiling equivalent v1.0.1
[INFO] [stderr]    Compiling hashbrown v0.15.1
[INFO] [stderr]    Compiling bitflags v2.6.0
[INFO] [stderr]    Compiling litemap v0.7.3
[INFO] [stderr]    Compiling futures-sink v0.3.31
[INFO] [stderr]    Compiling slab v0.4.9
[INFO] [stderr]    Compiling pin-utils v0.1.0
[INFO] [stderr]    Compiling futures-task v0.3.31
[INFO] [stderr]    Compiling percent-encoding v2.3.1
[INFO] [stderr]    Compiling typenum v1.17.0
[INFO] [stderr]    Compiling icu_locid_transform_data v1.5.0
[INFO] [stderr]    Compiling futures-util v0.3.31
[INFO] [stderr]    Compiling siphasher v0.3.11
[INFO] [stderr]    Compiling tracing-core v0.1.32
[INFO] [stderr]    Compiling icu_properties_data v1.5.0
[INFO] [stderr]    Compiling httparse v1.9.5
[INFO] [stderr]    Compiling ryu v1.0.18
[INFO] [stderr]    Compiling regex-syntax v0.8.5
[INFO] [stderr]    Compiling phf_shared v0.11.2
[INFO] [stderr]    Compiling icu_normalizer_data v1.5.0
[INFO] [stderr]    Compiling jobserver v0.1.32
[INFO] [stderr]    Compiling http v1.1.0
[INFO] [stderr]    Compiling serde_json v1.0.133
[INFO] [stderr]    Compiling crossbeam-utils v0.8.20
[INFO] [stderr]    Compiling paste v1.0.15
[INFO] [stderr]    Compiling powerfmt v0.2.0
[INFO] [stderr]    Compiling num-conv v0.1.0
[INFO] [stderr]    Compiling cc v1.2.1
[INFO] [stderr]    Compiling time-core v0.1.2
[INFO] [stderr]    Compiling mio v1.0.2
[INFO] [stderr]    Compiling parking_lot_core v0.9.10
[INFO] [stderr]    Compiling socket2 v0.5.7
[INFO] [stderr]    Compiling signal-hook-registry v1.4.2
[INFO] [stderr]    Compiling quote v1.0.37
[INFO] [stderr]    Compiling tracing v0.1.40
[INFO] [stderr]    Compiling syn v2.0.87
[INFO] [stderr]    Compiling parking_lot v0.12.3
[INFO] [stderr]    Compiling aho-corasick v1.1.3
[INFO] [stderr]    Compiling getrandom v0.2.15
[INFO] [stderr]    Compiling generic-array v0.14.7
[INFO] [stderr]    Compiling indexmap v2.6.0
[INFO] [stderr]    Compiling time-macros v0.2.18
[INFO] [stderr]    Compiling rand_core v0.6.4
[INFO] [stderr]    Compiling deranged v0.3.11
[INFO] [stderr]    Compiling phf_generator v0.11.2
[INFO] [stderr]    Compiling form_urlencoded v1.2.1
[INFO] [stderr]    Compiling thiserror v1.0.69
[INFO] [stderr]    Compiling openssl v0.10.68
[INFO] [stderr]    Compiling foreign-types-shared v0.1.1
[INFO] [stderr]    Compiling adler2 v2.0.0
[INFO] [stderr]    Compiling zstd-safe v7.2.1
[INFO] [stderr]    Compiling same-file v1.0.6
[INFO] [stderr]    Compiling local-waker v0.1.4
[INFO] [stderr]    Compiling alloc-no-stdlib v2.0.4
[INFO] [stderr]    Compiling walkdir v2.5.0
[INFO] [stderr]    Compiling alloc-stdlib v0.2.2
[INFO] [stderr]    Compiling miniz_oxide v0.8.0
[INFO] [stderr]    Compiling foreign-types v0.3.2
[INFO] [stderr]    Compiling phf_codegen v0.11.2
[INFO] [stderr]    Compiling http-body v1.0.1
[INFO] [stderr]    Compiling phf v0.11.2
[INFO] [stderr]    Compiling http v0.2.12
[INFO] [stderr]    Compiling ahash v0.8.11
[INFO] [stderr]    Compiling regex-automata v0.4.9
[INFO] [stderr]    Compiling num-traits v0.2.19
[INFO] [stderr]    Compiling crc32fast v1.4.2
[INFO] [stderr]    Compiling openssl-sys v0.9.104
[INFO] [stderr]    Compiling zstd-sys v2.0.13+zstd.1.5.6
[INFO] [stderr]    Compiling libz-sys v1.1.20
[INFO] [stderr]    Compiling time v0.3.36
[INFO] [stderr]    Compiling libssh2-sys v0.3.0
[INFO] [stderr]    Compiling block-buffer v0.10.4
[INFO] [stderr]    Compiling crypto-common v0.1.6
[INFO] [stderr]    Compiling openssl-probe v0.1.5
[INFO] [stderr]    Compiling try-lock v0.2.5
[INFO] [stderr]    Compiling mime v0.3.17
[INFO] [stderr]    Compiling native-tls v0.2.12
[INFO] [stderr]    Compiling atomic-waker v1.1.2
[INFO] [stderr]    Compiling want v0.3.1
[INFO] [stderr]    Compiling digest v0.10.7
[INFO] [stderr]    Compiling bytestring v1.3.1
[INFO] [stderr]    Compiling crossbeam-epoch v0.9.18
[INFO] [stderr]    Compiling flate2 v1.0.35
[INFO] [stderr]    Compiling onig_sys v69.8.1
[INFO] [stderr]    Compiling actix-service v2.0.2
[INFO] [stderr]    Compiling brotli-decompressor v4.0.1
[INFO] [stderr]    Compiling actix-utils v3.0.1
[INFO] [stderr]    Compiling bstr v1.11.0
[INFO] [stderr]    Compiling futures-channel v0.3.31
[INFO] [stderr]    Compiling cookie v0.16.2
[INFO] [stderr]    Compiling indexmap v1.9.3
[INFO] [stderr]    Compiling encoding_rs v0.8.35
[INFO] [stderr]    Compiling unic-char-range v0.9.0
[INFO] [stderr]    Compiling bitflags v1.3.2
[INFO] [stderr]    Compiling libm v0.2.11
[INFO] [stderr]    Compiling utf8parse v0.2.2
[INFO] [stderr]    Compiling regex-lite v0.1.6
[INFO] [stderr]    Compiling unic-common v0.9.0
[INFO] [stderr]    Compiling unicase v2.8.0
[INFO] [stderr]    Compiling linked-hash-map v0.5.6
[INFO] [stderr]    Compiling cfg-if v1.0.0
[INFO] [stderr]    Compiling cpufeatures v0.2.15
[INFO] [stderr]    Compiling convert_case v0.4.0
[INFO] [stderr]    Compiling mime_guess v2.0.5
[INFO] [stderr]    Compiling yaml-rust v0.4.5
[INFO] [stderr]    Compiling brotli v6.0.0
[INFO] [stderr]    Compiling sha1 v0.10.6
[INFO] [stderr]    Compiling regex v1.11.1
[INFO] [stderr]    Compiling parse-zoneinfo v0.3.1
[INFO] [stderr]    Compiling globset v0.4.15
[INFO] [stderr]    Compiling unic-ucd-version v0.9.0
[INFO] [stderr]    Compiling anstyle-parse v0.2.6
[INFO] [stderr]    Compiling unic-char-property v0.9.0
[INFO] [stderr]    Compiling chrono-tz-build v0.3.0
[INFO] [stderr]    Compiling crossbeam-deque v0.8.5
[INFO] [stderr]    Compiling chrono-tz v0.9.0
[INFO] [stderr]    Compiling synstructure v0.13.1
[INFO] [stderr]    Compiling libgit2-sys v0.17.0+1.8.1
[INFO] [stderr]    Compiling local-channel v0.1.5
[INFO] [stderr]    Compiling httpdate v1.0.3
[INFO] [stderr] error: could not compile `syn` (lib)
[INFO] [stderr] 
[INFO] [stderr] Caused by:
[INFO] [stderr]   process didn't exit successfully: `/opt/rustwide/rustup-home/toolchains/1.99.0-beta.8-x86_64-unknown-linux-gnu/bin/rustc --crate-name syn --edition=2021 /opt/rustwide/cargo-home/registry/src/index.crates.io-1949cf8c6b5b557f/syn-2.0.87/src/lib.rs --error-format=json --json=diagnostic-rendered-ansi,artifacts,future-incompat --crate-type lib --emit=dep-info,metadata,link -C embed-bitcode=no -C debug-assertions=off --cfg 'feature="clone-impls"' --cfg 'feature="default"' --cfg 'feature="derive"' --cfg 'feature="extra-traits"' --cfg 'feature="fold"' --cfg 'feature="full"' --cfg 'feature="parsing"' --cfg 'feature="printing"' --cfg 'feature="proc-macro"' --cfg 'feature="visit"' --check-cfg 'cfg(docsrs,test)' --check-cfg 'cfg(feature, values("clone-impls", "default", "derive", "extra-traits", "fold", "full", "parsing", "printing", "proc-macro", "test", "visit", "visit-mut"))' -C metadata=ff6f28152e3e273a -C extra-filename=-04e887d5c3f6d51f --out-dir /opt/rustwide/target/release/deps -C strip=debuginfo -L dependency=/opt/rustwide/target/release/deps --extern proc_macro2=/opt/rustwide/target/release/deps/libproc_macro2-07283c415cbb2248.rmeta --extern quote=/opt/rustwide/target/release/deps/libquote-f11d81ccdca8e166.rmeta --extern unicode_ident=/opt/rustwide/target/release/deps/libunicode_ident-abf07a0aa48cc30a.rmeta --cap-lints allow --cap-lints=warn` (signal: 9, SIGKILL: kill)
[INFO] [stderr] warning: build failed, waiting for other jobs to finish...
[INFO] [stderr] error: could not compile `brotli` (lib)
[INFO] [stderr] 
[INFO] [stderr] Caused by:
[INFO] [stderr]   process didn't exit successfully: `/opt/rustwide/rustup-home/toolchains/1.99.0-beta.8-x86_64-unknown-linux-gnu/bin/rustc --crate-name brotli --edition=2015 /opt/rustwide/cargo-home/registry/src/index.crates.io-1949cf8c6b5b557f/brotli-6.0.0/src/lib.rs --error-format=json --json=diagnostic-rendered-ansi,artifacts,future-incompat --crate-type lib --emit=dep-info,metadata,link -C opt-level=3 -C embed-bitcode=no --cfg 'feature="alloc-stdlib"' --cfg 'feature="default"' --cfg 'feature="std"' --check-cfg 'cfg(docsrs,test)' --check-cfg 'cfg(feature, values("alloc-stdlib", "benchmark", "default", "disable-timer", "external-literal-probability", "ffi-api", "pass-through-ffi-panics", "seccomp", "sha2", "simd", "std", "validation", "vector_scratch_space"))' -C metadata=f5c7359b273dbc19 -C extra-filename=-c6f6f996b72099ce --out-dir /opt/rustwide/target/release/deps -C strip=debuginfo -L dependency=/opt/rustwide/target/release/deps --extern alloc_no_stdlib=/opt/rustwide/target/release/deps/liballoc_no_stdlib-19a1b00ff93de4ee.rmeta --extern alloc_stdlib=/opt/rustwide/target/release/deps/liballoc_stdlib-c970bc87719fcca2.rmeta --extern brotli_decompressor=/opt/rustwide/target/release/deps/libbrotli_decompressor-c451e645f0035bac.rmeta --cap-lints allow --cap-lints=warn` (signal: 9, SIGKILL: kill)
[INFO] [stderr] warning: onig_sys@69.8.1: oniguruma/src/regparse.c: In function 'onig_st_init_strend_table_with_size':
[INFO] [stderr] warning: onig_sys@69.8.1: oniguruma/src/regparse.c:588:5: error: initialization of 'int (*)(void)' from incompatible pointer type 'int (*)(st_str_end_key *, st_str_end_key *)' [-Wincompatible-pointer-types]
[INFO] [stderr] warning: onig_sys@69.8.1:   588 |     str_end_cmp,
[INFO] [stderr] warning: onig_sys@69.8.1:       |     ^~~~~~~~~~~
[INFO] [stderr] warning: onig_sys@69.8.1: oniguruma/src/regparse.c:588:5: note: (near initialization for 'hashType.compare')
[INFO] [stderr] warning: onig_sys@69.8.1: oniguruma/src/regparse.c:550:1: note: 'str_end_cmp' declared here
[INFO] [stderr] warning: onig_sys@69.8.1:   550 | str_end_cmp(st_str_end_key* x, st_str_end_key* y)
[INFO] [stderr] warning: onig_sys@69.8.1:       | ^~~~~~~~~~~
[INFO] [stderr] warning: onig_sys@69.8.1: oniguruma/src/regparse.c:589:5: error: initialization of 'int (*)(void)' from incompatible pointer type 'int (*)(st_str_end_key *)' [-Wincompatible-pointer-types]
[INFO] [stderr] warning: onig_sys@69.8.1:   589 |     str_end_hash,
[INFO] [stderr] warning: onig_sys@69.8.1:       |     ^~~~~~~~~~~~
[INFO] [stderr] warning: onig_sys@69.8.1: oniguruma/src/regparse.c:589:5: note: (near initialization for 'hashType.hash')
[INFO] [stderr] warning: onig_sys@69.8.1: oniguruma/src/regparse.c:571:1: note: 'str_end_hash' declared here
[INFO] [stderr] warning: onig_sys@69.8.1:   571 | str_end_hash(st_str_end_key* x)
[INFO] [stderr] warning: onig_sys@69.8.1:       | ^~~~~~~~~~~~
[INFO] [stderr] warning: onig_sys@69.8.1: oniguruma/src/regparse.c: In function 'onig_st_init_callout_name_table_with_size':
[INFO] [stderr] warning: onig_sys@69.8.1: oniguruma/src/regparse.c:678:5: error: initialization of 'int (*)(void)' from incompatible pointer type 'int (*)(st_callout_name_key *, st_callout_name_key *)' [-Wincompatible-pointer-types]
[INFO] [stderr] warning: onig_sys@69.8.1:   678 |     callout_name_table_cmp,
[INFO] [stderr] warning: onig_sys@69.8.1:       |     ^~~~~~~~~~~~~~~~~~~~~~
[INFO] [stderr] warning: onig_sys@69.8.1: oniguruma/src/regparse.c:678:5: note: (near initialization for 'hashType.compare')
[INFO] [stderr] warning: onig_sys@69.8.1: oniguruma/src/regparse.c:637:1: note: 'callout_name_table_cmp' declared here
[INFO] [stderr] warning: onig_sys@69.8.1:   637 | callout_name_table_cmp(st_callout_name_key* x, st_callout_name_key* y)
[INFO] [stderr] warning: onig_sys@69.8.1:       | ^~~~~~~~~~~~~~~~~~~~~~
[INFO] [stderr] warning: onig_sys@69.8.1: oniguruma/src/regparse.c:679:5: error: initialization of 'int (*)(void)' from incompatible pointer type 'int (*)(st_callout_name_key *)' [-Wincompatible-pointer-types]
[INFO] [stderr] warning: onig_sys@69.8.1:   679 |     callout_name_table_hash,
[INFO] [stderr] warning: onig_sys@69.8.1:       |     ^~~~~~~~~~~~~~~~~~~~~~~
[INFO] [stderr] warning: onig_sys@69.8.1: oniguruma/src/regparse.c:679:5: note: (near initialization for 'hashType.hash')
[INFO] [stderr] warning: onig_sys@69.8.1: oniguruma/src/regparse.c:660:1: note: 'callout_name_table_hash' declared here
[INFO] [stderr] warning: onig_sys@69.8.1:   660 | callout_name_table_hash(st_callout_name_key* x)
[INFO] [stderr] warning: onig_sys@69.8.1:       | ^~~~~~~~~~~~~~~~~~~~~~~
[INFO] [stderr] warning: onig_sys@69.8.1: oniguruma/src/regparse.c: In function 'names_clear':
[INFO] [stderr] warning: onig_sys@69.8.1: oniguruma/src/regparse.c:804:24: error: passing argument 2 of 'onig_st_foreach' from incompatible pointer type [-Wincompatible-pointer-types]
[INFO] [stderr] warning: onig_sys@69.8.1:   804 |     onig_st_foreach(t, i_free_name_entry, 0);
[INFO] [stderr] warning: onig_sys@69.8.1:       |                        ^~~~~~~~~~~~~~~~~
[INFO] [stderr] warning: onig_sys@69.8.1:       |                        |
[INFO] [stderr] warning: onig_sys@69.8.1:       |                        int (*)(OnigUChar *, NameEntry *, void *) {aka int (*)(unsigned char *, NameEntry *, void *)}
[INFO] [stderr] warning: onig_sys@69.8.1: In file included from oniguruma/src/regparse.c:37:
[INFO] [stderr] warning: onig_sys@69.8.1: oniguruma/src/st.h:55:31: note: expected 'int (*)(void)' but argument is of type 'int (*)(OnigUChar *, NameEntry *, void *)' {aka 'int (*)(unsigned char *, NameEntry *, void *)'}
[INFO] [stderr] warning: onig_sys@69.8.1:    55 | int st_foreach _((st_table *, int (*)(ANYARGS), st_data_t));
[INFO] [stderr] warning: onig_sys@69.8.1:       |                               ^~~~~~~~~~~~~~~~
[INFO] [stderr] warning: onig_sys@69.8.1: oniguruma/src/st.h:35:18: note: in definition of macro '_'
[INFO] [stderr] warning: onig_sys@69.8.1:    35 | # define _(args) args
[INFO] [stderr] warning: onig_sys@69.8.1:       |                  ^~~~
[INFO] [stderr] warning: onig_sys@69.8.1: oniguruma/src/regparse.c:789:1: note: 'i_free_name_entry' declared here
[INFO] [stderr] warning: onig_sys@69.8.1:   789 | i_free_name_entry(UChar* key, NameEntry* e, void* arg ARG_UNUSED)
[INFO] [stderr] warning: onig_sys@69.8.1:       | ^~~~~~~~~~~~~~~~~
[INFO] [stderr] warning: onig_sys@69.8.1: oniguruma/src/regparse.c: In function 'onig_foreach_name':
[INFO] [stderr] warning: onig_sys@69.8.1: oniguruma/src/regparse.c:873:24: error: passing argument 2 of 'onig_st_foreach' from incompatible pointer type [-Wincompatible-pointer-types]
[INFO] [stderr] warning: onig_sys@69.8.1:   873 |     onig_st_foreach(t, i_names, (HashDataType )&narg);
[INFO] [stderr] warning: onig_sys@69.8.1:       |                        ^~~~~~~
[INFO] [stderr] warning: onig_sys@69.8.1:       |                        |
[INFO] [stderr] warning: onig_sys@69.8.1:       |                        int (*)(OnigUChar *, NameEntry *, INamesArg *) {aka int (*)(unsigned char *, NameEntry *, INamesArg *)}
[INFO] [stderr] warning: onig_sys@69.8.1: oniguruma/src/st.h:55:31: note: expected 'int (*)(void)' but argument is of type 'int (*)(OnigUChar *, NameEntry *, INamesArg *)' {aka 'int (*)(unsigned char *, NameEntry *, INamesArg *)'}
[INFO] [stderr] warning: onig_sys@69.8.1:    55 | int st_foreach _((st_table *, int (*)(ANYARGS), st_data_t));
[INFO] [stderr] warning: onig_sys@69.8.1:       |                               ^~~~~~~~~~~~~~~~
[INFO] [stderr] warning: onig_sys@69.8.1: oniguruma/src/st.h:35:18: note: in definition of macro '_'
[INFO] [stderr] warning: onig_sys@69.8.1:    35 | # define _(args) args
[INFO] [stderr] warning: onig_sys@69.8.1:       |                  ^~~~
[INFO] [stderr] warning: onig_sys@69.8.1: oniguruma/src/regparse.c:846:1: note: 'i_names' declared here
[INFO] [stderr] warning: onig_sys@69.8.1:   846 | i_names(UChar* key ARG_UNUSED, NameEntry* e, INamesArg* arg)
[INFO] [stderr] warning: onig_sys@69.8.1:       | ^~~~~~~
[INFO] [stderr] warning: onig_sys@69.8.1: oniguruma/src/regparse.c: In function 'onig_renumber_name_table':
[INFO] [stderr] warning: onig_sys@69.8.1: oniguruma/src/regparse.c:901:24: error: passing argument 2 of 'onig_st_foreach' from incompatible pointer type [-Wincompatible-pointer-types]
[INFO] [stderr] warning: onig_sys@69.8.1:   901 |     onig_st_foreach(t, i_renumber_name, (HashDataType )map);
[INFO] [stderr] warning: onig_sys@69.8.1:       |                        ^~~~~~~~~~~~~~~
[INFO] [stderr] warning: onig_sys@69.8.1:       |                        |
[INFO] [stderr] warning: onig_sys@69.8.1:       |                        int (*)(OnigUChar *, NameEntry *, GroupNumMap *) {aka int (*)(unsigned char *, NameEntry *, GroupNumMap *)}
[INFO] [stderr] warning: onig_sys@69.8.1: oniguruma/src/st.h:55:31: note: expected 'int (*)(void)' but argument is of type 'int (*)(OnigUChar *, NameEntry *, GroupNumMap *)' {aka 'int (*)(unsigned char *, NameEntry *, GroupNumMap *)'}
[INFO] [stderr] warning: onig_sys@69.8.1:    55 | int st_foreach _((st_table *, int (*)(ANYARGS), st_data_t));
[INFO] [stderr] warning: onig_sys@69.8.1:       |                               ^~~~~~~~~~~~~~~~
[INFO] [stderr] warning: onig_sys@69.8.1: oniguruma/src/st.h:35:18: note: in definition of macro '_'
[INFO] [stderr] warning: onig_sys@69.8.1:    35 | # define _(args) args
[INFO] [stderr] warning: onig_sys@69.8.1:       |                  ^~~~
[INFO] [stderr] warning: onig_sys@69.8.1: oniguruma/src/regparse.c:879:1: note: 'i_renumber_name' declared here
[INFO] [stderr] warning: onig_sys@69.8.1:   879 | i_renumber_name(UChar* key ARG_UNUSED, NameEntry* e, GroupNumMap* map)
[INFO] [stderr] warning: onig_sys@69.8.1:       | ^~~~~~~~~~~~~~~
[INFO] [stderr] warning: onig_sys@69.8.1: oniguruma/src/regparse.c: In function 'callout_name_table_clear':
[INFO] [stderr] warning: onig_sys@69.8.1: oniguruma/src/regparse.c:1386:24: error: passing argument 2 of 'onig_st_foreach' from incompatible pointer type [-Wincompatible-pointer-types]
[INFO] [stderr] warning: onig_sys@69.8.1:  1386 |     onig_st_foreach(t, i_free_callout_name_entry, 0);
[INFO] [stderr] warning: onig_sys@69.8.1:       |                        ^~~~~~~~~~~~~~~~~~~~~~~~~
[INFO] [stderr] warning: onig_sys@69.8.1:       |                        |
[INFO] [stderr] warning: onig_sys@69.8.1:       |                        int (*)(st_callout_name_key *, CalloutNameEntry *, void *)
[INFO] [stderr] warning: onig_sys@69.8.1: oniguruma/src/st.h:55:31: note: expected 'int (*)(void)' but argument is of type 'int (*)(st_callout_name_key *, CalloutNameEntry *, void *)'
[INFO] [stderr] warning: onig_sys@69.8.1:    55 | int st_foreach _((st_table *, int (*)(ANYARGS), st_data_t));
[INFO] [stderr] warning: onig_sys@69.8.1:       |                               ^~~~~~~~~~~~~~~~
[INFO] [stderr] warning: onig_sys@69.8.1: oniguruma/src/st.h:35:18: note: in definition of macro '_'
[INFO] [stderr] warning: onig_sys@69.8.1:    35 | # define _(args) args
[INFO] [stderr] warning: onig_sys@69.8.1:       |                  ^~~~
[INFO] [stderr] warning: onig_sys@69.8.1: oniguruma/src/regparse.c:1370:1: note: 'i_free_callout_name_entry' declared here
[INFO] [stderr] warning: onig_sys@69.8.1:  1370 | i_free_callout_name_entry(st_callout_name_key* key, CalloutNameEntry* e,
[INFO] [stderr] warning: onig_sys@69.8.1:       | ^~~~~~~~~~~~~~~~~~~~~~~~~
[INFO] [stderr] warning: onig_sys@69.8.1: oniguruma/src/regparse.c: In function 'setup_ext_callout_list_values':
[INFO] [stderr] warning: onig_sys@69.8.1: oniguruma/src/regparse.c:1884:56: error: passing argument 2 of 'onig_st_foreach' from incompatible pointer type [-Wincompatible-pointer-types]
[INFO] [stderr] warning: onig_sys@69.8.1:  1884 |     onig_st_foreach((CalloutTagTable *)ext->tag_table, i_callout_callout_list_set,
[INFO] [stderr] warning: onig_sys@69.8.1:       |                                                        ^~~~~~~~~~~~~~~~~~~~~~~~~~
[INFO] [stderr] warning: onig_sys@69.8.1:       |                                                        |
[INFO] [stderr] warning: onig_sys@69.8.1:       |                                                        int (*)(OnigUChar *, CalloutTagVal,  void *) {aka int (*)(unsigned char *, long int,  void *)}
[INFO] [stderr] warning: onig_sys@69.8.1: oniguruma/src/st.h:55:31: note: expected 'int (*)(void)' but argument is of type 'int (*)(OnigUChar *, CalloutTagVal,  void *)' {aka 'int (*)(unsigned char *, long int,  void *)'}
[INFO] [stderr] warning: onig_sys@69.8.1:    55 | int st_foreach _((st_table *, int (*)(ANYARGS), st_data_t));
[INFO] [stderr] warning: onig_sys@69.8.1:       |                               ^~~~~~~~~~~~~~~~
[INFO] [stderr] warning: onig_sys@69.8.1: oniguruma/src/st.h:35:18: note: in definition of macro '_'
[INFO] [stderr] warning: onig_sys@69.8.1:    35 | # define _(args) args
[INFO] [stderr] warning: onig_sys@69.8.1:       |                  ^~~~
[INFO] [stderr] warning: onig_sys@69.8.1: oniguruma/src/regparse.c:1866:1: note: 'i_callout_callout_list_set' declared here
[INFO] [stderr] warning: onig_sys@69.8.1:  1866 | i_callout_callout_list_set(UChar* key, CalloutTagVal e, void* arg)
[INFO] [stderr] warning: onig_sys@69.8.1:       | ^~~~~~~~~~~~~~~~~~~~~~~~~~
[INFO] [stderr] warning: onig_sys@69.8.1: oniguruma/src/regparse.c: In function 'callout_tag_table_clear':
[INFO] [stderr] warning: onig_sys@69.8.1: oniguruma/src/regparse.c:1932:24: error: passing argument 2 of 'onig_st_foreach' from incompatible pointer type [-Wincompatible-pointer-types]
[INFO] [stderr] warning: onig_sys@69.8.1:  1932 |     onig_st_foreach(t, i_free_callout_tag_entry, 0);
[INFO] [stderr] warning: onig_sys@69.8.1:       |                        ^~~~~~~~~~~~~~~~~~~~~~~~
[INFO] [stderr] warning: onig_sys@69.8.1:       |                        |
[INFO] [stderr] warning: onig_sys@69.8.1:       |                        int (*)(OnigUChar *, CalloutTagVal,  void *) {aka int (*)(unsigned char *, long int,  void *)}
[INFO] [stderr] warning: onig_sys@69.8.1: oniguruma/src/st.h:55:31: note: expected 'int (*)(void)' but argument is of type 'int (*)(OnigUChar *, CalloutTagVal,  void *)' {aka 'int (*)(unsigned char *, long int,  void *)'}
[INFO] [stderr] warning: onig_sys@69.8.1:    55 | int st_foreach _((st_table *, int (*)(ANYARGS), st_data_t));
[INFO] [stderr] warning: onig_sys@69.8.1:       |                               ^~~~~~~~~~~~~~~~
[INFO] [stderr] warning: onig_sys@69.8.1: oniguruma/src/st.h:35:18: note: in definition of macro '_'
[INFO] [stderr] warning: onig_sys@69.8.1:    35 | # define _(args) args
[INFO] [stderr] warning: onig_sys@69.8.1:       |                  ^~~~
[INFO] [stderr] warning: onig_sys@69.8.1: oniguruma/src/regparse.c:1922:1: note: 'i_free_callout_tag_entry' declared here
[INFO] [stderr] warning: onig_sys@69.8.1:  1922 | i_free_callout_tag_entry(UChar* key, CalloutTagVal e, void* arg ARG_UNUSED)
[INFO] [stderr] warning: onig_sys@69.8.1:       | ^~~~~~~~~~~~~~~~~~~~~~~~
[INFO] [stderr] warning: onig_sys@69.8.1: oniguruma/src/st.c:38:5: error: initialization of 'int (*)(void)' from incompatible pointer type 'int (*)(long int,  long int)' [-Wincompatible-pointer-types]
[INFO] [stderr] warning: onig_sys@69.8.1:    38 |     numcmp,
[INFO] [stderr] warning: onig_sys@69.8.1:       |     ^~~~~~
[INFO] [stderr] warning: onig_sys@69.8.1: oniguruma/src/st.c:38:5: note: (near initialization for 'type_numhash.compare')
[INFO] [stderr] warning: onig_sys@69.8.1: oniguruma/src/st.c:35:12: note: 'numcmp' declared here
[INFO] [stderr] warning: onig_sys@69.8.1:    35 | static int numcmp(long, long);
[INFO] [stderr] warning: onig_sys@69.8.1:       |            ^~~~~~
[INFO] [stderr] warning: onig_sys@69.8.1: oniguruma/src/st.c:39:5: error: initialization of 'int (*)(void)' from incompatible pointer type 'int (*)(long int)' [-Wincompatible-pointer-types]
[INFO] [stderr] warning: onig_sys@69.8.1:    39 |     numhash,
[INFO] [stderr] warning: onig_sys@69.8.1:       |     ^~~~~~~
[INFO] [stderr] warning: onig_sys@69.8.1: oniguruma/src/st.c:39:5: note: (near initialization for 'type_numhash.hash')
[INFO] [stderr] warning: onig_sys@69.8.1: oniguruma/src/st.c:36:12: note: 'numhash' declared here
[INFO] [stderr] warning: onig_sys@69.8.1:    36 | static int numhash(long);
[INFO] [stderr] warning: onig_sys@69.8.1:       |            ^~~~~~~
[INFO] [stderr] warning: onig_sys@69.8.1: oniguruma/src/st.c:45:5: error: initialization of 'int (*)(void)' from incompatible pointer type 'int (*)(const char *, const char *)' [-Wincompatible-pointer-types]
[INFO] [stderr] warning: onig_sys@69.8.1:    45 |     strcmp,
[INFO] [stderr] warning: onig_sys@69.8.1:       |     ^~~~~~
[INFO] [stderr] warning: onig_sys@69.8.1: oniguruma/src/st.c:45:5: note: (near initialization for 'type_strhash.compare')
[INFO] [stderr] warning: onig_sys@69.8.1: In file included from oniguruma/src/regint.h:111,
[INFO] [stderr] warning: onig_sys@69.8.1:                  from oniguruma/src/st.c:9:
[INFO] [stderr] warning: onig_sys@69.8.1: /usr/include/string.h:171:12: note: 'strcmp' declared here
[INFO] [stderr] warning: onig_sys@69.8.1:   171 | extern int strcmp (const char *__s1, const char *__s2)
[INFO] [stderr] warning: onig_sys@69.8.1:       |            ^~~~~~
[INFO] [stderr] warning: onig_sys@69.8.1: oniguruma/src/st.c:46:5: error: initialization of 'int (*)(void)' from incompatible pointer type 'int (*)(const char *)' [-Wincompatible-pointer-types]
[INFO] [stderr] warning: onig_sys@69.8.1:    46 |     strhash,
[INFO] [stderr] warning: onig_sys@69.8.1:       |     ^~~~~~~
[INFO] [stderr] warning: onig_sys@69.8.1: oniguruma/src/st.c:46:5: note: (near initialization for 'type_strhash.hash')
[INFO] [stderr] warning: onig_sys@69.8.1: oniguruma/src/st.c:43:12: note: 'strhash' declared here
[INFO] [stderr] warning: onig_sys@69.8.1:    43 | static int strhash(const char *);
[INFO] [stderr] warning: onig_sys@69.8.1:       |            ^~~~~~~
[INFO] [stderr] warning: onig_sys@69.8.1: oniguruma/src/st.c: In function 'new_size':
[INFO] [stderr] warning: onig_sys@69.8.1: oniguruma/src/st.c:101:1: warning: old-style function definition [-Wold-style-definition]
[INFO] [stderr] warning: onig_sys@69.8.1:   101 | new_size(size)
[INFO] [stderr] warning: onig_sys@69.8.1:       | ^~~~~~~~
[INFO] [stderr] warning: onig_sys@69.8.1: oniguruma/src/st.c: In function 'onig_st_init_table_with_size':
[INFO] [stderr] warning: onig_sys@69.8.1: oniguruma/src/regint.h:220:37: warning: old-style function definition [-Wold-style-definition]
[INFO] [stderr] warning: onig_sys@69.8.1:   220 | #define st_init_table_with_size     onig_st_init_table_with_size
[INFO] [stderr] warning: onig_sys@69.8.1:       |                                     ^~~~~~~~~~~~~~~~~~~~~~~~~~~~
[INFO] [stderr] warning: onig_sys@69.8.1: oniguruma/src/st.c:140:1: note: in expansion of macro 'st_init_table_with_size'
[INFO] [stderr] warning: onig_sys@69.8.1:   140 | st_init_table_with_size(type, size)
[INFO] [stderr] warning: onig_sys@69.8.1:       | ^~~~~~~~~~~~~~~~~~~~~~~
[INFO] [stderr] warning: onig_sys@69.8.1: oniguruma/src/st.c: In function 'onig_st_init_table':
[INFO] [stderr] warning: onig_sys@69.8.1: oniguruma/src/regint.h:219:37: warning: old-style function definition [-Wold-style-definition]
[INFO] [stderr] warning: onig_sys@69.8.1:   219 | #define st_init_table               onig_st_init_table
[INFO] [stderr] warning: onig_sys@69.8.1:       |                                     ^~~~~~~~~~~~~~~~~~
[INFO] [stderr] warning: onig_sys@69.8.1: oniguruma/src/st.c:172:1: note: in expansion of macro 'st_init_table'
[INFO] [stderr] warning: onig_sys@69.8.1:   172 | st_init_table(type)
[INFO] [stderr] warning: onig_sys@69.8.1:       | ^~~~~~~~~~~~~
[INFO] [stderr] warning: onig_sys@69.8.1: oniguruma/src/st.c: In function 'onig_st_init_numtable_with_size':
[INFO] [stderr] warning: onig_sys@69.8.1: oniguruma/src/regint.h:222:37: warning: old-style function definition [-Wold-style-definition]
[INFO] [stderr] warning: onig_sys@69.8.1:   222 | #define st_init_numtable_with_size  onig_st_init_numtable_with_size
[INFO] [stderr] warning: onig_sys@69.8.1:       |                                     ^~~~~~~~~~~~~~~~~~~~~~~~~~~~~~~
[INFO] [stderr] warning: onig_sys@69.8.1: oniguruma/src/st.c:185:1: note: in expansion of macro 'st_init_numtable_with_size'
[INFO] [stderr] warning: onig_sys@69.8.1:   185 | st_init_numtable_with_size(size)
[INFO] [stderr] warning: onig_sys@69.8.1:       | ^~~~~~~~~~~~~~~~~~~~~~~~~~
[INFO] [stderr] warning: onig_sys@69.8.1: oniguruma/src/st.c: In function 'onig_st_init_strtable_with_size':
[INFO] [stderr] warning: onig_sys@69.8.1: oniguruma/src/regint.h:224:37: warning: old-style function definition [-Wold-style-definition]
[INFO] [stderr] warning: onig_sys@69.8.1:   224 | #define st_init_strtable_with_size  onig_st_init_strtable_with_size
[INFO] [stderr] warning: onig_sys@69.8.1:       |                                     ^~~~~~~~~~~~~~~~~~~~~~~~~~~~~~~
[INFO] [stderr] warning: onig_sys@69.8.1: oniguruma/src/st.c:198:1: note: in expansion of macro 'st_init_strtable_with_size'
[INFO] [stderr] warning: onig_sys@69.8.1:   198 | st_init_strtable_with_size(size)
[INFO] [stderr] warning: onig_sys@69.8.1:       | ^~~~~~~~~~~~~~~~~~~~~~~~~~
[INFO] [stderr] warning: onig_sys@69.8.1: oniguruma/src/st.c: In function 'onig_st_free_table':
[INFO] [stderr] warning: onig_sys@69.8.1: oniguruma/src/regint.h:231:37: warning: old-style function definition [-Wold-style-definition]
[INFO] [stderr] warning: onig_sys@69.8.1:   231 | #define st_free_table               onig_st_free_table
[INFO] [stderr] warning: onig_sys@69.8.1:       |                                     ^~~~~~~~~~~~~~~~~~
[INFO] [stderr] warning: onig_sys@69.8.1: oniguruma/src/st.c:205:1: note: in expansion of macro 'st_free_table'
[INFO] [stderr] warning: onig_sys@69.8.1:   205 | st_free_table(table)
[INFO] [stderr] warning: onig_sys@69.8.1:       | ^~~~~~~~~~~~~
[INFO] [stderr] warning: onig_sys@69.8.1: oniguruma/src/st.c: In function 'onig_st_lookup':
[INFO] [stderr] warning: onig_sys@69.8.1: oniguruma/src/regint.h:228:37: warning: old-style function definition [-Wold-style-definition]
[INFO] [stderr] warning: onig_sys@69.8.1:   228 | #define st_lookup                   onig_st_lookup
[INFO] [stderr] warning: onig_sys@69.8.1:       |                                     ^~~~~~~~~~~~~~
[INFO] [stderr] warning: onig_sys@69.8.1: oniguruma/src/st.c:245:1: note: in expansion of macro 'st_lookup'
[INFO] [stderr] warning: onig_sys@69.8.1:   245 | st_lookup(table, key, value)
[INFO] [stderr] warning: onig_sys@69.8.1:       | ^~~~~~~~~
[INFO] [stderr] warning: onig_sys@69.8.1: oniguruma/src/st.c:56:43: error: too many arguments to function 'table->type->hash'; expected 0, have 1
[INFO] [stderr] warning: onig_sys@69.8.1:    56 | #define do_hash(key,table) (unsigned int)(*(table)->type->hash)((key))
[INFO] [stderr] warning: onig_sys@69.8.1:       |                                          ~^~~~~~~~~~~~~~~~~~~~~ ~~~~~
[INFO] [stderr] warning: onig_sys@69.8.1: oniguruma/src/st.c:253:14: note: in expansion of macro 'do_hash'
[INFO] [stderr] warning: onig_sys@69.8.1:   253 |   hash_val = do_hash(key, table);
[INFO] [stderr] warning: onig_sys@69.8.1:       |              ^~~~~~~
[INFO] [stderr] warning: onig_sys@69.8.1: In file included from oniguruma/src/st.c:10:
[INFO] [stderr] warning: onig_sys@69.8.1: oniguruma/src/st.h:20:11: note: declared here
[INFO] [stderr] warning: onig_sys@69.8.1:    20 |     int (*hash)();
[INFO] [stderr] warning: onig_sys@69.8.1:       |           ^~~~
[INFO] [stderr] warning: onig_sys@69.8.1: oniguruma/src/st.c:54:40: error: too many arguments to function 'table->type->compare'; expected 0, have 2
[INFO] [stderr] warning: onig_sys@69.8.1:    54 | #define EQUAL(table,x,y) ((x)==(y) || (*table->type->compare)((x),(y)) == 0)
[INFO] [stderr] warning: onig_sys@69.8.1:       |                                       ~^~~~~~~~~~~~~~~~~~~~~~ ~~~
[INFO] [stderr] warning: onig_sys@69.8.1: oniguruma/src/st.c:224:45: note: in expansion of macro 'EQUAL'
[INFO] [stderr] warning: onig_sys@69.8.1:   224 | ((ptr) != 0 && (ptr->hash != (hash_val) || !EQUAL((table), (key), (ptr)->key)))
[INFO] [stderr] warning: onig_sys@69.8.1:       |                                             ^~~~~
[INFO] [stderr] warning: onig_sys@69.8.1: oniguruma/src/st.c:235:9: note: in expansion of macro 'PTR_NOT_EQUAL'
[INFO] [stderr] warning: onig_sys@69.8.1:   235 |     if (PTR_NOT_EQUAL(table, ptr, hash_val, key)) {\
[INFO] [stderr] warning: onig_sys@69.8.1:       |         ^~~~~~~~~~~~~
[INFO] [stderr] warning: onig_sys@69.8.1: oniguruma/src/st.c:254:3: note: in expansion of macro 'FIND_ENTRY'
[INFO] [stderr] warning: onig_sys@69.8.1:   254 |   FIND_ENTRY(table, ptr, hash_val, bin_pos);
[INFO] [stderr] warning: onig_sys@69.8.1:       |   ^~~~~~~~~~
[INFO] [stderr] warning: onig_sys@69.8.1: oniguruma/src/st.h:19:11: note: declared here
[INFO] [stderr] warning: onig_sys@69.8.1:    19 |     int (*compare)();
[INFO] [stderr] warning: onig_sys@69.8.1:       |           ^~~~~~~
[INFO] [stderr] warning: onig_sys@69.8.1: oniguruma/src/st.c:54:40: error: too many arguments to function 'table->type->compare'; expected 0, have 2
[INFO] [stderr] warning: onig_sys@69.8.1:    54 | #define EQUAL(table,x,y) ((x)==(y) || (*table->type->compare)((x),(y)) == 0)
[INFO] [stderr] warning: onig_sys@69.8.1:       |                                       ~^~~~~~~~~~~~~~~~~~~~~~ ~~~
[INFO] [stderr] warning: onig_sys@69.8.1: oniguruma/src/st.c:224:45: note: in expansion of macro 'EQUAL'
[INFO] [stderr] warning: onig_sys@69.8.1:   224 | ((ptr) != 0 && (ptr->hash != (hash_val) || !EQUAL((table), (key), (ptr)->key)))
[INFO] [stderr] warning: onig_sys@69.8.1:       |                                             ^~~~~
[INFO] [stderr] warning: onig_sys@69.8.1: oniguruma/src/st.c:237:14: note: in expansion of macro 'PTR_NOT_EQUAL'
[INFO] [stderr] warning: onig_sys@69.8.1:   237 |       while (PTR_NOT_EQUAL(table, ptr->next, hash_val, key)) {\
[INFO] [stderr] warning: onig_sys@69.8.1:       |              ^~~~~~~~~~~~~
[INFO] [stderr] warning: onig_sys@69.8.1: oniguruma/src/st.c:254:3: note: in expansion of macro 'FIND_ENTRY'
[INFO] [stderr] warning: onig_sys@69.8.1:   254 |   FIND_ENTRY(table, ptr, hash_val, bin_pos);
[INFO] [stderr] warning: onig_sys@69.8.1:       |   ^~~~~~~~~~
[INFO] [stderr] warning: onig_sys@69.8.1: oniguruma/src/st.h:19:11: note: declared here
[INFO] [stderr] warning: onig_sys@69.8.1:    19 |     int (*compare)();
[INFO] [stderr] warning: onig_sys@69.8.1:       |           ^~~~~~~
[INFO] [stderr] warning: onig_sys@69.8.1: oniguruma/src/st.c: In function 'onig_st_insert':
[INFO] [stderr] warning: onig_sys@69.8.1: oniguruma/src/regint.h:227:37: warning: old-style function definition [-Wold-style-definition]
[INFO] [stderr] warning: onig_sys@69.8.1:   227 | #define st_insert                   onig_st_insert
[INFO] [stderr] warning: onig_sys@69.8.1:       |                                     ^~~~~~~~~~~~~~
[INFO] [stderr] warning: onig_sys@69.8.1: oniguruma/src/st.c:283:1: note: in expansion of macro 'st_insert'
[INFO] [stderr] warning: onig_sys@69.8.1:   283 | st_insert(table, key, value)
[INFO] [stderr] warning: onig_sys@69.8.1:       | ^~~~~~~~~
[INFO] [stderr] warning: onig_sys@69.8.1: oniguruma/src/st.c:56:43: error: too many arguments to function 'table->type->hash'; expected 0, have 1
[INFO] [stderr] warning: onig_sys@69.8.1:    56 | #define do_hash(key,table) (unsigned int)(*(table)->type->hash)((key))
[INFO] [stderr] warning: onig_sys@69.8.1:       |                                          ~^~~~~~~~~~~~~~~~~~~~~ ~~~~~
[INFO] [stderr] warning: onig_sys@69.8.1: oniguruma/src/st.c:291:14: note: in expansion of macro 'do_hash'
[INFO] [stderr] warning: onig_sys@69.8.1:   291 |   hash_val = do_hash(key, table);
[INFO] [stderr] warning: onig_sys@69.8.1:       |              ^~~~~~~
[INFO] [stderr] warning: onig_sys@69.8.1: oniguruma/src/st.h:20:11: note: declared here
[INFO] [stderr] warning: onig_sys@69.8.1:    20 |     int (*hash)();
[INFO] [stderr] warning: onig_sys@69.8.1:       |           ^~~~
[INFO] [stderr] warning: onig_sys@69.8.1: oniguruma/src/st.c:54:40: error: too many arguments to function 'table->type->compare'; expected 0, have 2
[INFO] [stderr] warning: onig_sys@69.8.1:    54 | #define EQUAL(table,x,y) ((x)==(y) || (*table->type->compare)((x),(y)) == 0)
[INFO] [stderr] warning: onig_sys@69.8.1:       |                                       ~^~~~~~~~~~~~~~~~~~~~~~ ~~~
[INFO] [stderr] warning: onig_sys@69.8.1: oniguruma/src/st.c:224:45: note: in expansion of macro 'EQUAL'
[INFO] [stderr] warning: onig_sys@69.8.1:   224 | ((ptr) != 0 && (ptr->hash != (hash_val) || !EQUAL((table), (key), (ptr)->key)))
[INFO] [stderr] warning: onig_sys@69.8.1:       |                                             ^~~~~
[INFO] [stderr] warning: onig_sys@69.8.1: oniguruma/src/st.c:235:9: note: in expansion of macro 'PTR_NOT_EQUAL'
[INFO] [stderr] warning: onig_sys@69.8.1:   235 |     if (PTR_NOT_EQUAL(table, ptr, hash_val, key)) {\
[INFO] [stderr] warning: onig_sys@69.8.1:       |         ^~~~~~~~~~~~~
[INFO] [stderr] warning: onig_sys@69.8.1: oniguruma/src/st.c:292:3: note: in expansion of macro 'FIND_ENTRY'
[INFO] [stderr] warning: onig_sys@69.8.1:   292 |   FIND_ENTRY(table, ptr, hash_val, bin_pos);
[INFO] [stderr] warning: onig_sys@69.8.1:       |   ^~~~~~~~~~
[INFO] [stderr] warning: onig_sys@69.8.1: oniguruma/src/st.h:19:11: note: declared here
[INFO] [stderr] warning: onig_sys@69.8.1:    19 |     int (*compare)();
[INFO] [stderr] warning: onig_sys@69.8.1:       |           ^~~~~~~
[INFO] [stderr] warning: onig_sys@69.8.1: oniguruma/src/st.c:54:40: error: too many arguments to function 'table->type->compare'; expected 0, have 2
[INFO] [stderr] warning: onig_sys@69.8.1:    54 | #define EQUAL(table,x,y) ((x)==(y) || (*table->type->compare)((x),(y)) == 0)
[INFO] [stderr] warning: onig_sys@69.8.1:       |                                       ~^~~~~~~~~~~~~~~~~~~~~~ ~~~
[INFO] [stderr] warning: onig_sys@69.8.1: oniguruma/src/st.c:224:45: note: in expansion of macro 'EQUAL'
[INFO] [stderr] warning: onig_sys@69.8.1:   224 | ((ptr) != 0 && (ptr->hash != (hash_val) || !EQUAL((table), (key), (ptr)->key)))
[INFO] [stderr] warning: onig_sys@69.8.1:       |                                             ^~~~~
[INFO] [stderr] warning: onig_sys@69.8.1: oniguruma/src/st.c:237:14: note: in expansion of macro 'PTR_NOT_EQUAL'
[INFO] [stderr] warning: onig_sys@69.8.1:   237 |       while (PTR_NOT_EQUAL(table, ptr->next, hash_val, key)) {\
[INFO] [stderr] warning: onig_sys@69.8.1:       |              ^~~~~~~~~~~~~
[INFO] [stderr] warning: onig_sys@69.8.1: oniguruma/src/st.c:292:3: note: in expansion of macro 'FIND_ENTRY'
[INFO] [stderr] warning: onig_sys@69.8.1:   292 |   FIND_ENTRY(table, ptr, hash_val, bin_pos);
[INFO] [stderr] warning: onig_sys@69.8.1:       |   ^~~~~~~~~~
[INFO] [stderr] warning: onig_sys@69.8.1: oniguruma/src/st.h:19:11: note: declared here
[INFO] [stderr] warning: onig_sys@69.8.1:    19 |     int (*compare)();
[INFO] [stderr] warning: onig_sys@69.8.1:       |           ^~~~~~~
[INFO] [stderr] warning: onig_sys@69.8.1: oniguruma/src/st.c: In function 'onig_st_add_direct':
[INFO] [stderr] warning: onig_sys@69.8.1: oniguruma/src/regint.h:230:37: warning: old-style function definition [-Wold-style-definition]
[INFO] [stderr] warning: onig_sys@69.8.1:   230 | #define st_add_direct               onig_st_add_direct
[INFO] [stderr] warning: onig_sys@69.8.1:       |                                     ^~~~~~~~~~~~~~~~~~
[INFO] [stderr] warning: onig_sys@69.8.1: oniguruma/src/st.c:305:1: note: in expansion of macro 'st_add_direct'
[INFO] [stderr] warning: onig_sys@69.8.1:   305 | st_add_direct(table, key, value)
[INFO] [stderr] warning: onig_sys@69.8.1:       | ^~~~~~~~~~~~~
[INFO] [stderr] warning: onig_sys@69.8.1: oniguruma/src/st.c:56:43: error: too many arguments to function 'table->type->hash'; expected 0, have 1
[INFO] [stderr] warning: onig_sys@69.8.1:    56 | #define do_hash(key,table) (unsigned int)(*(table)->type->hash)((key))
[INFO] [stderr] warning: onig_sys@69.8.1:       |                                          ~^~~~~~~~~~~~~~~~~~~~~ ~~~~~
[INFO] [stderr] warning: onig_sys@69.8.1: oniguruma/src/st.c:312:14: note: in expansion of macro 'do_hash'
[INFO] [stderr] warning: onig_sys@69.8.1:   312 |   hash_val = do_hash(key, table);
[INFO] [stderr] warning: onig_sys@69.8.1:       |              ^~~~~~~
[INFO] [stderr] warning: onig_sys@69.8.1: oniguruma/src/st.h:20:11: note: declared here
[INFO] [stderr] warning: onig_sys@69.8.1:    20 |     int (*hash)();
[INFO] [stderr] warning: onig_sys@69.8.1:       |           ^~~~
[INFO] [stderr] warning: onig_sys@69.8.1: oniguruma/src/st.c: In function 'rehash':
[INFO] [stderr] warning: onig_sys@69.8.1: oniguruma/src/st.c:318:1: warning: old-style function definition [-Wold-style-definition]
[INFO] [stderr] warning: onig_sys@69.8.1:   318 | rehash(table)
[INFO] [stderr] warning: onig_sys@69.8.1:       | ^~~~~~
[INFO] [stderr] warning: onig_sys@69.8.1: oniguruma/src/st.c: In function 'onig_st_copy':
[INFO] [stderr] warning: onig_sys@69.8.1: oniguruma/src/regint.h:233:37: warning: old-style function definition [-Wold-style-definition]
[INFO] [stderr] warning: onig_sys@69.8.1:   233 | #define st_copy                     onig_st_copy
[INFO] [stderr] warning: onig_sys@69.8.1:       |                                     ^~~~~~~~~~~~
[INFO] [stderr] warning: onig_sys@69.8.1: oniguruma/src/st.c:350:1: note: in expansion of macro 'st_copy'
[INFO] [stderr] warning: onig_sys@69.8.1:   350 | st_copy(old_table)
[INFO] [stderr] warning: onig_sys@69.8.1:       | ^~~~~~~
[INFO] [stderr] warning: onig_sys@69.8.1: oniguruma/src/st.c: In function 'onig_st_delete':
[INFO] [stderr] warning: onig_sys@69.8.1: oniguruma/src/regint.h:225:37: warning: old-style function definition [-Wold-style-definition]
[INFO] [stderr] warning: onig_sys@69.8.1:   225 | #define st_delete                   onig_st_delete
[INFO] [stderr] warning: onig_sys@69.8.1:       |                                     ^~~~~~~~~~~~~~
[INFO] [stderr] warning: onig_sys@69.8.1: oniguruma/src/st.c:391:1: note: in expansion of macro 'st_delete'
[INFO] [stderr] warning: onig_sys@69.8.1:   391 | st_delete(table, key, value)
[INFO] [stderr] warning: onig_sys@69.8.1:       | ^~~~~~~~~
[INFO] [stderr] warning: onig_sys@69.8.1: oniguruma/src/st.c:56:43: error: too many arguments to function 'table->type->hash'; expected 0, have 1
[INFO] [stderr] warning: onig_sys@69.8.1:    56 | #define do_hash(key,table) (unsigned int)(*(table)->type->hash)((key))
[INFO] [stderr] warning: onig_sys@69.8.1:       |                                          ~^~~~~~~~~~~~~~~~~~~~~ ~~~~~
[INFO] [stderr] warning: onig_sys@69.8.1: oniguruma/src/st.c:57:33: note: in expansion of macro 'do_hash'
[INFO] [stderr] warning: onig_sys@69.8.1:    57 | #define do_hash_bin(key,table) (do_hash(key, table)%(table)->num_bins)
[INFO] [stderr] warning: onig_sys@69.8.1:       |                                 ^~~~~~~
[INFO] [stderr] warning: onig_sys@69.8.1: oniguruma/src/st.c:400:14: note: in expansion of macro 'do_hash_bin'
[INFO] [stderr] warning: onig_sys@69.8.1:   400 |   hash_val = do_hash_bin(*key, table);
[INFO] [stderr] warning: onig_sys@69.8.1:       |              ^~~~~~~~~~~
[INFO] [stderr] warning: onig_sys@69.8.1: oniguruma/src/st.h:20:11: note: declared here
[INFO] [stderr] warning: onig_sys@69.8.1:    20 |     int (*hash)();
[INFO] [stderr] warning: onig_sys@69.8.1:       |           ^~~~
[INFO] [stderr] warning: onig_sys@69.8.1: oniguruma/src/st.c:54:40: error: too many arguments to function 'table->type->compare'; expected 0, have 2
[INFO] [stderr] warning: onig_sys@69.8.1:    54 | #define EQUAL(table,x,y) ((x)==(y) || (*table->type->compare)((x),(y)) == 0)
[INFO] [stderr] warning: onig_sys@69.8.1:       |                                       ~^~~~~~~~~~~~~~~~~~~~~~ ~~~
[INFO] [stderr] warning: onig_sys@69.8.1: oniguruma/src/st.c:408:7: note: in expansion of macro 'EQUAL'
[INFO] [stderr] warning: onig_sys@69.8.1:   408 |   if (EQUAL(table, *key, ptr->key)) {
[INFO] [stderr] warning: onig_sys@69.8.1:       |       ^~~~~
[INFO] [stderr] warning: onig_sys@69.8.1: oniguruma/src/st.h:19:11: note: declared here
[INFO] [stderr] warning: onig_sys@69.8.1:    19 |     int (*compare)();
[INFO] [stderr] warning: onig_sys@69.8.1:       |           ^~~~~~~
[INFO] [stderr] warning: onig_sys@69.8.1: oniguruma/src/st.c:54:40: error: too many arguments to function 'table->type->compare'; expected 0, have 2
[INFO] [stderr] warning: onig_sys@69.8.1:    54 | #define EQUAL(table,x,y) ((x)==(y) || (*table->type->compare)((x),(y)) == 0)
[INFO] [stderr] warning: onig_sys@69.8.1:       |                                       ~^~~~~~~~~~~~~~~~~~~~~~ ~~~
[INFO] [stderr] warning: onig_sys@69.8.1: oniguruma/src/st.c:418:9: note: in expansion of macro 'EQUAL'
[INFO] [stderr] warning: onig_sys@69.8.1:   418 |     if (EQUAL(table, ptr->next->key, *key)) {
[INFO] [stderr] warning: onig_sys@69.8.1:       |         ^~~~~
[INFO] [stderr] warning: onig_sys@69.8.1: oniguruma/src/st.h:19:11: note: declared here
[INFO] [stderr] warning: onig_sys@69.8.1:    19 |     int (*compare)();
[INFO] [stderr] warning: onig_sys@69.8.1:       |           ^~~~~~~
[INFO] [stderr] warning: onig_sys@69.8.1: oniguruma/src/st.c: In function 'onig_st_delete_safe':
[INFO] [stderr] warning: onig_sys@69.8.1: oniguruma/src/regint.h:226:37: warning: old-style function definition [-Wold-style-definition]
[INFO] [stderr] warning: onig_sys@69.8.1:   226 | #define st_delete_safe              onig_st_delete_safe
[INFO] [stderr] warning: onig_sys@69.8.1:       |                                     ^~~~~~~~~~~~~~~~~~~
[INFO] [stderr] warning: onig_sys@69.8.1: oniguruma/src/st.c:433:1: note: in expansion of macro 'st_delete_safe'
[INFO] [stderr] warning: onig_sys@69.8.1:   433 | st_delete_safe(table, key, value, never)
[INFO] [stderr] warning: onig_sys@69.8.1:       | ^~~~~~~~~~~~~~
[INFO] [stderr] warning: onig_sys@69.8.1: oniguruma/src/st.c:56:43: error: too many arguments to function 'table->type->hash'; expected 0, have 1
[INFO] [stderr] warning: onig_sys@69.8.1:    56 | #define do_hash(key,table) (unsigned int)(*(table)->type->hash)((key))
[INFO] [stderr] warning: onig_sys@69.8.1:       |                                          ~^~~~~~~~~~~~~~~~~~~~~ ~~~~~
[INFO] [stderr] warning: onig_sys@69.8.1: oniguruma/src/st.c:57:33: note: in expansion of macro 'do_hash'
[INFO] [stderr] warning: onig_sys@69.8.1:    57 | #define do_hash_bin(key,table) (do_hash(key, table)%(table)->num_bins)
[INFO] [stderr] warning: onig_sys@69.8.1:       |                                 ^~~~~~~
[INFO] [stderr] warning: onig_sys@69.8.1: oniguruma/src/st.c:442:14: note: in expansion of macro 'do_hash_bin'
[INFO] [stderr] warning: onig_sys@69.8.1:   442 |   hash_val = do_hash_bin(*key, table);
[INFO] [stderr] warning: onig_sys@69.8.1:       |              ^~~~~~~~~~~
[INFO] [stderr] warning: onig_sys@69.8.1: oniguruma/src/st.h:20:11: note: declared here
[INFO] [stderr] warning: onig_sys@69.8.1:    20 |     int (*hash)();
[INFO] [stderr] warning: onig_sys@69.8.1:       |           ^~~~
[INFO] [stderr] warning: onig_sys@69.8.1: oniguruma/src/st.c:54:40: error: too many arguments to function 'table->type->compare'; expected 0, have 2
[INFO] [stderr] warning: onig_sys@69.8.1:    54 | #define EQUAL(table,x,y) ((x)==(y) || (*table->type->compare)((x),(y)) == 0)
[INFO] [stderr] warning: onig_sys@69.8.1:       |                                       ~^~~~~~~~~~~~~~~~~~~~~~ ~~~
[INFO] [stderr] warning: onig_sys@69.8.1: oniguruma/src/st.c:451:32: note: in expansion of macro 'EQUAL'
[INFO] [stderr] warning: onig_sys@69.8.1:   451 |     if ((ptr->key != never) && EQUAL(table, ptr->key, *key)) {
[INFO] [stderr] warning: onig_sys@69.8.1:       |                                ^~~~~
[INFO] [stderr] warning: onig_sys@69.8.1: oniguruma/src/st.h:19:11: note: declared here
[INFO] [stderr] warning: onig_sys@69.8.1:    19 |     int (*compare)();
[INFO] [stderr] warning: onig_sys@69.8.1:       |           ^~~~~~~
[INFO] [stderr] warning: onig_sys@69.8.1: oniguruma/src/st.c: In function 'onig_st_cleanup_safe':
[INFO] [stderr] warning: onig_sys@69.8.1: oniguruma/src/regint.h:232:37: warning: old-style function definition [-Wold-style-definition]
[INFO] [stderr] warning: onig_sys@69.8.1:   232 | #define st_cleanup_safe             onig_st_cleanup_safe
[INFO] [stderr] warning: onig_sys@69.8.1:       |                                     ^~~~~~~~~~~~~~~~~~~~
[INFO] [stderr] warning: onig_sys@69.8.1: oniguruma/src/st.c:477:1: note: in expansion of macro 'st_cleanup_safe'
[INFO] [stderr] warning: onig_sys@69.8.1:   477 | st_cleanup_safe(table, never)
[INFO] [stderr] warning: onig_sys@69.8.1:       | ^~~~~~~~~~~~~~~
[INFO] [stderr] warning: onig_sys@69.8.1: oniguruma/src/st.c:483:21: error: passing argument 2 of 'onig_st_foreach' from incompatible pointer type [-Wincompatible-pointer-types]
[INFO] [stderr] warning: onig_sys@69.8.1:   483 |   st_foreach(table, delete_never, never);
[INFO] [stderr] warning: onig_sys@69.8.1:       |                     ^~~~~~~~~~~~
[INFO] [stderr] warning: onig_sys@69.8.1:       |                     |
[INFO] [stderr] warning: onig_sys@69.8.1:       |                     int (*)(st_data_t,  st_data_t,  st_data_t) {aka int (*)(long unsigned int,  long unsigned int,  long unsigned int)}
[INFO] [stderr] warning: onig_sys@69.8.1: oniguruma/src/st.h:55:31: note: expected 'int (*)(void)' but argument is of type 'int (*)(st_data_t,  st_data_t,  st_data_t)' {aka 'int (*)(long unsigned int,  long unsigned int,  long unsigned int)'}
[INFO] [stderr] warning: onig_sys@69.8.1:    55 | int st_foreach _((st_table *, int (*)(ANYARGS), st_data_t));
[INFO] [stderr] warning: onig_sys@69.8.1:       |                               ^~~~~~~~~~~~~~~~
[INFO] [stderr] warning: onig_sys@69.8.1: oniguruma/src/st.h:35:18: note: in definition of macro '_'
[INFO] [stderr] warning: onig_sys@69.8.1:    35 | # define _(args) args
[INFO] [stderr] warning: onig_sys@69.8.1:       |                  ^~~~
[INFO] [stderr] warning: onig_sys@69.8.1: oniguruma/src/st.c:465:1: note: 'delete_never' declared here
[INFO] [stderr] warning: onig_sys@69.8.1:   465 | delete_never(st_data_t key __attribute__ ((unused)), st_data_t value,
[INFO] [stderr] warning: onig_sys@69.8.1:       | ^~~~~~~~~~~~
[INFO] [stderr] warning: onig_sys@69.8.1: oniguruma/src/st.c: In function 'onig_st_foreach':
[INFO] [stderr] warning: onig_sys@69.8.1: oniguruma/src/regint.h:229:37: warning: old-style function definition [-Wold-style-definition]
[INFO] [stderr] warning: onig_sys@69.8.1:   229 | #define st_foreach                  onig_st_foreach
[INFO] [stderr] warning: onig_sys@69.8.1:       |                                     ^~~~~~~~~~~~~~~
[INFO] [stderr] warning: onig_sys@69.8.1: oniguruma/src/st.c:488:1: note: in expansion of macro 'st_foreach'
[INFO] [stderr] warning: onig_sys@69.8.1:   488 | st_foreach(table, func, arg)
[INFO] [stderr] warning: onig_sys@69.8.1:       | ^~~~~~~~~~
[INFO] [stderr] warning: onig_sys@69.8.1: oniguruma/src/st.c:500:23: error: too many arguments to function 'func'; expected 0, have 3
[INFO] [stderr] warning: onig_sys@69.8.1:   500 |             retval = (*func)(ptr->key, ptr->record, arg);
[INFO] [stderr] warning: onig_sys@69.8.1:       |                      ~^~~~~~ ~~~~~~~~
[INFO] [stderr] warning: onig_sys@69.8.1: oniguruma/src/st.c: In function 'strhash':
[INFO] [stderr] warning: onig_sys@69.8.1: oniguruma/src/st.c:538:1: warning: old-style function definition [-Wold-style-definition]
[INFO] [stderr] warning: onig_sys@69.8.1:   538 | strhash(string)
[INFO] [stderr] warning: onig_sys@69.8.1:       | ^~~~~~~
[INFO] [stderr] warning: onig_sys@69.8.1: oniguruma/src/st.c: In function 'numcmp':
[INFO] [stderr] warning: onig_sys@69.8.1: oniguruma/src/st.c:577:1: warning: old-style function definition [-Wold-style-definition]
[INFO] [stderr] warning: onig_sys@69.8.1:   577 | numcmp(x, y)
[INFO] [stderr] warning: onig_sys@69.8.1:       | ^~~~~~
[INFO] [stderr] warning: onig_sys@69.8.1: oniguruma/src/st.c: In function 'numhash':
[INFO] [stderr] warning: onig_sys@69.8.1: oniguruma/src/st.c:584:1: warning: old-style function definition [-Wold-style-definition]
[INFO] [stderr] warning: onig_sys@69.8.1:   584 | numhash(n)
[INFO] [stderr] warning: onig_sys@69.8.1:       | ^~~~~~~
[INFO] [stderr] warning: onig_sys@69.8.1: ToolExecError: Command "cc" "-O3" "-ffunction-sections" "-fdata-sections" "-fPIC" "-m64" "-I" "/opt/rustwide/target/release/build/onig_sys-270b32e20e3c468c/out" "-I" "oniguruma/src" "-DHAVE_UNISTD_H=1" "-DHAVE_SYS_TYPES_H=1" "-DHAVE_SYS_TIME_H=1" "-o" "/opt/rustwide/target/release/build/onig_sys-270b32e20e3c468c/out/c77b18e714869709-st.o" "-c" "oniguruma/src/st.c" with args cc did not execute successfully (status code exit status: 1).
[INFO] [stderr] warning: onig_sys@69.8.1: ToolExecError: Command "cc" "-O3" "-ffunction-sections" "-fdata-sections" "-fPIC" "-m64" "-I" "/opt/rustwide/target/release/build/onig_sys-270b32e20e3c468c/out" "-I" "oniguruma/src" "-DHAVE_UNISTD_H=1" "-DHAVE_SYS_TYPES_H=1" "-DHAVE_SYS_TIME_H=1" "-o" "/opt/rustwide/target/release/build/onig_sys-270b32e20e3c468c/out/c77b18e714869709-regparse.o" "-c" "oniguruma/src/regparse.c" with args cc did not execute successfully (status code exit status: 1).
[INFO] [stderr] error: failed to run custom build command for `onig_sys v69.8.1`
[INFO] [stderr] note: To improve backtraces for build dependencies, set the CARGO_PROFILE_RELEASE_BUILD_OVERRIDE_DEBUG=true environment variable to enable debug information generation.
[INFO] [stderr] 
[INFO] [stderr] Caused by:
[INFO] [stderr]   process didn't exit successfully: `/opt/rustwide/target/release/build/onig_sys-90082774eb0773d6/build-script-build` (exit status: 1)
[INFO] [stderr]   --- stdout
[INFO] [stderr]   cargo:rerun-if-env-changed=RUSTONIG_DYNAMIC_LIBONIG
[INFO] [stderr]   cargo:rerun-if-env-changed=RUSTONIG_STATIC_LIBONIG
[INFO] [stderr]   cargo:rerun-if-env-changed=RUSTONIG_SYSTEM_LIBONIG
[INFO] [stderr]   OUT_DIR = Some(/opt/rustwide/target/release/build/onig_sys-270b32e20e3c468c/out)
[INFO] [stderr]   OPT_LEVEL = Some(3)
[INFO] [stderr]   TARGET = Some(x86_64-unknown-linux-gnu)
[INFO] [stderr]   HOST = Some(x86_64-unknown-linux-gnu)
[INFO] [stderr]   cargo:rerun-if-env-changed=CC_x86_64-unknown-linux-gnu
[INFO] [stderr]   CC_x86_64-unknown-linux-gnu = None
[INFO] [stderr]   cargo:rerun-if-env-changed=CC_x86_64_unknown_linux_gnu
[INFO] [stderr]   CC_x86_64_unknown_linux_gnu = None
[INFO] [stderr]   cargo:rerun-if-env-changed=HOST_CC
[INFO] [stderr]   HOST_CC = None
[INFO] [stderr]   cargo:rerun-if-env-changed=CC
[INFO] [stderr]   CC = None
[INFO] [stderr]   cargo:rerun-if-env-changed=CC_ENABLE_DEBUG_OUTPUT
[INFO] [stderr]   RUSTC_WRAPPER = None
[INFO] [stderr]   cargo:rerun-if-env-changed=CRATE_CC_NO_DEFAULTS
[INFO] [stderr]   CRATE_CC_NO_DEFAULTS = None
[INFO] [stderr]   DEBUG = Some(false)
[INFO] [stderr]   CARGO_CFG_TARGET_FEATURE = Some(fxsr,sse,sse2)
[INFO] [stderr]   cargo:rerun-if-env-changed=CFLAGS_x86_64-unknown-linux-gnu
[INFO] [stderr]   CFLAGS_x86_64-unknown-linux-gnu = None
[INFO] [stderr]   cargo:rerun-if-env-changed=CFLAGS_x86_64_unknown_linux_gnu
[INFO] [stderr]   CFLAGS_x86_64_unknown_linux_gnu = None
[INFO] [stderr]   cargo:rerun-if-env-changed=HOST_CFLAGS
[INFO] [stderr]   HOST_CFLAGS = None
[INFO] [stderr]   cargo:rerun-if-env-changed=CFLAGS
[INFO] [stderr]   CFLAGS = None
[INFO] [stderr]   cargo:warning=oniguruma/src/regparse.c: In function 'onig_st_init_strend_table_with_size':
[INFO] [stderr]   cargo:warning=oniguruma/src/regparse.c:588:5: error: initialization of 'int (*)(void)' from incompatible pointer type 'int (*)(st_str_end_key *, st_str_end_key *)' [-Wincompatible-pointer-types]
[INFO] [stderr]   cargo:warning=  588 |     str_end_cmp,
[INFO] [stderr]   cargo:warning=      |     ^~~~~~~~~~~
[INFO] [stderr]   cargo:warning=oniguruma/src/regparse.c:588:5: note: (near initialization for 'hashType.compare')
[INFO] [stderr]   cargo:warning=oniguruma/src/regparse.c:550:1: note: 'str_end_cmp' declared here
[INFO] [stderr]   cargo:warning=  550 | str_end_cmp(st_str_end_key* x, st_str_end_key* y)
[INFO] [stderr]   cargo:warning=      | ^~~~~~~~~~~
[INFO] [stderr]   cargo:warning=oniguruma/src/regparse.c:589:5: error: initialization of 'int (*)(void)' from incompatible pointer type 'int (*)(st_str_end_key *)' [-Wincompatible-pointer-types]
[INFO] [stderr]   cargo:warning=  589 |     str_end_hash,
[INFO] [stderr]   cargo:warning=      |     ^~~~~~~~~~~~
[INFO] [stderr]   cargo:warning=oniguruma/src/regparse.c:589:5: note: (near initialization for 'hashType.hash')
[INFO] [stderr]   cargo:warning=oniguruma/src/regparse.c:571:1: note: 'str_end_hash' declared here
[INFO] [stderr]   cargo:warning=  571 | str_end_hash(st_str_end_key* x)
[INFO] [stderr]   cargo:warning=      | ^~~~~~~~~~~~
[INFO] [stderr]   cargo:warning=oniguruma/src/regparse.c: In function 'onig_st_init_callout_name_table_with_size':
[INFO] [stderr]   cargo:warning=oniguruma/src/regparse.c:678:5: error: initialization of 'int (*)(void)' from incompatible pointer type 'int (*)(st_callout_name_key *, st_callout_name_key *)' [-Wincompatible-pointer-types]
[INFO] [stderr]   cargo:warning=  678 |     callout_name_table_cmp,
[INFO] [stderr]   cargo:warning=      |     ^~~~~~~~~~~~~~~~~~~~~~
[INFO] [stderr]   cargo:warning=oniguruma/src/regparse.c:678:5: note: (near initialization for 'hashType.compare')
[INFO] [stderr]   cargo:warning=oniguruma/src/regparse.c:637:1: note: 'callout_name_table_cmp' declared here
[INFO] [stderr]   cargo:warning=  637 | callout_name_table_cmp(st_callout_name_key* x, st_callout_name_key* y)
[INFO] [stderr]   cargo:warning=      | ^~~~~~~~~~~~~~~~~~~~~~
[INFO] [stderr]   cargo:warning=oniguruma/src/regparse.c:679:5: error: initialization of 'int (*)(void)' from incompatible pointer type 'int (*)(st_callout_name_key *)' [-Wincompatible-pointer-types]
[INFO] [stderr]   cargo:warning=  679 |     callout_name_table_hash,
[INFO] [stderr]   cargo:warning=      |     ^~~~~~~~~~~~~~~~~~~~~~~
[INFO] [stderr]   cargo:warning=oniguruma/src/regparse.c:679:5: note: (near initialization for 'hashType.hash')
[INFO] [stderr]   cargo:warning=oniguruma/src/regparse.c:660:1: note: 'callout_name_table_hash' declared here
[INFO] [stderr]   cargo:warning=  660 | callout_name_table_hash(st_callout_name_key* x)
[INFO] [stderr]   cargo:warning=      | ^~~~~~~~~~~~~~~~~~~~~~~
[INFO] [stderr]   cargo:warning=oniguruma/src/regparse.c: In function 'names_clear':
[INFO] [stderr]   cargo:warning=oniguruma/src/regparse.c:804:24: error: passing argument 2 of 'onig_st_foreach' from incompatible pointer type [-Wincompatible-pointer-types]
[INFO] [stderr]   cargo:warning=  804 |     onig_st_foreach(t, i_free_name_entry, 0);
[INFO] [stderr]   cargo:warning=      |                        ^~~~~~~~~~~~~~~~~
[INFO] [stderr]   cargo:warning=      |                        |
[INFO] [stderr]   cargo:warning=      |                        int (*)(OnigUChar *, NameEntry *, void *) {aka int (*)(unsigned char *, NameEntry *, void *)}
[INFO] [stderr]   cargo:warning=In file included from oniguruma/src/regparse.c:37:
[INFO] [stderr]   cargo:warning=oniguruma/src/st.h:55:31: note: expected 'int (*)(void)' but argument is of type 'int (*)(OnigUChar *, NameEntry *, void *)' {aka 'int (*)(unsigned char *, NameEntry *, void *)'}
[INFO] [stderr]   cargo:warning=   55 | int st_foreach _((st_table *, int (*)(ANYARGS), st_data_t));
[INFO] [stderr]   cargo:warning=      |                               ^~~~~~~~~~~~~~~~
[INFO] [stderr]   cargo:warning=oniguruma/src/st.h:35:18: note: in definition of macro '_'
[INFO] [stderr]   cargo:warning=   35 | # define _(args) args
[INFO] [stderr]   cargo:warning=      |                  ^~~~
[INFO] [stderr]   cargo:warning=oniguruma/src/regparse.c:789:1: note: 'i_free_name_entry' declared here
[INFO] [stderr]   cargo:warning=  789 | i_free_name_entry(UChar* key, NameEntry* e, void* arg ARG_UNUSED)
[INFO] [stderr]   cargo:warning=      | ^~~~~~~~~~~~~~~~~
[INFO] [stderr]   cargo:warning=oniguruma/src/regparse.c: In function 'onig_foreach_name':
[INFO] [stderr]   cargo:warning=oniguruma/src/regparse.c:873:24: error: passing argument 2 of 'onig_st_foreach' from incompatible pointer type [-Wincompatible-pointer-types]
[INFO] [stderr]   cargo:warning=  873 |     onig_st_foreach(t, i_names, (HashDataType )&narg);
[INFO] [stderr]   cargo:warning=      |                        ^~~~~~~
[INFO] [stderr]   cargo:warning=      |                        |
[INFO] [stderr]   cargo:warning=      |                        int (*)(OnigUChar *, NameEntry *, INamesArg *) {aka int (*)(unsigned char *, NameEntry *, INamesArg *)}
[INFO] [stderr]   cargo:warning=oniguruma/src/st.h:55:31: note: expected 'int (*)(void)' but argument is of type 'int (*)(OnigUChar *, NameEntry *, INamesArg *)' {aka 'int (*)(unsigned char *, NameEntry *, INamesArg *)'}
[INFO] [stderr]   cargo:warning=   55 | int st_foreach _((st_table *, int (*)(ANYARGS), st_data_t));
[INFO] [stderr]   cargo:warning=      |                               ^~~~~~~~~~~~~~~~
[INFO] [stderr]   cargo:warning=oniguruma/src/st.h:35:18: note: in definition of macro '_'
[INFO] [stderr]   cargo:warning=   35 | # define _(args) args
[INFO] [stderr]   cargo:warning=      |                  ^~~~
[INFO] [stderr]   cargo:warning=oniguruma/src/regparse.c:846:1: note: 'i_names' declared here
[INFO] [stderr]   cargo:warning=  846 | i_names(UChar* key ARG_UNUSED, NameEntry* e, INamesArg* arg)
[INFO] [stderr]   cargo:warning=      | ^~~~~~~
[INFO] [stderr]   cargo:warning=oniguruma/src/regparse.c: In function 'onig_renumber_name_table':
[INFO] [stderr]   cargo:warning=oniguruma/src/regparse.c:901:24: error: passing argument 2 of 'onig_st_foreach' from incompatible pointer type [-Wincompatible-pointer-types]
[INFO] [stderr]   cargo:warning=  901 |     onig_st_foreach(t, i_renumber_name, (HashDataType )map);
[INFO] [stderr]   cargo:warning=      |                        ^~~~~~~~~~~~~~~
[INFO] [stderr]   cargo:warning=      |                        |
[INFO] [stderr]   cargo:warning=      |                        int (*)(OnigUChar *, NameEntry *, GroupNumMap *) {aka int (*)(unsigned char *, NameEntry *, GroupNumMap *)}
[INFO] [stderr]   cargo:warning=oniguruma/src/st.h:55:31: note: expected 'int (*)(void)' but argument is of type 'int (*)(OnigUChar *, NameEntry *, GroupNumMap *)' {aka 'int (*)(unsigned char *, NameEntry *, GroupNumMap *)'}
[INFO] [stderr]   cargo:warning=   55 | int st_foreach _((st_table *, int (*)(ANYARGS), st_data_t));
[INFO] [stderr]   cargo:warning=      |                               ^~~~~~~~~~~~~~~~
[INFO] [stderr]   cargo:warning=oniguruma/src/st.h:35:18: note: in definition of macro '_'
[INFO] [stderr]   cargo:warning=   35 | # define _(args) args
[INFO] [stderr]   cargo:warning=      |                  ^~~~
[INFO] [stderr]   cargo:warning=oniguruma/src/regparse.c:879:1: note: 'i_renumber_name' declared here
[INFO] [stderr]   cargo:warning=  879 | i_renumber_name(UChar* key ARG_UNUSED, NameEntry* e, GroupNumMap* map)
[INFO] [stderr]   cargo:warning=      | ^~~~~~~~~~~~~~~
[INFO] [stderr]   cargo:warning=oniguruma/src/regparse.c: In function 'callout_name_table_clear':
[INFO] [stderr]   cargo:warning=oniguruma/src/regparse.c:1386:24: error: passing argument 2 of 'onig_st_foreach' from incompatible pointer type [-Wincompatible-pointer-types]
[INFO] [stderr]   cargo:warning= 1386 |     onig_st_foreach(t, i_free_callout_name_entry, 0);
[INFO] [stderr]   cargo:warning=      |                        ^~~~~~~~~~~~~~~~~~~~~~~~~
[INFO] [stderr]   cargo:warning=      |                        |
[INFO] [stderr]   cargo:warning=      |                        int (*)(st_callout_name_key *, CalloutNameEntry *, void *)
[INFO] [stderr]   cargo:warning=oniguruma/src/st.h:55:31: note: expected 'int (*)(void)' but argument is of type 'int (*)(st_callout_name_key *, CalloutNameEntry *, void *)'
[INFO] [stderr]   cargo:warning=   55 | int st_foreach _((st_table *, int (*)(ANYARGS), st_data_t));
[INFO] [stderr]   cargo:warning=      |                               ^~~~~~~~~~~~~~~~
[INFO] [stderr]   cargo:warning=oniguruma/src/st.h:35:18: note: in definition of macro '_'
[INFO] [stderr]   cargo:warning=   35 | # define _(args) args
[INFO] [stderr]   cargo:warning=      |                  ^~~~
[INFO] [stderr]   cargo:warning=oniguruma/src/regparse.c:1370:1: note: 'i_free_callout_name_entry' declared here
[INFO] [stderr]   cargo:warning= 1370 | i_free_callout_name_entry(st_callout_name_key* key, CalloutNameEntry* e,
[INFO] [stderr]   cargo:warning=      | ^~~~~~~~~~~~~~~~~~~~~~~~~
[INFO] [stderr]   cargo:warning=oniguruma/src/regparse.c: In function 'setup_ext_callout_list_values':
[INFO] [stderr]   cargo:warning=oniguruma/src/regparse.c:1884:56: error: passing argument 2 of 'onig_st_foreach' from incompatible pointer type [-Wincompatible-pointer-types]
[INFO] [stderr]   cargo:warning= 1884 |     onig_st_foreach((CalloutTagTable *)ext->tag_table, i_callout_callout_list_set,
[INFO] [stderr]   cargo:warning=      |                                                        ^~~~~~~~~~~~~~~~~~~~~~~~~~
[INFO] [stderr]   cargo:warning=      |                                                        |
[INFO] [stderr]   cargo:warning=      |                                                        int (*)(OnigUChar *, CalloutTagVal,  void *) {aka int (*)(unsigned char *, long int,  void *)}
[INFO] [stderr]   cargo:warning=oniguruma/src/st.h:55:31: note: expected 'int (*)(void)' but argument is of type 'int (*)(OnigUChar *, CalloutTagVal,  void *)' {aka 'int (*)(unsigned char *, long int,  void *)'}
[INFO] [stderr]   cargo:warning=   55 | int st_foreach _((st_table *, int (*)(ANYARGS), st_data_t));
[INFO] [stderr]   cargo:warning=      |                               ^~~~~~~~~~~~~~~~
[INFO] [stderr]   cargo:warning=oniguruma/src/st.h:35:18: note: in definition of macro '_'
[INFO] [stderr]   cargo:warning=   35 | # define _(args) args
[INFO] [stderr]   cargo:warning=      |                  ^~~~
[INFO] [stderr]   cargo:warning=oniguruma/src/regparse.c:1866:1: note: 'i_callout_callout_list_set' declared here
[INFO] [stderr]   cargo:warning= 1866 | i_callout_callout_list_set(UChar* key, CalloutTagVal e, void* arg)
[INFO] [stderr]   cargo:warning=      | ^~~~~~~~~~~~~~~~~~~~~~~~~~
[INFO] [stderr]   cargo:warning=oniguruma/src/regparse.c: In function 'callout_tag_table_clear':
[INFO] [stderr]   cargo:warning=oniguruma/src/regparse.c:1932:24: error: passing argument 2 of 'onig_st_foreach' from incompatible pointer type [-Wincompatible-pointer-types]
[INFO] [stderr]   cargo:warning= 1932 |     onig_st_foreach(t, i_free_callout_tag_entry, 0);
[INFO] [stderr]   cargo:warning=      |                        ^~~~~~~~~~~~~~~~~~~~~~~~
[INFO] [stderr]   cargo:warning=      |                        |
[INFO] [stderr]   cargo:warning=      |                        int (*)(OnigUChar *, CalloutTagVal,  void *) {aka int (*)(unsigned char *, long int,  void *)}
[INFO] [stderr]   cargo:warning=oniguruma/src/st.h:55:31: note: expected 'int (*)(void)' but argument is of type 'int (*)(OnigUChar *, CalloutTagVal,  void *)' {aka 'int (*)(unsigned char *, long int,  void *)'}
[INFO] [stderr]   cargo:warning=   55 | int st_foreach _((st_table *, int (*)(ANYARGS), st_data_t));
[INFO] [stderr]   cargo:warning=      |                               ^~~~~~~~~~~~~~~~
[INFO] [stderr]   cargo:warning=oniguruma/src/st.h:35:18: note: in definition of macro '_'
[INFO] [stderr]   cargo:warning=   35 | # define _(args) args
[INFO] [stderr]   cargo:warning=      |                  ^~~~
[INFO] [stderr]   cargo:warning=oniguruma/src/regparse.c:1922:1: note: 'i_free_callout_tag_entry' declared here
[INFO] [stderr]   cargo:warning= 1922 | i_free_callout_tag_entry(UChar* key, CalloutTagVal e, void* arg ARG_UNUSED)
[INFO] [stderr]   cargo:warning=      | ^~~~~~~~~~~~~~~~~~~~~~~~
[INFO] [stderr]   cargo:warning=oniguruma/src/st.c:38:5: error: initialization of 'int (*)(void)' from incompatible pointer type 'int (*)(long int,  long int)' [-Wincompatible-pointer-types]
[INFO] [stderr]   cargo:warning=   38 |     numcmp,
[INFO] [stderr]   cargo:warning=      |     ^~~~~~
[INFO] [stderr]   cargo:warning=oniguruma/src/st.c:38:5: note: (near initialization for 'type_numhash.compare')
[INFO] [stderr]   cargo:warning=oniguruma/src/st.c:35:12: note: 'numcmp' declared here
[INFO] [stderr]   cargo:warning=   35 | static int numcmp(long, long);
[INFO] [stderr]   cargo:warning=      |            ^~~~~~
[INFO] [stderr]   cargo:warning=oniguruma/src/st.c:39:5: error: initialization of 'int (*)(void)' from incompatible pointer type 'int (*)(long int)' [-Wincompatible-pointer-types]
[INFO] [stderr]   cargo:warning=   39 |     numhash,
[INFO] [stderr]   cargo:warning=      |     ^~~~~~~
[INFO] [stderr]   cargo:warning=oniguruma/src/st.c:39:5: note: (near initialization for 'type_numhash.hash')
[INFO] [stderr]   cargo:warning=oniguruma/src/st.c:36:12: note: 'numhash' declared here
[INFO] [stderr]   cargo:warning=   36 | static int numhash(long);
[INFO] [stderr]   cargo:warning=      |            ^~~~~~~
[INFO] [stderr]   cargo:warning=oniguruma/src/st.c:45:5: error: initialization of 'int (*)(void)' from incompatible pointer type 'int (*)(const char *, const char *)' [-Wincompatible-pointer-types]
[INFO] [stderr]   cargo:warning=   45 |     strcmp,
[INFO] [stderr]   cargo:warning=      |     ^~~~~~
[INFO] [stderr]   cargo:warning=oniguruma/src/st.c:45:5: note: (near initialization for 'type_strhash.compare')
[INFO] [stderr]   cargo:warning=In file included from oniguruma/src/regint.h:111,
[INFO] [stderr]   cargo:warning=                 from oniguruma/src/st.c:9:
[INFO] [stderr]   cargo:warning=/usr/include/string.h:171:12: note: 'strcmp' declared here
[INFO] [stderr]   cargo:warning=  171 | extern int strcmp (const char *__s1, const char *__s2)
[INFO] [stderr]   cargo:warning=      |            ^~~~~~
[INFO] [stderr]   cargo:warning=oniguruma/src/st.c:46:5: error: initialization of 'int (*)(void)' from incompatible pointer type 'int (*)(const char *)' [-Wincompatible-pointer-types]
[INFO] [stderr]   cargo:warning=   46 |     strhash,
[INFO] [stderr]   cargo:warning=      |     ^~~~~~~
[INFO] [stderr]   cargo:warning=oniguruma/src/st.c:46:5: note: (near initialization for 'type_strhash.hash')
[INFO] [stderr]   cargo:warning=oniguruma/src/st.c:43:12: note: 'strhash' declared here
[INFO] [stderr]   cargo:warning=   43 | static int strhash(const char *);
[INFO] [stderr]   cargo:warning=      |            ^~~~~~~
[INFO] [stderr]   cargo:warning=oniguruma/src/st.c: In function 'new_size':
[INFO] [stderr]   cargo:warning=oniguruma/src/st.c:101:1: warning: old-style function definition [-Wold-style-definition]
[INFO] [stderr]   cargo:warning=  101 | new_size(size)
[INFO] [stderr]   cargo:warning=      | ^~~~~~~~
[INFO] [stderr]   cargo:warning=oniguruma/src/st.c: In function 'onig_st_init_table_with_size':
[INFO] [stderr]   cargo:warning=oniguruma/src/regint.h:220:37: warning: old-style function definition [-Wold-style-definition]
[INFO] [stderr]   cargo:warning=  220 | #define st_init_table_with_size     onig_st_init_table_with_size
[INFO] [stderr]   cargo:warning=      |                                     ^~~~~~~~~~~~~~~~~~~~~~~~~~~~
[INFO] [stderr]   cargo:warning=oniguruma/src/st.c:140:1: note: in expansion of macro 'st_init_table_with_size'
[INFO] [stderr]   cargo:warning=  140 | st_init_table_with_size(type, size)
[INFO] [stderr]   cargo:warning=      | ^~~~~~~~~~~~~~~~~~~~~~~
[INFO] [stderr]   cargo:warning=oniguruma/src/st.c: In function 'onig_st_init_table':
[INFO] [stderr]   cargo:warning=oniguruma/src/regint.h:219:37: warning: old-style function definition [-Wold-style-definition]
[INFO] [stderr]   cargo:warning=  219 | #define st_init_table               onig_st_init_table
[INFO] [stderr]   cargo:warning=      |                                     ^~~~~~~~~~~~~~~~~~
[INFO] [stderr]   cargo:warning=oniguruma/src/st.c:172:1: note: in expansion of macro 'st_init_table'
[INFO] [stderr]   cargo:warning=  172 | st_init_table(type)
[INFO] [stderr]   cargo:warning=      | ^~~~~~~~~~~~~
[INFO] [stderr]   cargo:warning=oniguruma/src/st.c: In function 'onig_st_init_numtable_with_size':
[INFO] [stderr]   cargo:warning=oniguruma/src/regint.h:222:37: warning: old-style function definition [-Wold-style-definition]
[INFO] [stderr]   cargo:warning=  222 | #define st_init_numtable_with_size  onig_st_init_numtable_with_size
[INFO] [stderr]   cargo:warning=      |                                     ^~~~~~~~~~~~~~~~~~~~~~~~~~~~~~~
[INFO] [stderr]   cargo:warning=oniguruma/src/st.c:185:1: note: in expansion of macro 'st_init_numtable_with_size'
[INFO] [stderr]   cargo:warning=  185 | st_init_numtable_with_size(size)
[INFO] [stderr]   cargo:warning=      | ^~~~~~~~~~~~~~~~~~~~~~~~~~
[INFO] [stderr]   cargo:warning=oniguruma/src/st.c: In function 'onig_st_init_strtable_with_size':
[INFO] [stderr]   cargo:warning=oniguruma/src/regint.h:224:37: warning: old-style function definition [-Wold-style-definition]
[INFO] [stderr]   cargo:warning=  224 | #define st_init_strtable_with_size  onig_st_init_strtable_with_size
[INFO] [stderr]   cargo:warning=      |                                     ^~~~~~~~~~~~~~~~~~~~~~~~~~~~~~~
[INFO] [stderr]   cargo:warning=oniguruma/src/st.c:198:1: note: in expansion of macro 'st_init_strtable_with_size'
[INFO] [stderr]   cargo:warning=  198 | st_init_strtable_with_size(size)
[INFO] [stderr]   cargo:warning=      | ^~~~~~~~~~~~~~~~~~~~~~~~~~
[INFO] [stderr]   cargo:warning=oniguruma/src/st.c: In function 'onig_st_free_table':
[INFO] [stderr]   cargo:warning=oniguruma/src/regint.h:231:37: warning: old-style function definition [-Wold-style-definition]
[INFO] [stderr]   cargo:warning=  231 | #define st_free_table               onig_st_free_table
[INFO] [stderr]   cargo:warning=      |                                     ^~~~~~~~~~~~~~~~~~
[INFO] [stderr]   cargo:warning=oniguruma/src/st.c:205:1: note: in expansion of macro 'st_free_table'
[INFO] [stderr]   cargo:warning=  205 | st_free_table(table)
[INFO] [stderr]   cargo:warning=      | ^~~~~~~~~~~~~
[INFO] [stderr]   cargo:warning=oniguruma/src/st.c: In function 'onig_st_lookup':
[INFO] [stderr]   cargo:warning=oniguruma/src/regint.h:228:37: warning: old-style function definition [-Wold-style-definition]
[INFO] [stderr]   cargo:warning=  228 | #define st_lookup                   onig_st_lookup
[INFO] [stderr]   cargo:warning=      |                                     ^~~~~~~~~~~~~~
[INFO] [stderr]   cargo:warning=oniguruma/src/st.c:245:1: note: in expansion of macro 'st_lookup'
[INFO] [stderr]   cargo:warning=  245 | st_lookup(table, key, value)
[INFO] [stderr]   cargo:warning=      | ^~~~~~~~~
[INFO] [stderr]   cargo:warning=oniguruma/src/st.c:56:43: error: too many arguments to function 'table->type->hash'; expected 0, have 1
[INFO] [stderr]   cargo:warning=   56 | #define do_hash(key,table) (unsigned int)(*(table)->type->hash)((key))
[INFO] [stderr]   cargo:warning=      |                                          ~^~~~~~~~~~~~~~~~~~~~~ ~~~~~
[INFO] [stderr]   cargo:warning=oniguruma/src/st.c:253:14: note: in expansion of macro 'do_hash'
[INFO] [stderr]   cargo:warning=  253 |   hash_val = do_hash(key, table);
[INFO] [stderr]   cargo:warning=      |              ^~~~~~~
[INFO] [stderr]   cargo:warning=In file included from oniguruma/src/st.c:10:
[INFO] [stderr]   cargo:warning=oniguruma/src/st.h:20:11: note: declared here
[INFO] [stderr]   cargo:warning=   20 |     int (*hash)();
[INFO] [stderr]   cargo:warning=      |           ^~~~
[INFO] [stderr]   cargo:warning=oniguruma/src/st.c:54:40: error: too many arguments to function 'table->type->compare'; expected 0, have 2
[INFO] [stderr]   cargo:warning=   54 | #define EQUAL(table,x,y) ((x)==(y) || (*table->type->compare)((x),(y)) == 0)
[INFO] [stderr]   cargo:warning=      |                                       ~^~~~~~~~~~~~~~~~~~~~~~ ~~~
[INFO] [stderr]   cargo:warning=oniguruma/src/st.c:224:45: note: in expansion of macro 'EQUAL'
[INFO] [stderr]   cargo:warning=  224 | ((ptr) != 0 && (ptr->hash != (hash_val) || !EQUAL((table), (key), (ptr)->key)))
[INFO] [stderr]   cargo:warning=      |                                             ^~~~~
[INFO] [stderr]   cargo:warning=oniguruma/src/st.c:235:9: note: in expansion of macro 'PTR_NOT_EQUAL'
[INFO] [stderr]   cargo:warning=  235 |     if (PTR_NOT_EQUAL(table, ptr, hash_val, key)) {\
[INFO] [stderr]   cargo:warning=      |         ^~~~~~~~~~~~~
[INFO] [stderr]   cargo:warning=oniguruma/src/st.c:254:3: note: in expansion of macro 'FIND_ENTRY'
[INFO] [stderr]   cargo:warning=  254 |   FIND_ENTRY(table, ptr, hash_val, bin_pos);
[INFO] [stderr]   cargo:warning=      |   ^~~~~~~~~~
[INFO] [stderr]   cargo:warning=oniguruma/src/st.h:19:11: note: declared here
[INFO] [stderr]   cargo:warning=   19 |     int (*compare)();
[INFO] [stderr]   cargo:warning=      |           ^~~~~~~
[INFO] [stderr]   cargo:warning=oniguruma/src/st.c:54:40: error: too many arguments to function 'table->type->compare'; expected 0, have 2
[INFO] [stderr]   cargo:warning=   54 | #define EQUAL(table,x,y) ((x)==(y) || (*table->type->compare)((x),(y)) == 0)
[INFO] [stderr]   cargo:warning=      |                                       ~^~~~~~~~~~~~~~~~~~~~~~ ~~~
[INFO] [stderr]   cargo:warning=oniguruma/src/st.c:224:45: note: in expansion of macro 'EQUAL'
[INFO] [stderr]   cargo:warning=  224 | ((ptr) != 0 && (ptr->hash != (hash_val) || !EQUAL((table), (key), (ptr)->key)))
[INFO] [stderr]   cargo:warning=      |                                             ^~~~~
[INFO] [stderr]   cargo:warning=oniguruma/src/st.c:237:14: note: in expansion of macro 'PTR_NOT_EQUAL'
[INFO] [stderr]   cargo:warning=  237 |       while (PTR_NOT_EQUAL(table, ptr->next, hash_val, key)) {\
[INFO] [stderr]   cargo:warning=      |              ^~~~~~~~~~~~~
[INFO] [stderr]   cargo:warning=oniguruma/src/st.c:254:3: note: in expansion of macro 'FIND_ENTRY'
[INFO] [stderr]   cargo:warning=  254 |   FIND_ENTRY(table, ptr, hash_val, bin_pos);
[INFO] [stderr]   cargo:warning=      |   ^~~~~~~~~~
[INFO] [stderr]   cargo:warning=oniguruma/src/st.h:19:11: note: declared here
[INFO] [stderr]   cargo:warning=   19 |     int (*compare)();
[INFO] [stderr]   cargo:warning=      |           ^~~~~~~
[INFO] [stderr]   cargo:warning=oniguruma/src/st.c: In function 'onig_st_insert':
[INFO] [stderr]   cargo:warning=oniguruma/src/regint.h:227:37: warning: old-style function definition [-Wold-style-definition]
[INFO] [stderr]   cargo:warning=  227 | #define st_insert                   onig_st_insert
[INFO] [stderr]   cargo:warning=      |                                     ^~~~~~~~~~~~~~
[INFO] [stderr]   cargo:warning=oniguruma/src/st.c:283:1: note: in expansion of macro 'st_insert'
[INFO] [stderr]   cargo:warning=  283 | st_insert(table, key, value)
[INFO] [stderr]   cargo:warning=      | ^~~~~~~~~
[INFO] [stderr]   cargo:warning=oniguruma/src/st.c:56:43: error: too many arguments to function 'table->type->hash'; expected 0, have 1
[INFO] [stderr]   cargo:warning=   56 | #define do_hash(key,table) (unsigned int)(*(table)->type->hash)((key))
[INFO] [stderr]   cargo:warning=      |                                          ~^~~~~~~~~~~~~~~~~~~~~ ~~~~~
[INFO] [stderr]   cargo:warning=oniguruma/src/st.c:291:14: note: in expansion of macro 'do_hash'
[INFO] [stderr]   cargo:warning=  291 |   hash_val = do_hash(key, table);
[INFO] [stderr]   cargo:warning=      |              ^~~~~~~
[INFO] [stderr]   cargo:warning=oniguruma/src/st.h:20:11: note: declared here
[INFO] [stderr]   cargo:warning=   20 |     int (*hash)();
[INFO] [stderr]   cargo:warning=      |           ^~~~
[INFO] [stderr]   cargo:warning=oniguruma/src/st.c:54:40: error: too many arguments to function 'table->type->compare'; expected 0, have 2
[INFO] [stderr]   cargo:warning=   54 | #define EQUAL(table,x,y) ((x)==(y) || (*table->type->compare)((x),(y)) == 0)
[INFO] [stderr]   cargo:warning=      |                                       ~^~~~~~~~~~~~~~~~~~~~~~ ~~~
[INFO] [stderr]   cargo:warning=oniguruma/src/st.c:224:45: note: in expansion of macro 'EQUAL'
[INFO] [stderr]   cargo:warning=  224 | ((ptr) != 0 && (ptr->hash != (hash_val) || !EQUAL((table), (key), (ptr)->key)))
[INFO] [stderr]   cargo:warning=      |                                             ^~~~~
[INFO] [stderr]   cargo:warning=oniguruma/src/st.c:235:9: note: in expansion of macro 'PTR_NOT_EQUAL'
[INFO] [stderr]   cargo:warning=  235 |     if (PTR_NOT_EQUAL(table, ptr, hash_val, key)) {\
[INFO] [stderr]   cargo:warning=      |         ^~~~~~~~~~~~~
[INFO] [stderr]   cargo:warning=oniguruma/src/st.c:292:3: note: in expansion of macro 'FIND_ENTRY'
[INFO] [stderr]   cargo:warning=  292 |   FIND_ENTRY(table, ptr, hash_val, bin_pos);
[INFO] [stderr]   cargo:warning=      |   ^~~~~~~~~~
[INFO] [stderr]   cargo:warning=oniguruma/src/st.h:19:11: note: declared here
[INFO] [stderr]   cargo:warning=   19 |     int (*compare)();
[INFO] [stderr]   cargo:warning=      |           ^~~~~~~
[INFO] [stderr]   cargo:warning=oniguruma/src/st.c:54:40: error: too many arguments to function 'table->type->compare'; expected 0, have 2
[INFO] [stderr]   cargo:warning=   54 | #define EQUAL(table,x,y) ((x)==(y) || (*table->type->compare)((x),(y)) == 0)
[INFO] [stderr]   cargo:warning=      |                                       ~^~~~~~~~~~~~~~~~~~~~~~ ~~~
[INFO] [stderr]   cargo:warning=oniguruma/src/st.c:224:45: note: in expansion of macro 'EQUAL'
[INFO] [stderr]   cargo:warning=  224 | ((ptr) != 0 && (ptr->hash != (hash_val) || !EQUAL((table), (key), (ptr)->key)))
[INFO] [stderr]   cargo:warning=      |                                             ^~~~~
[INFO] [stderr]   cargo:warning=oniguruma/src/st.c:237:14: note: in expansion of macro 'PTR_NOT_EQUAL'
[INFO] [stderr]   cargo:warning=  237 |       while (PTR_NOT_EQUAL(table, ptr->next, hash_val, key)) {\
[INFO] [stderr]   cargo:warning=      |              ^~~~~~~~~~~~~
[INFO] [stderr]   cargo:warning=oniguruma/src/st.c:292:3: note: in expansion of macro 'FIND_ENTRY'
[INFO] [stderr]   cargo:warning=  292 |   FIND_ENTRY(table, ptr, hash_val, bin_pos);
[INFO] [stderr]   cargo:warning=      |   ^~~~~~~~~~
[INFO] [stderr]   cargo:warning=oniguruma/src/st.h:19:11: note: declared here
[INFO] [stderr]   cargo:warning=   19 |     int (*compare)();
[INFO] [stderr]   cargo:warning=      |           ^~~~~~~
[INFO] [stderr]   cargo:warning=oniguruma/src/st.c: In function 'onig_st_add_direct':
[INFO] [stderr]   cargo:warning=oniguruma/src/regint.h:230:37: warning: old-style function definition [-Wold-style-definition]
[INFO] [stderr]   cargo:warning=  230 | #define st_add_direct               onig_st_add_direct
[INFO] [stderr]   cargo:warning=      |                                     ^~~~~~~~~~~~~~~~~~
[INFO] [stderr]   cargo:warning=oniguruma/src/st.c:305:1: note: in expansion of macro 'st_add_direct'
[INFO] [stderr]   cargo:warning=  305 | st_add_direct(table, key, value)
[INFO] [stderr]   cargo:warning=      | ^~~~~~~~~~~~~
[INFO] [stderr]   cargo:warning=oniguruma/src/st.c:56:43: error: too many arguments to function 'table->type->hash'; expected 0, have 1
[INFO] [stderr]   cargo:warning=   56 | #define do_hash(key,table) (unsigned int)(*(table)->type->hash)((key))
[INFO] [stderr]   cargo:warning=      |                                          ~^~~~~~~~~~~~~~~~~~~~~ ~~~~~
[INFO] [stderr]   cargo:warning=oniguruma/src/st.c:312:14: note: in expansion of macro 'do_hash'
[INFO] [stderr]   cargo:warning=  312 |   hash_val = do_hash(key, table);
[INFO] [stderr]   cargo:warning=      |              ^~~~~~~
[INFO] [stderr]   cargo:warning=oniguruma/src/st.h:20:11: note: declared here
[INFO] [stderr]   cargo:warning=   20 |     int (*hash)();
[INFO] [stderr]   cargo:warning=      |           ^~~~
[INFO] [stderr]   cargo:warning=oniguruma/src/st.c: In function 'rehash':
[INFO] [stderr]   cargo:warning=oniguruma/src/st.c:318:1: warning: old-style function definition [-Wold-style-definition]
[INFO] [stderr]   cargo:warning=  318 | rehash(table)
[INFO] [stderr]   cargo:warning=      | ^~~~~~
[INFO] [stderr]   cargo:warning=oniguruma/src/st.c: In function 'onig_st_copy':
[INFO] [stderr]   cargo:warning=oniguruma/src/regint.h:233:37: warning: old-style function definition [-Wold-style-definition]
[INFO] [stderr]   cargo:warning=  233 | #define st_copy                     onig_st_copy
[INFO] [stderr]   cargo:warning=      |                                     ^~~~~~~~~~~~
[INFO] [stderr]   cargo:warning=oniguruma/src/st.c:350:1: note: in expansion of macro 'st_copy'
[INFO] [stderr]   cargo:warning=  350 | st_copy(old_table)
[INFO] [stderr]   cargo:warning=      | ^~~~~~~
[INFO] [stderr]   cargo:warning=oniguruma/src/st.c: In function 'onig_st_delete':
[INFO] [stderr]   cargo:warning=oniguruma/src/regint.h:225:37: warning: old-style function definition [-Wold-style-definition]
[INFO] [stderr]   cargo:warning=  225 | #define st_delete                   onig_st_delete
[INFO] [stderr]   cargo:warning=      |                                     ^~~~~~~~~~~~~~
[INFO] [stderr]   cargo:warning=oniguruma/src/st.c:391:1: note: in expansion of macro 'st_delete'
[INFO] [stderr]   cargo:warning=  391 | st_delete(table, key, value)
[INFO] [stderr]   cargo:warning=      | ^~~~~~~~~
[INFO] [stderr]   cargo:warning=oniguruma/src/st.c:56:43: error: too many arguments to function 'table->type->hash'; expected 0, have 1
[INFO] [stderr]   cargo:warning=   56 | #define do_hash(key,table) (unsigned int)(*(table)->type->hash)((key))
[INFO] [stderr]   cargo:warning=      |                                          ~^~~~~~~~~~~~~~~~~~~~~ ~~~~~
[INFO] [stderr]   cargo:warning=oniguruma/src/st.c:57:33: note: in expansion of macro 'do_hash'
[INFO] [stderr]   cargo:warning=   57 | #define do_hash_bin(key,table) (do_hash(key, table)%(table)->num_bins)
[INFO] [stderr]   cargo:warning=      |                                 ^~~~~~~
[INFO] [stderr]   cargo:warning=oniguruma/src/st.c:400:14: note: in expansion of macro 'do_hash_bin'
[INFO] [stderr]   cargo:warning=  400 |   hash_val = do_hash_bin(*key, table);
[INFO] [stderr]   cargo:warning=      |              ^~~~~~~~~~~
[INFO] [stderr]   cargo:warning=oniguruma/src/st.h:20:11: note: declared here
[INFO] [stderr]   cargo:warning=   20 |     int (*hash)();
[INFO] [stderr]   cargo:warning=      |           ^~~~
[INFO] [stderr]   cargo:warning=oniguruma/src/st.c:54:40: error: too many arguments to function 'table->type->compare'; expected 0, have 2
[INFO] [stderr]   cargo:warning=   54 | #define EQUAL(table,x,y) ((x)==(y) || (*table->type->compare)((x),(y)) == 0)
[INFO] [stderr]   cargo:warning=      |                                       ~^~~~~~~~~~~~~~~~~~~~~~ ~~~
[INFO] [stderr]   cargo:warning=oniguruma/src/st.c:408:7: note: in expansion of macro 'EQUAL'
[INFO] [stderr]   cargo:warning=  408 |   if (EQUAL(table, *key, ptr->key)) {
[INFO] [stderr]   cargo:warning=      |       ^~~~~
[INFO] [stderr]   cargo:warning=oniguruma/src/st.h:19:11: note: declared here
[INFO] [stderr]   cargo:warning=   19 |     int (*compare)();
[INFO] [stderr]   cargo:warning=      |           ^~~~~~~
[INFO] [stderr]   cargo:warning=oniguruma/src/st.c:54:40: error: too many arguments to function 'table->type->compare'; expected 0, have 2
[INFO] [stderr]   cargo:warning=   54 | #define EQUAL(table,x,y) ((x)==(y) || (*table->type->compare)((x),(y)) == 0)
[INFO] [stderr]   cargo:warning=      |                                       ~^~~~~~~~~~~~~~~~~~~~~~ ~~~
[INFO] [stderr]   cargo:warning=oniguruma/src/st.c:418:9: note: in expansion of macro 'EQUAL'
[INFO] [stderr]   cargo:warning=  418 |     if (EQUAL(table, ptr->next->key, *key)) {
[INFO] [stderr]   cargo:warning=      |         ^~~~~
[INFO] [stderr]   cargo:warning=oniguruma/src/st.h:19:11: note: declared here
[INFO] [stderr]   cargo:warning=   19 |     int (*compare)();
[INFO] [stderr]   cargo:warning=      |           ^~~~~~~
[INFO] [stderr]   cargo:warning=oniguruma/src/st.c: In function 'onig_st_delete_safe':
[INFO] [stderr]   cargo:warning=oniguruma/src/regint.h:226:37: warning: old-style function definition [-Wold-style-definition]
[INFO] [stderr]   cargo:warning=  226 | #define st_delete_safe              onig_st_delete_safe
[INFO] [stderr]   cargo:warning=      |                                     ^~~~~~~~~~~~~~~~~~~
[INFO] [stderr]   cargo:warning=oniguruma/src/st.c:433:1: note: in expansion of macro 'st_delete_safe'
[INFO] [stderr]   cargo:warning=  433 | st_delete_safe(table, key, value, never)
[INFO] [stderr]   cargo:warning=      | ^~~~~~~~~~~~~~
[INFO] [stderr]   cargo:warning=oniguruma/src/st.c:56:43: error: too many arguments to function 'table->type->hash'; expected 0, have 1
[INFO] [stderr]   cargo:warning=   56 | #define do_hash(key,table) (unsigned int)(*(table)->type->hash)((key))
[INFO] [stderr]   cargo:warning=      |                                          ~^~~~~~~~~~~~~~~~~~~~~ ~~~~~
[INFO] [stderr]   cargo:warning=oniguruma/src/st.c:57:33: note: in expansion of macro 'do_hash'
[INFO] [stderr]   cargo:warning=   57 | #define do_hash_bin(key,table) (do_hash(key, table)%(table)->num_bins)
[INFO] [stderr]   cargo:warning=      |                                 ^~~~~~~
[INFO] [stderr]   cargo:warning=oniguruma/src/st.c:442:14: note: in expansion of macro 'do_hash_bin'
[INFO] [stderr]   cargo:warning=  442 |   hash_val = do_hash_bin(*key, table);
[INFO] [stderr]   cargo:warning=      |              ^~~~~~~~~~~
[INFO] [stderr]   cargo:warning=oniguruma/src/st.h:20:11: note: declared here
[INFO] [stderr]   cargo:warning=   20 |     int (*hash)();
[INFO] [stderr]   cargo:warning=      |           ^~~~
[INFO] [stderr]   cargo:warning=oniguruma/src/st.c:54:40: error: too many arguments to function 'table->type->compare'; expected 0, have 2
[INFO] [stderr]   cargo:warning=   54 | #define EQUAL(table,x,y) ((x)==(y) || (*table->type->compare)((x),(y)) == 0)
[INFO] [stderr]   cargo:warning=      |                                       ~^~~~~~~~~~~~~~~~~~~~~~ ~~~
[INFO] [stderr]   cargo:warning=oniguruma/src/st.c:451:32: note: in expansion of macro 'EQUAL'
[INFO] [stderr]   cargo:warning=  451 |     if ((ptr->key != never) && EQUAL(table, ptr->key, *key)) {
[INFO] [stderr]   cargo:warning=      |                                ^~~~~
[INFO] [stderr]   cargo:warning=oniguruma/src/st.h:19:11: note: declared here
[INFO] [stderr]   cargo:warning=   19 |     int (*compare)();
[INFO] [stderr]   cargo:warning=      |           ^~~~~~~
[INFO] [stderr]   cargo:warning=oniguruma/src/st.c: In function 'onig_st_cleanup_safe':
[INFO] [stderr]   cargo:warning=oniguruma/src/regint.h:232:37: warning: old-style function definition [-Wold-style-definition]
[INFO] [stderr]   cargo:warning=  232 | #define st_cleanup_safe             onig_st_cleanup_safe
[INFO] [stderr]   cargo:warning=      |                                     ^~~~~~~~~~~~~~~~~~~~
[INFO] [stderr]   cargo:warning=oniguruma/src/st.c:477:1: note: in expansion of macro 'st_cleanup_safe'
[INFO] [stderr]   cargo:warning=  477 | st_cleanup_safe(table, never)
[INFO] [stderr]   cargo:warning=      | ^~~~~~~~~~~~~~~
[INFO] [stderr]   cargo:warning=oniguruma/src/st.c:483:21: error: passing argument 2 of 'onig_st_foreach' from incompatible pointer type [-Wincompatible-pointer-types]
[INFO] [stderr]   cargo:warning=  483 |   st_foreach(table, delete_never, never);
[INFO] [stderr]   cargo:warning=      |                     ^~~~~~~~~~~~
[INFO] [stderr]   cargo:warning=      |                     |
[INFO] [stderr]   cargo:warning=      |                     int (*)(st_data_t,  st_data_t,  st_data_t) {aka int (*)(long unsigned int,  long unsigned int,  long unsigned int)}
[INFO] [stderr]   cargo:warning=oniguruma/src/st.h:55:31: note: expected 'int (*)(void)' but argument is of type 'int (*)(st_data_t,  st_data_t,  st_data_t)' {aka 'int (*)(long unsigned int,  long unsigned int,  long unsigned int)'}
[INFO] [stderr]   cargo:warning=   55 | int st_foreach _((st_table *, int (*)(ANYARGS), st_data_t));
[INFO] [stderr]   cargo:warning=      |                               ^~~~~~~~~~~~~~~~
[INFO] [stderr]   cargo:warning=oniguruma/src/st.h:35:18: note: in definition of macro '_'
[INFO] [stderr]   cargo:warning=   35 | # define _(args) args
[INFO] [stderr]   cargo:warning=      |                  ^~~~
[INFO] [stderr]   cargo:warning=oniguruma/src/st.c:465:1: note: 'delete_never' declared here
[INFO] [stderr]   cargo:warning=  465 | delete_never(st_data_t key __attribute__ ((unused)), st_data_t value,
[INFO] [stderr]   cargo:warning=      | ^~~~~~~~~~~~
[INFO] [stderr]   cargo:warning=oniguruma/src/st.c: In function 'onig_st_foreach':
[INFO] [stderr]   cargo:warning=oniguruma/src/regint.h:229:37: warning: old-style function definition [-Wold-style-definition]
[INFO] [stderr]   cargo:warning=  229 | #define st_foreach                  onig_st_foreach
[INFO] [stderr]   cargo:warning=      |                                     ^~~~~~~~~~~~~~~
[INFO] [stderr]   cargo:warning=oniguruma/src/st.c:488:1: note: in expansion of macro 'st_foreach'
[INFO] [stderr]   cargo:warning=  488 | st_foreach(table, func, arg)
[INFO] [stderr]   cargo:warning=      | ^~~~~~~~~~
[INFO] [stderr]   cargo:warning=oniguruma/src/st.c:500:23: error: too many arguments to function 'func'; expected 0, have 3
[INFO] [stderr]   cargo:warning=  500 |             retval = (*func)(ptr->key, ptr->record, arg);
[INFO] [stderr]   cargo:warning=      |                      ~^~~~~~ ~~~~~~~~
[INFO] [stderr]   cargo:warning=oniguruma/src/st.c: In function 'strhash':
[INFO] [stderr]   cargo:warning=oniguruma/src/st.c:538:1: warning: old-style function definition [-Wold-style-definition]
[INFO] [stderr]   cargo:warning=  538 | strhash(string)
[INFO] [stderr]   cargo:warning=      | ^~~~~~~
[INFO] [stderr]   cargo:warning=oniguruma/src/st.c: In function 'numcmp':
[INFO] [stderr]   cargo:warning=oniguruma/src/st.c:577:1: warning: old-style function definition [-Wold-style-definition]
[INFO] [stderr]   cargo:warning=  577 | numcmp(x, y)
[INFO] [stderr]   cargo:warning=      | ^~~~~~
[INFO] [stderr]   cargo:warning=oniguruma/src/st.c: In function 'numhash':
[INFO] [stderr]   cargo:warning=oniguruma/src/st.c:584:1: warning: old-style function definition [-Wold-style-definition]
[INFO] [stderr]   cargo:warning=  584 | numhash(n)
[INFO] [stderr]   cargo:warning=      | ^~~~~~~
[INFO] [stderr]   exit status: 0
[INFO] [stderr]   exit status: 0
[INFO] [stderr]   exit status: 0
[INFO] [stderr]   exit status: 0
[INFO] [stderr]   exit status: 0
[INFO] [stderr]   exit status: 1
[INFO] [stderr]   cargo:warning=ToolExecError: Command "cc" "-O3" "-ffunction-sections" "-fdata-sections" "-fPIC" "-m64" "-I" "/opt/rustwide/target/release/build/onig_sys-270b32e20e3c468c/out" "-I" "oniguruma/src" "-DHAVE_UNISTD_H=1" "-DHAVE_SYS_TYPES_H=1" "-DHAVE_SYS_TIME_H=1" "-o" "/opt/rustwide/target/release/build/onig_sys-270b32e20e3c468c/out/c77b18e714869709-st.o" "-c" "oniguruma/src/st.c" with args cc did not execute successfully (status code exit status: 1).
[INFO] [stderr]   exit status: 1
[INFO] [stderr]   cargo:warning=ToolExecError: Command "cc" "-O3" "-ffunction-sections" "-fdata-sections" "-fPIC" "-m64" "-I" "/opt/rustwide/target/release/build/onig_sys-270b32e20e3c468c/out" "-I" "oniguruma/src" "-DHAVE_UNISTD_H=1" "-DHAVE_SYS_TYPES_H=1" "-DHAVE_SYS_TIME_H=1" "-o" "/opt/rustwide/target/release/build/onig_sys-270b32e20e3c468c/out/c77b18e714869709-regparse.o" "-c" "oniguruma/src/regparse.c" with args cc did not execute successfully (status code exit status: 1).
[INFO] [stderr]   exit status: 0
[INFO] [stderr]   exit status: 0
[INFO] [stderr]   exit status: 0
[INFO] [stderr]   exit status: 0
[INFO] [stderr]   exit status: 0
[INFO] [stderr]   exit status: 0
[INFO] [stderr]   exit status: 0
[INFO] [stderr]   exit status: 0
[INFO] [stderr]   exit status: 0
[INFO] [stderr]   exit status: 0
[INFO] [stderr]   exit status: 0
[INFO] [stderr]   exit status: 0
[INFO] [stderr]   exit status: 0
[INFO] [stderr]   exit status: 0
[INFO] [stderr]   exit status: 0
[INFO] [stderr]   exit status: 0
[INFO] [stderr]   exit status: 0
[INFO] [stderr]   exit status: 0
[INFO] [stderr]   exit status: 0
[INFO] [stderr]   exit status: 0
[INFO] [stderr]   exit status: 0
[INFO] [stderr]   exit status: 0
[INFO] [stderr]   exit status: 0
[INFO] [stderr]   exit status: 0
[INFO] [stderr]   exit status: 0
[INFO] [stderr]   exit status: 0
[INFO] [stderr]   exit status: 0
[INFO] [stderr]   exit status: 0
[INFO] [stderr]   exit status: 0
[INFO] [stderr]   exit status: 0
[INFO] [stderr]   exit status: 0
[INFO] [stderr]   exit status: 0
[INFO] [stderr]   exit status: 0
[INFO] [stderr]   exit status: 0
[INFO] [stderr]   exit status: 0
[INFO] [stderr]   exit status: 0
[INFO] [stderr]   exit status: 0
[INFO] [stderr]   exit status: 0
[INFO] [stderr]   exit status: 0
[INFO] [stderr]   exit status: 0
[INFO] [stderr]   exit status: 0
[INFO] [stderr] 
[INFO] [stderr]   --- stderr
[INFO] [stderr] 
[INFO] [stderr] 
[INFO] [stderr]   error occurred: Command "cc" "-O3" "-ffunction-sections" "-fdata-sections" "-fPIC" "-m64" "-I" "/opt/rustwide/target/release/build/onig_sys-270b32e20e3c468c/out" "-I" "oniguruma/src" "-DHAVE_UNISTD_H=1" "-DHAVE_SYS_TYPES_H=1" "-DHAVE_SYS_TIME_H=1" "-o" "/opt/rustwide/target/release/build/onig_sys-270b32e20e3c468c/out/c77b18e714869709-regparse.o" "-c" "oniguruma/src/regparse.c" with args cc did not execute successfully (status code exit status: 1).
[INFO] [stderr] 
[INFO] [stderr] 
[INFO] running `Command { std: "docker" "inspect" "25b6217cc85b7007ddc0bbef9caf6c6d2d62d758c683b79906bc1f7952430a41", kill_on_drop: false }`
[INFO] running `Command { std: "docker" "rm" "-f" "25b6217cc85b7007ddc0bbef9caf6c6d2d62d758c683b79906bc1f7952430a41", kill_on_drop: false }`
[INFO] [stdout] 25b6217cc85b7007ddc0bbef9caf6c6d2d62d758c683b79906bc1f7952430a41
