[INFO] fetching crate teptris 0.1.2...
[INFO] testing teptris-0.1.2 against 1.100.0-beta.1+cargoflags=--release for beta-release-1.100-2
[INFO] extracting crate teptris 0.1.2 into /workspace/builds/worker-4-tc2/source
[INFO] started tweaking crates.io crate teptris 0.1.2
[INFO] removed 0 missing tests
[INFO] finished tweaking crates.io crate teptris 0.1.2
[INFO] tweaked toml for crates.io crate teptris 0.1.2 written to /workspace/builds/worker-4-tc2/source/Cargo.toml
[INFO] validating manifest of crates.io crate teptris 0.1.2 on toolchain 1.100.0-beta.1
[INFO] running `Command { std: CARGO_HOME="/workspace/cargo-home" RUSTUP_HOME="/workspace/rustup-home" "/workspace/cargo-home/bin/cargo" "+1.100.0-beta.1" "metadata" "--manifest-path" "Cargo.toml" "--no-deps", kill_on_drop: false }`
[INFO] crate crates.io crate teptris 0.1.2 already has a lockfile, it will not be regenerated
[INFO] running `Command { std: CARGO_HOME="/workspace/cargo-home" RUSTUP_HOME="/workspace/rustup-home" "/workspace/cargo-home/bin/cargo" "+1.100.0-beta.1" "fetch" "--manifest-path" "Cargo.toml", kill_on_drop: false }`
[INFO] running `Command { std: "docker" "create" "-v" "/var/lib/crater-agent-workspace/builds/worker-4-tc2/source:/opt/rustwide/workdir:ro,Z" "-v" "/var/lib/crater-agent-workspace/builds/worker-4-tc2/target:/opt/rustwide/target:rw,Z" "-v" "/var/lib/crater-agent-workspace/cargo-home:/opt/rustwide/cargo-home:ro,Z" "-v" "/var/lib/crater-agent-workspace/rustup-home:/opt/rustwide/rustup-home:ro,Z" "-m" "1610612736" "--network" "none" "ghcr.io/rust-lang/crates-build-env/linux@sha256:77db811e55d90add9212f6832c23229e3de5f1c1f9905e8cb07319ea15df73ac" "sleep" "infinity", kill_on_drop: false }`
[INFO] [stdout] f4a100913fc1c1ecbfc60a41cbf8efb3452ac0668c496907ced9cdb440f956e3
[INFO] running `Command { std: "docker" "start" "f4a100913fc1c1ecbfc60a41cbf8efb3452ac0668c496907ced9cdb440f956e3", kill_on_drop: false }`
[INFO] running `Command { std: "docker" "inspect" "f4a100913fc1c1ecbfc60a41cbf8efb3452ac0668c496907ced9cdb440f956e3", kill_on_drop: false }`
[INFO] running `Command { std: "docker" "exec" "-e" "SOURCE_DIR=/opt/rustwide/workdir" "-e" "CARGO_HOME=/opt/rustwide/cargo-home" "-e" "RUSTUP_HOME=/opt/rustwide/rustup-home" "-e" "CARGO_TARGET_DIR=/opt/rustwide/target" "-w" "/opt/rustwide/workdir" "--user" "0:0" "f4a100913fc1c1ecbfc60a41cbf8efb3452ac0668c496907ced9cdb440f956e3" "/opt/rustwide/cargo-home/bin/cargo" "+1.100.0-beta.1" "metadata" "--no-deps" "--format-version=1", kill_on_drop: false }`
[INFO] running `Command { std: "docker" "inspect" "f4a100913fc1c1ecbfc60a41cbf8efb3452ac0668c496907ced9cdb440f956e3", kill_on_drop: false }`
[INFO] running `Command { std: "docker" "exec" "-e" "SOURCE_DIR=/opt/rustwide/workdir" "-e" "CARGO_HOME=/opt/rustwide/cargo-home" "-e" "RUSTUP_HOME=/opt/rustwide/rustup-home" "-e" "CARGO_TARGET_DIR=/opt/rustwide/target" "-e" "CARGO_INCREMENTAL=0" "-e" "RUST_BACKTRACE=full" "-e" "RUSTFLAGS=--cap-lints=warn" "-e" "RUSTDOCFLAGS=--cap-lints=warn" "-w" "/opt/rustwide/workdir" "--user" "0:0" "f4a100913fc1c1ecbfc60a41cbf8efb3452ac0668c496907ced9cdb440f956e3" "/opt/rustwide/cargo-home/bin/cargo" "+1.100.0-beta.1" "build" "--frozen" "--message-format=json" "--release", kill_on_drop: false }`
[INFO] [stderr]    Compiling teptris v0.1.2 (/opt/rustwide/workdir)
[INFO] [stdout] warning: unused import: `fs`
[INFO] [stdout]   --> build.rs:10:16
[INFO] [stdout]    |
[INFO] [stdout] 10 | use std::{env, fs};
[INFO] [stdout]    |                ^^
[INFO] [stdout]    |
[INFO] [stdout]    = note: `#[warn(unused_imports)]` (part of `#[warn(unused)]`) on by default
[INFO] [stdout] 
[INFO] [stdout] 
[INFO] [stderr]     Finished `release` profile [optimized] target(s) in 0.71s
[INFO] running `Command { std: "docker" "inspect" "f4a100913fc1c1ecbfc60a41cbf8efb3452ac0668c496907ced9cdb440f956e3", kill_on_drop: false }`
[INFO] running `Command { std: "docker" "exec" "-e" "SOURCE_DIR=/opt/rustwide/workdir" "-e" "CARGO_HOME=/opt/rustwide/cargo-home" "-e" "RUSTUP_HOME=/opt/rustwide/rustup-home" "-e" "CARGO_TARGET_DIR=/opt/rustwide/target" "-e" "CARGO_INCREMENTAL=0" "-e" "RUST_BACKTRACE=full" "-e" "RUSTFLAGS=--cap-lints=warn" "-e" "RUSTDOCFLAGS=--cap-lints=warn" "-w" "/opt/rustwide/workdir" "--user" "0:0" "f4a100913fc1c1ecbfc60a41cbf8efb3452ac0668c496907ced9cdb440f956e3" "/opt/rustwide/cargo-home/bin/cargo" "+1.100.0-beta.1" "test" "--frozen" "--no-run" "--message-format=json" "--release", kill_on_drop: false }`
[INFO] [stderr]    Compiling serde v1.0.229
[INFO] [stderr]    Compiling hashbrown v0.17.1
[INFO] [stdout] warning: unused import: `fs`
[INFO] [stdout]   --> build.rs:10:16
[INFO] [stdout]    |
[INFO] [stdout] 10 | use std::{env, fs};
[INFO] [stdout]    |                ^^
[INFO] [stdout]    |
[INFO] [stdout]    = note: `#[warn(unused_imports)]` (part of `#[warn(unused)]`) on by default
[INFO] [stdout] 
[INFO] [stdout] 
[INFO] [stderr]    Compiling indexmap v2.14.2
[INFO] [stderr]    Compiling toml_datetime v0.6.11
[INFO] [stderr]    Compiling serde_spanned v0.6.9
[INFO] [stderr]    Compiling toml_edit v0.22.27
[INFO] [stderr]    Compiling toml v0.8.23
[INFO] [stderr]    Compiling teptris v0.1.2 (/opt/rustwide/workdir)
[INFO] [stdout] warning: unused imports: `Datetime` and `dump_json`
[INFO] [stdout]  --> tests/integration.rs:3:21
[INFO] [stdout]   |
[INFO] [stdout] 3 | use teptris::{dump, dump_json, loads, Datetime, DatetimeKind, Value};
[INFO] [stdout]   |                     ^^^^^^^^^         ^^^^^^^^
[INFO] [stdout]   |
[INFO] [stdout]   = note: `#[warn(unused_imports)]` (part of `#[warn(unused)]`) on by default
[INFO] [stdout] 
[INFO] [stdout] 
[INFO] [stdout] error[E0432]: unresolved import `teptris_descriptor`
[INFO] [stdout]  --> tests/descriptor_abi.rs:6:5
[INFO] [stdout]   |
[INFO] [stdout] 6 | use teptris_descriptor::{
[INFO] [stdout]   |     ^^^^^^^^^^^^^^^^^^ use of unresolved module or unlinked crate `teptris_descriptor`
[INFO] [stdout]   |
[INFO] [stdout]   = help: if you wanted to use a crate named `teptris_descriptor`, use `cargo add teptris_descriptor` to add it to your `Cargo.toml`
[INFO] [stdout] 
[INFO] [stdout] 
[INFO] [stdout] error[E0432]: unresolved import `teptris_descriptor`
[INFO] [stdout]   --> tests/descriptor_abi.rs:10:5
[INFO] [stdout]    |
[INFO] [stdout] 10 | use teptris_descriptor::{
[INFO] [stdout]    |     ^^^^^^^^^^^^^^^^^^ use of unresolved module or unlinked crate `teptris_descriptor`
[INFO] [stdout]    |
[INFO] [stdout]    = help: if you wanted to use a crate named `teptris_descriptor`, use `cargo add teptris_descriptor` to add it to your `Cargo.toml`
[INFO] [stdout] 
[INFO] [stdout] 
[INFO] [stdout] error[E0433]: cannot find module or crate `teptris_descriptor` in this scope
[INFO] [stdout]   --> tests/descriptor_abi.rs:19:19
[INFO] [stdout]    |
[INFO] [stdout] 19 |             kind: teptris_descriptor::PLAN_KIND_SCALAR,
[INFO] [stdout]    |                   ^^^^^^^^^^^^^^^^^^ use of unresolved module or unlinked crate `teptris_descriptor`
[INFO] [stdout]    |
[INFO] [stdout]    = help: if you wanted to use a crate named `teptris_descriptor`, use `cargo add teptris_descriptor` to add it to your `Cargo.toml`
[INFO] [stdout] 
[INFO] [stdout] 
[INFO] [stderr] error: could not compile `teptris` (lib test) due to 1 previous error
[INFO] [stdout] error[E0433]: cannot find module or crate `teptris_descriptor` in this scope
[INFO] [stdout]   --> tests/descriptor_abi.rs:24:19
[INFO] [stdout]    |
[INFO] [stdout] 24 |             kind: teptris_descriptor::PLAN_KIND_NESTED,
[INFO] [stdout]    |                   ^^^^^^^^^^^^^^^^^^ use of unresolved module or unlinked crate `teptris_descriptor`
[INFO] [stdout]    |
[INFO] [stdout]    = help: if you wanted to use a crate named `teptris_descriptor`, use `cargo add teptris_descriptor` to add it to your `Cargo.toml`
[INFO] [stdout] 
[INFO] [stdout] 
[INFO] [stderr] warning: build failed, waiting for other jobs to finish...
[INFO] [stdout] error[E0433]: cannot find module or crate `teptris_descriptor` in this scope
[INFO] [stdout]   --> tests/descriptor_abi.rs:29:19
[INFO] [stdout]    |
[INFO] [stdout] 29 |             kind: teptris_descriptor::PLAN_KIND_SCALAR,
[INFO] [stdout]    |                   ^^^^^^^^^^^^^^^^^^ use of unresolved module or unlinked crate `teptris_descriptor`
[INFO] [stdout]    |
[INFO] [stdout]    = help: if you wanted to use a crate named `teptris_descriptor`, use `cargo add teptris_descriptor` to add it to your `Cargo.toml`
[INFO] [stdout] 
[INFO] [stdout] 
[INFO] [stderr] error: could not compile `teptris` (test "descriptor_abi") due to 6 previous errors
[INFO] [stdout] error[E0433]: cannot find module or crate `teptris_descriptor` in this scope
[INFO] [stdout]   --> tests/descriptor_abi.rs:63:15
[INFO] [stdout]    |
[INFO] [stdout] 63 |         kind: teptris_descriptor::PLAN_KIND_SCALAR,
[INFO] [stdout]    |               ^^^^^^^^^^^^^^^^^^ use of unresolved module or unlinked crate `teptris_descriptor`
[INFO] [stdout]    |
[INFO] [stdout]    = help: if you wanted to use a crate named `teptris_descriptor`, use `cargo add teptris_descriptor` to add it to your `Cargo.toml`
[INFO] [stdout] 
[INFO] [stdout] 
[INFO] [stdout] error: linking with `cc` failed: exit status: 1
[INFO] [stdout]   |
[INFO] [stdout]   = note:  "cc" "-m64" "/opt/rustwide/target/release/build/teptris/2a727946718504ce/out/rustcpuEo4o/symbols.o" "<2 object files omitted>" "-Wl,--as-needed" "-Wl,-Bdynamic" "-lteptris" "-Wl,-Bstatic" "<sysroot>/lib/rustlib/x86_64-unknown-linux-gnu/lib/{libtest-*,libgetopts-*,librustc_std_workspace_std-*,libstd-*,libpanic_unwind-*,libobject-*,libmemchr-*,libaddr2line-*,libgimli-*,libcfg_if-*,librustc_demangle-*,libstd_detect-*,libhashbrown-*,librustc_std_workspace_alloc-*,libminiz_oxide-*,libadler2-*,libunwind-*,liblibc-*,librustc_std_workspace_core-*,liballoc-*,libcore-*,libcompiler_builtins-*}.rlib" "-Wl,-Bdynamic" "-lgcc_s" "-lutil" "-lrt" "-lpthread" "-lm" "-ldl" "-lc" "-L" "/opt/rustwide/target/release/build/teptris/2a727946718504ce/out/rustcpuEo4o/raw-dylibs" "-B<sysroot>/lib/rustlib/x86_64-unknown-linux-gnu/bin/gcc-ld" "-fuse-ld=lld" "-Wl,--eh-frame-hdr" "-Wl,-z,noexecstack" "-L" "<sysroot>/lib/rustlib/x86_64-unknown-linux-gnu/lib" "-o" "/opt/rustwide/target/release/build/teptris/2a727946718504ce/out/teptris-2a727946718504ce" "-Wl,--gc-sections" "-pie" "-Wl,-z,relro,-z,now" "-Wl,-O1" "-Wl,--strip-debug" "-nodefaultlibs"
[INFO] [stdout]   = note: some arguments are omitted. use `--verbose` to show all linker arguments
[INFO] [stdout]   = note: rust-lld: error: unable to find library -lteptris
[INFO] [stdout]           collect2: error: ld returned 1 exit status
[INFO] [stdout]           
[INFO] [stdout] 
[INFO] [stdout] 
[INFO] [stdout] Some errors have detailed explanations: E0432, E0433.
[INFO] [stdout] 
[INFO] [stdout] For more information about an error, try `rustc --explain E0432`.
[INFO] [stdout] 
[INFO] [stdout] error: linking with `cc` failed: exit status: 1
[INFO] [stdout]   |
[INFO] [stdout]   = note:  "cc" "-m64" "/opt/rustwide/target/release/build/teptris/60cf425af4f6952e/out/rustcMGPcvk/symbols.o" "<3 object files omitted>" "-Wl,--as-needed" "-Wl,-Bstatic" "<sysroot>/lib/rustlib/x86_64-unknown-linux-gnu/lib/{libtest-*,libgetopts-*,librustc_std_workspace_std-*}.rlib" "/opt/rustwide/target/release/build/teptris/699a4b8aa7e6731c/out/libteptris-699a4b8aa7e6731c.rlib" "<sysroot>/lib/rustlib/x86_64-unknown-linux-gnu/lib/{libstd-*,libpanic_unwind-*,libobject-*,libmemchr-*,libaddr2line-*,libgimli-*,libcfg_if-*,librustc_demangle-*,libstd_detect-*,libhashbrown-*,librustc_std_workspace_alloc-*,libminiz_oxide-*,libadler2-*,libunwind-*,liblibc-*,librustc_std_workspace_core-*,liballoc-*,libcore-*,libcompiler_builtins-*}.rlib" "-Wl,-Bdynamic" "-lteptris" "-lgcc_s" "-lutil" "-lrt" "-lpthread" "-lm" "-ldl" "-lc" "-L" "/opt/rustwide/target/release/build/teptris/60cf425af4f6952e/out/rustcMGPcvk/raw-dylibs" "-B<sysroot>/lib/rustlib/x86_64-unknown-linux-gnu/bin/gcc-ld" "-fuse-ld=lld" "-Wl,--eh-frame-hdr" "-Wl,-z,noexecstack" "-L" "<sysroot>/lib/rustlib/x86_64-unknown-linux-gnu/lib" "-o" "/opt/rustwide/target/release/build/teptris/60cf425af4f6952e/out/integration-60cf425af4f6952e" "-Wl,--gc-sections" "-pie" "-Wl,-z,relro,-z,now" "-Wl,-O1" "-Wl,--strip-debug" "-nodefaultlibs"
[INFO] [stdout]   = note: some arguments are omitted. use `--verbose` to show all linker arguments
[INFO] [stdout]   = note: rust-lld: error: unable to find library -lteptris
[INFO] [stdout]           collect2: error: ld returned 1 exit status
[INFO] [stdout]           
[INFO] [stdout] 
[INFO] [stdout] 
[INFO] [stderr] error: could not compile `teptris` (test "integration") due to 1 previous error; 1 warning emitted
[INFO] running `Command { std: "docker" "inspect" "f4a100913fc1c1ecbfc60a41cbf8efb3452ac0668c496907ced9cdb440f956e3", kill_on_drop: false }`
[INFO] running `Command { std: "docker" "rm" "-f" "f4a100913fc1c1ecbfc60a41cbf8efb3452ac0668c496907ced9cdb440f956e3", kill_on_drop: false }`
[INFO] [stdout] f4a100913fc1c1ecbfc60a41cbf8efb3452ac0668c496907ced9cdb440f956e3
