[INFO] fetching crate tensorism-gen 0.2.0...
[INFO] testing tensorism-gen-0.2.0 against 1.100.0-beta.1+cargoflags=--release for beta-release-1.100-2
[INFO] extracting crate tensorism-gen 0.2.0 into /workspace/builds/worker-6-tc2/source
[INFO] started tweaking crates.io crate tensorism-gen 0.2.0
[INFO] removed 0 missing tests
[INFO] finished tweaking crates.io crate tensorism-gen 0.2.0
[INFO] tweaked toml for crates.io crate tensorism-gen 0.2.0 written to /workspace/builds/worker-6-tc2/source/Cargo.toml
[INFO] validating manifest of crates.io crate tensorism-gen 0.2.0 on toolchain 1.100.0-beta.1
[INFO] running `Command { std: CARGO_HOME="/workspace/cargo-home" RUSTUP_HOME="/workspace/rustup-home" "/workspace/cargo-home/bin/cargo" "+1.100.0-beta.1" "metadata" "--manifest-path" "Cargo.toml" "--no-deps", kill_on_drop: false }`
[INFO] crate crates.io crate tensorism-gen 0.2.0 already has a lockfile, it will not be regenerated
[INFO] running `Command { std: CARGO_HOME="/workspace/cargo-home" RUSTUP_HOME="/workspace/rustup-home" "/workspace/cargo-home/bin/cargo" "+1.100.0-beta.1" "fetch" "--manifest-path" "Cargo.toml", kill_on_drop: false }`
[INFO] running `Command { std: "docker" "create" "-v" "/var/lib/crater-agent-workspace/builds/worker-6-tc2/source:/opt/rustwide/workdir:ro,Z" "-v" "/var/lib/crater-agent-workspace/builds/worker-6-tc2/target:/opt/rustwide/target:rw,Z" "-v" "/var/lib/crater-agent-workspace/cargo-home:/opt/rustwide/cargo-home:ro,Z" "-v" "/var/lib/crater-agent-workspace/rustup-home:/opt/rustwide/rustup-home:ro,Z" "-m" "1610612736" "--network" "none" "ghcr.io/rust-lang/crates-build-env/linux@sha256:77db811e55d90add9212f6832c23229e3de5f1c1f9905e8cb07319ea15df73ac" "sleep" "infinity", kill_on_drop: false }`
[INFO] [stdout] dd683a8cb62224a851d63a7b54f38e03caecbac287386e69922fc69e24f3ef54
[INFO] running `Command { std: "docker" "start" "dd683a8cb62224a851d63a7b54f38e03caecbac287386e69922fc69e24f3ef54", kill_on_drop: false }`
[INFO] running `Command { std: "docker" "inspect" "dd683a8cb62224a851d63a7b54f38e03caecbac287386e69922fc69e24f3ef54", kill_on_drop: false }`
[INFO] running `Command { std: "docker" "exec" "-e" "SOURCE_DIR=/opt/rustwide/workdir" "-e" "CARGO_HOME=/opt/rustwide/cargo-home" "-e" "RUSTUP_HOME=/opt/rustwide/rustup-home" "-e" "CARGO_TARGET_DIR=/opt/rustwide/target" "-w" "/opt/rustwide/workdir" "--user" "0:0" "dd683a8cb62224a851d63a7b54f38e03caecbac287386e69922fc69e24f3ef54" "/opt/rustwide/cargo-home/bin/cargo" "+1.100.0-beta.1" "metadata" "--no-deps" "--format-version=1", kill_on_drop: false }`
[INFO] running `Command { std: "docker" "inspect" "dd683a8cb62224a851d63a7b54f38e03caecbac287386e69922fc69e24f3ef54", kill_on_drop: false }`
[INFO] running `Command { std: "docker" "exec" "-e" "SOURCE_DIR=/opt/rustwide/workdir" "-e" "CARGO_HOME=/opt/rustwide/cargo-home" "-e" "RUSTUP_HOME=/opt/rustwide/rustup-home" "-e" "CARGO_TARGET_DIR=/opt/rustwide/target" "-e" "CARGO_INCREMENTAL=0" "-e" "RUST_BACKTRACE=full" "-e" "RUSTFLAGS=--cap-lints=warn" "-e" "RUSTDOCFLAGS=--cap-lints=warn" "-w" "/opt/rustwide/workdir" "--user" "0:0" "dd683a8cb62224a851d63a7b54f38e03caecbac287386e69922fc69e24f3ef54" "/opt/rustwide/cargo-home/bin/cargo" "+1.100.0-beta.1" "build" "--frozen" "--message-format=json" "--release", kill_on_drop: false }`
[INFO] [stderr]    Compiling num-traits v0.2.19
[INFO] [stderr]    Compiling matrixmultiply v0.3.10
[INFO] [stderr]    Compiling fastrand v2.3.0
[INFO] [stderr]    Compiling rawpointer v0.2.1
[INFO] [stderr]    Compiling phf_shared v0.13.1
[INFO] [stderr]    Compiling syn v2.0.106
[INFO] [stderr]    Compiling phf_generator v0.13.1
[INFO] [stderr]    Compiling num-complex v0.4.6
[INFO] [stderr]    Compiling num-integer v0.1.46
[INFO] [stderr]    Compiling ndarray v0.17.2
[INFO] [stderr]    Compiling phf_macros v0.13.1
[INFO] [stderr]    Compiling phf v0.13.1
[INFO] [stderr]    Compiling tensorism-gen v0.2.0 (/opt/rustwide/workdir)
[INFO] [stderr] warning: unused dependency `ndarray`
[INFO] [stderr]  --> Cargo.toml:1:15
[INFO] [stderr]   |
[INFO] [stderr] 1 | [dependencies.ndarray]
[INFO] [stderr]   |               ^^^^^^^^
[INFO] [stderr]   |
[INFO] [stderr]   = note: `cargo::unused_dependencies` is set to `warn` by default
[INFO] [stderr] help: consider removing the dependency on `ndarray`
[INFO] [stderr] warning: `tensorism-gen` (manifest) generated 1 warning
[INFO] [stderr]     Finished `release` profile [optimized] target(s) in 13.04s
[INFO] running `Command { std: "docker" "inspect" "dd683a8cb62224a851d63a7b54f38e03caecbac287386e69922fc69e24f3ef54", kill_on_drop: false }`
[INFO] running `Command { std: "docker" "exec" "-e" "SOURCE_DIR=/opt/rustwide/workdir" "-e" "CARGO_HOME=/opt/rustwide/cargo-home" "-e" "RUSTUP_HOME=/opt/rustwide/rustup-home" "-e" "CARGO_TARGET_DIR=/opt/rustwide/target" "-e" "CARGO_INCREMENTAL=0" "-e" "RUST_BACKTRACE=full" "-e" "RUSTFLAGS=--cap-lints=warn" "-e" "RUSTDOCFLAGS=--cap-lints=warn" "-w" "/opt/rustwide/workdir" "--user" "0:0" "dd683a8cb62224a851d63a7b54f38e03caecbac287386e69922fc69e24f3ef54" "/opt/rustwide/cargo-home/bin/cargo" "+1.100.0-beta.1" "test" "--frozen" "--no-run" "--message-format=json" "--release", kill_on_drop: false }`
[INFO] [stderr]    Compiling num-traits v0.2.19
[INFO] [stderr]    Compiling proc-macro2 v1.0.101
[INFO] [stderr]    Compiling matrixmultiply v0.3.10
[INFO] [stderr]    Compiling phf_shared v0.13.1
[INFO] [stderr]    Compiling tensorism-gen v0.2.0 (/opt/rustwide/workdir)
[INFO] [stderr]    Compiling quote v1.0.40
[INFO] [stderr]    Compiling phf v0.13.1
[INFO] [stdout] error[E0433]: cannot find module or crate `asserts` in this scope
[INFO] [stdout]    --> src/model/header.rs:180:13
[INFO] [stdout]     |
[INFO] [stdout] 180 |             asserts::parse_and_display::<RicciIndexDeclaration>(tokens),
[INFO] [stdout]     |             ^^^^^^^ use of unresolved module or unlinked crate `asserts`
[INFO] [stdout]     |
[INFO] [stdout]     = help: if you wanted to use a crate named `asserts`, use `cargo add asserts` to add it to your `Cargo.toml`
[INFO] [stdout] 
[INFO] [stdout] 
[INFO] [stdout] error[E0433]: cannot find module or crate `asserts` in this scope
[INFO] [stdout]    --> src/model/header.rs:187:13
[INFO] [stdout]     |
[INFO] [stdout] 187 |             asserts::parse_and_display::<RicciAliasDeclaration>(tokens),
[INFO] [stdout]     |             ^^^^^^^ use of unresolved module or unlinked crate `asserts`
[INFO] [stdout]     |
[INFO] [stdout]     = help: if you wanted to use a crate named `asserts`, use `cargo add asserts` to add it to your `Cargo.toml`
[INFO] [stdout] 
[INFO] [stdout] 
[INFO] [stdout] error[E0433]: cannot find module or crate `asserts` in this scope
[INFO] [stdout]    --> src/model/header.rs:194:13
[INFO] [stdout]     |
[INFO] [stdout] 194 |             asserts::parse_and_display::<RicciAliasDeclaration>(tokens),
[INFO] [stdout]     |             ^^^^^^^ use of unresolved module or unlinked crate `asserts`
[INFO] [stdout]     |
[INFO] [stdout]     = help: if you wanted to use a crate named `asserts`, use `cargo add asserts` to add it to your `Cargo.toml`
[INFO] [stdout] 
[INFO] [stdout] 
[INFO] [stdout] error[E0433]: cannot find module or crate `asserts` in this scope
[INFO] [stdout]    --> src/model/header.rs:201:13
[INFO] [stdout]     |
[INFO] [stdout] 201 |             asserts::parse_and_display::<RicciAliasDeclaration>(tokens),
[INFO] [stdout]     |             ^^^^^^^ use of unresolved module or unlinked crate `asserts`
[INFO] [stdout]     |
[INFO] [stdout]     = help: if you wanted to use a crate named `asserts`, use `cargo add asserts` to add it to your `Cargo.toml`
[INFO] [stdout] 
[INFO] [stdout] 
[INFO] [stdout] error[E0433]: cannot find module or crate `asserts` in this scope
[INFO] [stdout]    --> src/model/lambda.rs:253:13
[INFO] [stdout]     |
[INFO] [stdout] 253 |             asserts::parse_and_display::<RicciLambda>(tokens),
[INFO] [stdout]     |             ^^^^^^^ use of unresolved module or unlinked crate `asserts`
[INFO] [stdout]     |
[INFO] [stdout]     = help: if you wanted to use a crate named `asserts`, use `cargo add asserts` to add it to your `Cargo.toml`
[INFO] [stdout] 
[INFO] [stdout] 
[INFO] [stdout] error[E0433]: cannot find module or crate `asserts` in this scope
[INFO] [stdout]    --> src/model/lambda.rs:260:13
[INFO] [stdout]     |
[INFO] [stdout] 260 |             asserts::parse_and_display::<RicciLambda>(tokens),
[INFO] [stdout]     |             ^^^^^^^ use of unresolved module or unlinked crate `asserts`
[INFO] [stdout]     |
[INFO] [stdout]     = help: if you wanted to use a crate named `asserts`, use `cargo add asserts` to add it to your `Cargo.toml`
[INFO] [stdout] 
[INFO] [stdout] 
[INFO] [stdout] error[E0433]: cannot find module or crate `asserts` in this scope
[INFO] [stdout]    --> src/model/lambda.rs:270:13
[INFO] [stdout]     |
[INFO] [stdout] 270 |             asserts::parse_and_display::<RicciLambda>(tokens),
[INFO] [stdout]     |             ^^^^^^^ use of unresolved module or unlinked crate `asserts`
[INFO] [stdout]     |
[INFO] [stdout]     = help: if you wanted to use a crate named `asserts`, use `cargo add asserts` to add it to your `Cargo.toml`
[INFO] [stdout] 
[INFO] [stdout] 
[INFO] [stdout] error[E0433]: cannot find module or crate `asserts` in this scope
[INFO] [stdout]    --> src/model/lambda.rs:277:13
[INFO] [stdout]     |
[INFO] [stdout] 277 |             asserts::parse_and_display::<RicciLambda>(tokens),
[INFO] [stdout]     |             ^^^^^^^ use of unresolved module or unlinked crate `asserts`
[INFO] [stdout]     |
[INFO] [stdout]     = help: if you wanted to use a crate named `asserts`, use `cargo add asserts` to add it to your `Cargo.toml`
[INFO] [stdout] 
[INFO] [stdout] 
[INFO] [stdout] error[E0433]: cannot find module or crate `asserts` in this scope
[INFO] [stdout]    --> src/model/lambda.rs:284:13
[INFO] [stdout]     |
[INFO] [stdout] 284 |             asserts::parse_and_display::<RicciGroup>(tokens),
[INFO] [stdout]     |             ^^^^^^^ use of unresolved module or unlinked crate `asserts`
[INFO] [stdout]     |
[INFO] [stdout]     = help: if you wanted to use a crate named `asserts`, use `cargo add asserts` to add it to your `Cargo.toml`
[INFO] [stdout] 
[INFO] [stdout] 
[INFO] [stdout] error[E0433]: cannot find module or crate `asserts` in this scope
[INFO] [stdout]    --> src/model/lambda.rs:291:13
[INFO] [stdout]     |
[INFO] [stdout] 291 |             asserts::parse_and_display::<RicciGroup>(tokens),
[INFO] [stdout]     |             ^^^^^^^ use of unresolved module or unlinked crate `asserts`
[INFO] [stdout]     |
[INFO] [stdout]     = help: if you wanted to use a crate named `asserts`, use `cargo add asserts` to add it to your `Cargo.toml`
[INFO] [stdout] 
[INFO] [stdout] 
[INFO] [stdout] error[E0433]: cannot find module or crate `asserts` in this scope
[INFO] [stdout]    --> src/model/lambda.rs:301:13
[INFO] [stdout]     |
[INFO] [stdout] 301 |             asserts::parse_and_display::<RicciLambda>(tokens),
[INFO] [stdout]     |             ^^^^^^^ use of unresolved module or unlinked crate `asserts`
[INFO] [stdout]     |
[INFO] [stdout]     = help: if you wanted to use a crate named `asserts`, use `cargo add asserts` to add it to your `Cargo.toml`
[INFO] [stdout] 
[INFO] [stdout] 
[INFO] [stdout] error[E0433]: cannot find module or crate `asserts` in this scope
[INFO] [stdout]    --> src/model/lambda.rs:311:13
[INFO] [stdout]     |
[INFO] [stdout] 311 |             asserts::parse_and_display::<RicciLambda>(tokens),
[INFO] [stdout]     |             ^^^^^^^ use of unresolved module or unlinked crate `asserts`
[INFO] [stdout]     |
[INFO] [stdout]     = help: if you wanted to use a crate named `asserts`, use `cargo add asserts` to add it to your `Cargo.toml`
[INFO] [stdout] 
[INFO] [stdout] 
[INFO] [stdout] error[E0433]: cannot find module or crate `asserts` in this scope
[INFO] [stdout]    --> src/model/lambda.rs:318:13
[INFO] [stdout]     |
[INFO] [stdout] 318 |             asserts::parse_and_display::<RicciLambda>(tokens),
[INFO] [stdout]     |             ^^^^^^^ use of unresolved module or unlinked crate `asserts`
[INFO] [stdout]     |
[INFO] [stdout]     = help: if you wanted to use a crate named `asserts`, use `cargo add asserts` to add it to your `Cargo.toml`
[INFO] [stdout] 
[INFO] [stdout] 
[INFO] [stderr]    Compiling syn v2.0.106
[INFO] [stdout] For more information about this error, try `rustc --explain E0433`.
[INFO] [stdout] 
[INFO] [stderr] error: could not compile `tensorism-gen` (lib test) due to 13 previous errors
[INFO] [stderr] warning: build failed, waiting for other jobs to finish...
[INFO] [stderr] warning: unused dependency `ndarray`
[INFO] [stderr]  --> Cargo.toml:1:15
[INFO] [stderr]   |
[INFO] [stderr] 1 | [dependencies.ndarray]
[INFO] [stderr]   |               ^^^^^^^^
[INFO] [stderr]   |
[INFO] [stderr]   = note: `cargo::unused_dependencies` is set to `warn` by default
[INFO] [stderr] help: consider removing the dependency on `ndarray`
[INFO] [stderr] warning: `tensorism-gen` (manifest) generated 1 warning
[INFO] running `Command { std: "docker" "inspect" "dd683a8cb62224a851d63a7b54f38e03caecbac287386e69922fc69e24f3ef54", kill_on_drop: false }`
[INFO] running `Command { std: "docker" "rm" "-f" "dd683a8cb62224a851d63a7b54f38e03caecbac287386e69922fc69e24f3ef54", kill_on_drop: false }`
[INFO] [stdout] dd683a8cb62224a851d63a7b54f38e03caecbac287386e69922fc69e24f3ef54
