[INFO] fetching crate temppad 0.1.0...
[INFO] testing temppad-0.1.0 against 1.99.0-beta.8+cargoflags=--release for beta-release-1.100-2
[INFO] extracting crate temppad 0.1.0 into /workspace/builds/worker-4-tc1/source
[INFO] started tweaking crates.io crate temppad 0.1.0
[INFO] finished tweaking crates.io crate temppad 0.1.0
[INFO] tweaked toml for crates.io crate temppad 0.1.0 written to /workspace/builds/worker-4-tc1/source/Cargo.toml
[INFO] validating manifest of crates.io crate temppad 0.1.0 on toolchain 1.99.0-beta.8
[INFO] running `Command { std: CARGO_HOME="/workspace/cargo-home" RUSTUP_HOME="/workspace/rustup-home" "/workspace/cargo-home/bin/cargo" "+1.99.0-beta.8" "metadata" "--manifest-path" "Cargo.toml" "--no-deps", kill_on_drop: false }`
[INFO] crate crates.io crate temppad 0.1.0 already has a lockfile, it will not be regenerated
[INFO] running `Command { std: CARGO_HOME="/workspace/cargo-home" RUSTUP_HOME="/workspace/rustup-home" "/workspace/cargo-home/bin/cargo" "+1.99.0-beta.8" "fetch" "--manifest-path" "Cargo.toml", kill_on_drop: false }`
[INFO] [stderr]     Blocking waiting for file lock on package cache
[INFO] [stderr]  Downloading crates ...
[INFO] [stderr]   Downloaded windows-sys v0.59.0
[INFO] running `Command { std: "docker" "create" "-v" "/var/lib/crater-agent-workspace/builds/worker-4-tc1/source:/opt/rustwide/workdir:ro,Z" "-v" "/var/lib/crater-agent-workspace/builds/worker-4-tc1/target:/opt/rustwide/target:rw,Z" "-v" "/var/lib/crater-agent-workspace/cargo-home:/opt/rustwide/cargo-home:ro,Z" "-v" "/var/lib/crater-agent-workspace/rustup-home:/opt/rustwide/rustup-home:ro,Z" "-m" "1610612736" "--network" "none" "ghcr.io/rust-lang/crates-build-env/linux@sha256:77db811e55d90add9212f6832c23229e3de5f1c1f9905e8cb07319ea15df73ac" "sleep" "infinity", kill_on_drop: false }`
[INFO] [stdout] 4585ecf79bb3498062e0e50cdee3a9bb3c0f9ecd9ed4f9f39b5e74479cc9ea0e
[INFO] running `Command { std: "docker" "start" "4585ecf79bb3498062e0e50cdee3a9bb3c0f9ecd9ed4f9f39b5e74479cc9ea0e", kill_on_drop: false }`
[INFO] running `Command { std: "docker" "inspect" "4585ecf79bb3498062e0e50cdee3a9bb3c0f9ecd9ed4f9f39b5e74479cc9ea0e", kill_on_drop: false }`
[INFO] running `Command { std: "docker" "exec" "-e" "SOURCE_DIR=/opt/rustwide/workdir" "-e" "CARGO_HOME=/opt/rustwide/cargo-home" "-e" "RUSTUP_HOME=/opt/rustwide/rustup-home" "-e" "CARGO_TARGET_DIR=/opt/rustwide/target" "-w" "/opt/rustwide/workdir" "--user" "0:0" "4585ecf79bb3498062e0e50cdee3a9bb3c0f9ecd9ed4f9f39b5e74479cc9ea0e" "/opt/rustwide/cargo-home/bin/cargo" "+1.99.0-beta.8" "metadata" "--no-deps" "--format-version=1", kill_on_drop: false }`
[INFO] running `Command { std: "docker" "inspect" "4585ecf79bb3498062e0e50cdee3a9bb3c0f9ecd9ed4f9f39b5e74479cc9ea0e", kill_on_drop: false }`
[INFO] running `Command { std: "docker" "exec" "-e" "SOURCE_DIR=/opt/rustwide/workdir" "-e" "CARGO_HOME=/opt/rustwide/cargo-home" "-e" "RUSTUP_HOME=/opt/rustwide/rustup-home" "-e" "CARGO_TARGET_DIR=/opt/rustwide/target" "-e" "CARGO_INCREMENTAL=0" "-e" "RUST_BACKTRACE=full" "-e" "RUSTFLAGS=--cap-lints=warn" "-e" "RUSTDOCFLAGS=--cap-lints=warn" "-w" "/opt/rustwide/workdir" "--user" "0:0" "4585ecf79bb3498062e0e50cdee3a9bb3c0f9ecd9ed4f9f39b5e74479cc9ea0e" "/opt/rustwide/cargo-home/bin/cargo" "+1.99.0-beta.8" "build" "--frozen" "--message-format=json" "--release", kill_on_drop: false }`
[INFO] [stderr]    Compiling windows_x86_64_gnu v0.52.6
[INFO] [stderr]    Compiling temppad v0.1.0 (/opt/rustwide/workdir)
[INFO] [stderr]    Compiling windows-targets v0.52.6
[INFO] [stderr]    Compiling windows-sys v0.59.0
[INFO] [stdout] error: linking with `cc` failed: exit status: 1
[INFO] [stdout]   |
[INFO] [stdout]   = note:  "cc" "-m64" "<4 object files omitted>" "-Wl,--as-needed" "-Wl,-Bstatic" "<sysroot>/lib/rustlib/x86_64-unknown-linux-gnu/lib/libcompiler_builtins-*.rlib" "-L" "/opt/rustwide/target/release/deps/rustcqYoNTo/raw-dylibs" "-Wl,-Bdynamic" "-B<sysroot>/lib/rustlib/x86_64-unknown-linux-gnu/bin/gcc-ld" "-fuse-ld=lld" "-Wl,--eh-frame-hdr" "-Wl,-z,noexecstack" "-L" "/opt/rustwide/cargo-home/registry/src/index.crates.io-1949cf8c6b5b557f/windows_x86_64_gnu-0.52.6/lib" "-L" "<sysroot>/lib/rustlib/x86_64-unknown-linux-gnu/lib" "-o" "/opt/rustwide/target/release/deps/temppad-6e2ce3de0d7a46ac" "-Wl,--gc-sections" "-pie" "-Wl,-z,relro,-z,now" "-Wl,-O1" "-Wl,--strip-debug" "-nodefaultlibs" "/entry:main" "/defaultlib:libvcruntime.lib" "/MANIFEST:EMBED" "/MANIFESTINPUT:./manifest.xml"
[INFO] [stdout]   = note: some arguments are omitted. use `--verbose` to show all linker arguments
[INFO] [stdout]   = note: rust-lld: error: cannot open /entry:main: No such file or directory
[INFO] [stdout]           rust-lld: error: cannot open /defaultlib:libvcruntime.lib: No such file or directory
[INFO] [stdout]           rust-lld: error: cannot open /MANIFEST:EMBED: No such file or directory
[INFO] [stdout]           rust-lld: error: cannot open /MANIFESTINPUT:./manifest.xml: No such file or directory
[INFO] [stdout]           collect2: error: ld returned 1 exit status
[INFO] [stdout]           
[INFO] [stdout] 
[INFO] [stdout] 
[INFO] [stderr] error: could not compile `temppad` (bin "temppad") due to 1 previous error
[INFO] running `Command { std: "docker" "inspect" "4585ecf79bb3498062e0e50cdee3a9bb3c0f9ecd9ed4f9f39b5e74479cc9ea0e", kill_on_drop: false }`
[INFO] running `Command { std: "docker" "rm" "-f" "4585ecf79bb3498062e0e50cdee3a9bb3c0f9ecd9ed4f9f39b5e74479cc9ea0e", kill_on_drop: false }`
[INFO] [stdout] 4585ecf79bb3498062e0e50cdee3a9bb3c0f9ecd9ed4f9f39b5e74479cc9ea0e
