[INFO] fetching crate telltale-simulator 17.0.1...
[INFO] testing telltale-simulator-17.0.1 against 1.100.0-beta.1+cargoflags=--release for beta-release-1.100-2
[INFO] extracting crate telltale-simulator 17.0.1 into /workspace/builds/worker-4-tc2/source
[INFO] started tweaking crates.io crate telltale-simulator 17.0.1
[INFO] removed 0 missing tests
[INFO] finished tweaking crates.io crate telltale-simulator 17.0.1
[INFO] tweaked toml for crates.io crate telltale-simulator 17.0.1 written to /workspace/builds/worker-4-tc2/source/Cargo.toml
[INFO] validating manifest of crates.io crate telltale-simulator 17.0.1 on toolchain 1.100.0-beta.1
[INFO] running `Command { std: CARGO_HOME="/workspace/cargo-home" RUSTUP_HOME="/workspace/rustup-home" "/workspace/cargo-home/bin/cargo" "+1.100.0-beta.1" "metadata" "--manifest-path" "Cargo.toml" "--no-deps", kill_on_drop: false }`
[INFO] crate crates.io crate telltale-simulator 17.0.1 already has a lockfile, it will not be regenerated
[INFO] running `Command { std: CARGO_HOME="/workspace/cargo-home" RUSTUP_HOME="/workspace/rustup-home" "/workspace/cargo-home/bin/cargo" "+1.100.0-beta.1" "fetch" "--manifest-path" "Cargo.toml", kill_on_drop: false }`
[INFO] running `Command { std: "docker" "create" "-v" "/var/lib/crater-agent-workspace/builds/worker-4-tc2/source:/opt/rustwide/workdir:ro,Z" "-v" "/var/lib/crater-agent-workspace/builds/worker-4-tc2/target:/opt/rustwide/target:rw,Z" "-v" "/var/lib/crater-agent-workspace/cargo-home:/opt/rustwide/cargo-home:ro,Z" "-v" "/var/lib/crater-agent-workspace/rustup-home:/opt/rustwide/rustup-home:ro,Z" "-m" "1610612736" "--network" "none" "ghcr.io/rust-lang/crates-build-env/linux@sha256:77db811e55d90add9212f6832c23229e3de5f1c1f9905e8cb07319ea15df73ac" "sleep" "infinity", kill_on_drop: false }`
[INFO] [stdout] 16d6e37222732b6768f2ffebaa321006a83d71940434444c465abd5ac44974bb
[INFO] running `Command { std: "docker" "start" "16d6e37222732b6768f2ffebaa321006a83d71940434444c465abd5ac44974bb", kill_on_drop: false }`
[INFO] running `Command { std: "docker" "inspect" "16d6e37222732b6768f2ffebaa321006a83d71940434444c465abd5ac44974bb", kill_on_drop: false }`
[INFO] running `Command { std: "docker" "exec" "-e" "SOURCE_DIR=/opt/rustwide/workdir" "-e" "CARGO_HOME=/opt/rustwide/cargo-home" "-e" "RUSTUP_HOME=/opt/rustwide/rustup-home" "-e" "CARGO_TARGET_DIR=/opt/rustwide/target" "-w" "/opt/rustwide/workdir" "--user" "0:0" "16d6e37222732b6768f2ffebaa321006a83d71940434444c465abd5ac44974bb" "/opt/rustwide/cargo-home/bin/cargo" "+1.100.0-beta.1" "metadata" "--no-deps" "--format-version=1", kill_on_drop: false }`
[INFO] running `Command { std: "docker" "inspect" "16d6e37222732b6768f2ffebaa321006a83d71940434444c465abd5ac44974bb", kill_on_drop: false }`
[INFO] running `Command { std: "docker" "exec" "-e" "SOURCE_DIR=/opt/rustwide/workdir" "-e" "CARGO_HOME=/opt/rustwide/cargo-home" "-e" "RUSTUP_HOME=/opt/rustwide/rustup-home" "-e" "CARGO_TARGET_DIR=/opt/rustwide/target" "-e" "CARGO_INCREMENTAL=0" "-e" "RUST_BACKTRACE=full" "-e" "RUSTFLAGS=--cap-lints=warn" "-e" "RUSTDOCFLAGS=--cap-lints=warn" "-w" "/opt/rustwide/workdir" "--user" "0:0" "16d6e37222732b6768f2ffebaa321006a83d71940434444c465abd5ac44974bb" "/opt/rustwide/cargo-home/bin/cargo" "+1.100.0-beta.1" "build" "--frozen" "--message-format=json" "--release", kill_on_drop: false }`
[INFO] [stderr]    Compiling zerocopy v0.8.48
[INFO] [stderr]    Compiling libc v0.2.185
[INFO] [stderr]    Compiling cc v1.2.60
[INFO] [stderr]    Compiling fixed v1.30.0
[INFO] [stderr]    Compiling bytemuck v1.25.0
[INFO] [stderr]    Compiling zerocopy-derive v0.8.48
[INFO] [stderr]    Compiling thiserror-impl v1.0.69
[INFO] [stderr]    Compiling serde v1.0.228
[INFO] [stderr]    Compiling az v1.3.0
[INFO] [stderr]    Compiling either v1.15.0
[INFO] [stderr]    Compiling rayon v1.12.0
[INFO] [stderr]    Compiling thiserror v1.0.69
[INFO] [stderr]    Compiling blake3 v1.8.4
[INFO] [stderr]    Compiling serde_spanned v0.6.9
[INFO] [stderr]    Compiling toml_datetime v0.6.11
[INFO] [stderr]    Compiling bincode v1.3.3
[INFO] [stderr]    Compiling telltale-search v17.0.1
[INFO] [stderr]    Compiling toml_edit v0.22.27
[INFO] [stderr]    Compiling getrandom v0.2.17
[INFO] [stderr]    Compiling parking_lot_core v0.9.12
[INFO] [stderr]    Compiling parking_lot v0.12.5
[INFO] [stderr]    Compiling rand_core v0.6.4
[INFO] [stderr]    Compiling toml v0.8.23
[INFO] [stderr]    Compiling half v2.7.1
[INFO] [stderr]    Compiling ppv-lite86 v0.2.21
[INFO] [stderr]    Compiling ciborium-ll v0.2.2
[INFO] [stderr]    Compiling rand_chacha v0.3.1
[INFO] [stderr]    Compiling ciborium v0.2.2
[INFO] [stderr]    Compiling rand v0.8.6
[INFO] [stderr]    Compiling telltale-types v17.0.1
[INFO] [stderr]    Compiling telltale-theory v17.0.1
[INFO] [stderr]    Compiling telltale-machine v17.0.1
[INFO] [stderr]    Compiling telltale-simulator v17.0.1 (/opt/rustwide/workdir)
[INFO] [stderr]     Finished `release` profile [optimized] target(s) in 3m 34s
[INFO] running `Command { std: "docker" "inspect" "16d6e37222732b6768f2ffebaa321006a83d71940434444c465abd5ac44974bb", kill_on_drop: false }`
[INFO] running `Command { std: "docker" "exec" "-e" "SOURCE_DIR=/opt/rustwide/workdir" "-e" "CARGO_HOME=/opt/rustwide/cargo-home" "-e" "RUSTUP_HOME=/opt/rustwide/rustup-home" "-e" "CARGO_TARGET_DIR=/opt/rustwide/target" "-e" "CARGO_INCREMENTAL=0" "-e" "RUST_BACKTRACE=full" "-e" "RUSTFLAGS=--cap-lints=warn" "-e" "RUSTDOCFLAGS=--cap-lints=warn" "-w" "/opt/rustwide/workdir" "--user" "0:0" "16d6e37222732b6768f2ffebaa321006a83d71940434444c465abd5ac44974bb" "/opt/rustwide/cargo-home/bin/cargo" "+1.100.0-beta.1" "test" "--frozen" "--no-run" "--message-format=json" "--release", kill_on_drop: false }`
[INFO] [stderr]    Compiling winnow v1.0.1
[INFO] [stderr]    Compiling getrandom v0.4.2
[INFO] [stderr]    Compiling assert_matches v1.5.0
[INFO] [stderr]    Compiling tempfile v3.27.0
[INFO] [stderr]    Compiling toml_parser v1.1.2+spec-1.1.0
[INFO] [stderr]    Compiling toml v1.1.2+spec-1.1.0
[INFO] [stderr]    Compiling trybuild v1.0.116
[INFO] [stderr]    Compiling telltale-simulator v17.0.1 (/opt/rustwide/workdir)
[INFO] [stdout] error[E0432]: unresolved import `telltale_bridge`
[INFO] [stdout]  --> tests/lean_reference_parity.rs:7:5
[INFO] [stdout]   |
[INFO] [stdout] 7 | use telltale_bridge::{
[INFO] [stdout]   |     ^^^^^^^^^^^^^^^ use of unresolved module or unlinked crate `telltale_bridge`
[INFO] [stdout]   |
[INFO] [stdout]   = help: if you wanted to use a crate named `telltale_bridge`, use `cargo add telltale_bridge` to add it to your `Cargo.toml`
[INFO] [stdout] 
[INFO] [stdout] 
[INFO] [stdout] error[E0433]: cannot find module or crate `telltale_bridge` in this scope
[INFO] [stdout]  --> tests/end_to_end.rs:6:5
[INFO] [stdout]   |
[INFO] [stdout] 6 | use telltale_bridge::export::global_to_json;
[INFO] [stdout]   |     ^^^^^^^^^^^^^^^ use of unresolved module or unlinked crate `telltale_bridge`
[INFO] [stdout]   |
[INFO] [stdout]   = help: if you wanted to use a crate named `telltale_bridge`, use `cargo add telltale_bridge` to add it to your `Cargo.toml`
[INFO] [stdout] 
[INFO] [stdout] 
[INFO] [stdout] error[E0433]: cannot find module or crate `telltale_bridge` in this scope
[INFO] [stdout]  --> tests/end_to_end.rs:7:5
[INFO] [stdout]   |
[INFO] [stdout] 7 | use telltale_bridge::import::json_to_local;
[INFO] [stdout]   |     ^^^^^^^^^^^^^^^ use of unresolved module or unlinked crate `telltale_bridge`
[INFO] [stdout]   |
[INFO] [stdout]   = help: if you wanted to use a crate named `telltale_bridge`, use `cargo add telltale_bridge` to add it to your `Cargo.toml`
[INFO] [stdout] 
[INFO] [stdout] 
[INFO] [stdout] error[E0433]: cannot find module or crate `telltale_bridge` in this scope
[INFO] [stdout]  --> tests/end_to_end.rs:8:5
[INFO] [stdout]   |
[INFO] [stdout] 8 | use telltale_bridge::runner::LeanRunner;
[INFO] [stdout]   |     ^^^^^^^^^^^^^^^ use of unresolved module or unlinked crate `telltale_bridge`
[INFO] [stdout]   |
[INFO] [stdout]   = help: if you wanted to use a crate named `telltale_bridge`, use `cargo add telltale_bridge` to add it to your `Cargo.toml`
[INFO] [stdout] 
[INFO] [stdout] 
[INFO] [stdout] For more information about this error, try `rustc --explain E0433`.
[INFO] [stdout] 
[INFO] [stderr] error: could not compile `telltale-simulator` (test "end_to_end") due to 3 previous errors
[INFO] [stderr] warning: build failed, waiting for other jobs to finish...
[INFO] [stdout] For more information about this error, try `rustc --explain E0432`.
[INFO] [stdout] 
[INFO] [stderr] error: could not compile `telltale-simulator` (test "lean_reference_parity") due to 1 previous error
[INFO] running `Command { std: "docker" "inspect" "16d6e37222732b6768f2ffebaa321006a83d71940434444c465abd5ac44974bb", kill_on_drop: false }`
[INFO] running `Command { std: "docker" "rm" "-f" "16d6e37222732b6768f2ffebaa321006a83d71940434444c465abd5ac44974bb", kill_on_drop: false }`
[INFO] [stdout] 16d6e37222732b6768f2ffebaa321006a83d71940434444c465abd5ac44974bb
