[INFO] fetching crate telit-me310g1 0.1.0...
[INFO] testing telit-me310g1-0.1.0 against 1.99.0-beta.8+cargoflags=--release for beta-release-1.100-2
[INFO] extracting crate telit-me310g1 0.1.0 into /workspace/builds/worker-2-tc1/source
[INFO] removed /workspace/builds/worker-2-tc1/source/rust-toolchain.toml
[INFO] started tweaking crates.io crate telit-me310g1 0.1.0
[INFO] finished tweaking crates.io crate telit-me310g1 0.1.0
[INFO] tweaked toml for crates.io crate telit-me310g1 0.1.0 written to /workspace/builds/worker-2-tc1/source/Cargo.toml
[INFO] validating manifest of crates.io crate telit-me310g1 0.1.0 on toolchain 1.99.0-beta.8
[INFO] running `Command { std: CARGO_HOME="/workspace/cargo-home" RUSTUP_HOME="/workspace/rustup-home" "/workspace/cargo-home/bin/cargo" "+1.99.0-beta.8" "metadata" "--manifest-path" "Cargo.toml" "--no-deps", kill_on_drop: false }`
[INFO] running `Command { std: CARGO_HOME="/workspace/cargo-home" RUSTUP_HOME="/workspace/rustup-home" "/workspace/cargo-home/bin/cargo" "+1.99.0-beta.8" "generate-lockfile" "--manifest-path" "Cargo.toml", kill_on_drop: false }`
[INFO] [stderr]     Updating crates.io index
[INFO] [stderr]      Locking 87 packages to highest compatible versions
[INFO] [stderr]       Adding defmt v0.3.101 (available: v1.2.0)
[INFO] [stderr]       Adding embassy-sync v0.6.2 (available: v0.8.0)
[INFO] [stderr]       Adding embassy-time v0.3.2 (available: v0.5.1)
[INFO] [stderr]       Adding embedded-io v0.6.1 (available: v0.7.1)
[INFO] [stderr]       Adding embedded-io-async v0.6.1 (available: v0.7.0)
[INFO] [stderr]       Adding mockall v0.13.1 (available: v0.15.0)
[INFO] [stderr]       Adding nom v7.1.3 (available: v8.0.0)
[INFO] running `Command { std: CARGO_HOME="/workspace/cargo-home" RUSTUP_HOME="/workspace/rustup-home" "/workspace/cargo-home/bin/cargo" "+1.99.0-beta.8" "fetch" "--manifest-path" "Cargo.toml", kill_on_drop: false }`
[INFO] [stderr] warning: Cargo.toml: `lints.clippy.multiple-crate-versions` is deprecated in favor of `lints.clippy.multiple_crate_versions` and will not work in a future edition
[INFO] [stderr] warning: `telit-me310g1` (manifest) generated 1 warning
[INFO] [stderr]  Downloading crates ...
[INFO] [stderr]   Downloaded thiserror-no-std v2.0.2
[INFO] [stderr]   Downloaded embedded-io-async v0.6.1
[INFO] [stderr]   Downloaded static_cell v2.1.1
[INFO] [stderr]   Downloaded litrs v1.0.1
[INFO] [stderr]   Downloaded embassy-time-queue-driver v0.1.0
[INFO] [stderr]   Downloaded thingbuf v0.1.6
[INFO] [stderr]   Downloaded defmt v0.3.101
[INFO] [stderr]   Downloaded thiserror-impl-no-std v2.0.2
[INFO] [stderr]   Downloaded embassy-time-driver v0.1.0
[INFO] [stderr]   Downloaded embassy-sync v0.6.2
[INFO] [stderr]   Downloaded embassy-time v0.3.2
[INFO] running `Command { std: "docker" "create" "-v" "/var/lib/crater-agent-workspace/builds/worker-2-tc1/source:/opt/rustwide/workdir:ro,Z" "-v" "/var/lib/crater-agent-workspace/builds/worker-2-tc1/target:/opt/rustwide/target:rw,Z" "-v" "/var/lib/crater-agent-workspace/cargo-home:/opt/rustwide/cargo-home:ro,Z" "-v" "/var/lib/crater-agent-workspace/rustup-home:/opt/rustwide/rustup-home:ro,Z" "-m" "1610612736" "--network" "none" "ghcr.io/rust-lang/crates-build-env/linux@sha256:77db811e55d90add9212f6832c23229e3de5f1c1f9905e8cb07319ea15df73ac" "sleep" "infinity", kill_on_drop: false }`
[INFO] [stdout] 935fb84f530764723fd6c6a4094481faef72d02bccfdf942bf3f794cdac7a3f1
[INFO] running `Command { std: "docker" "start" "935fb84f530764723fd6c6a4094481faef72d02bccfdf942bf3f794cdac7a3f1", kill_on_drop: false }`
[INFO] running `Command { std: "docker" "inspect" "935fb84f530764723fd6c6a4094481faef72d02bccfdf942bf3f794cdac7a3f1", kill_on_drop: false }`
[INFO] running `Command { std: "docker" "exec" "-e" "SOURCE_DIR=/opt/rustwide/workdir" "-e" "CARGO_HOME=/opt/rustwide/cargo-home" "-e" "RUSTUP_HOME=/opt/rustwide/rustup-home" "-e" "CARGO_TARGET_DIR=/opt/rustwide/target" "-w" "/opt/rustwide/workdir" "--user" "0:0" "935fb84f530764723fd6c6a4094481faef72d02bccfdf942bf3f794cdac7a3f1" "/opt/rustwide/cargo-home/bin/cargo" "+1.99.0-beta.8" "metadata" "--no-deps" "--format-version=1", kill_on_drop: false }`
[INFO] running `Command { std: "docker" "inspect" "935fb84f530764723fd6c6a4094481faef72d02bccfdf942bf3f794cdac7a3f1", kill_on_drop: false }`
[INFO] running `Command { std: "docker" "exec" "-e" "SOURCE_DIR=/opt/rustwide/workdir" "-e" "CARGO_HOME=/opt/rustwide/cargo-home" "-e" "RUSTUP_HOME=/opt/rustwide/rustup-home" "-e" "CARGO_TARGET_DIR=/opt/rustwide/target" "-e" "CARGO_INCREMENTAL=0" "-e" "RUST_BACKTRACE=full" "-e" "RUSTFLAGS=--cap-lints=warn" "-e" "RUSTDOCFLAGS=--cap-lints=warn" "-w" "/opt/rustwide/workdir" "--user" "0:0" "935fb84f530764723fd6c6a4094481faef72d02bccfdf942bf3f794cdac7a3f1" "/opt/rustwide/cargo-home/bin/cargo" "+1.99.0-beta.8" "build" "--frozen" "--message-format=json" "--release", kill_on_drop: false }`
[INFO] [stderr] warning: Cargo.toml: `lints.clippy.multiple-crate-versions` is deprecated in favor of `lints.clippy.multiple_crate_versions` and will not work in a future edition
[INFO] [stderr] warning: `telit-me310g1` (manifest) generated 1 warning
[INFO] [stderr]    Compiling syn v3.0.9
[INFO] [stderr]    Compiling thiserror v2.0.21
[INFO] [stderr]    Compiling defmt-macros v1.2.0
[INFO] [stderr]    Compiling defmt v1.2.0
[INFO] [stderr]    Compiling syn v1.0.109
[INFO] [stderr]    Compiling byteorder v1.5.0
[INFO] [stderr]    Compiling embassy-time-queue-driver v0.1.0
[INFO] [stderr]    Compiling futures-task v0.3.34
[INFO] [stderr]    Compiling futures-core v0.3.34
[INFO] [stderr]    Compiling embassy-time-driver v0.1.0
[INFO] [stderr]    Compiling litrs v1.0.1
[INFO] [stderr]    Compiling embedded-hal-async v1.0.0
[INFO] [stderr]    Compiling nb v1.1.0
[INFO] [stderr]    Compiling embedded-io-async v0.6.1
[INFO] [stderr]    Compiling embedded-hal v1.0.0
[INFO] [stderr]    Compiling embassy-sync v0.6.2
[INFO] [stderr]    Compiling futures-util v0.3.34
[INFO] [stderr]    Compiling nb v0.1.3
[INFO] [stderr]    Compiling nom v7.1.3
[INFO] [stderr]    Compiling thingbuf v0.1.6
[INFO] [stderr]    Compiling embedded-hal v0.2.7
[INFO] [stderr]    Compiling static_cell v2.1.1
[INFO] [stderr]    Compiling hash32 v0.3.1
[INFO] [stderr]    Compiling heapless v0.8.0
[INFO] [stderr]    Compiling document-features v0.2.12
[INFO] [stderr]    Compiling thiserror-impl-no-std v2.0.2
[INFO] [stderr]    Compiling thiserror-no-std v2.0.2
[INFO] [stderr]    Compiling thiserror-impl v2.0.21
[INFO] [stderr]    Compiling displaydoc v0.2.7
[INFO] [stderr]    Compiling defmt-parser v1.1.0
[INFO] [stderr]    Compiling defmt v0.3.101
[INFO] [stderr]    Compiling embassy-futures v0.1.2
[INFO] [stderr]    Compiling embedded-io v0.6.1
[INFO] [stderr]    Compiling embassy-time v0.3.2
[INFO] [stderr]    Compiling telit-me310g1 v0.1.0 (/opt/rustwide/workdir)
[INFO] [stderr]     Finished `release` profile [optimized] target(s) in 14.18s
[INFO] running `Command { std: "docker" "inspect" "935fb84f530764723fd6c6a4094481faef72d02bccfdf942bf3f794cdac7a3f1", kill_on_drop: false }`
[INFO] running `Command { std: "docker" "exec" "-e" "SOURCE_DIR=/opt/rustwide/workdir" "-e" "CARGO_HOME=/opt/rustwide/cargo-home" "-e" "RUSTUP_HOME=/opt/rustwide/rustup-home" "-e" "CARGO_TARGET_DIR=/opt/rustwide/target" "-e" "CARGO_INCREMENTAL=0" "-e" "RUST_BACKTRACE=full" "-e" "RUSTFLAGS=--cap-lints=warn" "-e" "RUSTDOCFLAGS=--cap-lints=warn" "-w" "/opt/rustwide/workdir" "--user" "0:0" "935fb84f530764723fd6c6a4094481faef72d02bccfdf942bf3f794cdac7a3f1" "/opt/rustwide/cargo-home/bin/cargo" "+1.99.0-beta.8" "test" "--frozen" "--no-run" "--message-format=json" "--release", kill_on_drop: false }`
[INFO] [stderr] warning: Cargo.toml: `lints.clippy.multiple-crate-versions` is deprecated in favor of `lints.clippy.multiple_crate_versions` and will not work in a future edition
[INFO] [stderr] warning: `telit-me310g1` (manifest) generated 1 warning
[INFO] [stderr]    Compiling syn v2.0.119
[INFO] [stderr]    Compiling futures-util v0.3.34
[INFO] [stderr]    Compiling mockall_derive v0.13.1
[INFO] [stderr]    Compiling test-case-core v3.4.0
[INFO] [stderr]    Compiling konst_macro_rules v0.2.19
[INFO] [stderr]    Compiling const_format_proc_macros v0.2.34
[INFO] [stderr]    Compiling predicates v3.1.4
[INFO] [stderr]    Compiling fragile v2.1.0
[INFO] [stderr]    Compiling tokio-macros v2.7.2
[INFO] [stderr]    Compiling downcast v0.11.0
[INFO] [stderr]    Compiling indoc v2.0.8
[INFO] [stderr]    Compiling konst v0.2.20
[INFO] [stderr]    Compiling tokio v1.53.3
[INFO] [stderr]    Compiling const_format v0.2.36
[INFO] [stderr]    Compiling test-case-macros v3.4.0
[INFO] [stderr]    Compiling test-case v3.4.0
[INFO] [stderr]    Compiling embassy-sync v0.6.2
[INFO] [stderr]    Compiling embassy-time v0.3.2
[INFO] [stderr]    Compiling pin-project-internal v1.1.13
[INFO] [stderr]    Compiling pin-project v1.1.13
[INFO] [stderr]    Compiling thingbuf v0.1.6
[INFO] [stderr]    Compiling telit-me310g1 v0.1.0 (/opt/rustwide/workdir)
[INFO] [stderr]    Compiling mockall v0.13.1
[INFO] [stdout] warning: function pointer comparisons do not produce meaningful results since their addresses are not guaranteed to be unique
[INFO] [stdout]   --> src/validate_fn.rs:10:5
[INFO] [stdout]    |
[INFO] [stdout]  4 | #[cfg_attr(test, derive(Debug, PartialEq, Eq))]
[INFO] [stdout]    |                                --------- in this derive macro expansion
[INFO] [stdout] ...
[INFO] [stdout] 10 |     pub func: fn(text: &str) -> Option<&str>,
[INFO] [stdout]    |     ^^^^^^^^^^^^^^^^^^^^^^^^^^^^^^^^^^^^^^^^
[INFO] [stdout]    |
[INFO] [stdout]    = note: the address of the same function can vary between different codegen units
[INFO] [stdout]    = note: furthermore, different functions could have the same address after being merged together
[INFO] [stdout]    = note: for more information visit <https://doc.rust-lang.org/nightly/core/ptr/fn.fn_addr_eq.html>
[INFO] [stdout]    = note: `#[warn(unpredictable_function_pointer_comparisons)]` on by default
[INFO] [stdout] 
[INFO] [stdout] 
[INFO] [stdout] error: linking with `cc` failed: exit status: 1
[INFO] [stdout]   |
[INFO] [stdout]   = note:  "cc" "-m64" "/opt/rustwide/target/release/deps/rustcMpGSJQ/symbols.o" "<17 object files omitted>" "-Wl,--as-needed" "-Wl,-Bstatic" "<sysroot>/lib/rustlib/x86_64-unknown-linux-gnu/lib/{libtest-*,libgetopts-*,librustc_std_workspace_std-*}.rlib" "/opt/rustwide/target/release/deps/{libtokio-da8ff614a3ab791e,libsignal_hook_registry-b028cb6efb78edfa,liberrno-d32188589baf5234,libsocket2-224666075fb59305,libbytes-654f8a7a557a4087,libmio-53909504ada076ee,libparking_lot-a021e2a12a8647b2,libparking_lot_core-aec450091862b29e,liblibc-a0a6e54f1566fa83,libsmallvec-c6e2966b1f10a4c6,liblock_api-0c6a3406bef68330,libscopeguard-5f9373ec660020b4,libstatic_cell-9e302b363c24b69d,libportable_atomic-0761b0f45d78d977,libmockall-c56290b30384c763,libcfg_if-aebc73b2fc35ea49,libpredicates_tree-08c5bcbb5c436cc4,libtermtree-efaf6540a5e759d2,libpredicates-1446224e3cc11bb5,libanstyle-bd06819c7e2cd060,libpredicates_core-9a97ee5590f5d53b,libfragile-73553fb98a3234a0,libdowncast-e03916ba1be9afa6,libthingbuf-8b289e92500bd000,libpin_project-2883101dff4c0113,libembassy_time-47dd6fcd5ee716e7,libembassy_time_queue_driver-bcf09b7f9f90b2d9,libembedded_hal-57890e751fcd266c,libvoid-58d61b18b44b0b6c,libnb-c55d99e3e7c9fbd8,libnb-226f7ba4cc4c327f,libembedded_hal_async-2cc5579bf46c67ae,libembedded_hal-daa72772ba7638a3,libembassy_time_driver-7f227a619b628a33,libembassy_sync-e4cd8904d33f6f6b,libfutures_util-11bfebb2c9f8d3c2,libpin_project_lite-9a89bb36c0c56875,libfutures_task-54459c714422b34b,libfutures_core-000e9c1bb1a1e1f4,libfutures_sink-1eb7075923b7c1a2,libembedded_io_async-8f7207653354b28c,libcritical_section-b4d1ee6b61009441,libheapless-a0d56f5d2c7fc7e6,libhash32-15ff014dd320e13a,libbyteorder-d0fb3ad4741450f8,libembassy_futures-1055b7090616a59c,libconst_format-1aac71b1506f291a,libkonst-417fd296a0a40681,libkonst_macro_rules-e176d15fc30569b3,libtest_case-33238eda850cc1d8,libnom-ce7f2f2fd0126d29,libmemchr-fe7d1aee4728a963,libembedded_io-e55112f35975f4fd,libdefmt-59441e53b9ca9f55,libdefmt-c070423fa0c9768f,libbitflags-68973b8086863992,libthiserror_no_std-928dc97b7903a040}.rlib" "<sysroot>/lib/rustlib/x86_64-unknown-linux-gnu/lib/{libstd-*,libpanic_unwind-*,libobject-*,libmemchr-*,libaddr2line-*,libgimli-*,libcfg_if-*,librustc_demangle-*,libstd_detect-*,libhashbrown-*,librustc_std_workspace_alloc-*,libminiz_oxide-*,libadler2-*,libunwind-*,liblibc-*,librustc_std_workspace_core-*,liballoc-*,libcore-*,libcompiler_builtins-*}.rlib" "-Wl,-Bdynamic" "-lgcc_s" "-lutil" "-lrt" "-lpthread" "-lm" "-ldl" "-lc" "-L" "/opt/rustwide/target/release/deps/rustcMpGSJQ/raw-dylibs" "-B<sysroot>/lib/rustlib/x86_64-unknown-linux-gnu/bin/gcc-ld" "-fuse-ld=lld" "-Wl,--eh-frame-hdr" "-Wl,-z,noexecstack" "-L" "/opt/rustwide/target/release/build/defmt-64859fe36df17d3b/out" "-L" "<sysroot>/lib/rustlib/x86_64-unknown-linux-gnu/lib" "-o" "/opt/rustwide/target/release/deps/telit_me310g1-a73511a574de8f0b" "-Wl,--gc-sections" "-pie" "-Wl,-z,relro,-z,now" "-Wl,-O1" "-Wl,--strip-debug" "-nodefaultlibs"
[INFO] [stdout]   = note: some arguments are omitted. use `--verbose` to show all linker arguments
[INFO] [stdout]   = note: rust-lld: error: undefined symbol: _defmt_panic
[INFO] [stdout]           >>> referenced by telit_me310g1.5294d74276dd91e3-cgu.04
[INFO] [stdout]           >>>               /opt/rustwide/target/release/deps/telit_me310g1-a73511a574de8f0b.telit_me310g1.5294d74276dd91e3-cgu.04.rcgu.o:(<embassy_sync::blocking_mutex::raw::NoopRawMutex as embassy_sync::blocking_mutex::raw::RawMutex>::lock::<core::result::Result<(), telit_me310g1::commands::radio_event::RadioEvent>, <embassy_sync::blocking_mutex::Mutex<embassy_sync::blocking_mutex::raw::NoopRawMutex, core::cell::RefCell<embassy_sync::pubsub::PubSubState<telit_me310g1::commands::radio_event::RadioEvent, 2, 2, 1>>>>::lock<core::result::Result<(), telit_me310g1::commands::radio_event::RadioEvent>, <embassy_sync::pubsub::PubSubChannel<embassy_sync::blocking_mutex::raw::NoopRawMutex, telit_me310g1::commands::radio_event::RadioEvent, 2, 2, 1> as embassy_sync::pubsub::SealedPubSubBehavior<telit_me310g1::commands::radio_event::RadioEvent>>::publish_with_context::{closure#0}>::{closure#0}>)
[INFO] [stdout]           >>> referenced by telit_me310g1.5294d74276dd91e3-cgu.08
[INFO] [stdout]           >>>               /opt/rustwide/target/release/deps/telit_me310g1-a73511a574de8f0b.telit_me310g1.5294d74276dd91e3-cgu.08.rcgu.o:(<embassy_sync::waitqueue::multi_waker::MultiWakerRegistration<2>>::register)
[INFO] [stdout]           
[INFO] [stdout]           rust-lld: error: undefined symbol: _embassy_time_now
[INFO] [stdout]           >>> referenced by embassy_time_driver.524f19ea873941e0-cgu.0
[INFO] [stdout]           >>>               embassy_time_driver-7f227a619b628a33.embassy_time_driver.524f19ea873941e0-cgu.0.rcgu.o:(embassy_time_driver::now) in archive /opt/rustwide/target/release/deps/libembassy_time_driver-7f227a619b628a33.rlib
[INFO] [stdout]           
[INFO] [stdout]           rust-lld: error: undefined symbol: _defmt_acquire
[INFO] [stdout]           >>> referenced by defmt.6917b69b10ba5ff7-cgu.0
[INFO] [stdout]           >>>               defmt-c070423fa0c9768f.defmt.6917b69b10ba5ff7-cgu.0.rcgu.o:(defmt::export::acquire_header_and_release) in archive /opt/rustwide/target/release/deps/libdefmt-c070423fa0c9768f.rlib
[INFO] [stdout]           
[INFO] [stdout]           rust-lld: error: undefined symbol: _defmt_write
[INFO] [stdout]           >>> referenced by defmt.6917b69b10ba5ff7-cgu.0
[INFO] [stdout]           >>>               defmt-c070423fa0c9768f.defmt.6917b69b10ba5ff7-cgu.0.rcgu.o:(defmt::export::acquire_header_and_release) in archive /opt/rustwide/target/release/deps/libdefmt-c070423fa0c9768f.rlib
[INFO] [stdout]           >>> referenced by defmt.6917b69b10ba5ff7-cgu.0
[INFO] [stdout]           >>>               defmt-c070423fa0c9768f.defmt.6917b69b10ba5ff7-cgu.0.rcgu.o:(defmt::export::integers::i64) in archive /opt/rustwide/target/release/deps/libdefmt-c070423fa0c9768f.rlib
[INFO] [stdout]           
[INFO] [stdout]           rust-lld: error: undefined symbol: _defmt_release
[INFO] [stdout]           >>> referenced by defmt.6917b69b10ba5ff7-cgu.0
[INFO] [stdout]           >>>               defmt-c070423fa0c9768f.defmt.6917b69b10ba5ff7-cgu.0.rcgu.o:(defmt::export::acquire_header_and_release) in archive /opt/rustwide/target/release/deps/libdefmt-c070423fa0c9768f.rlib
[INFO] [stdout]           collect2: error: ld returned 1 exit status
[INFO] [stdout]           
[INFO] [stdout] 
[INFO] [stdout] 
[INFO] [stderr] error: could not compile `telit-me310g1` (lib test) due to 1 previous error; 1 warning emitted
[INFO] running `Command { std: "docker" "inspect" "935fb84f530764723fd6c6a4094481faef72d02bccfdf942bf3f794cdac7a3f1", kill_on_drop: false }`
[INFO] running `Command { std: "docker" "rm" "-f" "935fb84f530764723fd6c6a4094481faef72d02bccfdf942bf3f794cdac7a3f1", kill_on_drop: false }`
[INFO] [stdout] 935fb84f530764723fd6c6a4094481faef72d02bccfdf942bf3f794cdac7a3f1
