[INFO] fetching crate teeny-kernels 0.2.0...
[INFO] testing teeny-kernels-0.2.0 against 1.99.0-beta.8+cargoflags=--release for beta-release-1.100-2
[INFO] extracting crate teeny-kernels 0.2.0 into /workspace/builds/worker-6-tc1/source
[INFO] started tweaking crates.io crate teeny-kernels 0.2.0
[INFO] removed 0 missing tests
[INFO] finished tweaking crates.io crate teeny-kernels 0.2.0
[INFO] tweaked toml for crates.io crate teeny-kernels 0.2.0 written to /workspace/builds/worker-6-tc1/source/Cargo.toml
[INFO] validating manifest of crates.io crate teeny-kernels 0.2.0 on toolchain 1.99.0-beta.8
[INFO] running `Command { std: CARGO_HOME="/workspace/cargo-home" RUSTUP_HOME="/workspace/rustup-home" "/workspace/cargo-home/bin/cargo" "+1.99.0-beta.8" "metadata" "--manifest-path" "Cargo.toml" "--no-deps", kill_on_drop: false }`
[INFO] crate crates.io crate teeny-kernels 0.2.0 already has a lockfile, it will not be regenerated
[INFO] running `Command { std: CARGO_HOME="/workspace/cargo-home" RUSTUP_HOME="/workspace/rustup-home" "/workspace/cargo-home/bin/cargo" "+1.99.0-beta.8" "fetch" "--manifest-path" "Cargo.toml", kill_on_drop: false }`
[INFO] [stderr]     Updating crates.io index
[INFO] [stderr]  Downloading crates ...
[INFO] [stderr]   Downloaded cargo-platform v0.3.3
[INFO] [stderr]   Downloaded teeny-triton v0.2.0
[INFO] [stderr]   Downloaded camino v1.2.5
[INFO] [stderr]   Downloaded teeny-core v0.2.0
[INFO] [stderr]   Downloaded teeny-macros v0.2.0
[INFO] [stderr]   Downloaded cargo_metadata v0.23.1
[INFO] [stderr]   Downloaded teeny-cuda v0.2.0
[INFO] [stderr]   Downloaded teeny-compiler v0.2.0
[INFO] [stderr]   Downloaded egg v0.11.0
[INFO] running `Command { std: "docker" "create" "-v" "/var/lib/crater-agent-workspace/builds/worker-6-tc1/source:/opt/rustwide/workdir:ro,Z" "-v" "/var/lib/crater-agent-workspace/builds/worker-6-tc1/target:/opt/rustwide/target:rw,Z" "-v" "/var/lib/crater-agent-workspace/cargo-home:/opt/rustwide/cargo-home:ro,Z" "-v" "/var/lib/crater-agent-workspace/rustup-home:/opt/rustwide/rustup-home:ro,Z" "-m" "1610612736" "--network" "none" "ghcr.io/rust-lang/crates-build-env/linux@sha256:77db811e55d90add9212f6832c23229e3de5f1c1f9905e8cb07319ea15df73ac" "sleep" "infinity", kill_on_drop: false }`
[INFO] [stdout] 890ef457fe57b93c5152d76c553cf8449b88722fab3d20abd2ca58b55ae48025
[INFO] running `Command { std: "docker" "start" "890ef457fe57b93c5152d76c553cf8449b88722fab3d20abd2ca58b55ae48025", kill_on_drop: false }`
[INFO] running `Command { std: "docker" "inspect" "890ef457fe57b93c5152d76c553cf8449b88722fab3d20abd2ca58b55ae48025", kill_on_drop: false }`
[INFO] running `Command { std: "docker" "exec" "-e" "SOURCE_DIR=/opt/rustwide/workdir" "-e" "CARGO_HOME=/opt/rustwide/cargo-home" "-e" "RUSTUP_HOME=/opt/rustwide/rustup-home" "-e" "CARGO_TARGET_DIR=/opt/rustwide/target" "-w" "/opt/rustwide/workdir" "--user" "0:0" "890ef457fe57b93c5152d76c553cf8449b88722fab3d20abd2ca58b55ae48025" "/opt/rustwide/cargo-home/bin/cargo" "+1.99.0-beta.8" "metadata" "--no-deps" "--format-version=1", kill_on_drop: false }`
[INFO] running `Command { std: "docker" "inspect" "890ef457fe57b93c5152d76c553cf8449b88722fab3d20abd2ca58b55ae48025", kill_on_drop: false }`
[INFO] running `Command { std: "docker" "exec" "-e" "SOURCE_DIR=/opt/rustwide/workdir" "-e" "CARGO_HOME=/opt/rustwide/cargo-home" "-e" "RUSTUP_HOME=/opt/rustwide/rustup-home" "-e" "CARGO_TARGET_DIR=/opt/rustwide/target" "-e" "CARGO_INCREMENTAL=0" "-e" "RUST_BACKTRACE=full" "-e" "RUSTFLAGS=--cap-lints=warn" "-e" "RUSTDOCFLAGS=--cap-lints=warn" "-w" "/opt/rustwide/workdir" "--user" "0:0" "890ef457fe57b93c5152d76c553cf8449b88722fab3d20abd2ca58b55ae48025" "/opt/rustwide/cargo-home/bin/cargo" "+1.99.0-beta.8" "build" "--frozen" "--message-format=json" "--release", kill_on_drop: false }`
[INFO] [stderr]    Compiling syn v2.0.119
[INFO] [stderr]    Compiling serde_core v1.0.229
[INFO] [stderr]    Compiling thiserror-impl v2.0.20
[INFO] [stderr]    Compiling serde_json v1.0.151
[INFO] [stderr]    Compiling camino v1.2.5
[INFO] [stderr]    Compiling thiserror v2.0.20
[INFO] [stderr]    Compiling serde_derive v1.0.229
[INFO] [stderr]    Compiling clang-sys v1.9.1
[INFO] [stderr]    Compiling bitflags v2.13.1
[INFO] [stderr]    Compiling libc v0.2.189
[INFO] [stderr]    Compiling crossbeam-utils v0.8.22
[INFO] [stderr]    Compiling regex-syntax v0.8.11
[INFO] [stderr]    Compiling log v0.4.33
[INFO] [stderr]    Compiling nom v7.1.3
[INFO] [stderr]    Compiling digest v0.11.3
[INFO] [stderr]    Compiling matrixmultiply v0.3.11
[INFO] [stderr]    Compiling proc-macro2 v1.0.107
[INFO] [stderr]    Compiling foldhash v0.1.5
[INFO] [stderr]    Compiling unicode-segmentation v1.13.3
[INFO] [stderr]    Compiling regex-automata v0.4.18
[INFO] [stderr]    Compiling either v1.17.0
[INFO] [stderr]    Compiling sha2 v0.11.0
[INFO] [stderr]    Compiling itertools v0.13.0
[INFO] [stderr]    Compiling cexpr v0.6.0
[INFO] [stderr]    Compiling convert_case v0.10.0
[INFO] [stderr]    Compiling quote v1.0.47
[INFO] [stderr]    Compiling hashbrown v0.15.5
[INFO] [stderr]    Compiling semver v1.0.28
[INFO] [stderr]    Compiling serde v1.0.229
[INFO] [stderr]    Compiling cargo-platform v0.3.3
[INFO] [stderr]    Compiling regex v1.13.1
[INFO] [stderr]    Compiling bindgen v0.72.1
[INFO] [stderr]    Compiling anyhow v1.0.104
[INFO] [stderr]    Compiling raw-cpuid v11.6.0
[INFO] [stderr]    Compiling smallvec v1.15.2
[INFO] [stderr]    Compiling teeny-core v0.2.0
[INFO] [stderr]    Compiling rustix v1.1.4
[INFO] [stderr]    Compiling darling_core v0.20.11
[INFO] [stderr]    Compiling cargo_metadata v0.23.1
[INFO] [stderr]    Compiling tracing-attributes v0.1.31
[INFO] [stderr]    Compiling thiserror-impl v1.0.69
[INFO] [stderr]    Compiling prettyplease v0.2.37
[INFO] [stderr]    Compiling quanta v0.12.6
[INFO] [stderr]    Compiling teeny-triton v0.2.0
[INFO] [stderr]    Compiling derive_more-impl v2.1.1
[INFO] [stderr]    Compiling darling_macro v0.20.11
[INFO] [stderr]    Compiling tracing v0.1.44
[INFO] [stderr]    Compiling thiserror v1.0.69
[INFO] [stderr]    Compiling darling v0.20.11
[INFO] [stderr]    Compiling derive_builder_core v0.20.2
[INFO] [stderr]    Compiling symbol_table v0.4.0
[INFO] [stderr]    Compiling tracing-log v0.2.0
[INFO] [stderr]    Compiling env_logger v0.9.3
[INFO] [stderr]    Compiling num-complex v0.4.6
[INFO] [stderr]    Compiling symbolic_expressions v5.0.3
[INFO] [stderr]    Compiling tracing-subscriber v0.3.23
[INFO] [stderr]    Compiling ndarray v0.17.2
[INFO] [stderr]    Compiling derive_builder_macro v0.20.2
[INFO] [stderr]    Compiling egg v0.11.0
[INFO] [stderr]    Compiling fd-lock v4.0.4
[INFO] [stderr]    Compiling derive_builder v0.20.2
[INFO] [stderr]    Compiling teeny-macros v0.2.0
[INFO] [stderr]    Compiling derive_more v2.1.1
[INFO] [stderr]    Compiling teeny-cuda v0.2.0
[INFO] [stderr] error: failed to run custom build command for `teeny-cuda v0.2.0`
[INFO] [stderr] note: To improve backtraces for build dependencies, set the CARGO_PROFILE_RELEASE_BUILD_OVERRIDE_DEBUG=true environment variable to enable debug information generation.
[INFO] [stderr] 
[INFO] [stderr] Caused by:
[INFO] [stderr]   process didn't exit successfully: `/opt/rustwide/target/release/build/teeny-cuda-66547e4d7d210b2d/build-script-build` (exit status: 101)
[INFO] [stderr]   --- stdout
[INFO] [stderr]   cargo:rustc-link-search=/usr/local/cuda/lib64
[INFO] [stderr]   cargo:rustc-link-search=/usr/local/cuda/lib64/stubs
[INFO] [stderr]   cargo:rustc-link-lib=cuda
[INFO] [stderr]   cargo:rustc-link-lib=cudart
[INFO] [stderr]   cargo:rustc-link-lib=nvrtc
[INFO] [stderr]   cargo:rustc-link-lib=nvptxcompiler_static
[INFO] [stderr]   cargo:rerun-if-changed=wrapper.h
[INFO] [stderr]   cargo:rerun-if-env-changed=TARGET
[INFO] [stderr]   cargo:rerun-if-env-changed=BINDGEN_EXTRA_CLANG_ARGS_x86_64-unknown-linux-gnu
[INFO] [stderr]   cargo:rerun-if-env-changed=BINDGEN_EXTRA_CLANG_ARGS_x86_64_unknown_linux_gnu
[INFO] [stderr]   cargo:rerun-if-env-changed=BINDGEN_EXTRA_CLANG_ARGS
[INFO] [stderr]   cargo:rerun-if-changed=wrapper.h
[INFO] [stderr] 
[INFO] [stderr]   --- stderr
[INFO] [stderr]   wrapper.h:17:10: fatal error: 'cuda.h' file not found
[INFO] [stderr] 
[INFO] [stderr]   thread 'main' (1158) panicked at /opt/rustwide/cargo-home/registry/src/index.crates.io-1949cf8c6b5b557f/teeny-cuda-0.2.0/build.rs:51:10:
[INFO] [stderr]   Unable to generate bindings: ClangDiagnostic("wrapper.h:17:10: fatal error: 'cuda.h' file not found\n")
[INFO] [stderr]   stack backtrace:
[INFO] [stderr]      0:     0x64c547dbb2d1 - <<std[70759c8f55707aa4]::sys::backtrace::BacktraceLock>::print::DisplayBacktrace as core[df12db4294e9bfd3]::fmt::Display>::fmt
[INFO] [stderr]      1:     0x64c547dd154a - core[df12db4294e9bfd3]::fmt::write
[INFO] [stderr]      2:     0x64c547dc034c - <std[70759c8f55707aa4]::sys::stdio::unix::Stderr as core[df12db4294e9bfd3]::io::write::Write>::write_fmt
[INFO] [stderr]      3:     0x64c547d978b6 - std[70759c8f55707aa4]::panicking::default_hook::{closure#0}
[INFO] [stderr]      4:     0x64c547db3221 - std[70759c8f55707aa4]::panicking::default_hook
[INFO] [stderr]      5:     0x64c547db354b - std[70759c8f55707aa4]::panicking::panic_with_hook
[INFO] [stderr]      6:     0x64c547d97962 - std[70759c8f55707aa4]::panicking::panic_handler::{closure#0}
[INFO] [stderr]      7:     0x64c547d90399 - std[70759c8f55707aa4]::sys::backtrace::__rust_end_short_backtrace::<std[70759c8f55707aa4]::panicking::panic_handler::{closure#0}, !>
[INFO] [stderr]      8:     0x64c547d9854d - __rustc[8fa7c3cbc660c2b3]::rust_begin_unwind
[INFO] [stderr]      9:     0x64c547dd1d6c - core[df12db4294e9bfd3]::panicking::panic_fmt
[INFO] [stderr]     10:     0x64c547dd1b42 - core[df12db4294e9bfd3]::result::unwrap_failed
[INFO] [stderr]     11:     0x64c54789905b - <core[df12db4294e9bfd3]::result::Result<bindgen[f9b713ebb1849617]::Bindings, bindgen[f9b713ebb1849617]::BindgenError>>::expect
[INFO] [stderr]     12:     0x64c547898ae4 - build_script_build[b34ee275b410010e]::main
[INFO] [stderr]     13:     0x64c54789a473 - <fn() as core[df12db4294e9bfd3]::ops::function::FnOnce<()>>::call_once
[INFO] [stderr]     14:     0x64c547898286 - std[70759c8f55707aa4]::sys::backtrace::__rust_begin_short_backtrace::<fn(), ()>
[INFO] [stderr]     15:     0x64c547898389 - std[70759c8f55707aa4]::rt::lang_start::<()>::{closure#0}
[INFO] [stderr]     16:     0x64c547db2549 - std[70759c8f55707aa4]::rt::lang_start_internal
[INFO] [stderr]     17:     0x64c547897f61 - std[70759c8f55707aa4]::rt::lang_start::<()>
[INFO] [stderr]     18:     0x64c54789a7a5 - main
[INFO] [stderr]     19:     0x724c5e9db601 - <unknown>
[INFO] [stderr]     20:     0x724c5e9db718 - __libc_start_main
[INFO] [stderr]     21:     0x64c5478973c5 - _start
[INFO] [stderr]     22:                0x0 - <unknown>
[INFO] [stderr] warning: build failed, waiting for other jobs to finish...
[INFO] running `Command { std: "docker" "inspect" "890ef457fe57b93c5152d76c553cf8449b88722fab3d20abd2ca58b55ae48025", kill_on_drop: false }`
[INFO] running `Command { std: "docker" "rm" "-f" "890ef457fe57b93c5152d76c553cf8449b88722fab3d20abd2ca58b55ae48025", kill_on_drop: false }`
[INFO] [stdout] 890ef457fe57b93c5152d76c553cf8449b88722fab3d20abd2ca58b55ae48025
