[INFO] fetching crate tear-client 0.1.43...
[INFO] testing tear-client-0.1.43 against 1.100.0-beta.1+cargoflags=--release for beta-release-1.100-2
[INFO] extracting crate tear-client 0.1.43 into /workspace/builds/worker-0-tc2/source
[INFO] started tweaking crates.io crate tear-client 0.1.43
[INFO] removed 0 missing tests
[INFO] finished tweaking crates.io crate tear-client 0.1.43
[INFO] tweaked toml for crates.io crate tear-client 0.1.43 written to /workspace/builds/worker-0-tc2/source/Cargo.toml
[INFO] validating manifest of crates.io crate tear-client 0.1.43 on toolchain 1.100.0-beta.1
[INFO] running `Command { std: CARGO_HOME="/workspace/cargo-home" RUSTUP_HOME="/workspace/rustup-home" "/workspace/cargo-home/bin/cargo" "+1.100.0-beta.1" "metadata" "--manifest-path" "Cargo.toml" "--no-deps", kill_on_drop: false }`
[INFO] crate crates.io crate tear-client 0.1.43 already has a lockfile, it will not be regenerated
[INFO] running `Command { std: CARGO_HOME="/workspace/cargo-home" RUSTUP_HOME="/workspace/rustup-home" "/workspace/cargo-home/bin/cargo" "+1.100.0-beta.1" "fetch" "--manifest-path" "Cargo.toml", kill_on_drop: false }`
[INFO] running `Command { std: "docker" "create" "-v" "/var/lib/crater-agent-workspace/builds/worker-0-tc2/source:/opt/rustwide/workdir:ro,Z" "-v" "/var/lib/crater-agent-workspace/builds/worker-0-tc2/target:/opt/rustwide/target:rw,Z" "-v" "/var/lib/crater-agent-workspace/cargo-home:/opt/rustwide/cargo-home:ro,Z" "-v" "/var/lib/crater-agent-workspace/rustup-home:/opt/rustwide/rustup-home:ro,Z" "-m" "1610612736" "--network" "none" "ghcr.io/rust-lang/crates-build-env/linux@sha256:77db811e55d90add9212f6832c23229e3de5f1c1f9905e8cb07319ea15df73ac" "sleep" "infinity", kill_on_drop: false }`
[INFO] [stdout] be982eb3efb0fe4cda188b536d103409be93f2608e43869f163999f45d79f637
[INFO] running `Command { std: "docker" "start" "be982eb3efb0fe4cda188b536d103409be93f2608e43869f163999f45d79f637", kill_on_drop: false }`
[INFO] running `Command { std: "docker" "inspect" "be982eb3efb0fe4cda188b536d103409be93f2608e43869f163999f45d79f637", kill_on_drop: false }`
[INFO] running `Command { std: "docker" "exec" "-e" "SOURCE_DIR=/opt/rustwide/workdir" "-e" "CARGO_HOME=/opt/rustwide/cargo-home" "-e" "RUSTUP_HOME=/opt/rustwide/rustup-home" "-e" "CARGO_TARGET_DIR=/opt/rustwide/target" "-w" "/opt/rustwide/workdir" "--user" "0:0" "be982eb3efb0fe4cda188b536d103409be93f2608e43869f163999f45d79f637" "/opt/rustwide/cargo-home/bin/cargo" "+1.100.0-beta.1" "metadata" "--no-deps" "--format-version=1", kill_on_drop: false }`
[INFO] running `Command { std: "docker" "inspect" "be982eb3efb0fe4cda188b536d103409be93f2608e43869f163999f45d79f637", kill_on_drop: false }`
[INFO] running `Command { std: "docker" "exec" "-e" "SOURCE_DIR=/opt/rustwide/workdir" "-e" "CARGO_HOME=/opt/rustwide/cargo-home" "-e" "RUSTUP_HOME=/opt/rustwide/rustup-home" "-e" "CARGO_TARGET_DIR=/opt/rustwide/target" "-e" "CARGO_INCREMENTAL=0" "-e" "RUST_BACKTRACE=full" "-e" "RUSTFLAGS=--cap-lints=warn" "-e" "RUSTDOCFLAGS=--cap-lints=warn" "-w" "/opt/rustwide/workdir" "--user" "0:0" "be982eb3efb0fe4cda188b536d103409be93f2608e43869f163999f45d79f637" "/opt/rustwide/cargo-home/bin/cargo" "+1.100.0-beta.1" "build" "--frozen" "--message-format=json" "--release", kill_on_drop: false }`
[INFO] [stderr]    Compiling proc-macro2 v1.0.107
[INFO] [stderr]    Compiling quote v1.0.47
[INFO] [stderr]    Compiling unicode-ident v1.0.24
[INFO] [stderr]    Compiling serde_core v1.0.229
[INFO] [stderr]    Compiling serde v1.0.229
[INFO] [stderr]    Compiling version_check v0.9.5
[INFO] [stderr]    Compiling cfg-if v1.0.4
[INFO] [stderr]    Compiling libc v0.2.189
[INFO] [stderr]    Compiling hashbrown v0.17.1
[INFO] [stderr]    Compiling equivalent v1.0.2
[INFO] [stderr]    Compiling itoa v1.0.18
[INFO] [stderr]    Compiling zmij v1.0.23
[INFO] [stderr]    Compiling find-msvc-tools v0.1.9
[INFO] [stderr]    Compiling thiserror v2.0.19
[INFO] [stderr]    Compiling shlex v2.0.1
[INFO] [stderr]    Compiling autocfg v1.5.1
[INFO] [stderr]    Compiling serde_json v1.0.151
[INFO] [stderr]    Compiling zerocopy v0.8.56
[INFO] [stderr]    Compiling memchr v2.8.3
[INFO] [stderr]    Compiling utf8parse v0.2.2
[INFO] [stderr]    Compiling cc v1.4.0
[INFO] [stderr]    Compiling yansi v1.0.1
[INFO] [stderr]    Compiling arrayref v0.3.9
[INFO] [stderr]    Compiling cpufeatures v0.3.0
[INFO] [stderr]    Compiling inotify-sys v0.1.8
[INFO] [stderr]    Compiling arrayvec v0.7.8
[INFO] [stderr]    Compiling constant_time_eq v0.4.2
[INFO] [stderr]    Compiling anstyle-parse v1.0.0
[INFO] [stderr]    Compiling rustversion v1.0.23
[INFO] [stderr]    Compiling unsafe-libyaml v0.2.11
[INFO] [stderr]    Compiling proc-macro2-diagnostics v0.10.1
[INFO] [stderr]    Compiling num-traits v0.2.19
[INFO] [stderr]    Compiling uncased v0.9.10
[INFO] [stderr]    Compiling anstyle v1.0.14
[INFO] [stderr]    Compiling toml_write v0.1.2
[INFO] [stderr]    Compiling anstyle-query v1.1.5
[INFO] [stderr]    Compiling winnow v0.7.15
[INFO] [stderr]    Compiling bitflags v2.13.1
[INFO] [stderr]    Compiling ryu v1.0.23
[INFO] [stderr]    Compiling colorchoice v1.0.5
[INFO] [stderr]    Compiling is_terminal_polyfill v1.70.2
[INFO] [stderr]    Compiling iana-time-zone v0.1.65
[INFO] [stderr]    Compiling figment v0.10.19
[INFO] [stderr]    Compiling heck v0.5.0
[INFO] [stderr]    Compiling log v0.4.33
[INFO] [stderr]    Compiling inventory v0.3.24
[INFO] [stderr]    Compiling anstream v1.0.0
[INFO] [stderr]    Compiling inlinable_string v0.1.15
[INFO] [stderr]    Compiling anyhow v1.0.104
[INFO] [stderr]    Compiling ciborium-io v0.2.2
[INFO] [stderr]    Compiling same-file v1.0.6
[INFO] [stderr]    Compiling clap_lex v1.1.0
[INFO] [stderr]    Compiling once_cell v1.21.4
[INFO] [stderr]    Compiling syn v3.0.3
[INFO] [stderr]    Compiling syn v2.0.119
[INFO] [stderr]    Compiling strsim v0.11.1
[INFO] [stderr]    Compiling walkdir v2.5.0
[INFO] [stderr]    Compiling notify-types v2.1.0
[INFO] [stderr]    Compiling clap_builder v4.6.6
[INFO] [stderr]    Compiling tracing-core v0.1.36
[INFO] [stderr]    Compiling parking_lot_core v0.9.12
[INFO] [stderr]    Compiling pin-project-lite v0.2.17
[INFO] [stderr]    Compiling mio v1.2.2
[INFO] [stderr]    Compiling arc-swap v1.9.2
[INFO] [stderr]    Compiling inotify v0.11.4
[INFO] [stderr]    Compiling scopeguard v1.2.0
[INFO] [stderr]    Compiling okiba v0.2.1
[INFO] [stderr]    Compiling smallvec v1.15.2
[INFO] [stderr]    Compiling lock_api v0.4.14
[INFO] [stderr]    Compiling parking_lot v0.12.5
[INFO] [stderr]    Compiling blake3 v1.8.6
[INFO] [stderr]    Compiling notify v8.2.0
[INFO] [stderr]    Compiling indexmap v2.14.0
[INFO] [stderr]    Compiling serde_bytes v0.11.19
[INFO] [stderr]    Compiling serde_derive v1.0.229
[INFO] [stderr]    Compiling thiserror-impl v2.0.19
[INFO] [stderr]    Compiling clap_derive v4.6.4
[INFO] [stderr]    Compiling async-trait v0.1.91
[INFO] [stderr]    Compiling zerocopy-derive v0.8.56
[INFO] [stderr]    Compiling pear_codegen v0.2.9
[INFO] [stderr]    Compiling tracing-attributes v0.1.31
[INFO] [stderr]    Compiling gen-macros v0.1.34
[INFO] [stderr]    Compiling pear v0.2.9
[INFO] [stderr]    Compiling tracing v0.1.44
[INFO] [stderr]    Compiling clap v4.6.6
[INFO] [stderr]    Compiling serde_spanned v0.6.9
[INFO] [stderr]    Compiling toml_datetime v0.6.11
[INFO] [stderr]    Compiling chrono v0.4.45
[INFO] [stderr]    Compiling irodori v0.1.1
[INFO] [stderr]    Compiling serde_yaml v0.9.34+deprecated
[INFO] [stderr]    Compiling kukaku v0.1.43
[INFO] [stderr]    Compiling serde_yaml_ng v0.10.0
[INFO] [stderr]    Compiling toml_edit v0.22.27
[INFO] [stderr]    Compiling ishou-tokens v0.1.14
[INFO] [stderr]    Compiling gen-types v0.1.34
[INFO] [stderr]    Compiling toml v0.8.23
[INFO] [stderr]    Compiling gen-platform v0.1.34
[INFO] [stderr]    Compiling half v2.7.1
[INFO] [stderr]    Compiling ciborium-ll v0.2.2
[INFO] [stderr]    Compiling ciborium v0.2.2
[INFO] [stderr]    Compiling tear-types v0.1.43
[INFO] [stderr]    Compiling shikumi v0.1.496
[INFO] [stderr]    Compiling tear-config v0.1.43
[INFO] [stderr]    Compiling tear-client v0.1.43 (/opt/rustwide/workdir)
[INFO] [stderr]     Finished `release` profile [optimized] target(s) in 1m 22s
[INFO] running `Command { std: "docker" "inspect" "be982eb3efb0fe4cda188b536d103409be93f2608e43869f163999f45d79f637", kill_on_drop: false }`
[INFO] running `Command { std: "docker" "exec" "-e" "SOURCE_DIR=/opt/rustwide/workdir" "-e" "CARGO_HOME=/opt/rustwide/cargo-home" "-e" "RUSTUP_HOME=/opt/rustwide/rustup-home" "-e" "CARGO_TARGET_DIR=/opt/rustwide/target" "-e" "CARGO_INCREMENTAL=0" "-e" "RUST_BACKTRACE=full" "-e" "RUSTFLAGS=--cap-lints=warn" "-e" "RUSTDOCFLAGS=--cap-lints=warn" "-w" "/opt/rustwide/workdir" "--user" "0:0" "be982eb3efb0fe4cda188b536d103409be93f2608e43869f163999f45d79f637" "/opt/rustwide/cargo-home/bin/cargo" "+1.100.0-beta.1" "test" "--frozen" "--no-run" "--message-format=json" "--release", kill_on_drop: false }`
[INFO] [stderr]    Compiling tear-client v0.1.43 (/opt/rustwide/workdir)
[INFO] [stdout] error[E0433]: cannot find module or crate `tear_core` in this scope
[INFO] [stdout]    --> tests/wire_loss.rs:412:27
[INFO] [stdout]     |
[INFO] [stdout] 412 |     let inproc = Arc::new(tear_core::InProcess::new());
[INFO] [stdout]     |                           ^^^^^^^^^ use of unresolved module or unlinked crate `tear_core`
[INFO] [stdout]     |
[INFO] [stdout]     = help: if you wanted to use a crate named `tear_core`, use `cargo add tear_core` to add it to your `Cargo.toml`
[INFO] [stdout] 
[INFO] [stdout] 
[INFO] [stdout] error[E0433]: cannot find module or crate `tear_daemon` in this scope
[INFO] [stdout]    --> tests/capability_probe.rs:293:19
[INFO] [stdout]     |
[INFO] [stdout] 293 |     let harness = tear_daemon::testing::DaemonHarness::new("cap-probe");
[INFO] [stdout]     |                   ^^^^^^^^^^^ use of unresolved module or unlinked crate `tear_daemon`
[INFO] [stdout]     |
[INFO] [stdout]     = help: if you wanted to use a crate named `tear_daemon`, use `cargo add tear_daemon` to add it to your `Cargo.toml`
[INFO] [stdout] 
[INFO] [stdout] 
[INFO] [stdout] error[E0433]: cannot find module or crate `tear_core` in this scope
[INFO] [stdout]    --> tests/capability_probe.rs:359:18
[INFO] [stdout]     |
[INFO] [stdout] 359 |     let inproc = tear_core::InProcess::new();
[INFO] [stdout]     |                  ^^^^^^^^^ use of unresolved module or unlinked crate `tear_core`
[INFO] [stdout]     |
[INFO] [stdout]     = help: if you wanted to use a crate named `tear_core`, use `cargo add tear_core` to add it to your `Cargo.toml`
[INFO] [stdout] 
[INFO] [stdout] 
[INFO] [stdout] error[E0433]: cannot find module or crate `tear_core` in this scope
[INFO] [stdout]     --> src/lib.rs:1419:31
[INFO] [stdout]      |
[INFO] [stdout] 1419 |         let inproc = Arc::new(tear_core::InProcess::new());
[INFO] [stdout]      |                               ^^^^^^^^^ use of unresolved module or unlinked crate `tear_core`
[INFO] [stdout]      |
[INFO] [stdout]      = help: if you wanted to use a crate named `tear_core`, use `cargo add tear_core` to add it to your `Cargo.toml`
[INFO] [stdout] 
[INFO] [stdout] 
[INFO] [stdout] error[E0433]: cannot find module or crate `tear_daemon` in this scope
[INFO] [stdout]    --> tests/wire_loss.rs:419:25
[INFO] [stdout]     |
[INFO] [stdout] 419 |                 let _ = tear_daemon::serve_connection_with_auth(
[INFO] [stdout]     |                         ^^^^^^^^^^^ use of unresolved module or unlinked crate `tear_daemon`
[INFO] [stdout]     |
[INFO] [stdout]     = help: if you wanted to use a crate named `tear_daemon`, use `cargo add tear_daemon` to add it to your `Cargo.toml`
[INFO] [stdout] 
[INFO] [stdout] 
[INFO] [stdout] error[E0433]: cannot find module or crate `tear_core` in this scope
[INFO] [stdout]     --> src/lib.rs:1483:31
[INFO] [stdout]      |
[INFO] [stdout] 1483 |         let inproc = Arc::new(tear_core::InProcess::new());
[INFO] [stdout]      |                               ^^^^^^^^^ use of unresolved module or unlinked crate `tear_core`
[INFO] [stdout]      |
[INFO] [stdout]      = help: if you wanted to use a crate named `tear_core`, use `cargo add tear_core` to add it to your `Cargo.toml`
[INFO] [stdout] 
[INFO] [stdout] 
[INFO] [stdout] error[E0433]: cannot find module or crate `tear_core` in this scope
[INFO] [stdout]     --> src/lib.rs:1550:31
[INFO] [stdout]      |
[INFO] [stdout] 1550 |         let inproc = Arc::new(tear_core::InProcess::new());
[INFO] [stdout]      |                               ^^^^^^^^^ use of unresolved module or unlinked crate `tear_core`
[INFO] [stdout]      |
[INFO] [stdout]      = help: if you wanted to use a crate named `tear_core`, use `cargo add tear_core` to add it to your `Cargo.toml`
[INFO] [stdout] 
[INFO] [stdout] 
[INFO] [stderr] error: could not compile `tear-client` (test "capability_probe") due to 2 previous errors
[INFO] [stdout] For more information about this error, try `rustc --explain E0433`.
[INFO] [stdout] 
[INFO] [stderr] warning: build failed, waiting for other jobs to finish...
[INFO] [stdout] error[E0433]: cannot find module or crate `tear_core` in this scope
[INFO] [stdout]     --> src/lib.rs:1608:31
[INFO] [stdout]      |
[INFO] [stdout] 1608 |         let inproc = Arc::new(tear_core::InProcess::new());
[INFO] [stdout]      |                               ^^^^^^^^^ use of unresolved module or unlinked crate `tear_core`
[INFO] [stdout]      |
[INFO] [stdout]      = help: if you wanted to use a crate named `tear_core`, use `cargo add tear_core` to add it to your `Cargo.toml`
[INFO] [stdout] 
[INFO] [stdout] 
[INFO] [stderr] error: could not compile `tear-client` (test "wire_loss") due to 2 previous errors
[INFO] [stdout] For more information about this error, try `rustc --explain E0433`.
[INFO] [stdout] 
[INFO] [stdout] error[E0433]: cannot find module or crate `tear_core` in this scope
[INFO] [stdout]     --> src/lib.rs:1682:31
[INFO] [stdout]      |
[INFO] [stdout] 1682 |         let inproc = Arc::new(tear_core::InProcess::new());
[INFO] [stdout]      |                               ^^^^^^^^^ use of unresolved module or unlinked crate `tear_core`
[INFO] [stdout]      |
[INFO] [stdout]      = help: if you wanted to use a crate named `tear_core`, use `cargo add tear_core` to add it to your `Cargo.toml`
[INFO] [stdout] 
[INFO] [stdout] 
[INFO] [stdout] error[E0433]: cannot find module or crate `tear_core` in this scope
[INFO] [stdout]     --> src/lib.rs:1719:31
[INFO] [stdout]      |
[INFO] [stdout] 1719 |         let inproc = Arc::new(tear_core::InProcess::new());
[INFO] [stdout]      |                               ^^^^^^^^^ use of unresolved module or unlinked crate `tear_core`
[INFO] [stdout]      |
[INFO] [stdout]      = help: if you wanted to use a crate named `tear_core`, use `cargo add tear_core` to add it to your `Cargo.toml`
[INFO] [stdout] 
[INFO] [stdout] 
[INFO] [stdout] error[E0433]: cannot find module or crate `tear_core` in this scope
[INFO] [stdout]     --> src/lib.rs:1754:31
[INFO] [stdout]      |
[INFO] [stdout] 1754 |         let inproc = Arc::new(tear_core::InProcess::new());
[INFO] [stdout]      |                               ^^^^^^^^^ use of unresolved module or unlinked crate `tear_core`
[INFO] [stdout]      |
[INFO] [stdout]      = help: if you wanted to use a crate named `tear_core`, use `cargo add tear_core` to add it to your `Cargo.toml`
[INFO] [stdout] 
[INFO] [stdout] 
[INFO] [stdout] error[E0433]: cannot find module or crate `tear_core` in this scope
[INFO] [stdout]     --> src/lib.rs:1811:31
[INFO] [stdout]      |
[INFO] [stdout] 1811 |         let inproc = Arc::new(tear_core::InProcess::new());
[INFO] [stdout]      |                               ^^^^^^^^^ use of unresolved module or unlinked crate `tear_core`
[INFO] [stdout]      |
[INFO] [stdout]      = help: if you wanted to use a crate named `tear_core`, use `cargo add tear_core` to add it to your `Cargo.toml`
[INFO] [stdout] 
[INFO] [stdout] 
[INFO] [stdout] error[E0433]: cannot find module or crate `tear_core` in this scope
[INFO] [stdout]     --> src/lib.rs:1855:31
[INFO] [stdout]      |
[INFO] [stdout] 1855 |         let inproc = Arc::new(tear_core::InProcess::new());
[INFO] [stdout]      |                               ^^^^^^^^^ use of unresolved module or unlinked crate `tear_core`
[INFO] [stdout]      |
[INFO] [stdout]      = help: if you wanted to use a crate named `tear_core`, use `cargo add tear_core` to add it to your `Cargo.toml`
[INFO] [stdout] 
[INFO] [stdout] 
[INFO] [stdout] error[E0433]: cannot find module or crate `tear_core` in this scope
[INFO] [stdout]     --> src/lib.rs:1906:31
[INFO] [stdout]      |
[INFO] [stdout] 1906 |         let inproc = Arc::new(tear_core::InProcess::new());
[INFO] [stdout]      |                               ^^^^^^^^^ use of unresolved module or unlinked crate `tear_core`
[INFO] [stdout]      |
[INFO] [stdout]      = help: if you wanted to use a crate named `tear_core`, use `cargo add tear_core` to add it to your `Cargo.toml`
[INFO] [stdout] 
[INFO] [stdout] 
[INFO] [stdout] error[E0433]: cannot find module or crate `tear_core` in this scope
[INFO] [stdout]     --> src/lib.rs:1989:31
[INFO] [stdout]      |
[INFO] [stdout] 1989 |         let inproc = Arc::new(tear_core::InProcess::new());
[INFO] [stdout]      |                               ^^^^^^^^^ use of unresolved module or unlinked crate `tear_core`
[INFO] [stdout]      |
[INFO] [stdout]      = help: if you wanted to use a crate named `tear_core`, use `cargo add tear_core` to add it to your `Cargo.toml`
[INFO] [stdout] 
[INFO] [stdout] 
[INFO] [stdout] error[E0433]: cannot find module or crate `tear_core` in this scope
[INFO] [stdout]     --> src/lib.rs:2012:31
[INFO] [stdout]      |
[INFO] [stdout] 2012 |         let inproc = Arc::new(tear_core::InProcess::new());
[INFO] [stdout]      |                               ^^^^^^^^^ use of unresolved module or unlinked crate `tear_core`
[INFO] [stdout]      |
[INFO] [stdout]      = help: if you wanted to use a crate named `tear_core`, use `cargo add tear_core` to add it to your `Cargo.toml`
[INFO] [stdout] 
[INFO] [stdout] 
[INFO] [stdout] error[E0433]: cannot find module or crate `tear_core` in this scope
[INFO] [stdout]     --> src/lib.rs:2046:65
[INFO] [stdout]      |
[INFO] [stdout] 2046 |         let first = tear_daemon::start(socket.clone(), Arc::new(tear_core::InProcess::new()))
[INFO] [stdout]      |                                                                 ^^^^^^^^^ use of unresolved module or unlinked crate `tear_core`
[INFO] [stdout]      |
[INFO] [stdout]      = help: if you wanted to use a crate named `tear_core`, use `cargo add tear_core` to add it to your `Cargo.toml`
[INFO] [stdout] 
[INFO] [stdout] 
[INFO] [stdout] error[E0433]: cannot find module or crate `tear_core` in this scope
[INFO] [stdout]     --> src/lib.rs:2052:66
[INFO] [stdout]      |
[INFO] [stdout] 2052 |         let second = tear_daemon::start(socket.clone(), Arc::new(tear_core::InProcess::new()))
[INFO] [stdout]      |                                                                  ^^^^^^^^^ use of unresolved module or unlinked crate `tear_core`
[INFO] [stdout]      |
[INFO] [stdout]      = help: if you wanted to use a crate named `tear_core`, use `cargo add tear_core` to add it to your `Cargo.toml`
[INFO] [stdout] 
[INFO] [stdout] 
[INFO] [stdout] error[E0433]: cannot find module or crate `tear_core` in this scope
[INFO] [stdout]     --> src/lib.rs:2075:31
[INFO] [stdout]      |
[INFO] [stdout] 2075 |         let inproc = Arc::new(tear_core::InProcess::new());
[INFO] [stdout]      |                               ^^^^^^^^^ use of unresolved module or unlinked crate `tear_core`
[INFO] [stdout]      |
[INFO] [stdout]      = help: if you wanted to use a crate named `tear_core`, use `cargo add tear_core` to add it to your `Cargo.toml`
[INFO] [stdout] 
[INFO] [stdout] 
[INFO] [stdout] error[E0433]: cannot find module or crate `tear_core` in this scope
[INFO] [stdout]     --> src/lib.rs:2099:31
[INFO] [stdout]      |
[INFO] [stdout] 2099 |         let inproc = Arc::new(tear_core::InProcess::new());
[INFO] [stdout]      |                               ^^^^^^^^^ use of unresolved module or unlinked crate `tear_core`
[INFO] [stdout]      |
[INFO] [stdout]      = help: if you wanted to use a crate named `tear_core`, use `cargo add tear_core` to add it to your `Cargo.toml`
[INFO] [stdout] 
[INFO] [stdout] 
[INFO] [stdout] error[E0433]: cannot find module or crate `tear_core` in this scope
[INFO] [stdout]     --> src/lib.rs:2138:31
[INFO] [stdout]      |
[INFO] [stdout] 2138 |         let inproc = Arc::new(tear_core::InProcess::new());
[INFO] [stdout]      |                               ^^^^^^^^^ use of unresolved module or unlinked crate `tear_core`
[INFO] [stdout]      |
[INFO] [stdout]      = help: if you wanted to use a crate named `tear_core`, use `cargo add tear_core` to add it to your `Cargo.toml`
[INFO] [stdout] 
[INFO] [stdout] 
[INFO] [stdout] error[E0433]: cannot find module or crate `tear_core` in this scope
[INFO] [stdout]     --> src/lib.rs:2190:31
[INFO] [stdout]      |
[INFO] [stdout] 2190 |         let inproc = Arc::new(tear_core::InProcess::new());
[INFO] [stdout]      |                               ^^^^^^^^^ use of unresolved module or unlinked crate `tear_core`
[INFO] [stdout]      |
[INFO] [stdout]      = help: if you wanted to use a crate named `tear_core`, use `cargo add tear_core` to add it to your `Cargo.toml`
[INFO] [stdout] 
[INFO] [stdout] 
[INFO] [stdout] error[E0433]: cannot find module or crate `tear_core` in this scope
[INFO] [stdout]     --> src/lib.rs:2237:31
[INFO] [stdout]      |
[INFO] [stdout] 2237 |         let inproc = Arc::new(tear_core::InProcess::new());
[INFO] [stdout]      |                               ^^^^^^^^^ use of unresolved module or unlinked crate `tear_core`
[INFO] [stdout]      |
[INFO] [stdout]      = help: if you wanted to use a crate named `tear_core`, use `cargo add tear_core` to add it to your `Cargo.toml`
[INFO] [stdout] 
[INFO] [stdout] 
[INFO] [stdout] error[E0433]: cannot find module or crate `tear_core` in this scope
[INFO] [stdout]     --> src/lib.rs:2298:31
[INFO] [stdout]      |
[INFO] [stdout] 2298 |         let inproc = Arc::new(tear_core::InProcess::new());
[INFO] [stdout]      |                               ^^^^^^^^^ use of unresolved module or unlinked crate `tear_core`
[INFO] [stdout]      |
[INFO] [stdout]      = help: if you wanted to use a crate named `tear_core`, use `cargo add tear_core` to add it to your `Cargo.toml`
[INFO] [stdout] 
[INFO] [stdout] 
[INFO] [stdout] error[E0433]: cannot find module or crate `tear_core` in this scope
[INFO] [stdout]     --> src/lib.rs:2366:39
[INFO] [stdout]      |
[INFO] [stdout] 2366 |                 let inproc = Arc::new(tear_core::InProcess::new());
[INFO] [stdout]      |                                       ^^^^^^^^^ use of unresolved module or unlinked crate `tear_core`
[INFO] [stdout]      |
[INFO] [stdout]      = help: if you wanted to use a crate named `tear_core`, use `cargo add tear_core` to add it to your `Cargo.toml`
[INFO] [stdout] 
[INFO] [stdout] 
[INFO] [stdout] error[E0433]: cannot find module or crate `tear_core` in this scope
[INFO] [stdout]     --> src/lib.rs:2420:31
[INFO] [stdout]      |
[INFO] [stdout] 2420 |         let inproc = Arc::new(tear_core::InProcess::new());
[INFO] [stdout]      |                               ^^^^^^^^^ use of unresolved module or unlinked crate `tear_core`
[INFO] [stdout]      |
[INFO] [stdout]      = help: if you wanted to use a crate named `tear_core`, use `cargo add tear_core` to add it to your `Cargo.toml`
[INFO] [stdout] 
[INFO] [stdout] 
[INFO] [stdout] error[E0433]: cannot find module or crate `tear_daemon` in this scope
[INFO] [stdout]     --> src/lib.rs:1421:13
[INFO] [stdout]      |
[INFO] [stdout] 1421 |             tear_daemon::start(socket.clone(), inproc.clone()).expect("daemon should start");
[INFO] [stdout]      |             ^^^^^^^^^^^ use of unresolved module or unlinked crate `tear_daemon`
[INFO] [stdout]      |
[INFO] [stdout]      = help: if you wanted to use a crate named `tear_daemon`, use `cargo add tear_daemon` to add it to your `Cargo.toml`
[INFO] [stdout] 
[INFO] [stdout] 
[INFO] [stdout] error[E0433]: cannot find module or crate `tear_daemon` in this scope
[INFO] [stdout]     --> src/lib.rs:1484:22
[INFO] [stdout]      |
[INFO] [stdout] 1484 |         let daemon = tear_daemon::start(socket.clone(), inproc.clone()).expect("daemon start");
[INFO] [stdout]      |                      ^^^^^^^^^^^ use of unresolved module or unlinked crate `tear_daemon`
[INFO] [stdout]      |
[INFO] [stdout]      = help: if you wanted to use a crate named `tear_daemon`, use `cargo add tear_daemon` to add it to your `Cargo.toml`
[INFO] [stdout] 
[INFO] [stdout] 
[INFO] [stdout] error[E0433]: cannot find module or crate `tear_daemon` in this scope
[INFO] [stdout]     --> src/lib.rs:1551:22
[INFO] [stdout]      |
[INFO] [stdout] 1551 |         let daemon = tear_daemon::start(socket.clone(), inproc).expect("daemon");
[INFO] [stdout]      |                      ^^^^^^^^^^^ use of unresolved module or unlinked crate `tear_daemon`
[INFO] [stdout]      |
[INFO] [stdout]      = help: if you wanted to use a crate named `tear_daemon`, use `cargo add tear_daemon` to add it to your `Cargo.toml`
[INFO] [stdout] 
[INFO] [stdout] 
[INFO] [stdout] error[E0433]: cannot find module or crate `tear_daemon` in this scope
[INFO] [stdout]     --> src/lib.rs:1609:22
[INFO] [stdout]      |
[INFO] [stdout] 1609 |         let daemon = tear_daemon::start(socket.clone(), inproc).expect("daemon");
[INFO] [stdout]      |                      ^^^^^^^^^^^ use of unresolved module or unlinked crate `tear_daemon`
[INFO] [stdout]      |
[INFO] [stdout]      = help: if you wanted to use a crate named `tear_daemon`, use `cargo add tear_daemon` to add it to your `Cargo.toml`
[INFO] [stdout] 
[INFO] [stdout] 
[INFO] [stdout] error[E0433]: cannot find module or crate `tear_daemon` in this scope
[INFO] [stdout]     --> src/lib.rs:1683:22
[INFO] [stdout]      |
[INFO] [stdout] 1683 |         let daemon = tear_daemon::start(socket.clone(), inproc).expect("daemon");
[INFO] [stdout]      |                      ^^^^^^^^^^^ use of unresolved module or unlinked crate `tear_daemon`
[INFO] [stdout]      |
[INFO] [stdout]      = help: if you wanted to use a crate named `tear_daemon`, use `cargo add tear_daemon` to add it to your `Cargo.toml`
[INFO] [stdout] 
[INFO] [stdout] 
[INFO] [stdout] error[E0433]: cannot find module or crate `tear_daemon` in this scope
[INFO] [stdout]     --> src/lib.rs:1720:22
[INFO] [stdout]      |
[INFO] [stdout] 1720 |         let daemon = tear_daemon::start(socket.clone(), inproc.clone()).expect("daemon");
[INFO] [stdout]      |                      ^^^^^^^^^^^ use of unresolved module or unlinked crate `tear_daemon`
[INFO] [stdout]      |
[INFO] [stdout]      = help: if you wanted to use a crate named `tear_daemon`, use `cargo add tear_daemon` to add it to your `Cargo.toml`
[INFO] [stdout] 
[INFO] [stdout] 
[INFO] [stdout] error[E0433]: cannot find module or crate `tear_daemon` in this scope
[INFO] [stdout]     --> src/lib.rs:1755:22
[INFO] [stdout]      |
[INFO] [stdout] 1755 |         let daemon = tear_daemon::start(socket.clone(), inproc).expect("daemon");
[INFO] [stdout]      |                      ^^^^^^^^^^^ use of unresolved module or unlinked crate `tear_daemon`
[INFO] [stdout]      |
[INFO] [stdout]      = help: if you wanted to use a crate named `tear_daemon`, use `cargo add tear_daemon` to add it to your `Cargo.toml`
[INFO] [stdout] 
[INFO] [stdout] 
[INFO] [stdout] error[E0433]: cannot find module or crate `tear_daemon` in this scope
[INFO] [stdout]     --> src/lib.rs:1821:13
[INFO] [stdout]      |
[INFO] [stdout] 1821 |             tear_daemon::start_with_config(socket.clone(), inproc, live.clone()).expect("daemon");
[INFO] [stdout]      |             ^^^^^^^^^^^ use of unresolved module or unlinked crate `tear_daemon`
[INFO] [stdout]      |
[INFO] [stdout]      = help: if you wanted to use a crate named `tear_daemon`, use `cargo add tear_daemon` to add it to your `Cargo.toml`
[INFO] [stdout] 
[INFO] [stdout] 
[INFO] [stdout] error[E0433]: cannot find module or crate `tear_daemon` in this scope
[INFO] [stdout]     --> src/lib.rs:1858:13
[INFO] [stdout]      |
[INFO] [stdout] 1858 |             tear_daemon::start_with_config(socket.clone(), inproc, live.clone()).expect("daemon");
[INFO] [stdout]      |             ^^^^^^^^^^^ use of unresolved module or unlinked crate `tear_daemon`
[INFO] [stdout]      |
[INFO] [stdout]      = help: if you wanted to use a crate named `tear_daemon`, use `cargo add tear_daemon` to add it to your `Cargo.toml`
[INFO] [stdout] 
[INFO] [stdout] 
[INFO] [stdout] error[E0433]: cannot find module or crate `tear_daemon` in this scope
[INFO] [stdout]     --> src/lib.rs:1907:22
[INFO] [stdout]      |
[INFO] [stdout] 1907 |         let daemon = tear_daemon::start(socket.clone(), inproc).expect("daemon");
[INFO] [stdout]      |                      ^^^^^^^^^^^ use of unresolved module or unlinked crate `tear_daemon`
[INFO] [stdout]      |
[INFO] [stdout]      = help: if you wanted to use a crate named `tear_daemon`, use `cargo add tear_daemon` to add it to your `Cargo.toml`
[INFO] [stdout] 
[INFO] [stdout] 
[INFO] [stdout] error[E0433]: cannot find module or crate `tear_daemon` in this scope
[INFO] [stdout]     --> src/lib.rs:1991:22
[INFO] [stdout]      |
[INFO] [stdout] 1991 |         let daemon = tear_daemon::start_with_config(socket.clone(), inproc, live).expect("daemon");
[INFO] [stdout]      |                      ^^^^^^^^^^^ use of unresolved module or unlinked crate `tear_daemon`
[INFO] [stdout]      |
[INFO] [stdout]      = help: if you wanted to use a crate named `tear_daemon`, use `cargo add tear_daemon` to add it to your `Cargo.toml`
[INFO] [stdout] 
[INFO] [stdout] 
[INFO] [stdout] error[E0433]: cannot find module or crate `tear_daemon` in this scope
[INFO] [stdout]     --> src/lib.rs:2020:13
[INFO] [stdout]      |
[INFO] [stdout] 2020 |             tear_daemon::start_with_config(socket.clone(), inproc, live.clone()).expect("daemon");
[INFO] [stdout]      |             ^^^^^^^^^^^ use of unresolved module or unlinked crate `tear_daemon`
[INFO] [stdout]      |
[INFO] [stdout]      = help: if you wanted to use a crate named `tear_daemon`, use `cargo add tear_daemon` to add it to your `Cargo.toml`
[INFO] [stdout] 
[INFO] [stdout] 
[INFO] [stdout] error[E0433]: cannot find module or crate `tear_daemon` in this scope
[INFO] [stdout]     --> src/lib.rs:2046:21
[INFO] [stdout]      |
[INFO] [stdout] 2046 |         let first = tear_daemon::start(socket.clone(), Arc::new(tear_core::InProcess::new()))
[INFO] [stdout]      |                     ^^^^^^^^^^^ use of unresolved module or unlinked crate `tear_daemon`
[INFO] [stdout]      |
[INFO] [stdout]      = help: if you wanted to use a crate named `tear_daemon`, use `cargo add tear_daemon` to add it to your `Cargo.toml`
[INFO] [stdout] 
[INFO] [stdout] 
[INFO] [stdout] error[E0433]: cannot find module or crate `tear_daemon` in this scope
[INFO] [stdout]     --> src/lib.rs:2052:22
[INFO] [stdout]      |
[INFO] [stdout] 2052 |         let second = tear_daemon::start(socket.clone(), Arc::new(tear_core::InProcess::new()))
[INFO] [stdout]      |                      ^^^^^^^^^^^ use of unresolved module or unlinked crate `tear_daemon`
[INFO] [stdout]      |
[INFO] [stdout]      = help: if you wanted to use a crate named `tear_daemon`, use `cargo add tear_daemon` to add it to your `Cargo.toml`
[INFO] [stdout] 
[INFO] [stdout] 
[INFO] [stdout] error[E0433]: cannot find module or crate `tear_daemon` in this scope
[INFO] [stdout]     --> src/lib.rs:2076:22
[INFO] [stdout]      |
[INFO] [stdout] 2076 |         let daemon = tear_daemon::start(socket.clone(), inproc).expect("daemon start");
[INFO] [stdout]      |                      ^^^^^^^^^^^ use of unresolved module or unlinked crate `tear_daemon`
[INFO] [stdout]      |
[INFO] [stdout]      = help: if you wanted to use a crate named `tear_daemon`, use `cargo add tear_daemon` to add it to your `Cargo.toml`
[INFO] [stdout] 
[INFO] [stdout] 
[INFO] [stdout] error[E0433]: cannot find module or crate `tear_daemon` in this scope
[INFO] [stdout]     --> src/lib.rs:2101:22
[INFO] [stdout]      |
[INFO] [stdout] 2101 |         let daemon = tear_daemon::start_with_config(socket.clone(), inproc, live).expect("daemon");
[INFO] [stdout]      |                      ^^^^^^^^^^^ use of unresolved module or unlinked crate `tear_daemon`
[INFO] [stdout]      |
[INFO] [stdout]      = help: if you wanted to use a crate named `tear_daemon`, use `cargo add tear_daemon` to add it to your `Cargo.toml`
[INFO] [stdout] 
[INFO] [stdout] 
[INFO] [stdout] error[E0433]: cannot find module or crate `tear_daemon` in this scope
[INFO] [stdout]     --> src/lib.rs:2140:22
[INFO] [stdout]      |
[INFO] [stdout] 2140 |         let daemon = tear_daemon::start_with_config(socket.clone(), inproc, live).expect("daemon");
[INFO] [stdout]      |                      ^^^^^^^^^^^ use of unresolved module or unlinked crate `tear_daemon`
[INFO] [stdout]      |
[INFO] [stdout]      = help: if you wanted to use a crate named `tear_daemon`, use `cargo add tear_daemon` to add it to your `Cargo.toml`
[INFO] [stdout] 
[INFO] [stdout] 
[INFO] [stdout] error[E0433]: cannot find module or crate `tear_daemon` in this scope
[INFO] [stdout]     --> src/lib.rs:2191:22
[INFO] [stdout]      |
[INFO] [stdout] 2191 |         let daemon = tear_daemon::start_tcp(addr, inproc).expect("daemon tcp");
[INFO] [stdout]      |                      ^^^^^^^^^^^ use of unresolved module or unlinked crate `tear_daemon`
[INFO] [stdout]      |
[INFO] [stdout]      = help: if you wanted to use a crate named `tear_daemon`, use `cargo add tear_daemon` to add it to your `Cargo.toml`
[INFO] [stdout] 
[INFO] [stdout] 
[INFO] [stdout] error[E0433]: cannot find module or crate `tear_daemon` in this scope
[INFO] [stdout]     --> src/lib.rs:2238:22
[INFO] [stdout]      |
[INFO] [stdout] 2238 |         let daemon = tear_daemon::start(socket.clone(), inproc).expect("daemon");
[INFO] [stdout]      |                      ^^^^^^^^^^^ use of unresolved module or unlinked crate `tear_daemon`
[INFO] [stdout]      |
[INFO] [stdout]      = help: if you wanted to use a crate named `tear_daemon`, use `cargo add tear_daemon` to add it to your `Cargo.toml`
[INFO] [stdout] 
[INFO] [stdout] 
[INFO] [stdout] error[E0433]: cannot find module or crate `tear_daemon` in this scope
[INFO] [stdout]     --> src/lib.rs:2300:22
[INFO] [stdout]      |
[INFO] [stdout] 2300 |         let daemon = tear_daemon::start_with_config(socket.clone(), inproc, live).expect("daemon");
[INFO] [stdout]      |                      ^^^^^^^^^^^ use of unresolved module or unlinked crate `tear_daemon`
[INFO] [stdout]      |
[INFO] [stdout]      = help: if you wanted to use a crate named `tear_daemon`, use `cargo add tear_daemon` to add it to your `Cargo.toml`
[INFO] [stdout] 
[INFO] [stdout] 
[INFO] [stdout] error[E0433]: cannot find module or crate `tear_daemon` in this scope
[INFO] [stdout]     --> src/lib.rs:2368:25
[INFO] [stdout]      |
[INFO] [stdout] 2368 |                 let _ = tear_daemon::serve_connection_with_auth(
[INFO] [stdout]      |                         ^^^^^^^^^^^ use of unresolved module or unlinked crate `tear_daemon`
[INFO] [stdout]      |
[INFO] [stdout]      = help: if you wanted to use a crate named `tear_daemon`, use `cargo add tear_daemon` to add it to your `Cargo.toml`
[INFO] [stdout] 
[INFO] [stdout] 
[INFO] [stdout] error[E0433]: cannot find module or crate `tear_daemon` in this scope
[INFO] [stdout]     --> src/lib.rs:2421:22
[INFO] [stdout]      |
[INFO] [stdout] 2421 |         let daemon = tear_daemon::start(socket.clone(), inproc).expect("start");
[INFO] [stdout]      |                      ^^^^^^^^^^^ use of unresolved module or unlinked crate `tear_daemon`
[INFO] [stdout]      |
[INFO] [stdout]      = help: if you wanted to use a crate named `tear_daemon`, use `cargo add tear_daemon` to add it to your `Cargo.toml`
[INFO] [stdout] 
[INFO] [stdout] 
[INFO] [stdout] For more information about this error, try `rustc --explain E0433`.
[INFO] [stdout] 
[INFO] [stderr] error: could not compile `tear-client` (lib test) due to 44 previous errors
[INFO] running `Command { std: "docker" "inspect" "be982eb3efb0fe4cda188b536d103409be93f2608e43869f163999f45d79f637", kill_on_drop: false }`
[INFO] running `Command { std: "docker" "rm" "-f" "be982eb3efb0fe4cda188b536d103409be93f2608e43869f163999f45d79f637", kill_on_drop: false }`
[INFO] [stdout] be982eb3efb0fe4cda188b536d103409be93f2608e43869f163999f45d79f637
