[INFO] fetching crate teaql-tool 2.0.0...
[INFO] testing teaql-tool-2.0.0 against 1.99.0-beta.8+cargoflags=--release for beta-release-1.100-2
[INFO] extracting crate teaql-tool 2.0.0 into /workspace/builds/worker-4-tc1/source
[INFO] started tweaking crates.io crate teaql-tool 2.0.0
[INFO] removed 0 missing examples
[INFO] removed 0 missing tests
[INFO] finished tweaking crates.io crate teaql-tool 2.0.0
[INFO] tweaked toml for crates.io crate teaql-tool 2.0.0 written to /workspace/builds/worker-4-tc1/source/Cargo.toml
[INFO] validating manifest of crates.io crate teaql-tool 2.0.0 on toolchain 1.99.0-beta.8
[INFO] running `Command { std: CARGO_HOME="/workspace/cargo-home" RUSTUP_HOME="/workspace/rustup-home" "/workspace/cargo-home/bin/cargo" "+1.99.0-beta.8" "metadata" "--manifest-path" "Cargo.toml" "--no-deps", kill_on_drop: false }`
[INFO] crate crates.io crate teaql-tool 2.0.0 already has a lockfile, it will not be regenerated
[INFO] running `Command { std: CARGO_HOME="/workspace/cargo-home" RUSTUP_HOME="/workspace/rustup-home" "/workspace/cargo-home/bin/cargo" "+1.99.0-beta.8" "fetch" "--manifest-path" "Cargo.toml", kill_on_drop: false }`
[INFO] [stderr]     Updating crates.io index
[INFO] [stderr]  Downloading crates ...
[INFO] [stderr]   Downloaded teaql-tool-core v2.0.0
[INFO] [stderr]   Downloaded similar v3.1.1
[INFO] [stderr]   Downloaded teaql-tool-std v2.0.0
[INFO] [stderr]   Downloaded jsonschema v0.46.5
[INFO] [stderr]   Downloaded referencing v0.46.5
[INFO] [stderr]   Downloaded iso_country v0.1.4
[INFO] [stderr]   Downloaded json-patch v4.2.0
[INFO] [stderr]   Downloaded iso_currency v0.5.3
[INFO] [stderr]   Downloaded teaql-tool-extra v2.0.0
[INFO] [stderr]   Downloaded lzma-rust2 v0.16.4
[INFO] [stderr]   Downloaded rust_xlsxwriter v0.95.0
[INFO] [stderr]   Downloaded pinyin v0.11.0
[INFO] [stderr]   Downloaded kqueue v1.2.0
[INFO] [stderr]   Downloaded phonenumber v0.3.9+9.0.21
[INFO] [stderr]   Downloaded cron v0.16.0
[INFO] [stderr]   Downloaded calamine v0.35.0
[INFO] [stderr]   Downloaded atoi_simd v0.17.0
[INFO] [stderr]   Downloaded barcoders v2.0.0
[INFO] running `Command { std: "docker" "create" "-v" "/var/lib/crater-agent-workspace/builds/worker-4-tc1/source:/opt/rustwide/workdir:ro,Z" "-v" "/var/lib/crater-agent-workspace/builds/worker-4-tc1/target:/opt/rustwide/target:rw,Z" "-v" "/var/lib/crater-agent-workspace/cargo-home:/opt/rustwide/cargo-home:ro,Z" "-v" "/var/lib/crater-agent-workspace/rustup-home:/opt/rustwide/rustup-home:ro,Z" "-m" "1610612736" "--network" "none" "ghcr.io/rust-lang/crates-build-env/linux@sha256:77db811e55d90add9212f6832c23229e3de5f1c1f9905e8cb07319ea15df73ac" "sleep" "infinity", kill_on_drop: false }`
[INFO] [stdout] 8688da30b89f66ed5edd47fe5abcd4a81d2228c0f6f14fe09b704f9214e9f4b7
[INFO] running `Command { std: "docker" "start" "8688da30b89f66ed5edd47fe5abcd4a81d2228c0f6f14fe09b704f9214e9f4b7", kill_on_drop: false }`
[INFO] running `Command { std: "docker" "inspect" "8688da30b89f66ed5edd47fe5abcd4a81d2228c0f6f14fe09b704f9214e9f4b7", kill_on_drop: false }`
[INFO] running `Command { std: "docker" "exec" "-e" "SOURCE_DIR=/opt/rustwide/workdir" "-e" "CARGO_HOME=/opt/rustwide/cargo-home" "-e" "RUSTUP_HOME=/opt/rustwide/rustup-home" "-e" "CARGO_TARGET_DIR=/opt/rustwide/target" "-w" "/opt/rustwide/workdir" "--user" "0:0" "8688da30b89f66ed5edd47fe5abcd4a81d2228c0f6f14fe09b704f9214e9f4b7" "/opt/rustwide/cargo-home/bin/cargo" "+1.99.0-beta.8" "metadata" "--no-deps" "--format-version=1", kill_on_drop: false }`
[INFO] running `Command { std: "docker" "inspect" "8688da30b89f66ed5edd47fe5abcd4a81d2228c0f6f14fe09b704f9214e9f4b7", kill_on_drop: false }`
[INFO] running `Command { std: "docker" "exec" "-e" "SOURCE_DIR=/opt/rustwide/workdir" "-e" "CARGO_HOME=/opt/rustwide/cargo-home" "-e" "RUSTUP_HOME=/opt/rustwide/rustup-home" "-e" "CARGO_TARGET_DIR=/opt/rustwide/target" "-e" "CARGO_INCREMENTAL=0" "-e" "RUST_BACKTRACE=full" "-e" "RUSTFLAGS=--cap-lints=warn" "-e" "RUSTDOCFLAGS=--cap-lints=warn" "-w" "/opt/rustwide/workdir" "--user" "0:0" "8688da30b89f66ed5edd47fe5abcd4a81d2228c0f6f14fe09b704f9214e9f4b7" "/opt/rustwide/cargo-home/bin/cargo" "+1.99.0-beta.8" "build" "--frozen" "--message-format=json" "--release", kill_on_drop: false }`
[INFO] [stderr]    Compiling zerocopy v0.8.50
[INFO] [stderr]    Compiling aws-lc-rs v1.17.0
[INFO] [stderr]    Compiling syn v2.0.117
[INFO] [stderr]    Compiling cc v1.2.63
[INFO] [stderr]    Compiling tokio v1.52.3
[INFO] [stderr]    Compiling rustls v0.23.40
[INFO] [stderr]    Compiling futures-util v0.3.32
[INFO] [stderr]    Compiling serde_json v1.0.150
[INFO] [stderr]    Compiling hybrid-array v0.4.12
[INFO] [stderr]    Compiling rustls-native-certs v0.8.3
[INFO] [stderr]    Compiling parking_lot_core v0.9.12
[INFO] [stderr]    Compiling regex-automata v0.4.14
[INFO] [stderr]    Compiling unicode-general-category v1.1.0
[INFO] [stderr]    Compiling phf_shared v0.12.1
[INFO] [stderr]    Compiling iso_currency v0.5.3
[INFO] [stderr]    Compiling arrayvec v0.7.6
[INFO] [stderr]    Compiling micromap v0.3.0
[INFO] [stderr]    Compiling rust_decimal v1.42.0
[INFO] [stderr]    Compiling chrono-tz v0.10.4
[INFO] [stderr]    Compiling uuid-simd v0.8.0
[INFO] [stderr]    Compiling parking_lot v0.12.5
[INFO] [stderr]    Compiling phf v0.12.1
[INFO] [stderr]    Compiling iso_country v0.1.4
[INFO] [stderr]    Compiling unicode-segmentation v1.13.2
[INFO] [stderr]    Compiling utf8-width v0.1.8
[INFO] [stderr]    Compiling html-escape v0.2.13
[INFO] [stderr]    Compiling uuid v1.23.2
[INFO] [stderr]    Compiling crypto-common v0.2.2
[INFO] [stderr]    Compiling block-buffer v0.12.0
[INFO] [stderr]    Compiling unicode-normalization v0.1.25
[INFO] [stderr]    Compiling cmake v0.1.58
[INFO] [stderr]    Compiling convert_case v0.11.0
[INFO] [stderr]    Compiling deunicode v1.6.2
[INFO] [stderr]    Compiling similar v3.1.1
[INFO] [stderr]    Compiling digest v0.11.3
[INFO] [stderr]    Compiling aws-lc-sys v0.41.0
[INFO] [stderr]    Compiling blake3 v1.8.5
[INFO] [stderr]    Compiling sha2 v0.11.0
[INFO] [stderr]    Compiling synstructure v0.13.2
[INFO] [stderr]    Compiling zerovec-derive v0.11.3
[INFO] [stderr]    Compiling displaydoc v0.2.6
[INFO] [stderr]    Compiling serde_derive v1.0.228
[INFO] [stderr]    Compiling ref-cast-impl v1.0.25
[INFO] [stderr]    Compiling thiserror-impl v2.0.18
[INFO] [stderr]    Compiling zerofrom-derive v0.1.7
[INFO] [stderr]    Compiling yoke-derive v0.8.2
[INFO] [stderr]    Compiling ref-cast v1.0.25
[INFO] [stderr]    Compiling zerofrom v0.1.8
[INFO] [stderr]    Compiling yoke v0.8.2
[INFO] [stderr]    Compiling zerovec v0.11.6
[INFO] [stderr]    Compiling zerotrie v0.2.4
[INFO] [stderr]    Compiling thiserror v2.0.18
[INFO] [stderr]    Compiling teaql-tool-core v2.0.0
[INFO] [stderr]    Compiling tinystr v0.8.3
[INFO] [stderr]    Compiling potential_utf v0.1.5
[INFO] [stderr]    Compiling fancy-regex v0.18.0
[INFO] [stderr]    Compiling icu_collections v2.2.0
[INFO] [stderr]    Compiling regex v1.12.3
[INFO] [stderr]    Compiling icu_locale_core v2.2.0
[INFO] [stderr]    Compiling ppv-lite86 v0.2.21
[INFO] [stderr]    Compiling rand_chacha v0.9.0
[INFO] [stderr]    Compiling tokio-util v0.7.18
[INFO] [stderr]    Compiling serde v1.0.228
[INFO] [stderr]    Compiling tower v0.5.3
[INFO] [stderr]    Compiling rand v0.9.4
[INFO] [stderr]    Compiling icu_provider v2.2.0
[INFO] [stderr]    Compiling icu_properties v2.2.0
[INFO] [stderr]    Compiling icu_normalizer v2.2.0
[INFO] [stderr]    Compiling h2 v0.4.14
[INFO] [stderr]    Compiling ahash v0.8.12
[INFO] [stderr]    Compiling fluent-uri v0.4.1
[INFO] [stderr]    Compiling jsonptr v0.7.1
[INFO] [stderr]    Compiling email_address v0.2.9
[INFO] [stderr]    Compiling chrono v0.4.44
[INFO] [stderr]    Compiling json-patch v4.2.0
[INFO] [stderr]    Compiling referencing v0.46.5
[INFO] [stderr]    Compiling idna_adapter v1.2.2
[INFO] [stderr]    Compiling ulid v1.2.1
[INFO] [stderr]    Compiling idna v1.1.0
[INFO] [stderr]    Compiling nanoid v0.5.0
[INFO] [stderr]    Compiling url v2.5.8
[INFO] [stderr]    Compiling tower-http v0.6.11
[INFO] [stderr]    Compiling hyper v1.10.1
[INFO] [stderr]    Compiling hyper-util v0.1.20
[INFO] [stderr]    Compiling rustls-webpki v0.103.13
[INFO] [stderr]    Compiling tokio-rustls v0.26.4
[INFO] [stderr]    Compiling rustls-platform-verifier v0.7.0
[INFO] [stderr]    Compiling hyper-rustls v0.27.9
[INFO] [stderr]    Compiling reqwest v0.13.4
[INFO] [stderr]    Compiling jsonschema v0.46.5
[INFO] [stderr]    Compiling teaql-tool-std v2.0.0
[INFO] [stderr]    Compiling teaql-tool v2.0.0 (/opt/rustwide/workdir)
[INFO] [stderr]     Finished `release` profile [optimized] target(s) in 1m 58s
[INFO] running `Command { std: "docker" "inspect" "8688da30b89f66ed5edd47fe5abcd4a81d2228c0f6f14fe09b704f9214e9f4b7", kill_on_drop: false }`
[INFO] running `Command { std: "docker" "exec" "-e" "SOURCE_DIR=/opt/rustwide/workdir" "-e" "CARGO_HOME=/opt/rustwide/cargo-home" "-e" "RUSTUP_HOME=/opt/rustwide/rustup-home" "-e" "CARGO_TARGET_DIR=/opt/rustwide/target" "-e" "CARGO_INCREMENTAL=0" "-e" "RUST_BACKTRACE=full" "-e" "RUSTFLAGS=--cap-lints=warn" "-e" "RUSTDOCFLAGS=--cap-lints=warn" "-w" "/opt/rustwide/workdir" "--user" "0:0" "8688da30b89f66ed5edd47fe5abcd4a81d2228c0f6f14fe09b704f9214e9f4b7" "/opt/rustwide/cargo-home/bin/cargo" "+1.99.0-beta.8" "test" "--frozen" "--no-run" "--message-format=json" "--release", kill_on_drop: false }`
[INFO] [stderr]    Compiling teaql-tool v2.0.0 (/opt/rustwide/workdir)
[INFO] [stdout] error[E0599]: no method named `purpose` found for struct `chrono::datetime::DateTime<Tz>` in the current scope
[INFO] [stdout]  --> tests/facade_test.rs:6:31
[INFO] [stdout]   |
[INFO] [stdout] 6 |     let now = T::time().now().purpose("test");
[INFO] [stdout]   |                               ^^^^^^^ method not found in `chrono::datetime::DateTime<chrono::offset::utc::Utc>`
[INFO] [stdout] 
[INFO] [stdout] 
[INFO] [stdout] error[E0599]: no method named `purpose` found for struct `String` in the current scope
[INFO] [stdout]   --> tests/facade_test.rs:10:31
[INFO] [stdout]    |
[INFO] [stdout] 10 |     let uuid = T::id().uuid().purpose("test");
[INFO] [stdout]    |                               ^^^^^^^
[INFO] [stdout]    |
[INFO] [stdout] help: there is a method `parse` with a similar name, but with different arguments
[INFO] [stdout]   --> /rustc/dfb0accb7f508ae8be965d8629557221c889dd98/library/core/src/str/mod.rs:2782:4
[INFO] [stdout] 
[INFO] [stdout] 
[INFO] [stdout] error[E0599]: no method named `purpose` found for struct `String` in the current scope
[INFO] [stdout]   --> tests/facade_test.rs:40:42
[INFO] [stdout]    |
[INFO] [stdout] 40 |     let text = T::text().trim(" hello ").purpose("test");
[INFO] [stdout]    |                                          ^^^^^^^
[INFO] [stdout]    |
[INFO] [stdout] help: there is a method `parse` with a similar name, but with different arguments
[INFO] [stdout]   --> /rustc/dfb0accb7f508ae8be965d8629557221c889dd98/library/core/src/str/mod.rs:2782:4
[INFO] [stdout] 
[INFO] [stdout] 
[INFO] [stdout] error[E0599]: no method named `purpose` found for enum `serde_json::value::Value` in the current scope
[INFO] [stdout]   --> tests/facade_test.rs:44:61
[INFO] [stdout]    |
[INFO] [stdout] 44 |     let parsed = T::json().parse(r#"{"test": 1}"#).unwrap().purpose("test");
[INFO] [stdout]    |                                                             ^^^^^^^ method not found in `serde_json::value::Value`
[INFO] [stdout] 
[INFO] [stdout] 
[INFO] [stdout] error[E0599]: no method named `purpose` found for type `bool` in the current scope
[INFO] [stdout]   --> tests/facade_test.rs:45:45
[INFO] [stdout]    |
[INFO] [stdout] 45 |     assert!(T::json().has(&parsed, "/test").purpose("test"));
[INFO] [stdout]    |                                             ^^^^^^^ method not found in `bool`
[INFO] [stdout] 
[INFO] [stdout] 
[INFO] [stdout] error[E0599]: no method named `purpose` found for struct `rust_decimal::decimal::Decimal` in the current scope
[INFO] [stdout]   --> tests/facade_test.rs:48:48
[INFO] [stdout]    |
[INFO] [stdout] 48 |     let dec = T::decimal().of("10.5").unwrap().purpose("test");
[INFO] [stdout]    |                                                ^^^^^^^ method not found in `rust_decimal::decimal::Decimal`
[INFO] [stdout] 
[INFO] [stdout] 
[INFO] [stdout] error[E0599]: no method named `purpose` found for struct `rust_decimal::decimal::Decimal` in the current scope
[INFO] [stdout]   --> tests/facade_test.rs:49:43
[INFO] [stdout]    |
[INFO] [stdout] 49 |     assert_eq!(T::decimal().add(dec, dec).purpose("test").to_string(), "21.0");
[INFO] [stdout]    |                                           ^^^^^^^ method not found in `rust_decimal::decimal::Decimal`
[INFO] [stdout] 
[INFO] [stdout] 
[INFO] [stdout] error[E0599]: no method named `purpose` found for struct `teaql_tool_std::money::Money` in the current scope
[INFO] [stdout]   --> tests/facade_test.rs:52:54
[INFO] [stdout]    |
[INFO] [stdout] 52 |     let money = T::money().of("100", "USD").unwrap().purpose("test");
[INFO] [stdout]    |                                                      ^^^^^^^ method not found in `teaql_tool_std::money::Money`
[INFO] [stdout] 
[INFO] [stdout] 
[INFO] [stdout] error[E0599]: no method named `purpose` found for struct `String` in the current scope
[INFO] [stdout]   --> tests/facade_test.rs:53:42
[INFO] [stdout]    |
[INFO] [stdout] 53 |     assert_eq!(T::money().format(&money).purpose("test"), "100 USD");
[INFO] [stdout]    |                                          ^^^^^^^
[INFO] [stdout]    |
[INFO] [stdout] help: there is a method `parse` with a similar name, but with different arguments
[INFO] [stdout]   --> /rustc/dfb0accb7f508ae8be965d8629557221c889dd98/library/core/src/str/mod.rs:2782:4
[INFO] [stdout] 
[INFO] [stdout] 
[INFO] [stdout] For more information about this error, try `rustc --explain E0599`.
[INFO] [stdout] 
[INFO] [stderr] error: could not compile `teaql-tool` (test "facade_test") due to 9 previous errors
[INFO] running `Command { std: "docker" "inspect" "8688da30b89f66ed5edd47fe5abcd4a81d2228c0f6f14fe09b704f9214e9f4b7", kill_on_drop: false }`
[INFO] running `Command { std: "docker" "rm" "-f" "8688da30b89f66ed5edd47fe5abcd4a81d2228c0f6f14fe09b704f9214e9f4b7", kill_on_drop: false }`
[INFO] [stdout] 8688da30b89f66ed5edd47fe5abcd4a81d2228c0f6f14fe09b704f9214e9f4b7
