[INFO] fetching crate tcpdrop 0.1.0...
[INFO] testing tcpdrop-0.1.0 against 1.100.0-beta.1+cargoflags=--release for beta-release-1.100-2
[INFO] extracting crate tcpdrop 0.1.0 into /workspace/builds/worker-7-tc2/source
[INFO] started tweaking crates.io crate tcpdrop 0.1.0
[INFO] finished tweaking crates.io crate tcpdrop 0.1.0
[INFO] tweaked toml for crates.io crate tcpdrop 0.1.0 written to /workspace/builds/worker-7-tc2/source/Cargo.toml
[INFO] validating manifest of crates.io crate tcpdrop 0.1.0 on toolchain 1.100.0-beta.1
[INFO] running `Command { std: CARGO_HOME="/workspace/cargo-home" RUSTUP_HOME="/workspace/rustup-home" "/workspace/cargo-home/bin/cargo" "+1.100.0-beta.1" "metadata" "--manifest-path" "Cargo.toml" "--no-deps", kill_on_drop: false }`
[INFO] crate crates.io crate tcpdrop 0.1.0 already has a lockfile, it will not be regenerated
[INFO] running `Command { std: CARGO_HOME="/workspace/cargo-home" RUSTUP_HOME="/workspace/rustup-home" "/workspace/cargo-home/bin/cargo" "+1.100.0-beta.1" "fetch" "--manifest-path" "Cargo.toml", kill_on_drop: false }`
[INFO] [stderr] warning: `package.homepage` is redundant with `package.repository`
[INFO] [stderr]   --> Cargo.toml:26:12
[INFO] [stderr]    |
[INFO] [stderr] 26 | homepage = "https://github.com/ynuwenhof/tcpdrop"
[INFO] [stderr]    |            ^^^^^^^^^^^^^^^^^^^^^^^^^^^^^^^^^^^^^^
[INFO] [stderr] ...
[INFO] [stderr] 30 | repository = "https://github.com/ynuwenhof/tcpdrop"
[INFO] [stderr]    |              --------------------------------------
[INFO] [stderr]    |
[INFO] [stderr]    = note: `cargo::redundant_homepage` is set to `warn` by default
[INFO] [stderr] help: consider removing `package.homepage`
[INFO] [stderr] warning: `tcpdrop` (manifest) generated 1 warning
[INFO] running `Command { std: "docker" "create" "-v" "/var/lib/crater-agent-workspace/builds/worker-7-tc2/source:/opt/rustwide/workdir:ro,Z" "-v" "/var/lib/crater-agent-workspace/builds/worker-7-tc2/target:/opt/rustwide/target:rw,Z" "-v" "/var/lib/crater-agent-workspace/cargo-home:/opt/rustwide/cargo-home:ro,Z" "-v" "/var/lib/crater-agent-workspace/rustup-home:/opt/rustwide/rustup-home:ro,Z" "-m" "1610612736" "--network" "none" "ghcr.io/rust-lang/crates-build-env/linux@sha256:77db811e55d90add9212f6832c23229e3de5f1c1f9905e8cb07319ea15df73ac" "sleep" "infinity", kill_on_drop: false }`
[INFO] [stdout] fc8507d4e7ff76e34a556e4c7d209923baa2d4133e767f130af576183269973c
[INFO] running `Command { std: "docker" "start" "fc8507d4e7ff76e34a556e4c7d209923baa2d4133e767f130af576183269973c", kill_on_drop: false }`
[INFO] running `Command { std: "docker" "inspect" "fc8507d4e7ff76e34a556e4c7d209923baa2d4133e767f130af576183269973c", kill_on_drop: false }`
[INFO] running `Command { std: "docker" "exec" "-e" "SOURCE_DIR=/opt/rustwide/workdir" "-e" "CARGO_HOME=/opt/rustwide/cargo-home" "-e" "RUSTUP_HOME=/opt/rustwide/rustup-home" "-e" "CARGO_TARGET_DIR=/opt/rustwide/target" "-w" "/opt/rustwide/workdir" "--user" "0:0" "fc8507d4e7ff76e34a556e4c7d209923baa2d4133e767f130af576183269973c" "/opt/rustwide/cargo-home/bin/cargo" "+1.100.0-beta.1" "metadata" "--no-deps" "--format-version=1", kill_on_drop: false }`
[INFO] running `Command { std: "docker" "inspect" "fc8507d4e7ff76e34a556e4c7d209923baa2d4133e767f130af576183269973c", kill_on_drop: false }`
[INFO] running `Command { std: "docker" "exec" "-e" "SOURCE_DIR=/opt/rustwide/workdir" "-e" "CARGO_HOME=/opt/rustwide/cargo-home" "-e" "RUSTUP_HOME=/opt/rustwide/rustup-home" "-e" "CARGO_TARGET_DIR=/opt/rustwide/target" "-e" "CARGO_INCREMENTAL=0" "-e" "RUST_BACKTRACE=full" "-e" "RUSTFLAGS=--cap-lints=warn" "-e" "RUSTDOCFLAGS=--cap-lints=warn" "-w" "/opt/rustwide/workdir" "--user" "0:0" "fc8507d4e7ff76e34a556e4c7d209923baa2d4133e767f130af576183269973c" "/opt/rustwide/cargo-home/bin/cargo" "+1.100.0-beta.1" "build" "--frozen" "--message-format=json" "--release", kill_on_drop: false }`
[INFO] [stderr] warning: `package.homepage` is redundant with `package.repository`
[INFO] [stderr]   --> Cargo.toml:26:12
[INFO] [stderr]    |
[INFO] [stderr] 26 | homepage = "https://github.com/ynuwenhof/tcpdrop"
[INFO] [stderr]    |            ^^^^^^^^^^^^^^^^^^^^^^^^^^^^^^^^^^^^^^
[INFO] [stderr] ...
[INFO] [stderr] 30 | repository = "https://github.com/ynuwenhof/tcpdrop"
[INFO] [stderr]    |              --------------------------------------
[INFO] [stderr]    |
[INFO] [stderr]    = note: `cargo::redundant_homepage` is set to `warn` by default
[INFO] [stderr] help: consider removing `package.homepage`
[INFO] [stderr] warning: `tcpdrop` (manifest) generated 1 warning
[INFO] [stderr]    Compiling libc v0.2.149
[INFO] [stderr]    Compiling proc-macro2 v1.0.69
[INFO] [stderr]    Compiling once_cell v1.18.0
[INFO] [stderr]    Compiling windows_x86_64_gnu v0.48.5
[INFO] [stderr]    Compiling utf8parse v0.2.1
[INFO] [stderr]    Compiling sharded-slab v0.1.7
[INFO] [stderr]    Compiling pin-project-lite v0.2.13
[INFO] [stderr]    Compiling memchr v2.6.4
[INFO] [stderr]    Compiling anstyle-parse v0.2.2
[INFO] [stderr]    Compiling anstyle-query v1.0.0
[INFO] [stderr]    Compiling eyre v0.6.8
[INFO] [stderr]    Compiling colorchoice v1.0.0
[INFO] [stderr]    Compiling tracing-core v0.1.31
[INFO] [stderr]    Compiling thread_local v1.1.7
[INFO] [stderr]    Compiling anstyle v1.0.4
[INFO] [stderr]    Compiling serde v1.0.188
[INFO] [stderr]    Compiling windows-targets v0.48.5
[INFO] [stderr]    Compiling owo-colors v3.5.0
[INFO] [stderr]    Compiling anstream v0.6.4
[INFO] [stderr]    Compiling indenter v0.3.3
[INFO] [stderr]    Compiling heck v0.4.1
[INFO] [stderr]    Compiling serde_json v1.0.107
[INFO] [stderr]    Compiling quote v1.0.33
[INFO] [stderr]    Compiling cc v1.0.83
[INFO] [stderr]    Compiling tracing-subscriber v0.3.17
[INFO] [stderr]    Compiling tracing v0.1.37
[INFO] [stderr]    Compiling object v0.32.1
[INFO] [stderr]    Compiling syn v2.0.38
[INFO] [stderr]    Compiling clap_lex v0.5.1
[INFO] [stderr]    Compiling clap_builder v4.4.6
[INFO] [stderr]    Compiling windows-core v0.51.1
[INFO] [stderr]    Compiling ryu v1.0.15
[INFO] [stderr]    Compiling backtrace v0.3.69
[INFO] [stderr]    Compiling bytemuck v1.14.0
[INFO] [stderr]    Compiling tracing-error v0.2.0
[INFO] [stderr]    Compiling color-spantrace v0.2.0
[INFO] [stderr]    Compiling windows v0.51.1
[INFO] [stderr]    Compiling serde_derive v1.0.188
[INFO] [stderr]    Compiling clap_derive v4.4.2
[INFO] [stderr]    Compiling clap v4.4.6
[INFO] [stderr]    Compiling color-eyre v0.6.2
[INFO] [stderr]    Compiling tcpdrop v0.1.0 (/opt/rustwide/workdir)
[INFO] [stdout] error: linking with `cc` failed: exit status: 1
[INFO] [stdout]   |
[INFO] [stdout]   = note:  "cc" "-m64" "/opt/rustwide/target/release/build/tcpdrop/e54d8b99808bf069/out/rustctLFcm9/symbols.o" "<6 object files omitted>" "-Wl,--as-needed" "-Wl,-Bstatic" "/opt/rustwide/target/release/build/serde_json/bc478bcc98956534/out/libserde_json-bc478bcc98956534.rlib" "/opt/rustwide/target/release/build/ryu/31f94d2159c8d989/out/libryu-31f94d2159c8d989.rlib" "/opt/rustwide/target/release/build/itoa/53b008147ebd3fff/out/libitoa-53b008147ebd3fff.rlib" "/opt/rustwide/target/release/build/serde/ece73c3811c29cc2/out/libserde-ece73c3811c29cc2.rlib" "/opt/rustwide/target/release/build/bytemuck/260e81c7a208eb0b/out/libbytemuck-260e81c7a208eb0b.rlib" "/opt/rustwide/target/release/build/windows/8fa09ad8b9c1fe52/out/libwindows-8fa09ad8b9c1fe52.rlib" "/opt/rustwide/target/release/build/windows-core/5b82c52ff8ff793b/out/libwindows_core-5b82c52ff8ff793b.rlib" "/opt/rustwide/target/release/build/windows-targets/7d1e2880fe441718/out/libwindows_targets-7d1e2880fe441718.rlib" "/opt/rustwide/target/release/build/color-eyre/2e9779a0efe70991/out/libcolor_eyre-2e9779a0efe70991.rlib" "/opt/rustwide/target/release/build/color-spantrace/c838e325dabd3d04/out/libcolor_spantrace-c838e325dabd3d04.rlib" "/opt/rustwide/target/release/build/tracing-error/fe4e1b330b578f4e/out/libtracing_error-fe4e1b330b578f4e.rlib" "/opt/rustwide/target/release/build/tracing-subscriber/884a812c0da045ca/out/libtracing_subscriber-884a812c0da045ca.rlib" "/opt/rustwide/target/release/build/thread_local/b755f988ab42575b/out/libthread_local-b755f988ab42575b.rlib" "/opt/rustwide/target/release/build/sharded-slab/54e02d1209d98c8c/out/libsharded_slab-54e02d1209d98c8c.rlib" "/opt/rustwide/target/release/build/lazy_static/480433dca0d17907/out/liblazy_static-480433dca0d17907.rlib" "/opt/rustwide/target/release/build/tracing/7415ea4121f27aed/out/libtracing-7415ea4121f27aed.rlib" "/opt/rustwide/target/release/build/pin-project-lite/71fd5b9b578d5cc0/out/libpin_project_lite-71fd5b9b578d5cc0.rlib" "/opt/rustwide/target/release/build/tracing-core/73faadfb05b6e7af/out/libtracing_core-73faadfb05b6e7af.rlib" "/opt/rustwide/target/release/build/owo-colors/846d217a044c7000/out/libowo_colors-846d217a044c7000.rlib" "/opt/rustwide/target/release/build/eyre/65bdba5e81dd5a90/out/libeyre-65bdba5e81dd5a90.rlib" "/opt/rustwide/target/release/build/indenter/eb2cbd7e8135535d/out/libindenter-eb2cbd7e8135535d.rlib" "/opt/rustwide/target/release/build/once_cell/fea566fa5e4a55ed/out/libonce_cell-fea566fa5e4a55ed.rlib" "/opt/rustwide/target/release/build/backtrace/95b2f1e24ecae61b/out/libbacktrace-95b2f1e24ecae61b.rlib" "/opt/rustwide/target/release/build/miniz_oxide/29c5c77685694bb0/out/libminiz_oxide-29c5c77685694bb0.rlib" "/opt/rustwide/target/release/build/adler/f334a75a447e9ef2/out/libadler-f334a75a447e9ef2.rlib" "/opt/rustwide/target/release/build/object/bfc556fda76727aa/out/libobject-bfc556fda76727aa.rlib" "/opt/rustwide/target/release/build/memchr/bd5df453a85d22f2/out/libmemchr-bd5df453a85d22f2.rlib" "/opt/rustwide/target/release/build/libc/e0e0b53acc8f40cf/out/liblibc-e0e0b53acc8f40cf.rlib" "/opt/rustwide/target/release/build/addr2line/36153113805f69b1/out/libaddr2line-36153113805f69b1.rlib" "/opt/rustwide/target/release/build/gimli/c414578d58003672/out/libgimli-c414578d58003672.rlib" "/opt/rustwide/target/release/build/cfg-if/193575a6b29a3ab9/out/libcfg_if-193575a6b29a3ab9.rlib" "/opt/rustwide/target/release/build/rustc-demangle/3d11a0d5213b70d5/out/librustc_demangle-3d11a0d5213b70d5.rlib" "/opt/rustwide/target/release/build/clap/e479c392dce27cd8/out/libclap-e479c392dce27cd8.rlib" "/opt/rustwide/target/release/build/clap_builder/843dc3f5fa18db88/out/libclap_builder-843dc3f5fa18db88.rlib" "/opt/rustwide/target/release/build/strsim/4d90d417acaad1e9/out/libstrsim-4d90d417acaad1e9.rlib" "/opt/rustwide/target/release/build/anstream/f75edfecf7624b49/out/libanstream-f75edfecf7624b49.rlib" "/opt/rustwide/target/release/build/anstyle-query/ce9f75f41b435900/out/libanstyle_query-ce9f75f41b435900.rlib" "/opt/rustwide/target/release/build/colorchoice/fb1ddeb6fb0ed7de/out/libcolorchoice-fb1ddeb6fb0ed7de.rlib" "/opt/rustwide/target/release/build/anstyle-parse/abb4a2a2caef5e31/out/libanstyle_parse-abb4a2a2caef5e31.rlib" "/opt/rustwide/target/release/build/utf8parse/f82b6f6644c1c2a2/out/libutf8parse-f82b6f6644c1c2a2.rlib" "/opt/rustwide/target/release/build/clap_lex/b1dbef67b5c7bf50/out/libclap_lex-b1dbef67b5c7bf50.rlib" "/opt/rustwide/target/release/build/anstyle/556d05fc18e1a9eb/out/libanstyle-556d05fc18e1a9eb.rlib" "<sysroot>/lib/rustlib/x86_64-unknown-linux-gnu/lib/{libstd-*,libpanic_unwind-*,libobject-*,libmemchr-*,libaddr2line-*,libgimli-*,libcfg_if-*,librustc_demangle-*,libstd_detect-*,libhashbrown-*,librustc_std_workspace_alloc-*,libminiz_oxide-*,libadler2-*,libunwind-*,liblibc-*,librustc_std_workspace_core-*,liballoc-*,libcore-*,libcompiler_builtins-*}.rlib" "-Wl,-Bdynamic" "-lc" "-lm" "-lrt" "-lpthread" "-lgcc_s" "-lutil" "-lrt" "-lpthread" "-lm" "-ldl" "-lc" "-L" "/opt/rustwide/target/release/build/tcpdrop/e54d8b99808bf069/out/rustctLFcm9/raw-dylibs" "-B<sysroot>/lib/rustlib/x86_64-unknown-linux-gnu/bin/gcc-ld" "-fuse-ld=lld" "-Wl,--eh-frame-hdr" "-Wl,-z,noexecstack" "-L" "<sysroot>/lib/rustlib/x86_64-unknown-linux-gnu/lib" "-o" "/opt/rustwide/target/release/build/tcpdrop/e54d8b99808bf069/out/tcpdrop" "-Wl,--gc-sections" "-pie" "-Wl,-z,relro,-z,now" "-Wl,-O1" "-Wl,--strip-debug" "-nodefaultlibs"
[INFO] [stdout]   = note: some arguments are omitted. use `--verbose` to show all linker arguments
[INFO] [stdout]   = note: rust-lld: error: undefined symbol: GetTcpTable
[INFO] [stdout]           >>> referenced by tcpdrop.47797ef67f54363d-cgu.2
[INFO] [stdout]           >>>               /opt/rustwide/target/release/build/tcpdrop/e54d8b99808bf069/out/tcpdrop.tcpdrop.47797ef67f54363d-cgu.2.rcgu.o:(tcpdrop::main)
[INFO] [stdout]           >>> referenced by tcpdrop.47797ef67f54363d-cgu.2
[INFO] [stdout]           >>>               /opt/rustwide/target/release/build/tcpdrop/e54d8b99808bf069/out/tcpdrop.tcpdrop.47797ef67f54363d-cgu.2.rcgu.o:(tcpdrop::main)
[INFO] [stdout]           
[INFO] [stdout]           rust-lld: error: undefined symbol: GetTcp6Table
[INFO] [stdout]           >>> referenced by tcpdrop.47797ef67f54363d-cgu.2
[INFO] [stdout]           >>>               /opt/rustwide/target/release/build/tcpdrop/e54d8b99808bf069/out/tcpdrop.tcpdrop.47797ef67f54363d-cgu.2.rcgu.o:(tcpdrop::main)
[INFO] [stdout]           >>> referenced by tcpdrop.47797ef67f54363d-cgu.2
[INFO] [stdout]           >>>               /opt/rustwide/target/release/build/tcpdrop/e54d8b99808bf069/out/tcpdrop.tcpdrop.47797ef67f54363d-cgu.2.rcgu.o:(tcpdrop::main)
[INFO] [stdout]           collect2: error: ld returned 1 exit status
[INFO] [stdout]           
[INFO] [stdout] 
[INFO] [stdout] 
[INFO] [stderr] error: could not compile `tcpdrop` (bin "tcpdrop") due to 1 previous error
[INFO] running `Command { std: "docker" "inspect" "fc8507d4e7ff76e34a556e4c7d209923baa2d4133e767f130af576183269973c", kill_on_drop: false }`
[INFO] running `Command { std: "docker" "rm" "-f" "fc8507d4e7ff76e34a556e4c7d209923baa2d4133e767f130af576183269973c", kill_on_drop: false }`
[INFO] [stdout] fc8507d4e7ff76e34a556e4c7d209923baa2d4133e767f130af576183269973c
