[INFO] fetching crate tblis 0.2.6...
[INFO] testing tblis-0.2.6 against 1.99.0-beta.8+cargoflags=--release for beta-release-1.100-2
[INFO] extracting crate tblis 0.2.6 into /workspace/builds/worker-0-tc1/source
[INFO] started tweaking crates.io crate tblis 0.2.6
[INFO] removed 0 missing tests
[INFO] finished tweaking crates.io crate tblis 0.2.6
[INFO] tweaked toml for crates.io crate tblis 0.2.6 written to /workspace/builds/worker-0-tc1/source/Cargo.toml
[INFO] validating manifest of crates.io crate tblis 0.2.6 on toolchain 1.99.0-beta.8
[INFO] running `Command { std: CARGO_HOME="/workspace/cargo-home" RUSTUP_HOME="/workspace/rustup-home" "/workspace/cargo-home/bin/cargo" "+1.99.0-beta.8" "metadata" "--manifest-path" "Cargo.toml" "--no-deps", kill_on_drop: false }`
[INFO] crate crates.io crate tblis 0.2.6 already has a lockfile, it will not be regenerated
[INFO] running `Command { std: CARGO_HOME="/workspace/cargo-home" RUSTUP_HOME="/workspace/rustup-home" "/workspace/cargo-home/bin/cargo" "+1.99.0-beta.8" "fetch" "--manifest-path" "Cargo.toml", kill_on_drop: false }`
[INFO] [stderr]     Updating crates.io index
[INFO] [stderr]  Downloading crates ...
[INFO] [stderr]   Downloaded duplicate v2.0.1
[INFO] [stderr]   Downloaded tblis-ffi v0.2.6
[INFO] [stderr]   Downloaded opt-einsum-path v0.2.0
[INFO] [stderr]   Downloaded tblis-src v0.2.6
[INFO] running `Command { std: "docker" "create" "-v" "/var/lib/crater-agent-workspace/builds/worker-0-tc1/source:/opt/rustwide/workdir:ro,Z" "-v" "/var/lib/crater-agent-workspace/builds/worker-0-tc1/target:/opt/rustwide/target:rw,Z" "-v" "/var/lib/crater-agent-workspace/cargo-home:/opt/rustwide/cargo-home:ro,Z" "-v" "/var/lib/crater-agent-workspace/rustup-home:/opt/rustwide/rustup-home:ro,Z" "-m" "1610612736" "--network" "none" "ghcr.io/rust-lang/crates-build-env/linux@sha256:77db811e55d90add9212f6832c23229e3de5f1c1f9905e8cb07319ea15df73ac" "sleep" "infinity", kill_on_drop: false }`
[INFO] [stdout] b73aded79f672b16ceb63f0d8f98f4df32bf03b282255b40539d036a51382b57
[INFO] running `Command { std: "docker" "start" "b73aded79f672b16ceb63f0d8f98f4df32bf03b282255b40539d036a51382b57", kill_on_drop: false }`
[INFO] running `Command { std: "docker" "inspect" "b73aded79f672b16ceb63f0d8f98f4df32bf03b282255b40539d036a51382b57", kill_on_drop: false }`
[INFO] running `Command { std: "docker" "exec" "-e" "SOURCE_DIR=/opt/rustwide/workdir" "-e" "CARGO_HOME=/opt/rustwide/cargo-home" "-e" "RUSTUP_HOME=/opt/rustwide/rustup-home" "-e" "CARGO_TARGET_DIR=/opt/rustwide/target" "-w" "/opt/rustwide/workdir" "--user" "0:0" "b73aded79f672b16ceb63f0d8f98f4df32bf03b282255b40539d036a51382b57" "/opt/rustwide/cargo-home/bin/cargo" "+1.99.0-beta.8" "metadata" "--no-deps" "--format-version=1", kill_on_drop: false }`
[INFO] running `Command { std: "docker" "inspect" "b73aded79f672b16ceb63f0d8f98f4df32bf03b282255b40539d036a51382b57", kill_on_drop: false }`
[INFO] running `Command { std: "docker" "exec" "-e" "SOURCE_DIR=/opt/rustwide/workdir" "-e" "CARGO_HOME=/opt/rustwide/cargo-home" "-e" "RUSTUP_HOME=/opt/rustwide/rustup-home" "-e" "CARGO_TARGET_DIR=/opt/rustwide/target" "-e" "CARGO_INCREMENTAL=0" "-e" "RUST_BACKTRACE=full" "-e" "RUSTFLAGS=--cap-lints=warn" "-e" "RUSTDOCFLAGS=--cap-lints=warn" "-w" "/opt/rustwide/workdir" "--user" "0:0" "b73aded79f672b16ceb63f0d8f98f4df32bf03b282255b40539d036a51382b57" "/opt/rustwide/cargo-home/bin/cargo" "+1.99.0-beta.8" "build" "--frozen" "--message-format=json" "--release", kill_on_drop: false }`
[INFO] [stderr]    Compiling darling_core v0.20.11
[INFO] [stderr]    Compiling proc-macro2-diagnostics v0.10.1
[INFO] [stderr]    Compiling itertools v0.14.0
[INFO] [stderr]    Compiling getrandom v0.3.4
[INFO] [stderr]    Compiling num v0.4.3
[INFO] [stderr]    Compiling tblis-ffi v0.2.6
[INFO] [stderr]    Compiling duplicate v2.0.1
[INFO] [stderr]    Compiling rand_core v0.9.5
[INFO] [stderr]    Compiling rand_chacha v0.9.0
[INFO] [stderr]    Compiling rand v0.9.4
[INFO] [stderr]    Compiling darling_macro v0.20.11
[INFO] [stderr]    Compiling opt-einsum-path v0.2.0
[INFO] [stderr]    Compiling darling v0.20.11
[INFO] [stderr]    Compiling derive_builder_core v0.20.2
[INFO] [stderr]    Compiling derive_builder_macro v0.20.2
[INFO] [stderr]    Compiling derive_builder v0.20.2
[INFO] [stderr]    Compiling tblis v0.2.6 (/opt/rustwide/workdir)
[INFO] [stderr]     Finished `release` profile [optimized] target(s) in 13.86s
[INFO] running `Command { std: "docker" "inspect" "b73aded79f672b16ceb63f0d8f98f4df32bf03b282255b40539d036a51382b57", kill_on_drop: false }`
[INFO] running `Command { std: "docker" "exec" "-e" "SOURCE_DIR=/opt/rustwide/workdir" "-e" "CARGO_HOME=/opt/rustwide/cargo-home" "-e" "RUSTUP_HOME=/opt/rustwide/rustup-home" "-e" "CARGO_TARGET_DIR=/opt/rustwide/target" "-e" "CARGO_INCREMENTAL=0" "-e" "RUST_BACKTRACE=full" "-e" "RUSTFLAGS=--cap-lints=warn" "-e" "RUSTDOCFLAGS=--cap-lints=warn" "-w" "/opt/rustwide/workdir" "--user" "0:0" "b73aded79f672b16ceb63f0d8f98f4df32bf03b282255b40539d036a51382b57" "/opt/rustwide/cargo-home/bin/cargo" "+1.99.0-beta.8" "test" "--frozen" "--no-run" "--message-format=json" "--release", kill_on_drop: false }`
[INFO] [stderr]    Compiling aho-corasick v1.1.4
[INFO] [stderr]    Compiling regex-syntax v0.8.10
[INFO] [stderr]    Compiling cc v1.2.62
[INFO] [stderr]    Compiling toml_edit v0.25.11+spec-1.1.0
[INFO] [stderr]    Compiling rstest_macros v0.26.1
[INFO] [stderr]    Compiling futures-core v0.3.32
[INFO] [stderr]    Compiling relative-path v1.9.3
[INFO] [stderr]    Compiling darling_core v0.20.11
[INFO] [stderr]    Compiling proc-macro2-diagnostics v0.10.1
[INFO] [stderr]    Compiling futures-macro v0.3.32
[INFO] [stderr]    Compiling futures-timer v3.0.3
[INFO] [stderr]    Compiling rayon v1.12.0
[INFO] [stderr]    Compiling duplicate v2.0.1
[INFO] [stderr]    Compiling opt-einsum-path v0.2.0
[INFO] [stderr]    Compiling futures-util v0.3.32
[INFO] [stderr]    Compiling proc-macro-crate v3.5.0
[INFO] [stderr]    Compiling cmake v0.1.58
[INFO] [stderr]    Compiling tblis-src v0.2.6
[INFO] [stderr]    Compiling regex-automata v0.4.14
[INFO] [stderr]    Compiling darling_macro v0.20.11
[INFO] [stderr]    Compiling darling v0.20.11
[INFO] [stderr]    Compiling derive_builder_core v0.20.2
[INFO] [stderr]    Compiling derive_builder_macro v0.20.2
[INFO] [stderr]    Compiling derive_builder v0.20.2
[INFO] [stderr]    Compiling tblis v0.2.6 (/opt/rustwide/workdir)
[INFO] [stderr]    Compiling regex v1.12.3
[INFO] [stderr]    Compiling rstest v0.26.1
[INFO] [stdout] error: linking with `cc` failed: exit status: 1
[INFO] [stdout]   |
[INFO] [stdout]   = note:  "cc" "-m64" "/opt/rustwide/target/release/deps/rustcz0GBPb/symbols.o" "<3 object files omitted>" "-Wl,--as-needed" "-Wl,-Bstatic" "/opt/rustwide/target/release/deps/{librayon-d03cd6dfc1efb879,librayon_core-200cbe5ba623cbda,libcrossbeam_deque-2a0d55b5d488e9da,libcrossbeam_epoch-5071d9e21cd7edca,libcrossbeam_utils-c35c21890820cf1a,libtblis_src-d592c41ac934fcb5}.rlib" "<sysroot>/lib/rustlib/x86_64-unknown-linux-gnu/lib/{libtest-*,libgetopts-*,librustc_std_workspace_std-*}.rlib" "/opt/rustwide/target/release/deps/{libtblis_ffi-cd996997b9a4dd4e,libderive_builder-e330114fd462a5db,libopt_einsum_path-8210323a3ba5cd80,libnum-2fcc6e91fb2d4f7a,libnum_iter-8cc000f02d912efb,libnum_rational-13872d7830f037af,libnum_complex-d3338978d06b8720,libnum_bigint-e3f6f6aeba59daae,libnum_integer-6c5c8f6b32ba886d,libnum_traits-944120fb87f0a31f,libitertools-977b2b9938638669,libeither-9494ab0a0482591e,librand-79f5f3d51ce0fc7b,librand_chacha-44694671f8bf79ab,libppv_lite86-34ba38e372a0dab0,libzerocopy-04ef3470dccf767a,librand_core-d92964f3bbc606c6,libgetrandom-cdc473778e4a15d3,liblibc-410e11f503572298,libcfg_if-6d8dca19095bb388}.rlib" "<sysroot>/lib/rustlib/x86_64-unknown-linux-gnu/lib/{libstd-*,libpanic_unwind-*,libobject-*,libmemchr-*,libaddr2line-*,libgimli-*,libcfg_if-*,librustc_demangle-*,libstd_detect-*,libhashbrown-*,librustc_std_workspace_alloc-*,libminiz_oxide-*,libadler2-*,libunwind-*,liblibc-*,librustc_std_workspace_core-*,liballoc-*,libcore-*,libcompiler_builtins-*}.rlib" "-Wl,-Bdynamic" "-ltblis" "-lc" "-lm" "-lrt" "-lpthread" "-lgcc_s" "-lutil" "-lrt" "-lpthread" "-lm" "-ldl" "-lc" "-L" "/opt/rustwide/target/release/deps/rustcz0GBPb/raw-dylibs" "-B<sysroot>/lib/rustlib/x86_64-unknown-linux-gnu/bin/gcc-ld" "-fuse-ld=lld" "-Wl,--eh-frame-hdr" "-Wl,-z,noexecstack" "-L" "/opt/rustwide/target/release" "-L" "/opt/rustwide/target/release/deps" "-L" "<sysroot>/lib/rustlib/x86_64-unknown-linux-gnu/lib" "-L" "<sysroot>/lib" "-L" "/opt/rustwide/cargo-home/bin" "-L" "/usr/local/sbin" "-L" "/usr/local/bin" "-L" "/usr/sbin" "-L" "/usr/bin" "-L" "/usr" "-L" "/usr/lib" "-L" "/usr/lib/x86_64-linux-gnu" "-L" "/usr/lib64" "-L" "/usr/local" "-L" "/usr/local/lib" "-L" "/usr/local/share" "-L" "/opt" "-L" "<sysroot>/lib/rustlib/x86_64-unknown-linux-gnu/lib" "-o" "/opt/rustwide/target/release/deps/tblis-712828e627b385b0" "-Wl,--gc-sections" "-pie" "-Wl,-z,relro,-z,now" "-Wl,-O1" "-Wl,--strip-debug" "-nodefaultlibs"
[INFO] [stdout]   = note: some arguments are omitted. use `--verbose` to show all linker arguments
[INFO] [stdout]   = note: rust-lld: error: unable to find library -ltblis
[INFO] [stdout]           collect2: error: ld returned 1 exit status
[INFO] [stdout]           
[INFO] [stdout] 
[INFO] [stdout] 
[INFO] [stderr] error: could not compile `tblis` (lib test) due to 1 previous error
[INFO] [stderr] warning: build failed, waiting for other jobs to finish...
[INFO] [stdout] error: linking with `cc` failed: exit status: 1
[INFO] [stdout]   |
[INFO] [stdout]   = note:  "cc" "-m64" "/opt/rustwide/target/release/deps/rustc9ZOAeJ/symbols.o" "<17 object files omitted>" "-Wl,--as-needed" "-Wl,-Bstatic" "<sysroot>/lib/rustlib/x86_64-unknown-linux-gnu/lib/{libtest-*,libgetopts-*,librustc_std_workspace_std-*}.rlib" "/opt/rustwide/target/release/deps/{libtblis-c2f3a59c49f2d0b0,libtblis_ffi-cd996997b9a4dd4e,libderive_builder-e330114fd462a5db,libopt_einsum_path-8210323a3ba5cd80,libnum-2fcc6e91fb2d4f7a,libnum_iter-8cc000f02d912efb,libnum_rational-13872d7830f037af,libnum_complex-d3338978d06b8720,libnum_bigint-e3f6f6aeba59daae,libnum_integer-6c5c8f6b32ba886d,libnum_traits-944120fb87f0a31f,libitertools-977b2b9938638669,librand-79f5f3d51ce0fc7b,librand_chacha-44694671f8bf79ab,libppv_lite86-34ba38e372a0dab0,libzerocopy-04ef3470dccf767a,librand_core-d92964f3bbc606c6,libgetrandom-cdc473778e4a15d3,liblibc-410e11f503572298,libcfg_if-6d8dca19095bb388,librayon-d03cd6dfc1efb879,librayon_core-200cbe5ba623cbda,libcrossbeam_deque-2a0d55b5d488e9da,libcrossbeam_epoch-5071d9e21cd7edca,libcrossbeam_utils-c35c21890820cf1a,libeither-9494ab0a0482591e,libtblis_src-d592c41ac934fcb5}.rlib" "<sysroot>/lib/rustlib/x86_64-unknown-linux-gnu/lib/{libstd-*,libpanic_unwind-*,libobject-*,libmemchr-*,libaddr2line-*,libgimli-*,libcfg_if-*,librustc_demangle-*,libstd_detect-*,libhashbrown-*,librustc_std_workspace_alloc-*,libminiz_oxide-*,libadler2-*,libunwind-*,liblibc-*,librustc_std_workspace_core-*,liballoc-*,libcore-*,libcompiler_builtins-*}.rlib" "-Wl,-Bdynamic" "-lc" "-lm" "-lrt" "-lpthread" "-ltblis" "-lgcc_s" "-lutil" "-lrt" "-lpthread" "-lm" "-ldl" "-lc" "-L" "/opt/rustwide/target/release/deps/rustc9ZOAeJ/raw-dylibs" "-B<sysroot>/lib/rustlib/x86_64-unknown-linux-gnu/bin/gcc-ld" "-fuse-ld=lld" "-Wl,--eh-frame-hdr" "-Wl,-z,noexecstack" "-L" "/opt/rustwide/target/release" "-L" "/opt/rustwide/target/release/deps" "-L" "<sysroot>/lib/rustlib/x86_64-unknown-linux-gnu/lib" "-L" "<sysroot>/lib" "-L" "/opt/rustwide/cargo-home/bin" "-L" "/usr/local/sbin" "-L" "/usr/local/bin" "-L" "/usr/sbin" "-L" "/usr/bin" "-L" "/usr" "-L" "/usr/lib" "-L" "/usr/lib/x86_64-linux-gnu" "-L" "/usr/lib64" "-L" "/usr/local" "-L" "/usr/local/lib" "-L" "/usr/local/share" "-L" "/opt" "-L" "<sysroot>/lib/rustlib/x86_64-unknown-linux-gnu/lib" "-o" "/opt/rustwide/target/release/deps/bench_contig-b0b00f85d699b4a3" "-Wl,--gc-sections" "-pie" "-Wl,-z,relro,-z,now" "-Wl,-O1" "-Wl,--strip-debug" "-nodefaultlibs"
[INFO] [stdout]   = note: some arguments are omitted. use `--verbose` to show all linker arguments
[INFO] [stdout]   = note: rust-lld: error: unable to find library -ltblis
[INFO] [stdout]           collect2: error: ld returned 1 exit status
[INFO] [stdout]           
[INFO] [stdout] 
[INFO] [stdout] 
[INFO] [stderr] error: could not compile `tblis` (test "bench_contig") due to 1 previous error
[INFO] [stdout] error: linking with `cc` failed: exit status: 1
[INFO] [stdout]   |
[INFO] [stdout]   = note:  "cc" "-m64" "/opt/rustwide/target/release/deps/rustcVge9Q5/symbols.o" "<17 object files omitted>" "-Wl,--as-needed" "-Wl,-Bstatic" "<sysroot>/lib/rustlib/x86_64-unknown-linux-gnu/lib/{libtest-*,libgetopts-*,librustc_std_workspace_std-*}.rlib" "/opt/rustwide/target/release/deps/{libtblis-c2f3a59c49f2d0b0,libtblis_ffi-cd996997b9a4dd4e,libderive_builder-e330114fd462a5db,libopt_einsum_path-8210323a3ba5cd80,libnum-2fcc6e91fb2d4f7a,libnum_iter-8cc000f02d912efb,libnum_rational-13872d7830f037af,libnum_complex-d3338978d06b8720,libnum_bigint-e3f6f6aeba59daae,libnum_integer-6c5c8f6b32ba886d,libnum_traits-944120fb87f0a31f,libitertools-977b2b9938638669,librand-79f5f3d51ce0fc7b,librand_chacha-44694671f8bf79ab,libppv_lite86-34ba38e372a0dab0,libzerocopy-04ef3470dccf767a,librand_core-d92964f3bbc606c6,libgetrandom-cdc473778e4a15d3,liblibc-410e11f503572298,libcfg_if-6d8dca19095bb388,librayon-d03cd6dfc1efb879,librayon_core-200cbe5ba623cbda,libcrossbeam_deque-2a0d55b5d488e9da,libcrossbeam_epoch-5071d9e21cd7edca,libcrossbeam_utils-c35c21890820cf1a,libeither-9494ab0a0482591e,libtblis_src-d592c41ac934fcb5}.rlib" "<sysroot>/lib/rustlib/x86_64-unknown-linux-gnu/lib/{libstd-*,libpanic_unwind-*,libobject-*,libmemchr-*,libaddr2line-*,libgimli-*,libcfg_if-*,librustc_demangle-*,libstd_detect-*,libhashbrown-*,librustc_std_workspace_alloc-*,libminiz_oxide-*,libadler2-*,libunwind-*,liblibc-*,librustc_std_workspace_core-*,liballoc-*,libcore-*,libcompiler_builtins-*}.rlib" "-Wl,-Bdynamic" "-lc" "-lm" "-lrt" "-lpthread" "-ltblis" "-lgcc_s" "-lutil" "-lrt" "-lpthread" "-lm" "-ldl" "-lc" "-L" "/opt/rustwide/target/release/deps/rustcVge9Q5/raw-dylibs" "-B<sysroot>/lib/rustlib/x86_64-unknown-linux-gnu/bin/gcc-ld" "-fuse-ld=lld" "-Wl,--eh-frame-hdr" "-Wl,-z,noexecstack" "-L" "/opt/rustwide/target/release" "-L" "/opt/rustwide/target/release/deps" "-L" "<sysroot>/lib/rustlib/x86_64-unknown-linux-gnu/lib" "-L" "<sysroot>/lib" "-L" "/opt/rustwide/cargo-home/bin" "-L" "/usr/local/sbin" "-L" "/usr/local/bin" "-L" "/usr/sbin" "-L" "/usr/bin" "-L" "/usr" "-L" "/usr/lib" "-L" "/usr/lib/x86_64-linux-gnu" "-L" "/usr/lib64" "-L" "/usr/local" "-L" "/usr/local/lib" "-L" "/usr/local/share" "-L" "/opt" "-L" "<sysroot>/lib/rustlib/x86_64-unknown-linux-gnu/lib" "-o" "/opt/rustwide/target/release/deps/bench_strided-1d7a2980061ad6da" "-Wl,--gc-sections" "-pie" "-Wl,-z,relro,-z,now" "-Wl,-O1" "-Wl,--strip-debug" "-nodefaultlibs"
[INFO] [stdout]   = note: some arguments are omitted. use `--verbose` to show all linker arguments
[INFO] [stdout]   = note: rust-lld: error: unable to find library -ltblis
[INFO] [stdout]           collect2: error: ld returned 1 exit status
[INFO] [stdout]           
[INFO] [stdout] 
[INFO] [stdout] 
[INFO] [stderr] error: could not compile `tblis` (test "bench_strided") due to 1 previous error
[INFO] [stdout] error: linking with `cc` failed: exit status: 1
[INFO] [stdout]   |
[INFO] [stdout]   = note:  "cc" "-m64" "/opt/rustwide/target/release/deps/rustcpZqHvS/symbols.o" "<12 object files omitted>" "-Wl,--as-needed" "-Wl,-Bstatic" "<sysroot>/lib/rustlib/x86_64-unknown-linux-gnu/lib/{libtest-*,libgetopts-*,librustc_std_workspace_std-*}.rlib" "/opt/rustwide/target/release/deps/{libtblis-c2f3a59c49f2d0b0,libtblis_ffi-cd996997b9a4dd4e,libderive_builder-e330114fd462a5db,libopt_einsum_path-8210323a3ba5cd80,libnum-2fcc6e91fb2d4f7a,libnum_iter-8cc000f02d912efb,libnum_rational-13872d7830f037af,libnum_complex-d3338978d06b8720,libnum_bigint-e3f6f6aeba59daae,libnum_integer-6c5c8f6b32ba886d,libnum_traits-944120fb87f0a31f,libitertools-977b2b9938638669,libeither-9494ab0a0482591e,librand-79f5f3d51ce0fc7b,librand_chacha-44694671f8bf79ab,libppv_lite86-34ba38e372a0dab0,libzerocopy-04ef3470dccf767a,librand_core-d92964f3bbc606c6,libgetrandom-cdc473778e4a15d3,liblibc-410e11f503572298,libcfg_if-6d8dca19095bb388,librstest-eece51fbfe60b89b,libfutures_util-eb58f1fe6dad2f8c,libslab-19b8bc1074c00c3a,libpin_project_lite-9a89bb36c0c56875,libfutures_task-4380614d65d5c09c,libfutures_core-0b1b1ace5db6ba06,libfutures_timer-17420266ecb7261e,libtblis_src-d592c41ac934fcb5}.rlib" "<sysroot>/lib/rustlib/x86_64-unknown-linux-gnu/lib/{libstd-*,libpanic_unwind-*,libobject-*,libmemchr-*,libaddr2line-*,libgimli-*,libcfg_if-*,librustc_demangle-*,libstd_detect-*,libhashbrown-*,librustc_std_workspace_alloc-*,libminiz_oxide-*,libadler2-*,libunwind-*,liblibc-*,librustc_std_workspace_core-*,liballoc-*,libcore-*,libcompiler_builtins-*}.rlib" "-Wl,-Bdynamic" "-lc" "-lm" "-lrt" "-lpthread" "-ltblis" "-lgcc_s" "-lutil" "-lrt" "-lpthread" "-lm" "-ldl" "-lc" "-L" "/opt/rustwide/target/release/deps/rustcpZqHvS/raw-dylibs" "-B<sysroot>/lib/rustlib/x86_64-unknown-linux-gnu/bin/gcc-ld" "-fuse-ld=lld" "-Wl,--eh-frame-hdr" "-Wl,-z,noexecstack" "-L" "/opt/rustwide/target/release" "-L" "/opt/rustwide/target/release/deps" "-L" "<sysroot>/lib/rustlib/x86_64-unknown-linux-gnu/lib" "-L" "<sysroot>/lib" "-L" "/opt/rustwide/cargo-home/bin" "-L" "/usr/local/sbin" "-L" "/usr/local/bin" "-L" "/usr/sbin" "-L" "/usr/bin" "-L" "/usr" "-L" "/usr/lib" "-L" "/usr/lib/x86_64-linux-gnu" "-L" "/usr/lib64" "-L" "/usr/local" "-L" "/usr/local/lib" "-L" "/usr/local/share" "-L" "/opt" "-L" "<sysroot>/lib/rustlib/x86_64-unknown-linux-gnu/lib" "-o" "/opt/rustwide/target/release/deps/test_f64-bda288dbbe778db8" "-Wl,--gc-sections" "-pie" "-Wl,-z,relro,-z,now" "-Wl,-O1" "-Wl,--strip-debug" "-nodefaultlibs"
[INFO] [stdout]   = note: some arguments are omitted. use `--verbose` to show all linker arguments
[INFO] [stdout]   = note: rust-lld: error: unable to find library -ltblis
[INFO] [stdout]           collect2: error: ld returned 1 exit status
[INFO] [stdout]           
[INFO] [stdout] 
[INFO] [stdout] 
[INFO] [stderr] error: could not compile `tblis` (test "test_f64") due to 1 previous error
[INFO] [stdout] error: linking with `cc` failed: exit status: 1
[INFO] [stdout]   |
[INFO] [stdout]   = note:  "cc" "-m64" "/opt/rustwide/target/release/deps/rustczt6mLV/symbols.o" "<12 object files omitted>" "-Wl,--as-needed" "-Wl,-Bstatic" "<sysroot>/lib/rustlib/x86_64-unknown-linux-gnu/lib/{libtest-*,libgetopts-*,librustc_std_workspace_std-*}.rlib" "/opt/rustwide/target/release/deps/{libtblis-c2f3a59c49f2d0b0,libtblis_ffi-cd996997b9a4dd4e,libderive_builder-e330114fd462a5db,libopt_einsum_path-8210323a3ba5cd80,libitertools-977b2b9938638669,libeither-9494ab0a0482591e,librand-79f5f3d51ce0fc7b,librand_chacha-44694671f8bf79ab,libppv_lite86-34ba38e372a0dab0,libzerocopy-04ef3470dccf767a,librand_core-d92964f3bbc606c6,libgetrandom-cdc473778e4a15d3,liblibc-410e11f503572298,libcfg_if-6d8dca19095bb388,librstest-eece51fbfe60b89b,libfutures_util-eb58f1fe6dad2f8c,libslab-19b8bc1074c00c3a,libpin_project_lite-9a89bb36c0c56875,libfutures_task-4380614d65d5c09c,libfutures_core-0b1b1ace5db6ba06,libfutures_timer-17420266ecb7261e,libnum-2fcc6e91fb2d4f7a,libnum_iter-8cc000f02d912efb,libnum_rational-13872d7830f037af,libnum_complex-d3338978d06b8720,libnum_bigint-e3f6f6aeba59daae,libnum_integer-6c5c8f6b32ba886d,libnum_traits-944120fb87f0a31f,libtblis_src-d592c41ac934fcb5}.rlib" "<sysroot>/lib/rustlib/x86_64-unknown-linux-gnu/lib/{libstd-*,libpanic_unwind-*,libobject-*,libmemchr-*,libaddr2line-*,libgimli-*,libcfg_if-*,librustc_demangle-*,libstd_detect-*,libhashbrown-*,librustc_std_workspace_alloc-*,libminiz_oxide-*,libadler2-*,libunwind-*,liblibc-*,librustc_std_workspace_core-*,liballoc-*,libcore-*,libcompiler_builtins-*}.rlib" "-Wl,-Bdynamic" "-lc" "-lm" "-lrt" "-lpthread" "-ltblis" "-lgcc_s" "-lutil" "-lrt" "-lpthread" "-lm" "-ldl" "-lc" "-L" "/opt/rustwide/target/release/deps/rustczt6mLV/raw-dylibs" "-B<sysroot>/lib/rustlib/x86_64-unknown-linux-gnu/bin/gcc-ld" "-fuse-ld=lld" "-Wl,--eh-frame-hdr" "-Wl,-z,noexecstack" "-L" "/opt/rustwide/target/release" "-L" "/opt/rustwide/target/release/deps" "-L" "<sysroot>/lib/rustlib/x86_64-unknown-linux-gnu/lib" "-L" "<sysroot>/lib" "-L" "/opt/rustwide/cargo-home/bin" "-L" "/usr/local/sbin" "-L" "/usr/local/bin" "-L" "/usr/sbin" "-L" "/usr/bin" "-L" "/usr" "-L" "/usr/lib" "-L" "/usr/lib/x86_64-linux-gnu" "-L" "/usr/lib64" "-L" "/usr/local" "-L" "/usr/local/lib" "-L" "/usr/local/share" "-L" "/opt" "-L" "<sysroot>/lib/rustlib/x86_64-unknown-linux-gnu/lib" "-o" "/opt/rustwide/target/release/deps/test_c64-3800f55f4a2b9e03" "-Wl,--gc-sections" "-pie" "-Wl,-z,relro,-z,now" "-Wl,-O1" "-Wl,--strip-debug" "-nodefaultlibs"
[INFO] [stdout]   = note: some arguments are omitted. use `--verbose` to show all linker arguments
[INFO] [stdout]   = note: rust-lld: error: unable to find library -ltblis
[INFO] [stdout]           collect2: error: ld returned 1 exit status
[INFO] [stdout]           
[INFO] [stdout] 
[INFO] [stdout] 
[INFO] [stderr] error: could not compile `tblis` (test "test_c64") due to 1 previous error
[INFO] running `Command { std: "docker" "inspect" "b73aded79f672b16ceb63f0d8f98f4df32bf03b282255b40539d036a51382b57", kill_on_drop: false }`
[INFO] running `Command { std: "docker" "rm" "-f" "b73aded79f672b16ceb63f0d8f98f4df32bf03b282255b40539d036a51382b57", kill_on_drop: false }`
[INFO] [stdout] b73aded79f672b16ceb63f0d8f98f4df32bf03b282255b40539d036a51382b57
