[INFO] fetching crate tayvo_optional_struct 0.2.0...
[INFO] testing tayvo_optional_struct-0.2.0 against 1.100.0-beta.1+cargoflags=--release for beta-release-1.100-2
[INFO] extracting crate tayvo_optional_struct 0.2.0 into /workspace/builds/worker-3-tc2/source
[INFO] started tweaking crates.io crate tayvo_optional_struct 0.2.0
[INFO] removed 0 missing tests
[INFO] finished tweaking crates.io crate tayvo_optional_struct 0.2.0
[INFO] tweaked toml for crates.io crate tayvo_optional_struct 0.2.0 written to /workspace/builds/worker-3-tc2/source/Cargo.toml
[INFO] validating manifest of crates.io crate tayvo_optional_struct 0.2.0 on toolchain 1.100.0-beta.1
[INFO] running `Command { std: CARGO_HOME="/workspace/cargo-home" RUSTUP_HOME="/workspace/rustup-home" "/workspace/cargo-home/bin/cargo" "+1.100.0-beta.1" "metadata" "--manifest-path" "Cargo.toml" "--no-deps", kill_on_drop: false }`
[INFO] crate crates.io crate tayvo_optional_struct 0.2.0 already has a lockfile, it will not be regenerated
[INFO] running `Command { std: CARGO_HOME="/workspace/cargo-home" RUSTUP_HOME="/workspace/rustup-home" "/workspace/cargo-home/bin/cargo" "+1.100.0-beta.1" "fetch" "--manifest-path" "Cargo.toml", kill_on_drop: false }`
[INFO] running `Command { std: "docker" "create" "-v" "/var/lib/crater-agent-workspace/builds/worker-3-tc2/source:/opt/rustwide/workdir:ro,Z" "-v" "/var/lib/crater-agent-workspace/builds/worker-3-tc2/target:/opt/rustwide/target:rw,Z" "-v" "/var/lib/crater-agent-workspace/cargo-home:/opt/rustwide/cargo-home:ro,Z" "-v" "/var/lib/crater-agent-workspace/rustup-home:/opt/rustwide/rustup-home:ro,Z" "-m" "1610612736" "--network" "none" "ghcr.io/rust-lang/crates-build-env/linux@sha256:77db811e55d90add9212f6832c23229e3de5f1c1f9905e8cb07319ea15df73ac" "sleep" "infinity", kill_on_drop: false }`
[INFO] [stdout] b4aa57bc385457e05f8e2e9a476ee366c5884a3e5cd3690804f1f8156dcc56db
[INFO] running `Command { std: "docker" "start" "b4aa57bc385457e05f8e2e9a476ee366c5884a3e5cd3690804f1f8156dcc56db", kill_on_drop: false }`
[INFO] running `Command { std: "docker" "inspect" "b4aa57bc385457e05f8e2e9a476ee366c5884a3e5cd3690804f1f8156dcc56db", kill_on_drop: false }`
[INFO] running `Command { std: "docker" "exec" "-e" "SOURCE_DIR=/opt/rustwide/workdir" "-e" "CARGO_HOME=/opt/rustwide/cargo-home" "-e" "RUSTUP_HOME=/opt/rustwide/rustup-home" "-e" "CARGO_TARGET_DIR=/opt/rustwide/target" "-w" "/opt/rustwide/workdir" "--user" "0:0" "b4aa57bc385457e05f8e2e9a476ee366c5884a3e5cd3690804f1f8156dcc56db" "/opt/rustwide/cargo-home/bin/cargo" "+1.100.0-beta.1" "metadata" "--no-deps" "--format-version=1", kill_on_drop: false }`
[INFO] running `Command { std: "docker" "inspect" "b4aa57bc385457e05f8e2e9a476ee366c5884a3e5cd3690804f1f8156dcc56db", kill_on_drop: false }`
[INFO] running `Command { std: "docker" "exec" "-e" "SOURCE_DIR=/opt/rustwide/workdir" "-e" "CARGO_HOME=/opt/rustwide/cargo-home" "-e" "RUSTUP_HOME=/opt/rustwide/rustup-home" "-e" "CARGO_TARGET_DIR=/opt/rustwide/target" "-e" "CARGO_INCREMENTAL=0" "-e" "RUST_BACKTRACE=full" "-e" "RUSTFLAGS=--cap-lints=warn" "-e" "RUSTDOCFLAGS=--cap-lints=warn" "-w" "/opt/rustwide/workdir" "--user" "0:0" "b4aa57bc385457e05f8e2e9a476ee366c5884a3e5cd3690804f1f8156dcc56db" "/opt/rustwide/cargo-home/bin/cargo" "+1.100.0-beta.1" "build" "--frozen" "--message-format=json" "--release", kill_on_drop: false }`
[INFO] [stderr]    Compiling unicode-xid v0.0.4
[INFO] [stderr]    Compiling quote v0.3.15
[INFO] [stderr]    Compiling synom v0.11.3
[INFO] [stderr]    Compiling syn v0.11.11
[INFO] [stderr]    Compiling tayvo_optional_struct v0.2.0 (/opt/rustwide/workdir)
[INFO] [stderr]     Finished `release` profile [optimized] target(s) in 2.65s
[INFO] [stderr] warning: the following packages contain code that will be rejected by a future version of Rust: syn v0.11.11
[INFO] [stderr] note: to see what the problems were, use the option `--future-incompat-report`, or run `cargo report future-incompatibilities --id 7`
[INFO] running `Command { std: "docker" "inspect" "b4aa57bc385457e05f8e2e9a476ee366c5884a3e5cd3690804f1f8156dcc56db", kill_on_drop: false }`
[INFO] running `Command { std: "docker" "exec" "-e" "SOURCE_DIR=/opt/rustwide/workdir" "-e" "CARGO_HOME=/opt/rustwide/cargo-home" "-e" "RUSTUP_HOME=/opt/rustwide/rustup-home" "-e" "CARGO_TARGET_DIR=/opt/rustwide/target" "-e" "CARGO_INCREMENTAL=0" "-e" "RUST_BACKTRACE=full" "-e" "RUSTFLAGS=--cap-lints=warn" "-e" "RUSTDOCFLAGS=--cap-lints=warn" "-w" "/opt/rustwide/workdir" "--user" "0:0" "b4aa57bc385457e05f8e2e9a476ee366c5884a3e5cd3690804f1f8156dcc56db" "/opt/rustwide/cargo-home/bin/cargo" "+1.100.0-beta.1" "test" "--frozen" "--no-run" "--message-format=json" "--release", kill_on_drop: false }`
[INFO] [stderr]    Compiling proc-macro2 v1.0.101
[INFO] [stderr]    Compiling serde_json v1.0.143
[INFO] [stderr]    Compiling unicode-xid v0.0.4
[INFO] [stderr]    Compiling quote v0.3.15
[INFO] [stderr]    Compiling memchr v2.7.5
[INFO] [stderr]    Compiling ryu v1.0.20
[INFO] [stderr]    Compiling itoa v1.0.15
[INFO] [stderr]    Compiling serde v1.0.219
[INFO] [stderr]    Compiling tayvo_optional_struct v0.2.0 (/opt/rustwide/workdir)
[INFO] [stderr]    Compiling synom v0.11.3
[INFO] [stderr]    Compiling syn v0.11.11
[INFO] [stderr]    Compiling quote v1.0.40
[INFO] [stderr]    Compiling syn v2.0.106
[INFO] [stderr]    Compiling serde_derive v1.0.219
[INFO] [stdout] error[E0463]: can't find crate for `optional_struct`
[INFO] [stdout]  --> tests/derive.rs:2:1
[INFO] [stdout]   |
[INFO] [stdout] 2 | extern crate optional_struct;
[INFO] [stdout]   | ^^^^^^^^^^^^^^^^^^^^^^^^^^^^^ can't find crate
[INFO] [stdout] 
[INFO] [stdout] 
[INFO] [stdout] For more information about this error, try `rustc --explain E0463`.
[INFO] [stdout] 
[INFO] [stdout] error[E0463]: can't find crate for `optional_struct`
[INFO] [stdout]  --> tests/simple_no_overrides.rs:2:1
[INFO] [stdout]   |
[INFO] [stdout] 2 | extern crate optional_struct;
[INFO] [stdout]   | ^^^^^^^^^^^^^^^^^^^^^^^^^^^^^ can't find crate
[INFO] [stdout] 
[INFO] [stdout] 
[INFO] [stdout] error[E0463]: can't find crate for `optional_struct`
[INFO] [stdout]  --> tests/renamed.rs:2:1
[INFO] [stdout]   |
[INFO] [stdout] 2 | extern crate optional_struct;
[INFO] [stdout]   | ^^^^^^^^^^^^^^^^^^^^^^^^^^^^^ can't find crate
[INFO] [stdout] 
[INFO] [stdout] 
[INFO] [stdout] For more information about this error, try `rustc --explain E0463`.
[INFO] [stdout] 
[INFO] [stderr] error: could not compile `tayvo_optional_struct` (test "derive") due to 1 previous error
[INFO] [stderr] warning: build failed, waiting for other jobs to finish...
[INFO] [stdout] For more information about this error, try `rustc --explain E0463`.
[INFO] [stdout] 
[INFO] [stderr] error: could not compile `tayvo_optional_struct` (test "simple_no_overrides") due to 1 previous error
[INFO] [stderr] error: could not compile `tayvo_optional_struct` (test "renamed") due to 1 previous error
[INFO] [stdout] error[E0463]: can't find crate for `optional_struct`
[INFO] [stdout]  --> tests/nested.rs:2:1
[INFO] [stdout]   |
[INFO] [stdout] 2 | extern crate optional_struct;
[INFO] [stdout]   | ^^^^^^^^^^^^^^^^^^^^^^^^^^^^^ can't find crate
[INFO] [stdout] 
[INFO] [stdout] 
[INFO] [stdout] error[E0463]: can't find crate for `optional_struct`
[INFO] [stdout]  --> tests/empty.rs:4:1
[INFO] [stdout]   |
[INFO] [stdout] 4 | extern crate optional_struct;
[INFO] [stdout]   | ^^^^^^^^^^^^^^^^^^^^^^^^^^^^^ can't find crate
[INFO] [stdout] 
[INFO] [stdout] 
[INFO] [stdout] error[E0463]: can't find crate for `optional_struct`
[INFO] [stdout]  --> tests/generics.rs:2:1
[INFO] [stdout]   |
[INFO] [stdout] 2 | extern crate optional_struct;
[INFO] [stdout]   | ^^^^^^^^^^^^^^^^^^^^^^^^^^^^^ can't find crate
[INFO] [stdout] 
[INFO] [stdout] 
[INFO] [stdout] For more information about this error, try `rustc --explain E0463`.
[INFO] [stdout] 
[INFO] [stdout] For more information about this error, try `rustc --explain E0463`.
[INFO] [stdout] 
[INFO] [stderr] error: could not compile `tayvo_optional_struct` (test "nested") due to 1 previous error
[INFO] [stderr] error: could not compile `tayvo_optional_struct` (test "generics") due to 1 previous error
[INFO] [stdout] error[E0463]: can't find crate for `optional_struct`
[INFO] [stdout]  --> tests/serde.rs:2:1
[INFO] [stdout]   |
[INFO] [stdout] 2 | extern crate optional_struct;
[INFO] [stdout]   | ^^^^^^^^^^^^^^^^^^^^^^^^^^^^^ can't find crate
[INFO] [stdout] 
[INFO] [stdout] 
[INFO] [stdout] For more information about this error, try `rustc --explain E0463`.
[INFO] [stdout] 
[INFO] [stdout] For more information about this error, try `rustc --explain E0463`.
[INFO] [stdout] 
[INFO] [stderr] error: could not compile `tayvo_optional_struct` (test "empty") due to 1 previous error
[INFO] [stderr] error: could not compile `tayvo_optional_struct` (test "serde") due to 1 previous error
[INFO] [stdout] error[E0463]: can't find crate for `optional_struct`
[INFO] [stdout]  --> tests/simple.rs:2:1
[INFO] [stdout]   |
[INFO] [stdout] 2 | extern crate optional_struct;
[INFO] [stdout]   | ^^^^^^^^^^^^^^^^^^^^^^^^^^^^^ can't find crate
[INFO] [stdout] 
[INFO] [stdout] 
[INFO] [stdout] For more information about this error, try `rustc --explain E0463`.
[INFO] [stdout] 
[INFO] [stderr] error: could not compile `tayvo_optional_struct` (test "simple") due to 1 previous error
[INFO] running `Command { std: "docker" "inspect" "b4aa57bc385457e05f8e2e9a476ee366c5884a3e5cd3690804f1f8156dcc56db", kill_on_drop: false }`
[INFO] running `Command { std: "docker" "rm" "-f" "b4aa57bc385457e05f8e2e9a476ee366c5884a3e5cd3690804f1f8156dcc56db", kill_on_drop: false }`
[INFO] [stdout] b4aa57bc385457e05f8e2e9a476ee366c5884a3e5cd3690804f1f8156dcc56db
