[INFO] fetching crate tauri-updater-delta-release 0.2.0...
[INFO] testing tauri-updater-delta-release-0.2.0 against 1.99.0-beta.8+cargoflags=--release for beta-release-1.100-2
[INFO] extracting crate tauri-updater-delta-release 0.2.0 into /workspace/builds/worker-0-tc1/source
[INFO] started tweaking crates.io crate tauri-updater-delta-release 0.2.0
[INFO] removed 0 missing tests
[INFO] finished tweaking crates.io crate tauri-updater-delta-release 0.2.0
[INFO] tweaked toml for crates.io crate tauri-updater-delta-release 0.2.0 written to /workspace/builds/worker-0-tc1/source/Cargo.toml
[INFO] validating manifest of crates.io crate tauri-updater-delta-release 0.2.0 on toolchain 1.99.0-beta.8
[INFO] running `Command { std: CARGO_HOME="/workspace/cargo-home" RUSTUP_HOME="/workspace/rustup-home" "/workspace/cargo-home/bin/cargo" "+1.99.0-beta.8" "metadata" "--manifest-path" "Cargo.toml" "--no-deps", kill_on_drop: false }`
[INFO] crate crates.io crate tauri-updater-delta-release 0.2.0 already has a lockfile, it will not be regenerated
[INFO] running `Command { std: CARGO_HOME="/workspace/cargo-home" RUSTUP_HOME="/workspace/rustup-home" "/workspace/cargo-home/bin/cargo" "+1.99.0-beta.8" "fetch" "--manifest-path" "Cargo.toml", kill_on_drop: false }`
[INFO] [stderr]     Updating crates.io index
[INFO] [stderr]  Downloading crates ...
[INFO] [stderr]   Downloaded zstd v0.14.0
[INFO] [stderr]   Downloaded salsa20 v0.10.2
[INFO] [stderr]   Downloaded ct-codecs v1.1.7
[INFO] [stderr]   Downloaded rtoolbox v0.0.5
[INFO] [stderr]   Downloaded scrypt v0.11.0
[INFO] [stderr]   Downloaded minisign v0.7.9
[INFO] [stderr]   Downloaded zstd-safe v8.0.0
[INFO] [stderr]   Downloaded xattr v1.6.1
[INFO] [stderr]   Downloaded pbkdf2 v0.12.2
[INFO] [stderr]   Downloaded minisign-verify v0.2.5
[INFO] [stderr]   Downloaded libz-rs-sys v0.5.0
[INFO] [stderr]   Downloaded filetime v0.2.29
[INFO] [stderr]   Downloaded rpassword v7.5.4
[INFO] [stderr]   Downloaded flate2 v1.1.1
[INFO] [stderr]   Downloaded tar v0.4.43
[INFO] [stderr]   Downloaded zlib-rs v0.5.0
[INFO] [stderr]   Downloaded blake3 v1.8.7
[INFO] [stderr]   Downloaded zstd-sys v2.1.0+zstd.1.5.7
[INFO] [stderr]   Downloaded tauri-updater-delta-core v0.2.0
[INFO] running `Command { std: "docker" "create" "-v" "/var/lib/crater-agent-workspace/builds/worker-0-tc1/source:/opt/rustwide/workdir:ro,Z" "-v" "/var/lib/crater-agent-workspace/builds/worker-0-tc1/target:/opt/rustwide/target:rw,Z" "-v" "/var/lib/crater-agent-workspace/cargo-home:/opt/rustwide/cargo-home:ro,Z" "-v" "/var/lib/crater-agent-workspace/rustup-home:/opt/rustwide/rustup-home:ro,Z" "-m" "1610612736" "--network" "none" "ghcr.io/rust-lang/crates-build-env/linux@sha256:77db811e55d90add9212f6832c23229e3de5f1c1f9905e8cb07319ea15df73ac" "sleep" "infinity", kill_on_drop: false }`
[INFO] [stdout] 69f8823726be8e90ae153984b003e0c48f60b11fae3e38182c3db0507e79191d
[INFO] running `Command { std: "docker" "start" "69f8823726be8e90ae153984b003e0c48f60b11fae3e38182c3db0507e79191d", kill_on_drop: false }`
[INFO] running `Command { std: "docker" "inspect" "69f8823726be8e90ae153984b003e0c48f60b11fae3e38182c3db0507e79191d", kill_on_drop: false }`
[INFO] running `Command { std: "docker" "exec" "-e" "SOURCE_DIR=/opt/rustwide/workdir" "-e" "CARGO_HOME=/opt/rustwide/cargo-home" "-e" "RUSTUP_HOME=/opt/rustwide/rustup-home" "-e" "CARGO_TARGET_DIR=/opt/rustwide/target" "-w" "/opt/rustwide/workdir" "--user" "0:0" "69f8823726be8e90ae153984b003e0c48f60b11fae3e38182c3db0507e79191d" "/opt/rustwide/cargo-home/bin/cargo" "+1.99.0-beta.8" "metadata" "--no-deps" "--format-version=1", kill_on_drop: false }`
[INFO] running `Command { std: "docker" "inspect" "69f8823726be8e90ae153984b003e0c48f60b11fae3e38182c3db0507e79191d", kill_on_drop: false }`
[INFO] running `Command { std: "docker" "exec" "-e" "SOURCE_DIR=/opt/rustwide/workdir" "-e" "CARGO_HOME=/opt/rustwide/cargo-home" "-e" "RUSTUP_HOME=/opt/rustwide/rustup-home" "-e" "CARGO_TARGET_DIR=/opt/rustwide/target" "-e" "CARGO_INCREMENTAL=0" "-e" "RUST_BACKTRACE=full" "-e" "RUSTFLAGS=--cap-lints=warn" "-e" "RUSTDOCFLAGS=--cap-lints=warn" "-w" "/opt/rustwide/workdir" "--user" "0:0" "69f8823726be8e90ae153984b003e0c48f60b11fae3e38182c3db0507e79191d" "/opt/rustwide/cargo-home/bin/cargo" "+1.99.0-beta.8" "build" "--frozen" "--message-format=json" "--release", kill_on_drop: false }`
[INFO] [stderr]    Compiling find-msvc-tools v0.1.10
[INFO] [stderr]    Compiling pkg-config v0.3.33
[INFO] [stderr]    Compiling writeable v0.6.3
[INFO] [stderr]    Compiling litemap v0.8.2
[INFO] [stderr]    Compiling icu_normalizer_data v2.2.0
[INFO] [stderr]    Compiling rustix v1.1.4
[INFO] [stderr]    Compiling icu_properties_data v2.2.0
[INFO] [stderr]    Compiling linux-raw-sys v0.12.1
[INFO] [stderr]    Compiling bitflags v2.13.1
[INFO] [stderr]    Compiling smallvec v1.15.2
[INFO] [stderr]    Compiling syn v3.0.3
[INFO] [stderr]    Compiling syn v2.0.119
[INFO] [stderr]    Compiling jobserver v0.1.34
[INFO] [stderr]    Compiling zstd-safe v8.0.0
[INFO] [stderr]    Compiling crc32fast v1.5.0
[INFO] [stderr]    Compiling crypto-common v0.1.7
[INFO] [stderr]    Compiling digest v0.10.7
[INFO] [stderr]    Compiling inout v0.1.4
[INFO] [stderr]    Compiling getrandom v0.4.3
[INFO] [stderr]    Compiling zlib-rs v0.5.0
[INFO] [stderr]    Compiling cpufeatures v0.2.17
[INFO] [stderr]    Compiling hmac v0.12.1
[INFO] [stderr]    Compiling sha2 v0.10.9
[INFO] [stderr]    Compiling cipher v0.4.4
[INFO] [stderr]    Compiling serde_json v1.0.151
[INFO] [stderr]    Compiling rtoolbox v0.0.5
[INFO] [stderr]    Compiling filetime v0.2.29
[INFO] [stderr]    Compiling memchr v2.8.3
[INFO] [stderr]    Compiling cc v1.4.2
[INFO] [stderr]    Compiling pbkdf2 v0.12.2
[INFO] [stderr]    Compiling once_cell v1.21.4
[INFO] [stderr]    Compiling fastrand v2.5.0
[INFO] [stderr]    Compiling arrayvec v0.7.8
[INFO] [stderr]    Compiling form_urlencoded v1.2.2
[INFO] [stderr]    Compiling clap_builder v4.6.7
[INFO] [stderr]    Compiling rpassword v7.5.4
[INFO] [stderr]    Compiling getrandom v0.2.17
[INFO] [stderr]    Compiling ct-codecs v1.1.7
[INFO] [stderr]    Compiling salsa20 v0.10.2
[INFO] [stderr]    Compiling minisign-verify v0.2.5
[INFO] [stderr]    Compiling semver v1.0.28
[INFO] [stderr]    Compiling scrypt v0.11.0
[INFO] [stderr]    Compiling minisign v0.7.9
[INFO] [stderr]    Compiling zstd-sys v2.1.0+zstd.1.5.7
[INFO] [stderr]    Compiling blake3 v1.8.7
[INFO] [stderr]    Compiling libz-rs-sys v0.5.0
[INFO] [stderr]    Compiling synstructure v0.13.2
[INFO] [stderr]    Compiling xattr v1.6.1
[INFO] [stderr]    Compiling tar v0.4.43
[INFO] [stderr]    Compiling flate2 v1.1.1
[INFO] [stderr]    Compiling tempfile v3.27.0
[INFO] [stderr]    Compiling zerofrom-derive v0.1.7
[INFO] [stderr]    Compiling yoke-derive v0.8.2
[INFO] [stderr]    Compiling zerovec-derive v0.11.3
[INFO] [stderr]    Compiling zerofrom v0.1.8
[INFO] [stderr]    Compiling yoke v0.8.3
[INFO] [stderr]    Compiling displaydoc v0.2.7
[INFO] [stderr]    Compiling serde_derive v1.0.229
[INFO] [stderr]    Compiling thiserror-impl v2.0.20
[INFO] [stderr]    Compiling zerovec v0.11.6
[INFO] [stderr]    Compiling clap_derive v4.6.7
[INFO] [stderr]    Compiling zerotrie v0.2.4
[INFO] [stderr]    Compiling tinystr v0.8.3
[INFO] [stderr]    Compiling icu_locale_core v2.2.0
[INFO] [stderr]    Compiling potential_utf v0.1.5
[INFO] [stderr]    Compiling icu_collections v2.2.0
[INFO] [stderr]    Compiling thiserror v2.0.20
[INFO] [stderr]    Compiling clap v4.6.7
[INFO] [stderr]    Compiling icu_provider v2.2.0
[INFO] [stderr]    Compiling icu_normalizer v2.2.0
[INFO] [stderr]    Compiling icu_properties v2.2.0
[INFO] [stderr]    Compiling serde v1.0.229
[INFO] [stderr]    Compiling idna_adapter v1.2.2
[INFO] [stderr]    Compiling idna v1.1.0
[INFO] [stderr]    Compiling url v2.5.8
[INFO] [stderr]    Compiling zstd v0.14.0
[INFO] [stderr]    Compiling tauri-updater-delta-core v0.2.0
[INFO] [stderr]    Compiling tauri-updater-delta-release v0.2.0 (/opt/rustwide/workdir)
[INFO] [stderr]     Finished `release` profile [optimized] target(s) in 1m 10s
[INFO] running `Command { std: "docker" "inspect" "69f8823726be8e90ae153984b003e0c48f60b11fae3e38182c3db0507e79191d", kill_on_drop: false }`
[INFO] running `Command { std: "docker" "exec" "-e" "SOURCE_DIR=/opt/rustwide/workdir" "-e" "CARGO_HOME=/opt/rustwide/cargo-home" "-e" "RUSTUP_HOME=/opt/rustwide/rustup-home" "-e" "CARGO_TARGET_DIR=/opt/rustwide/target" "-e" "CARGO_INCREMENTAL=0" "-e" "RUST_BACKTRACE=full" "-e" "RUSTFLAGS=--cap-lints=warn" "-e" "RUSTDOCFLAGS=--cap-lints=warn" "-w" "/opt/rustwide/workdir" "--user" "0:0" "69f8823726be8e90ae153984b003e0c48f60b11fae3e38182c3db0507e79191d" "/opt/rustwide/cargo-home/bin/cargo" "+1.99.0-beta.8" "test" "--frozen" "--no-run" "--message-format=json" "--release", kill_on_drop: false }`
[INFO] [stderr]    Compiling tauri-updater-delta-release v0.2.0 (/opt/rustwide/workdir)
[INFO] [stdout] error[E0433]: cannot find module or crate `tauri_updater_delta_fixtures` in this scope
[INFO] [stdout]    --> tests/tauri_signature_compat.rs:108:19
[INFO] [stdout]     |
[INFO] [stdout] 108 |     let fixture = tauri_updater_delta_fixtures::appimage_pair(dir);
[INFO] [stdout]     |                   ^^^^^^^^^^^^^^^^^^^^^^^^^^^^ use of unresolved module or unlinked crate `tauri_updater_delta_fixtures`
[INFO] [stdout]     |
[INFO] [stdout] help: there is a crate or module with a similar name
[INFO] [stdout]     |
[INFO] [stdout] 108 -     let fixture = tauri_updater_delta_fixtures::appimage_pair(dir);
[INFO] [stdout] 108 +     let fixture = tauri_updater_delta_core::appimage_pair(dir);
[INFO] [stdout]     |
[INFO] [stdout] 
[INFO] [stdout] 
[INFO] [stdout] error[E0433]: cannot find module or crate `tauri_updater_delta_fixtures` in this scope
[INFO] [stdout]    --> tests/tauri_signature_compat.rs:255:19
[INFO] [stdout]     |
[INFO] [stdout] 255 |     let fixture = tauri_updater_delta_fixtures::appimage_pair(dir.path());
[INFO] [stdout]     |                   ^^^^^^^^^^^^^^^^^^^^^^^^^^^^ use of unresolved module or unlinked crate `tauri_updater_delta_fixtures`
[INFO] [stdout]     |
[INFO] [stdout] help: there is a crate or module with a similar name
[INFO] [stdout]     |
[INFO] [stdout] 255 -     let fixture = tauri_updater_delta_fixtures::appimage_pair(dir.path());
[INFO] [stdout] 255 +     let fixture = tauri_updater_delta_core::appimage_pair(dir.path());
[INFO] [stdout]     |
[INFO] [stdout] 
[INFO] [stdout] 
[INFO] [stdout] For more information about this error, try `rustc --explain E0433`.
[INFO] [stdout] 
[INFO] [stderr] error: could not compile `tauri-updater-delta-release` (test "tauri_signature_compat") due to 2 previous errors
[INFO] [stderr] warning: build failed, waiting for other jobs to finish...
[INFO] [stdout] error[E0433]: cannot find module or crate `tauri_updater_delta_fixtures` in this scope
[INFO] [stdout]   --> tests/end_to_end.rs:64:19
[INFO] [stdout]    |
[INFO] [stdout] 64 |     let fixture = tauri_updater_delta_fixtures::appimage_pair(dir);
[INFO] [stdout]    |                   ^^^^^^^^^^^^^^^^^^^^^^^^^^^^ use of unresolved module or unlinked crate `tauri_updater_delta_fixtures`
[INFO] [stdout]    |
[INFO] [stdout] help: there is a crate or module with a similar name
[INFO] [stdout]    |
[INFO] [stdout] 64 -     let fixture = tauri_updater_delta_fixtures::appimage_pair(dir);
[INFO] [stdout] 64 +     let fixture = tauri_updater_delta_core::appimage_pair(dir);
[INFO] [stdout]    |
[INFO] [stdout] 
[INFO] [stdout] 
[INFO] [stdout] error[E0433]: cannot find module or crate `tauri_updater_delta_fixtures` in this scope
[INFO] [stdout]   --> tests/end_to_end.rs:69:18
[INFO] [stdout]    |
[INFO] [stdout] 69 |         version: tauri_updater_delta_fixtures::NEW_VERSION,
[INFO] [stdout]    |                  ^^^^^^^^^^^^^^^^^^^^^^^^^^^^ use of unresolved module or unlinked crate `tauri_updater_delta_fixtures`
[INFO] [stdout]    |
[INFO] [stdout] help: there is a crate or module with a similar name
[INFO] [stdout]    |
[INFO] [stdout] 69 -         version: tauri_updater_delta_fixtures::NEW_VERSION,
[INFO] [stdout] 69 +         version: tauri_updater_delta_core::NEW_VERSION,
[INFO] [stdout]    |
[INFO] [stdout] 
[INFO] [stdout] 
[INFO] [stdout] error[E0433]: cannot find module or crate `tauri_updater_delta_fixtures` in this scope
[INFO] [stdout]   --> tests/end_to_end.rs:76:27
[INFO] [stdout]    |
[INFO] [stdout] 76 |             from_version: tauri_updater_delta_fixtures::OLD_VERSION,
[INFO] [stdout]    |                           ^^^^^^^^^^^^^^^^^^^^^^^^^^^^ use of unresolved module or unlinked crate `tauri_updater_delta_fixtures`
[INFO] [stdout]    |
[INFO] [stdout] help: there is a crate or module with a similar name
[INFO] [stdout]    |
[INFO] [stdout] 76 -             from_version: tauri_updater_delta_fixtures::OLD_VERSION,
[INFO] [stdout] 76 +             from_version: tauri_updater_delta_core::OLD_VERSION,
[INFO] [stdout]    |
[INFO] [stdout] 
[INFO] [stdout] 
[INFO] [stdout] error[E0433]: cannot find module or crate `tauri_updater_delta_fixtures` in this scope
[INFO] [stdout]    --> tests/end_to_end.rs:182:9
[INFO] [stdout]     |
[INFO] [stdout] 182 |         tauri_updater_delta_fixtures::OLD_VERSION,
[INFO] [stdout]     |         ^^^^^^^^^^^^^^^^^^^^^^^^^^^^ use of unresolved module or unlinked crate `tauri_updater_delta_fixtures`
[INFO] [stdout]     |
[INFO] [stdout] help: there is a crate or module with a similar name
[INFO] [stdout]     |
[INFO] [stdout] 182 -         tauri_updater_delta_fixtures::OLD_VERSION,
[INFO] [stdout] 182 +         tauri_updater_delta_core::OLD_VERSION,
[INFO] [stdout]     |
[INFO] [stdout] 
[INFO] [stdout] 
[INFO] [stdout] error[E0433]: cannot find module or crate `tauri_updater_delta_fixtures` in this scope
[INFO] [stdout]    --> tests/end_to_end.rs:219:13
[INFO] [stdout]     |
[INFO] [stdout] 219 |             tauri_updater_delta_fixtures::OLD_VERSION,
[INFO] [stdout]     |             ^^^^^^^^^^^^^^^^^^^^^^^^^^^^ use of unresolved module or unlinked crate `tauri_updater_delta_fixtures`
[INFO] [stdout]     |
[INFO] [stdout] help: there is a crate or module with a similar name
[INFO] [stdout]     |
[INFO] [stdout] 219 -             tauri_updater_delta_fixtures::OLD_VERSION,
[INFO] [stdout] 219 +             tauri_updater_delta_core::OLD_VERSION,
[INFO] [stdout]     |
[INFO] [stdout] 
[INFO] [stdout] 
[INFO] [stdout] error[E0433]: cannot find module or crate `tauri_updater_delta_fixtures` in this scope
[INFO] [stdout]    --> tests/end_to_end.rs:247:13
[INFO] [stdout]     |
[INFO] [stdout] 247 |             tauri_updater_delta_fixtures::OLD_VERSION,
[INFO] [stdout]     |             ^^^^^^^^^^^^^^^^^^^^^^^^^^^^ use of unresolved module or unlinked crate `tauri_updater_delta_fixtures`
[INFO] [stdout]     |
[INFO] [stdout] help: there is a crate or module with a similar name
[INFO] [stdout]     |
[INFO] [stdout] 247 -             tauri_updater_delta_fixtures::OLD_VERSION,
[INFO] [stdout] 247 +             tauri_updater_delta_core::OLD_VERSION,
[INFO] [stdout]     |
[INFO] [stdout] 
[INFO] [stdout] 
[INFO] [stdout] error[E0433]: cannot find module or crate `tauri_updater_delta_fixtures` in this scope
[INFO] [stdout]    --> tests/end_to_end.rs:275:13
[INFO] [stdout]     |
[INFO] [stdout] 275 |             tauri_updater_delta_fixtures::OLD_VERSION,
[INFO] [stdout]     |             ^^^^^^^^^^^^^^^^^^^^^^^^^^^^ use of unresolved module or unlinked crate `tauri_updater_delta_fixtures`
[INFO] [stdout]     |
[INFO] [stdout] help: there is a crate or module with a similar name
[INFO] [stdout]     |
[INFO] [stdout] 275 -             tauri_updater_delta_fixtures::OLD_VERSION,
[INFO] [stdout] 275 +             tauri_updater_delta_core::OLD_VERSION,
[INFO] [stdout]     |
[INFO] [stdout] 
[INFO] [stdout] 
[INFO] [stdout] error[E0433]: cannot find module or crate `tauri_updater_delta_fixtures` in this scope
[INFO] [stdout]    --> tests/end_to_end.rs:302:13
[INFO] [stdout]     |
[INFO] [stdout] 302 |             tauri_updater_delta_fixtures::OLD_VERSION,
[INFO] [stdout]     |             ^^^^^^^^^^^^^^^^^^^^^^^^^^^^ use of unresolved module or unlinked crate `tauri_updater_delta_fixtures`
[INFO] [stdout]     |
[INFO] [stdout] help: there is a crate or module with a similar name
[INFO] [stdout]     |
[INFO] [stdout] 302 -             tauri_updater_delta_fixtures::OLD_VERSION,
[INFO] [stdout] 302 +             tauri_updater_delta_core::OLD_VERSION,
[INFO] [stdout]     |
[INFO] [stdout] 
[INFO] [stdout] 
[INFO] [stdout] error[E0433]: cannot find module or crate `tauri_updater_delta_fixtures` in this scope
[INFO] [stdout]    --> tests/end_to_end.rs:332:13
[INFO] [stdout]     |
[INFO] [stdout] 332 |             tauri_updater_delta_fixtures::OLD_VERSION,
[INFO] [stdout]     |             ^^^^^^^^^^^^^^^^^^^^^^^^^^^^ use of unresolved module or unlinked crate `tauri_updater_delta_fixtures`
[INFO] [stdout]     |
[INFO] [stdout] help: there is a crate or module with a similar name
[INFO] [stdout]     |
[INFO] [stdout] 332 -             tauri_updater_delta_fixtures::OLD_VERSION,
[INFO] [stdout] 332 +             tauri_updater_delta_core::OLD_VERSION,
[INFO] [stdout]     |
[INFO] [stdout] 
[INFO] [stdout] 
[INFO] [stdout] error[E0433]: cannot find module or crate `tauri_updater_delta_fixtures` in this scope
[INFO] [stdout]    --> tests/end_to_end.rs:403:19
[INFO] [stdout]     |
[INFO] [stdout] 403 |     let fixture = tauri_updater_delta_fixtures::appimage_pair(dir.path());
[INFO] [stdout]     |                   ^^^^^^^^^^^^^^^^^^^^^^^^^^^^ use of unresolved module or unlinked crate `tauri_updater_delta_fixtures`
[INFO] [stdout]     |
[INFO] [stdout] help: there is a crate or module with a similar name
[INFO] [stdout]     |
[INFO] [stdout] 403 -     let fixture = tauri_updater_delta_fixtures::appimage_pair(dir.path());
[INFO] [stdout] 403 +     let fixture = tauri_updater_delta_core::appimage_pair(dir.path());
[INFO] [stdout]     |
[INFO] [stdout] 
[INFO] [stdout] 
[INFO] [stdout] error[E0433]: cannot find module or crate `tauri_updater_delta_fixtures` in this scope
[INFO] [stdout]    --> tests/end_to_end.rs:406:17
[INFO] [stdout]     |
[INFO] [stdout] 406 |     let older = tauri_updater_delta_fixtures::write(dir.path(), "app_0.9.0.AppImage", b"older");
[INFO] [stdout]     |                 ^^^^^^^^^^^^^^^^^^^^^^^^^^^^ use of unresolved module or unlinked crate `tauri_updater_delta_fixtures`
[INFO] [stdout]     |
[INFO] [stdout] help: there is a crate or module with a similar name
[INFO] [stdout]     |
[INFO] [stdout] 406 -     let older = tauri_updater_delta_fixtures::write(dir.path(), "app_0.9.0.AppImage", b"older");
[INFO] [stdout] 406 +     let older = tauri_updater_delta_core::write(dir.path(), "app_0.9.0.AppImage", b"older");
[INFO] [stdout]     |
[INFO] [stdout] 
[INFO] [stdout] 
[INFO] [stdout] error[E0433]: cannot find module or crate `tauri_updater_delta_fixtures` in this scope
[INFO] [stdout]    --> tests/end_to_end.rs:490:19
[INFO] [stdout]     |
[INFO] [stdout] 490 |     let fixture = tauri_updater_delta_fixtures::appimage_pair(dir.path());
[INFO] [stdout]     |                   ^^^^^^^^^^^^^^^^^^^^^^^^^^^^ use of unresolved module or unlinked crate `tauri_updater_delta_fixtures`
[INFO] [stdout]     |
[INFO] [stdout] help: there is a crate or module with a similar name
[INFO] [stdout]     |
[INFO] [stdout] 490 -     let fixture = tauri_updater_delta_fixtures::appimage_pair(dir.path());
[INFO] [stdout] 490 +     let fixture = tauri_updater_delta_core::appimage_pair(dir.path());
[INFO] [stdout]     |
[INFO] [stdout] 
[INFO] [stdout] 
[INFO] [stdout] error[E0433]: cannot find module or crate `tauri_updater_delta_fixtures` in this scope
[INFO] [stdout]    --> tests/end_to_end.rs:553:19
[INFO] [stdout]     |
[INFO] [stdout] 553 |     let fixture = tauri_updater_delta_fixtures::appimage_pair(dir.path());
[INFO] [stdout]     |                   ^^^^^^^^^^^^^^^^^^^^^^^^^^^^ use of unresolved module or unlinked crate `tauri_updater_delta_fixtures`
[INFO] [stdout]     |
[INFO] [stdout] help: there is a crate or module with a similar name
[INFO] [stdout]     |
[INFO] [stdout] 553 -     let fixture = tauri_updater_delta_fixtures::appimage_pair(dir.path());
[INFO] [stdout] 553 +     let fixture = tauri_updater_delta_core::appimage_pair(dir.path());
[INFO] [stdout]     |
[INFO] [stdout] 
[INFO] [stdout] 
[INFO] [stdout] For more information about this error, try `rustc --explain E0433`.
[INFO] [stdout] 
[INFO] [stderr] error: could not compile `tauri-updater-delta-release` (test "end_to_end") due to 13 previous errors
[INFO] running `Command { std: "docker" "inspect" "69f8823726be8e90ae153984b003e0c48f60b11fae3e38182c3db0507e79191d", kill_on_drop: false }`
[INFO] running `Command { std: "docker" "rm" "-f" "69f8823726be8e90ae153984b003e0c48f60b11fae3e38182c3db0507e79191d", kill_on_drop: false }`
[INFO] [stdout] 69f8823726be8e90ae153984b003e0c48f60b11fae3e38182c3db0507e79191d
