[INFO] fetching crate tatara-platform-checks 0.4.5...
[INFO] testing tatara-platform-checks-0.4.5 against 1.100.0-beta.1+cargoflags=--release for beta-release-1.100-2
[INFO] extracting crate tatara-platform-checks 0.4.5 into /workspace/builds/worker-7-tc2/source
[INFO] started tweaking crates.io crate tatara-platform-checks 0.4.5
[INFO] removed 0 missing tests
[INFO] finished tweaking crates.io crate tatara-platform-checks 0.4.5
[INFO] tweaked toml for crates.io crate tatara-platform-checks 0.4.5 written to /workspace/builds/worker-7-tc2/source/Cargo.toml
[INFO] validating manifest of crates.io crate tatara-platform-checks 0.4.5 on toolchain 1.100.0-beta.1
[INFO] running `Command { std: CARGO_HOME="/workspace/cargo-home" RUSTUP_HOME="/workspace/rustup-home" "/workspace/cargo-home/bin/cargo" "+1.100.0-beta.1" "metadata" "--manifest-path" "Cargo.toml" "--no-deps", kill_on_drop: false }`
[INFO] crate crates.io crate tatara-platform-checks 0.4.5 already has a lockfile, it will not be regenerated
[INFO] running `Command { std: CARGO_HOME="/workspace/cargo-home" RUSTUP_HOME="/workspace/rustup-home" "/workspace/cargo-home/bin/cargo" "+1.100.0-beta.1" "fetch" "--manifest-path" "Cargo.toml", kill_on_drop: false }`
[INFO] [stderr] warning: `package.homepage` is redundant with `package.repository`
[INFO] [stderr]   --> Cargo.toml:32:12
[INFO] [stderr]    |
[INFO] [stderr] 32 | homepage = "https://github.com/pleme-io/tatara-lisp"
[INFO] [stderr]    |            ^^^^^^^^^^^^^^^^^^^^^^^^^^^^^^^^^^^^^^^^^
[INFO] [stderr] ...
[INFO] [stderr] 36 | repository = "https://github.com/pleme-io/tatara-lisp"
[INFO] [stderr]    |              -----------------------------------------
[INFO] [stderr]    |
[INFO] [stderr]    = note: `cargo::redundant_homepage` is set to `warn` by default
[INFO] [stderr] help: consider removing `package.homepage`
[INFO] [stderr] warning: `tatara-platform-checks` (manifest) generated 1 warning
[INFO] running `Command { std: "docker" "create" "-v" "/var/lib/crater-agent-workspace/builds/worker-7-tc2/source:/opt/rustwide/workdir:ro,Z" "-v" "/var/lib/crater-agent-workspace/builds/worker-7-tc2/target:/opt/rustwide/target:rw,Z" "-v" "/var/lib/crater-agent-workspace/cargo-home:/opt/rustwide/cargo-home:ro,Z" "-v" "/var/lib/crater-agent-workspace/rustup-home:/opt/rustwide/rustup-home:ro,Z" "-m" "1610612736" "--network" "none" "ghcr.io/rust-lang/crates-build-env/linux@sha256:77db811e55d90add9212f6832c23229e3de5f1c1f9905e8cb07319ea15df73ac" "sleep" "infinity", kill_on_drop: false }`
[INFO] [stdout] 862e1948459667a8b1d1fc397f5e86e35c1f698d0acfc3688c8c0447975fc094
[INFO] running `Command { std: "docker" "start" "862e1948459667a8b1d1fc397f5e86e35c1f698d0acfc3688c8c0447975fc094", kill_on_drop: false }`
[INFO] running `Command { std: "docker" "inspect" "862e1948459667a8b1d1fc397f5e86e35c1f698d0acfc3688c8c0447975fc094", kill_on_drop: false }`
[INFO] running `Command { std: "docker" "exec" "-e" "SOURCE_DIR=/opt/rustwide/workdir" "-e" "CARGO_HOME=/opt/rustwide/cargo-home" "-e" "RUSTUP_HOME=/opt/rustwide/rustup-home" "-e" "CARGO_TARGET_DIR=/opt/rustwide/target" "-w" "/opt/rustwide/workdir" "--user" "0:0" "862e1948459667a8b1d1fc397f5e86e35c1f698d0acfc3688c8c0447975fc094" "/opt/rustwide/cargo-home/bin/cargo" "+1.100.0-beta.1" "metadata" "--no-deps" "--format-version=1", kill_on_drop: false }`
[INFO] running `Command { std: "docker" "inspect" "862e1948459667a8b1d1fc397f5e86e35c1f698d0acfc3688c8c0447975fc094", kill_on_drop: false }`
[INFO] running `Command { std: "docker" "exec" "-e" "SOURCE_DIR=/opt/rustwide/workdir" "-e" "CARGO_HOME=/opt/rustwide/cargo-home" "-e" "RUSTUP_HOME=/opt/rustwide/rustup-home" "-e" "CARGO_TARGET_DIR=/opt/rustwide/target" "-e" "CARGO_INCREMENTAL=0" "-e" "RUST_BACKTRACE=full" "-e" "RUSTFLAGS=--cap-lints=warn" "-e" "RUSTDOCFLAGS=--cap-lints=warn" "-w" "/opt/rustwide/workdir" "--user" "0:0" "862e1948459667a8b1d1fc397f5e86e35c1f698d0acfc3688c8c0447975fc094" "/opt/rustwide/cargo-home/bin/cargo" "+1.100.0-beta.1" "build" "--frozen" "--message-format=json" "--release", kill_on_drop: false }`
[INFO] [stderr] warning: `package.homepage` is redundant with `package.repository`
[INFO] [stderr]   --> Cargo.toml:32:12
[INFO] [stderr]    |
[INFO] [stderr] 32 | homepage = "https://github.com/pleme-io/tatara-lisp"
[INFO] [stderr]    |            ^^^^^^^^^^^^^^^^^^^^^^^^^^^^^^^^^^^^^^^^^
[INFO] [stderr] ...
[INFO] [stderr] 36 | repository = "https://github.com/pleme-io/tatara-lisp"
[INFO] [stderr]    |              -----------------------------------------
[INFO] [stderr]    |
[INFO] [stderr]    = note: `cargo::redundant_homepage` is set to `warn` by default
[INFO] [stderr] help: consider removing `package.homepage`
[INFO] [stderr] warning: `tatara-platform-checks` (manifest) generated 1 warning
[INFO] [stderr]    Compiling cc v1.4.0
[INFO] [stderr]    Compiling arrayref v0.3.9
[INFO] [stderr]    Compiling constant_time_eq v0.4.2
[INFO] [stderr]    Compiling tatara-closed-set-derive v0.4.5
[INFO] [stderr]    Compiling tatara-lisp-derive v0.4.5
[INFO] [stderr]    Compiling tatara-closed-set v0.4.5
[INFO] [stderr]    Compiling blake3 v1.8.6
[INFO] [stderr]    Compiling tatara-lisp v0.4.5
[INFO] [stderr]    Compiling tatara-platform-checks v0.4.5 (/opt/rustwide/workdir)
[INFO] [stderr]     Finished `release` profile [optimized] target(s) in 13.88s
[INFO] running `Command { std: "docker" "inspect" "862e1948459667a8b1d1fc397f5e86e35c1f698d0acfc3688c8c0447975fc094", kill_on_drop: false }`
[INFO] running `Command { std: "docker" "exec" "-e" "SOURCE_DIR=/opt/rustwide/workdir" "-e" "CARGO_HOME=/opt/rustwide/cargo-home" "-e" "RUSTUP_HOME=/opt/rustwide/rustup-home" "-e" "CARGO_TARGET_DIR=/opt/rustwide/target" "-e" "CARGO_INCREMENTAL=0" "-e" "RUST_BACKTRACE=full" "-e" "RUSTFLAGS=--cap-lints=warn" "-e" "RUSTDOCFLAGS=--cap-lints=warn" "-w" "/opt/rustwide/workdir" "--user" "0:0" "862e1948459667a8b1d1fc397f5e86e35c1f698d0acfc3688c8c0447975fc094" "/opt/rustwide/cargo-home/bin/cargo" "+1.100.0-beta.1" "test" "--frozen" "--no-run" "--message-format=json" "--release", kill_on_drop: false }`
[INFO] [stderr] warning: `package.homepage` is redundant with `package.repository`
[INFO] [stderr]   --> Cargo.toml:32:12
[INFO] [stderr]    |
[INFO] [stderr] 32 | homepage = "https://github.com/pleme-io/tatara-lisp"
[INFO] [stderr]    |            ^^^^^^^^^^^^^^^^^^^^^^^^^^^^^^^^^^^^^^^^^
[INFO] [stderr] ...
[INFO] [stderr] 36 | repository = "https://github.com/pleme-io/tatara-lisp"
[INFO] [stderr]    |              -----------------------------------------
[INFO] [stderr]    |
[INFO] [stderr]    = note: `cargo::redundant_homepage` is set to `warn` by default
[INFO] [stderr] help: consider removing `package.homepage`
[INFO] [stderr] warning: `tatara-platform-checks` (manifest) generated 1 warning
[INFO] [stderr]    Compiling tatara-platform-checks v0.4.5 (/opt/rustwide/workdir)
[INFO] [stdout] error[E0433]: cannot find module or crate `tatara_gateway_api` in this scope
[INFO] [stdout]  --> tests/end_to_end.rs:9:5
[INFO] [stdout]   |
[INFO] [stdout] 9 |     tatara_gateway_api::register().expect("keyword namespace must be free in this test binary");
[INFO] [stdout]   |     ^^^^^^^^^^^^^^^^^^ use of unresolved module or unlinked crate `tatara_gateway_api`
[INFO] [stdout]   |
[INFO] [stdout]   = help: if you wanted to use a crate named `tatara_gateway_api`, use `cargo add tatara_gateway_api` to add it to your `Cargo.toml`
[INFO] [stdout] 
[INFO] [stdout] 
[INFO] [stdout] error[E0433]: cannot find module or crate `tatara_cilium` in this scope
[INFO] [stdout]   --> tests/end_to_end.rs:10:5
[INFO] [stdout]    |
[INFO] [stdout] 10 |     tatara_cilium::register().expect("keyword namespace must be free in this test binary");
[INFO] [stdout]    |     ^^^^^^^^^^^^^ use of unresolved module or unlinked crate `tatara_cilium`
[INFO] [stdout]    |
[INFO] [stdout] help: there is a crate or module with a similar name
[INFO] [stdout]    |
[INFO] [stdout] 10 -     tatara_cilium::register().expect("keyword namespace must be free in this test binary");
[INFO] [stdout] 10 +     tatara_lisp::register().expect("keyword namespace must be free in this test binary");
[INFO] [stdout]    |
[INFO] [stdout] 
[INFO] [stdout] 
[INFO] [stdout] error[E0433]: cannot find module or crate `tatara_prometheus_operator` in this scope
[INFO] [stdout]   --> tests/end_to_end.rs:11:5
[INFO] [stdout]    |
[INFO] [stdout] 11 |     tatara_prometheus_operator::register()
[INFO] [stdout]    |     ^^^^^^^^^^^^^^^^^^^^^^^^^^ use of unresolved module or unlinked crate `tatara_prometheus_operator`
[INFO] [stdout]    |
[INFO] [stdout]    = help: if you wanted to use a crate named `tatara_prometheus_operator`, use `cargo add tatara_prometheus_operator` to add it to your `Cargo.toml`
[INFO] [stdout] 
[INFO] [stdout] 
[INFO] [stdout] error[E0433]: cannot find module or crate `tatara_ebpf` in this scope
[INFO] [stdout]   --> tests/end_to_end.rs:13:5
[INFO] [stdout]    |
[INFO] [stdout] 13 |     tatara_ebpf::register().expect("keyword namespace must be free in this test binary");
[INFO] [stdout]    |     ^^^^^^^^^^^ use of unresolved module or unlinked crate `tatara_ebpf`
[INFO] [stdout]    |
[INFO] [stdout]    = help: if you wanted to use a crate named `tatara_ebpf`, use `cargo add tatara_ebpf` to add it to your `Cargo.toml`
[INFO] [stdout] 
[INFO] [stdout] 
[INFO] [stdout] For more information about this error, try `rustc --explain E0433`.
[INFO] [stdout] 
[INFO] [stderr] error: could not compile `tatara-platform-checks` (test "end_to_end") due to 4 previous errors
[INFO] [stderr] warning: build failed, waiting for other jobs to finish...
[INFO] running `Command { std: "docker" "inspect" "862e1948459667a8b1d1fc397f5e86e35c1f698d0acfc3688c8c0447975fc094", kill_on_drop: false }`
[INFO] running `Command { std: "docker" "rm" "-f" "862e1948459667a8b1d1fc397f5e86e35c1f698d0acfc3688c8c0447975fc094", kill_on_drop: false }`
[INFO] [stdout] 862e1948459667a8b1d1fc397f5e86e35c1f698d0acfc3688c8c0447975fc094
