[INFO] fetching crate taskflowrs 0.1.1...
[INFO] testing taskflowrs-0.1.1 against 1.100.0-beta.1+cargoflags=--release for beta-release-1.100-2
[INFO] extracting crate taskflowrs 0.1.1 into /workspace/builds/worker-2-tc2/source
[INFO] started tweaking crates.io crate taskflowrs 0.1.1
[INFO] removed 0 missing examples
[INFO] removed 0 missing tests
[INFO] finished tweaking crates.io crate taskflowrs 0.1.1
[INFO] tweaked toml for crates.io crate taskflowrs 0.1.1 written to /workspace/builds/worker-2-tc2/source/Cargo.toml
[INFO] validating manifest of crates.io crate taskflowrs 0.1.1 on toolchain 1.100.0-beta.1
[INFO] running `Command { std: CARGO_HOME="/workspace/cargo-home" RUSTUP_HOME="/workspace/rustup-home" "/workspace/cargo-home/bin/cargo" "+1.100.0-beta.1" "metadata" "--manifest-path" "Cargo.toml" "--no-deps", kill_on_drop: false }`
[INFO] crate crates.io crate taskflowrs 0.1.1 already has a lockfile, it will not be regenerated
[INFO] running `Command { std: CARGO_HOME="/workspace/cargo-home" RUSTUP_HOME="/workspace/rustup-home" "/workspace/cargo-home/bin/cargo" "+1.100.0-beta.1" "fetch" "--manifest-path" "Cargo.toml", kill_on_drop: false }`
[INFO] running `Command { std: "docker" "create" "-v" "/var/lib/crater-agent-workspace/builds/worker-2-tc2/source:/opt/rustwide/workdir:ro,Z" "-v" "/var/lib/crater-agent-workspace/builds/worker-2-tc2/target:/opt/rustwide/target:rw,Z" "-v" "/var/lib/crater-agent-workspace/cargo-home:/opt/rustwide/cargo-home:ro,Z" "-v" "/var/lib/crater-agent-workspace/rustup-home:/opt/rustwide/rustup-home:ro,Z" "-m" "1610612736" "--network" "none" "ghcr.io/rust-lang/crates-build-env/linux@sha256:77db811e55d90add9212f6832c23229e3de5f1c1f9905e8cb07319ea15df73ac" "sleep" "infinity", kill_on_drop: false }`
[INFO] [stdout] d3b0df4d20a0c640a786234c3ebab6d86a269b872161b00992abe8b932773bf9
[INFO] running `Command { std: "docker" "start" "d3b0df4d20a0c640a786234c3ebab6d86a269b872161b00992abe8b932773bf9", kill_on_drop: false }`
[INFO] running `Command { std: "docker" "inspect" "d3b0df4d20a0c640a786234c3ebab6d86a269b872161b00992abe8b932773bf9", kill_on_drop: false }`
[INFO] running `Command { std: "docker" "exec" "-e" "SOURCE_DIR=/opt/rustwide/workdir" "-e" "CARGO_HOME=/opt/rustwide/cargo-home" "-e" "RUSTUP_HOME=/opt/rustwide/rustup-home" "-e" "CARGO_TARGET_DIR=/opt/rustwide/target" "-w" "/opt/rustwide/workdir" "--user" "0:0" "d3b0df4d20a0c640a786234c3ebab6d86a269b872161b00992abe8b932773bf9" "/opt/rustwide/cargo-home/bin/cargo" "+1.100.0-beta.1" "metadata" "--no-deps" "--format-version=1", kill_on_drop: false }`
[INFO] running `Command { std: "docker" "inspect" "d3b0df4d20a0c640a786234c3ebab6d86a269b872161b00992abe8b932773bf9", kill_on_drop: false }`
[INFO] running `Command { std: "docker" "exec" "-e" "SOURCE_DIR=/opt/rustwide/workdir" "-e" "CARGO_HOME=/opt/rustwide/cargo-home" "-e" "RUSTUP_HOME=/opt/rustwide/rustup-home" "-e" "CARGO_TARGET_DIR=/opt/rustwide/target" "-e" "CARGO_INCREMENTAL=0" "-e" "RUST_BACKTRACE=full" "-e" "RUSTFLAGS=--cap-lints=warn" "-e" "RUSTDOCFLAGS=--cap-lints=warn" "-w" "/opt/rustwide/workdir" "--user" "0:0" "d3b0df4d20a0c640a786234c3ebab6d86a269b872161b00992abe8b932773bf9" "/opt/rustwide/cargo-home/bin/cargo" "+1.100.0-beta.1" "build" "--frozen" "--message-format=json" "--release", kill_on_drop: false }`
[INFO] [stderr]    Compiling crossbeam-deque v0.8.6
[INFO] [stderr]    Compiling crossbeam-queue v0.3.12
[INFO] [stderr]    Compiling crossbeam-channel v0.5.15
[INFO] [stderr]    Compiling num_cpus v1.17.0
[INFO] [stderr]    Compiling crossbeam v0.8.4
[INFO] [stderr]    Compiling taskflowrs v0.1.1 (/opt/rustwide/workdir)
[INFO] [stdout] warning: direct cast of function item into an integer
[INFO] [stdout]    --> src/preemptive.rs:423:35
[INFO] [stdout]     |
[INFO] [stdout] 423 |         sa.sa_sigaction = handler as libc::sighandler_t;
[INFO] [stdout]     |                                   ^^^^^^^^^^^^^^^^^^^^^
[INFO] [stdout]     |
[INFO] [stdout]     = note: `#[warn(function_casts_as_integer)]` on by default
[INFO] [stdout] help: first cast to a pointer `as *const ()`
[INFO] [stdout]     |
[INFO] [stdout] 423 |         sa.sa_sigaction = handler as *const () as libc::sighandler_t;
[INFO] [stdout]     |                                   ++++++++++++
[INFO] [stdout] 
[INFO] [stdout] 
[INFO] [stderr] warning: unused dependency `crossbeam`
[INFO] [stderr]  --> Cargo.toml:3:15
[INFO] [stderr]   |
[INFO] [stderr] 3 | [dependencies.crossbeam]
[INFO] [stderr]   |               ^^^^^^^^^^
[INFO] [stderr]   |
[INFO] [stderr]   = note: `cargo::unused_dependencies` is set to `warn` by default
[INFO] [stderr] help: consider removing the dependency on `crossbeam`
[INFO] [stderr] warning: `taskflowrs` (manifest) generated 1 warning
[INFO] [stderr]     Finished `release` profile [optimized] target(s) in 5.88s
[INFO] running `Command { std: "docker" "inspect" "d3b0df4d20a0c640a786234c3ebab6d86a269b872161b00992abe8b932773bf9", kill_on_drop: false }`
[INFO] running `Command { std: "docker" "exec" "-e" "SOURCE_DIR=/opt/rustwide/workdir" "-e" "CARGO_HOME=/opt/rustwide/cargo-home" "-e" "RUSTUP_HOME=/opt/rustwide/rustup-home" "-e" "CARGO_TARGET_DIR=/opt/rustwide/target" "-e" "CARGO_INCREMENTAL=0" "-e" "RUST_BACKTRACE=full" "-e" "RUSTFLAGS=--cap-lints=warn" "-e" "RUSTDOCFLAGS=--cap-lints=warn" "-w" "/opt/rustwide/workdir" "--user" "0:0" "d3b0df4d20a0c640a786234c3ebab6d86a269b872161b00992abe8b932773bf9" "/opt/rustwide/cargo-home/bin/cargo" "+1.100.0-beta.1" "test" "--frozen" "--no-run" "--message-format=json" "--release", kill_on_drop: false }`
[INFO] [stderr]    Compiling aho-corasick v1.1.4
[INFO] [stderr]    Compiling jiff v0.2.23
[INFO] [stderr]    Compiling parking_lot_core v0.9.12
[INFO] [stderr]    Compiling anstream v0.6.21
[INFO] [stderr]    Compiling mio v1.1.1
[INFO] [stderr]    Compiling socket2 v0.6.3
[INFO] [stderr]    Compiling tokio-macros v2.6.1
[INFO] [stderr]    Compiling taskflowrs v0.1.1 (/opt/rustwide/workdir)
[INFO] [stderr]    Compiling parking_lot v0.12.5
[INFO] [stderr]    Compiling tokio v1.50.0
[INFO] [stdout] warning: direct cast of function item into an integer
[INFO] [stdout]    --> src/preemptive.rs:423:35
[INFO] [stdout]     |
[INFO] [stdout] 423 |         sa.sa_sigaction = handler as libc::sighandler_t;
[INFO] [stdout]     |                                   ^^^^^^^^^^^^^^^^^^^^^
[INFO] [stdout]     |
[INFO] [stdout]     = note: `#[warn(function_casts_as_integer)]` on by default
[INFO] [stdout] help: first cast to a pointer `as *const ()`
[INFO] [stdout]     |
[INFO] [stdout] 423 |         sa.sa_sigaction = handler as *const () as libc::sighandler_t;
[INFO] [stdout]     |                                   ++++++++++++
[INFO] [stdout] 
[INFO] [stdout] 
[INFO] [stderr]    Compiling regex-automata v0.4.14
[INFO] [stderr]    Compiling regex v1.12.3
[INFO] [stderr]    Compiling env_filter v1.0.0
[INFO] [stderr]    Compiling env_logger v0.11.9
[INFO] [stdout] error[E0433]: cannot find module or crate `taskflow_rs` in this scope
[INFO] [stdout]  --> examples/pipeline_basic.rs:1:5
[INFO] [stdout]   |
[INFO] [stdout] 1 | use taskflow_rs::pipeline::{ConcurrentPipeline, Token};
[INFO] [stdout]   |     ^^^^^^^^^^^ use of unresolved module or unlinked crate `taskflow_rs`
[INFO] [stdout]   |
[INFO] [stdout] help: there is a crate or module with a similar name
[INFO] [stdout]   |
[INFO] [stdout] 1 - use taskflow_rs::pipeline::{ConcurrentPipeline, Token};
[INFO] [stdout] 1 + use taskflowrs::pipeline::{ConcurrentPipeline, Token};
[INFO] [stdout]   |
[INFO] [stdout] 
[INFO] [stdout] 
[INFO] [stdout] error[E0433]: cannot find module or crate `taskflow_rs` in this scope
[INFO] [stdout]  --> examples/pipeline_advanced.rs:1:5
[INFO] [stdout]   |
[INFO] [stdout] 1 | use taskflow_rs::pipeline::{ConcurrentPipeline, Token};
[INFO] [stdout]   |     ^^^^^^^^^^^ use of unresolved module or unlinked crate `taskflow_rs`
[INFO] [stdout]   |
[INFO] [stdout] help: there is a crate or module with a similar name
[INFO] [stdout]   |
[INFO] [stdout] 1 - use taskflow_rs::pipeline::{ConcurrentPipeline, Token};
[INFO] [stdout] 1 + use taskflowrs::pipeline::{ConcurrentPipeline, Token};
[INFO] [stdout]   |
[INFO] [stdout] 
[INFO] [stdout] 
[INFO] [stdout] warning: unused import: `std::sync::Arc`
[INFO] [stdout]  --> examples/pipeline_advanced.rs:4:5
[INFO] [stdout]   |
[INFO] [stdout] 4 | use std::sync::Arc;
[INFO] [stdout]   |     ^^^^^^^^^^^^^^
[INFO] [stdout]   |
[INFO] [stdout]   = note: `#[warn(unused_imports)]` (part of `#[warn(unused)]`) on by default
[INFO] [stdout] 
[INFO] [stdout] 
[INFO] [stdout] For more information about this error, try `rustc --explain E0433`.
[INFO] [stdout] 
[INFO] [stderr] error: could not compile `taskflowrs` (example "pipeline_basic") due to 1 previous error
[INFO] [stderr] warning: build failed, waiting for other jobs to finish...
[INFO] [stdout] For more information about this error, try `rustc --explain E0433`.
[INFO] [stdout] 
[INFO] [stderr] error: could not compile `taskflowrs` (example "pipeline_advanced") due to 1 previous error; 1 warning emitted
[INFO] [stdout] error[E0432]: unresolved import `taskflow_rs`
[INFO] [stdout]  --> examples/composition_debug.rs:1:5
[INFO] [stdout]   |
[INFO] [stdout] 1 | use taskflow_rs::{Executor, Taskflow, CompositionBuilder, TaskflowComposable};
[INFO] [stdout]   |     ^^^^^^^^^^^ use of unresolved module or unlinked crate `taskflow_rs`
[INFO] [stdout]   |
[INFO] [stdout] help: there is a crate or module with a similar name
[INFO] [stdout]   |
[INFO] [stdout] 1 - use taskflow_rs::{Executor, Taskflow, CompositionBuilder, TaskflowComposable};
[INFO] [stdout] 1 + use taskflowrs::{Executor, Taskflow, CompositionBuilder, TaskflowComposable};
[INFO] [stdout]   |
[INFO] [stdout] 
[INFO] [stdout] 
[INFO] [stdout] error[E0432]: unresolved import `taskflow_rs`
[INFO] [stdout]  --> examples/run_variants_practical.rs:1:5
[INFO] [stdout]   |
[INFO] [stdout] 1 | use taskflow_rs::{Executor, Taskflow};
[INFO] [stdout]   |     ^^^^^^^^^^^ use of unresolved module or unlinked crate `taskflow_rs`
[INFO] [stdout]   |
[INFO] [stdout] help: there is a crate or module with a similar name
[INFO] [stdout]   |
[INFO] [stdout] 1 - use taskflow_rs::{Executor, Taskflow};
[INFO] [stdout] 1 + use taskflowrs::{Executor, Taskflow};
[INFO] [stdout]   |
[INFO] [stdout] 
[INFO] [stdout] 
[INFO] [stdout] error[E0432]: unresolved import `taskflow_rs`
[INFO] [stdout]  --> examples/minimal_test.rs:1:5
[INFO] [stdout]   |
[INFO] [stdout] 1 | use taskflow_rs::{Executor, Taskflow};
[INFO] [stdout]   |     ^^^^^^^^^^^ use of unresolved module or unlinked crate `taskflow_rs`
[INFO] [stdout]   |
[INFO] [stdout] help: there is a crate or module with a similar name
[INFO] [stdout]   |
[INFO] [stdout] 1 - use taskflow_rs::{Executor, Taskflow};
[INFO] [stdout] 1 + use taskflowrs::{Executor, Taskflow};
[INFO] [stdout]   |
[INFO] [stdout] 
[INFO] [stdout] 
[INFO] [stderr] error: could not compile `taskflowrs` (example "test_tooling_imports") due to 1 previous error
[INFO] [stdout] error[E0432]: unresolved import `taskflow_rs`
[INFO] [stdout]  --> examples/test_tooling_imports.rs:2:5
[INFO] [stdout]   |
[INFO] [stdout] 2 | use taskflow_rs::{
[INFO] [stdout]   |     ^^^^^^^^^^^ use of unresolved module or unlinked crate `taskflow_rs`
[INFO] [stdout]   |
[INFO] [stdout] help: there is a crate or module with a similar name
[INFO] [stdout]   |
[INFO] [stdout] 2 - use taskflow_rs::{
[INFO] [stdout] 2 + use taskflowrs::{
[INFO] [stdout]   |
[INFO] [stdout] 
[INFO] [stdout] 
[INFO] [stdout] warning: unused import: `AtomicBool`
[INFO] [stdout]  --> examples/run_variants_practical.rs:3:38
[INFO] [stdout]   |
[INFO] [stdout] 3 | use std::sync::atomic::{AtomicUsize, AtomicBool, Ordering};
[INFO] [stdout]   |                                      ^^^^^^^^^^
[INFO] [stdout]   |
[INFO] [stdout]   = note: `#[warn(unused_imports)]` (part of `#[warn(unused)]`) on by default
[INFO] [stdout] 
[INFO] [stdout] 
[INFO] [stdout] For more information about this error, try `rustc --explain E0432`.
[INFO] [stdout] 
[INFO] [stdout] For more information about this error, try `rustc --explain E0432`.
[INFO] [stdout] 
[INFO] [stdout] error[E0432]: unresolved import `taskflow_rs`
[INFO] [stdout]  --> examples/gpu_pipeline.rs:1:5
[INFO] [stdout]   |
[INFO] [stdout] 1 | use taskflow_rs::{Executor, Taskflow, GpuDevice, GpuBuffer, GpuTaskConfig};
[INFO] [stdout]   |     ^^^^^^^^^^^ use of unresolved module or unlinked crate `taskflow_rs`
[INFO] [stdout]   |
[INFO] [stdout] help: there is a crate or module with a similar name
[INFO] [stdout]   |
[INFO] [stdout] 1 - use taskflow_rs::{Executor, Taskflow, GpuDevice, GpuBuffer, GpuTaskConfig};
[INFO] [stdout] 1 + use taskflowrs::{Executor, Taskflow, GpuDevice, GpuBuffer, GpuTaskConfig};
[INFO] [stdout]   |
[INFO] [stdout] 
[INFO] [stdout] 
[INFO] [stdout] error[E0433]: cannot find module or crate `taskflow_rs` in this scope
[INFO] [stdout]  --> examples/pipeline_minimal.rs:3:9
[INFO] [stdout]   |
[INFO] [stdout] 3 |     use taskflow_rs::pipeline::{ConcurrentPipeline, Token, StageType};
[INFO] [stdout]   |         ^^^^^^^^^^^ use of unresolved module or unlinked crate `taskflow_rs`
[INFO] [stdout]   |
[INFO] [stdout] help: there is a crate or module with a similar name
[INFO] [stdout]   |
[INFO] [stdout] 3 -     use taskflow_rs::pipeline::{ConcurrentPipeline, Token, StageType};
[INFO] [stdout] 3 +     use taskflowrs::pipeline::{ConcurrentPipeline, Token, StageType};
[INFO] [stdout]   |
[INFO] [stdout] 
[INFO] [stdout] 
[INFO] [stdout] For more information about this error, try `rustc --explain E0432`.
[INFO] [stdout] 
[INFO] [stderr] error: could not compile `taskflowrs` (example "composition_debug") due to 1 previous error
[INFO] [stdout] For more information about this error, try `rustc --explain E0433`.
[INFO] [stdout] 
[INFO] [stdout] For more information about this error, try `rustc --explain E0432`.
[INFO] [stdout] 
[INFO] [stderr] error: could not compile `taskflowrs` (example "minimal_test") due to 1 previous error
[INFO] [stderr] error: could not compile `taskflowrs` (example "pipeline_minimal") due to 1 previous error
[INFO] [stderr] error: could not compile `taskflowrs` (example "gpu_pipeline") due to 1 previous error
[INFO] [stdout] error[E0432]: unresolved import `taskflow_rs`
[INFO] [stdout]  --> examples/parallel_run_n.rs:1:5
[INFO] [stdout]   |
[INFO] [stdout] 1 | use taskflow_rs::{Executor, Taskflow};
[INFO] [stdout]   |     ^^^^^^^^^^^ use of unresolved module or unlinked crate `taskflow_rs`
[INFO] [stdout]   |
[INFO] [stdout] help: there is a crate or module with a similar name
[INFO] [stdout]   |
[INFO] [stdout] 1 - use taskflow_rs::{Executor, Taskflow};
[INFO] [stdout] 1 + use taskflowrs::{Executor, Taskflow};
[INFO] [stdout]   |
[INFO] [stdout] 
[INFO] [stdout] 
[INFO] [stdout] error[E0432]: unresolved import `taskflow_rs`
[INFO] [stdout]  --> examples/enhanced_composition.rs:1:5
[INFO] [stdout]   |
[INFO] [stdout] 1 | use taskflow_rs::{
[INFO] [stdout]   |     ^^^^^^^^^^^ use of unresolved module or unlinked crate `taskflow_rs`
[INFO] [stdout]   |
[INFO] [stdout] help: there is a crate or module with a similar name
[INFO] [stdout]   |
[INFO] [stdout] 1 - use taskflow_rs::{
[INFO] [stdout] 1 + use taskflowrs::{
[INFO] [stdout]   |
[INFO] [stdout] 
[INFO] [stdout] 
[INFO] [stdout] error[E0432]: unresolved import `taskflow_rs`
[INFO] [stdout]  --> examples/benchmark_heavy.rs:1:5
[INFO] [stdout]   |
[INFO] [stdout] 1 | use taskflow_rs::{Executor, Taskflow};
[INFO] [stdout]   |     ^^^^^^^^^^^ use of unresolved module or unlinked crate `taskflow_rs`
[INFO] [stdout]   |
[INFO] [stdout] help: there is a crate or module with a similar name
[INFO] [stdout]   |
[INFO] [stdout] 1 - use taskflow_rs::{Executor, Taskflow};
[INFO] [stdout] 1 + use taskflowrs::{Executor, Taskflow};
[INFO] [stdout]   |
[INFO] [stdout] 
[INFO] [stdout] 
[INFO] [stdout] error[E0432]: unresolved import `taskflow_rs`
[INFO] [stdout]  --> examples/algo_benchmark.rs:1:5
[INFO] [stdout]   |
[INFO] [stdout] 1 | use taskflow_rs::{Executor, Taskflow, parallel_for_each, parallel_reduce, parallel_transform};
[INFO] [stdout]   |     ^^^^^^^^^^^ use of unresolved module or unlinked crate `taskflow_rs`
[INFO] [stdout]   |
[INFO] [stdout] help: there is a crate or module with a similar name
[INFO] [stdout]   |
[INFO] [stdout] 1 - use taskflow_rs::{Executor, Taskflow, parallel_for_each, parallel_reduce, parallel_transform};
[INFO] [stdout] 1 + use taskflowrs::{Executor, Taskflow, parallel_for_each, parallel_reduce, parallel_transform};
[INFO] [stdout]   |
[INFO] [stdout] 
[INFO] [stdout] 
[INFO] [stdout] error[E0432]: unresolved import `taskflow_rs`
[INFO] [stdout]  --> examples/run_variants.rs:1:5
[INFO] [stdout]   |
[INFO] [stdout] 1 | use taskflow_rs::{Executor, Taskflow};
[INFO] [stdout]   |     ^^^^^^^^^^^ use of unresolved module or unlinked crate `taskflow_rs`
[INFO] [stdout]   |
[INFO] [stdout] help: there is a crate or module with a similar name
[INFO] [stdout]   |
[INFO] [stdout] 1 - use taskflow_rs::{Executor, Taskflow};
[INFO] [stdout] 1 + use taskflowrs::{Executor, Taskflow};
[INFO] [stdout]   |
[INFO] [stdout] 
[INFO] [stdout] 
[INFO] [stdout] warning: unused import: `Mutex`
[INFO] [stdout]  --> examples/run_variants.rs:2:22
[INFO] [stdout]   |
[INFO] [stdout] 2 | use std::sync::{Arc, Mutex};
[INFO] [stdout]   |                      ^^^^^
[INFO] [stdout]   |
[INFO] [stdout]   = note: `#[warn(unused_imports)]` (part of `#[warn(unused)]`) on by default
[INFO] [stdout] 
[INFO] [stdout] 
[INFO] [stdout] For more information about this error, try `rustc --explain E0432`.
[INFO] [stdout] 
[INFO] [stdout] error[E0432]: unresolved import `taskflow_rs`
[INFO] [stdout]  --> examples/loop_and_cycle_detection.rs:1:5
[INFO] [stdout]   |
[INFO] [stdout] 1 | use taskflow_rs::{Executor, Taskflow, CycleDetector, Loop};
[INFO] [stdout]   |     ^^^^^^^^^^^ use of unresolved module or unlinked crate `taskflow_rs`
[INFO] [stdout]   |
[INFO] [stdout] help: there is a crate or module with a similar name
[INFO] [stdout]   |
[INFO] [stdout] 1 - use taskflow_rs::{Executor, Taskflow, CycleDetector, Loop};
[INFO] [stdout] 1 + use taskflowrs::{Executor, Taskflow, CycleDetector, Loop};
[INFO] [stdout]   |
[INFO] [stdout] 
[INFO] [stdout] 
[INFO] [stderr] error: could not compile `taskflowrs` (example "run_variants_practical") due to 1 previous error; 1 warning emitted
[INFO] [stdout] For more information about this error, try `rustc --explain E0432`.
[INFO] [stdout] 
[INFO] [stdout] For more information about this error, try `rustc --explain E0432`.
[INFO] [stdout] 
[INFO] [stderr] error: could not compile `taskflowrs` (example "loop_and_cycle_detection") due to 1 previous error
[INFO] [stderr] error: could not compile `taskflowrs` (example "benchmark_heavy") due to 1 previous error
[INFO] [stdout] For more information about this error, try `rustc --explain E0432`.
[INFO] [stdout] 
[INFO] [stderr] error: could not compile `taskflowrs` (example "parallel_run_n") due to 1 previous error
[INFO] [stdout] For more information about this error, try `rustc --explain E0432`.
[INFO] [stdout] 
[INFO] [stderr] error: could not compile `taskflowrs` (example "algo_benchmark") due to 1 previous error
[INFO] [stdout] error[E0432]: unresolved import `taskflow_rs`
[INFO] [stdout]  --> examples/typed_pipeline.rs:1:5
[INFO] [stdout]   |
[INFO] [stdout] 1 | use taskflow_rs::{TypeSafePipeline, SimplePipeline};
[INFO] [stdout]   |     ^^^^^^^^^^^ use of unresolved module or unlinked crate `taskflow_rs`
[INFO] [stdout]   |
[INFO] [stdout] help: there is a crate or module with a similar name
[INFO] [stdout]   |
[INFO] [stdout] 1 - use taskflow_rs::{TypeSafePipeline, SimplePipeline};
[INFO] [stdout] 1 + use taskflowrs::{TypeSafePipeline, SimplePipeline};
[INFO] [stdout]   |
[INFO] [stdout] 
[INFO] [stdout] 
[INFO] [stdout] For more information about this error, try `rustc --explain E0432`.
[INFO] [stdout] 
[INFO] [stdout] For more information about this error, try `rustc --explain E0432`.
[INFO] [stdout] 
[INFO] [stderr] error: could not compile `taskflowrs` (example "enhanced_composition") due to 1 previous error
[INFO] [stderr] error: could not compile `taskflowrs` (example "run_variants") due to 1 previous error; 1 warning emitted
[INFO] [stdout] For more information about this error, try `rustc --explain E0432`.
[INFO] [stdout] 
[INFO] [stderr] error: could not compile `taskflowrs` (example "typed_pipeline") due to 1 previous error
[INFO] [stderr] warning: unused dependency `crossbeam`
[INFO] [stderr]  --> Cargo.toml:3:15
[INFO] [stderr]   |
[INFO] [stderr] 3 | [dependencies.crossbeam]
[INFO] [stderr]   |               ^^^^^^^^^^
[INFO] [stderr]   |
[INFO] [stderr]   = note: `cargo::unused_dependencies` is set to `warn` by default
[INFO] [stderr] help: consider removing the dependency on `crossbeam`
[INFO] [stderr] warning: `taskflowrs` (manifest) generated 1 warning
[INFO] running `Command { std: "docker" "inspect" "d3b0df4d20a0c640a786234c3ebab6d86a269b872161b00992abe8b932773bf9", kill_on_drop: false }`
[INFO] running `Command { std: "docker" "rm" "-f" "d3b0df4d20a0c640a786234c3ebab6d86a269b872161b00992abe8b932773bf9", kill_on_drop: false }`
[INFO] [stdout] d3b0df4d20a0c640a786234c3ebab6d86a269b872161b00992abe8b932773bf9
