[INFO] fetching crate tari_comms_rpc_macros 6.2.0-pre.1...
[INFO] testing tari_comms_rpc_macros-6.2.0-pre.1 against 1.99.0-beta.8+cargoflags=--release for beta-release-1.100-2
[INFO] extracting crate tari_comms_rpc_macros 6.2.0-pre.1 into /workspace/builds/worker-4-tc1/source
[INFO] started tweaking crates.io crate tari_comms_rpc_macros 6.2.0-pre.1
[INFO] removed 0 missing tests
[INFO] finished tweaking crates.io crate tari_comms_rpc_macros 6.2.0-pre.1
[INFO] tweaked toml for crates.io crate tari_comms_rpc_macros 6.2.0-pre.1 written to /workspace/builds/worker-4-tc1/source/Cargo.toml
[INFO] validating manifest of crates.io crate tari_comms_rpc_macros 6.2.0-pre.1 on toolchain 1.99.0-beta.8
[INFO] running `Command { std: CARGO_HOME="/workspace/cargo-home" RUSTUP_HOME="/workspace/rustup-home" "/workspace/cargo-home/bin/cargo" "+1.99.0-beta.8" "metadata" "--manifest-path" "Cargo.toml" "--no-deps", kill_on_drop: false }`
[INFO] crate crates.io crate tari_comms_rpc_macros 6.2.0-pre.1 already has a lockfile, it will not be regenerated
[INFO] running `Command { std: CARGO_HOME="/workspace/cargo-home" RUSTUP_HOME="/workspace/rustup-home" "/workspace/cargo-home/bin/cargo" "+1.99.0-beta.8" "fetch" "--manifest-path" "Cargo.toml", kill_on_drop: false }`
[INFO] [stderr]  Downloading crates ...
[INFO] [stderr]   Downloaded trybuild v1.0.121
[INFO] running `Command { std: "docker" "create" "-v" "/var/lib/crater-agent-workspace/builds/worker-4-tc1/source:/opt/rustwide/workdir:ro,Z" "-v" "/var/lib/crater-agent-workspace/builds/worker-4-tc1/target:/opt/rustwide/target:rw,Z" "-v" "/var/lib/crater-agent-workspace/cargo-home:/opt/rustwide/cargo-home:ro,Z" "-v" "/var/lib/crater-agent-workspace/rustup-home:/opt/rustwide/rustup-home:ro,Z" "-m" "1610612736" "--network" "none" "ghcr.io/rust-lang/crates-build-env/linux@sha256:77db811e55d90add9212f6832c23229e3de5f1c1f9905e8cb07319ea15df73ac" "sleep" "infinity", kill_on_drop: false }`
[INFO] [stdout] 446b80e859ac48088ee3e4e0512d608e195bfabf939d04eb4e9c4c2e7439bda3
[INFO] running `Command { std: "docker" "start" "446b80e859ac48088ee3e4e0512d608e195bfabf939d04eb4e9c4c2e7439bda3", kill_on_drop: false }`
[INFO] running `Command { std: "docker" "inspect" "446b80e859ac48088ee3e4e0512d608e195bfabf939d04eb4e9c4c2e7439bda3", kill_on_drop: false }`
[INFO] running `Command { std: "docker" "exec" "-e" "SOURCE_DIR=/opt/rustwide/workdir" "-e" "CARGO_HOME=/opt/rustwide/cargo-home" "-e" "RUSTUP_HOME=/opt/rustwide/rustup-home" "-e" "CARGO_TARGET_DIR=/opt/rustwide/target" "-w" "/opt/rustwide/workdir" "--user" "0:0" "446b80e859ac48088ee3e4e0512d608e195bfabf939d04eb4e9c4c2e7439bda3" "/opt/rustwide/cargo-home/bin/cargo" "+1.99.0-beta.8" "metadata" "--no-deps" "--format-version=1", kill_on_drop: false }`
[INFO] running `Command { std: "docker" "inspect" "446b80e859ac48088ee3e4e0512d608e195bfabf939d04eb4e9c4c2e7439bda3", kill_on_drop: false }`
[INFO] running `Command { std: "docker" "exec" "-e" "SOURCE_DIR=/opt/rustwide/workdir" "-e" "CARGO_HOME=/opt/rustwide/cargo-home" "-e" "RUSTUP_HOME=/opt/rustwide/rustup-home" "-e" "CARGO_TARGET_DIR=/opt/rustwide/target" "-e" "CARGO_INCREMENTAL=0" "-e" "RUST_BACKTRACE=full" "-e" "RUSTFLAGS=--cap-lints=warn" "-e" "RUSTDOCFLAGS=--cap-lints=warn" "-w" "/opt/rustwide/workdir" "--user" "0:0" "446b80e859ac48088ee3e4e0512d608e195bfabf939d04eb4e9c4c2e7439bda3" "/opt/rustwide/cargo-home/bin/cargo" "+1.99.0-beta.8" "build" "--frozen" "--message-format=json" "--release", kill_on_drop: false }`
[INFO] [stderr]    Compiling syn v2.0.118
[INFO] [stderr]    Compiling tari_comms_rpc_macros v6.2.0-pre.1 (/opt/rustwide/workdir)
[INFO] [stderr]     Finished `release` profile [optimized] target(s) in 9.43s
[INFO] running `Command { std: "docker" "inspect" "446b80e859ac48088ee3e4e0512d608e195bfabf939d04eb4e9c4c2e7439bda3", kill_on_drop: false }`
[INFO] running `Command { std: "docker" "exec" "-e" "SOURCE_DIR=/opt/rustwide/workdir" "-e" "CARGO_HOME=/opt/rustwide/cargo-home" "-e" "RUSTUP_HOME=/opt/rustwide/rustup-home" "-e" "CARGO_TARGET_DIR=/opt/rustwide/target" "-e" "CARGO_INCREMENTAL=0" "-e" "RUST_BACKTRACE=full" "-e" "RUSTFLAGS=--cap-lints=warn" "-e" "RUSTDOCFLAGS=--cap-lints=warn" "-w" "/opt/rustwide/workdir" "--user" "0:0" "446b80e859ac48088ee3e4e0512d608e195bfabf939d04eb4e9c4c2e7439bda3" "/opt/rustwide/cargo-home/bin/cargo" "+1.99.0-beta.8" "test" "--frozen" "--no-run" "--message-format=json" "--release", kill_on_drop: false }`
[INFO] [stderr]    Compiling serde v1.0.228
[INFO] [stderr]    Compiling target-tuple v1.0.2
[INFO] [stderr]    Compiling anyhow v1.0.103
[INFO] [stderr]    Compiling memchr v2.8.2
[INFO] [stderr]    Compiling futures-sink v0.3.32
[INFO] [stderr]    Compiling futures-core v0.3.32
[INFO] [stderr]    Compiling proc-macro2 v1.0.106
[INFO] [stderr]    Compiling slab v0.4.12
[INFO] [stderr]    Compiling itertools v0.14.0
[INFO] [stderr]    Compiling futures-macro v0.3.32
[INFO] [stderr]    Compiling tokio-macros v2.7.0
[INFO] [stderr]    Compiling serde_derive v1.0.228
[INFO] [stderr]    Compiling quote v1.0.46
[INFO] [stderr]    Compiling futures-task v0.3.32
[INFO] [stderr]    Compiling futures-channel v0.3.32
[INFO] [stderr]    Compiling futures-io v0.3.32
[INFO] [stderr]    Compiling winnow v1.0.3
[INFO] [stderr]    Compiling toml v1.1.2+spec-1.1.0
[INFO] [stderr]    Compiling tari_comms_rpc_macros v6.2.0-pre.1 (/opt/rustwide/workdir)
[INFO] [stderr]    Compiling serde_json v1.0.150
[INFO] [stderr]    Compiling bytes v1.12.0
[INFO] [stderr]    Compiling glob v0.3.4
[INFO] [stderr]    Compiling termcolor v1.4.1
[INFO] [stderr]    Compiling futures-util v0.3.32
[INFO] [stderr]    Compiling tokio v1.52.3
[INFO] [stderr]    Compiling toml_parser v1.1.2+spec-1.1.0
[INFO] [stderr]    Compiling syn v2.0.118
[INFO] [stderr]    Compiling tower-service v0.3.3
[INFO] [stderr]    Compiling prost-derive v0.13.5
[INFO] [stderr]    Compiling trybuild v1.0.121
[INFO] [stderr]    Compiling prost v0.13.5
[INFO] [stderr]    Compiling futures-executor v0.3.32
[INFO] [stderr]    Compiling futures v0.3.32
[INFO] [stdout] error: The #[tokio::test] macro requires rt or rt-multi-thread.
[INFO] [stdout]    --> tests/macro.rs:110:1
[INFO] [stdout]     |
[INFO] [stdout] 110 | #[tokio::test]
[INFO] [stdout]     | ^^^^^^^^^^^^^^
[INFO] [stdout]     |
[INFO] [stdout]     = note: this error originates in the attribute macro `tokio::test` (in Nightly builds, run with -Z macro-backtrace for more info)
[INFO] [stdout] 
[INFO] [stdout] 
[INFO] [stdout] error: The #[tokio::test] macro requires rt or rt-multi-thread.
[INFO] [stdout]    --> tests/macro.rs:121:1
[INFO] [stdout]     |
[INFO] [stdout] 121 | #[tokio::test]
[INFO] [stdout]     | ^^^^^^^^^^^^^^
[INFO] [stdout]     |
[INFO] [stdout]     = note: this error originates in the attribute macro `tokio::test` (in Nightly builds, run with -Z macro-backtrace for more info)
[INFO] [stdout] 
[INFO] [stdout] 
[INFO] [stdout] error: The #[tokio::test] macro requires rt or rt-multi-thread.
[INFO] [stdout]    --> tests/macro.rs:144:1
[INFO] [stdout]     |
[INFO] [stdout] 144 | #[tokio::test]
[INFO] [stdout]     | ^^^^^^^^^^^^^^
[INFO] [stdout]     |
[INFO] [stdout]     = note: this error originates in the attribute macro `tokio::test` (in Nightly builds, run with -Z macro-backtrace for more info)
[INFO] [stdout] 
[INFO] [stdout] 
[INFO] [stdout] error: The #[tokio::test] macro requires rt or rt-multi-thread.
[INFO] [stdout]    --> tests/macro.rs:156:1
[INFO] [stdout]     |
[INFO] [stdout] 156 | #[tokio::test]
[INFO] [stdout]     | ^^^^^^^^^^^^^^
[INFO] [stdout]     |
[INFO] [stdout]     = note: this error originates in the attribute macro `tokio::test` (in Nightly builds, run with -Z macro-backtrace for more info)
[INFO] [stdout] 
[INFO] [stdout] 
[INFO] [stdout] error: The #[tokio::test] macro requires rt or rt-multi-thread.
[INFO] [stdout]    --> tests/decode_budget.rs:160:1
[INFO] [stdout]     |
[INFO] [stdout] 160 | #[tokio::test]
[INFO] [stdout]     | ^^^^^^^^^^^^^^
[INFO] [stdout]     |
[INFO] [stdout]     = note: this error originates in the attribute macro `tokio::test` (in Nightly builds, run with -Z macro-backtrace for more info)
[INFO] [stdout] 
[INFO] [stdout] 
[INFO] [stdout] error: The #[tokio::test] macro requires rt or rt-multi-thread.
[INFO] [stdout]    --> tests/decode_budget.rs:174:1
[INFO] [stdout]     |
[INFO] [stdout] 174 | #[tokio::test]
[INFO] [stdout]     | ^^^^^^^^^^^^^^
[INFO] [stdout]     |
[INFO] [stdout]     = note: this error originates in the attribute macro `tokio::test` (in Nightly builds, run with -Z macro-backtrace for more info)
[INFO] [stdout] 
[INFO] [stdout] 
[INFO] [stdout] error: The #[tokio::test] macro requires rt or rt-multi-thread.
[INFO] [stdout]    --> tests/decode_budget.rs:188:1
[INFO] [stdout]     |
[INFO] [stdout] 188 | #[tokio::test]
[INFO] [stdout]     | ^^^^^^^^^^^^^^
[INFO] [stdout]     |
[INFO] [stdout]     = note: this error originates in the attribute macro `tokio::test` (in Nightly builds, run with -Z macro-backtrace for more info)
[INFO] [stdout] 
[INFO] [stdout] 
[INFO] [stdout] error: The #[tokio::test] macro requires rt or rt-multi-thread.
[INFO] [stdout]    --> tests/decode_budget.rs:204:1
[INFO] [stdout]     |
[INFO] [stdout] 204 | #[tokio::test]
[INFO] [stdout]     | ^^^^^^^^^^^^^^
[INFO] [stdout]     |
[INFO] [stdout]     = note: this error originates in the attribute macro `tokio::test` (in Nightly builds, run with -Z macro-backtrace for more info)
[INFO] [stdout] 
[INFO] [stdout] 
[INFO] [stdout] error: The #[tokio::test] macro requires rt or rt-multi-thread.
[INFO] [stdout]    --> tests/decode_budget.rs:217:1
[INFO] [stdout]     |
[INFO] [stdout] 217 | #[tokio::test]
[INFO] [stdout]     | ^^^^^^^^^^^^^^
[INFO] [stdout]     |
[INFO] [stdout]     = note: this error originates in the attribute macro `tokio::test` (in Nightly builds, run with -Z macro-backtrace for more info)
[INFO] [stdout] 
[INFO] [stdout] 
[INFO] [stdout] error[E0432]: unresolved import `tokio::sync::mpsc`
[INFO] [stdout]   --> tests/decode_budget.rs:33:5
[INFO] [stdout]    |
[INFO] [stdout] 33 | use tokio::sync::mpsc;
[INFO] [stdout]    |     ^^^^^^^^^^^^^----
[INFO] [stdout]    |                  |
[INFO] [stdout]    |                  no `mpsc` in `sync`
[INFO] [stdout]    |
[INFO] [stdout] help: consider importing this module instead
[INFO] [stdout]    |
[INFO] [stdout] 33 - use tokio::sync::mpsc;
[INFO] [stdout] 33 + use std::sync::mpsc;
[INFO] [stdout]    |
[INFO] [stdout] 
[INFO] [stdout] 
[INFO] [stdout] error[E0433]: cannot find module or crate `tari_comms` in this scope
[INFO] [stdout]   --> tests/decode_budget.rs:13:5
[INFO] [stdout]    |
[INFO] [stdout] 13 | use tari_comms::{
[INFO] [stdout]    |     ^^^^^^^^^^ use of unresolved module or unlinked crate `tari_comms`
[INFO] [stdout]    |
[INFO] [stdout]    = help: if you wanted to use a crate named `tari_comms`, use `cargo add tari_comms` to add it to your `Cargo.toml`
[INFO] [stdout] 
[INFO] [stdout] 
[INFO] [stdout] error[E0432]: unresolved import `tari_comms`
[INFO] [stdout]   --> tests/decode_budget.rs:13:5
[INFO] [stdout]    |
[INFO] [stdout] 13 | use tari_comms::{
[INFO] [stdout]    |     ^^^^^^^^^^ use of unresolved module or unlinked crate `tari_comms`
[INFO] [stdout]    |
[INFO] [stdout]    = help: if you wanted to use a crate named `tari_comms`, use `cargo add tari_comms` to add it to your `Cargo.toml`
[INFO] [stdout] 
[INFO] [stdout] 
[INFO] [stdout] error[E0432]: unresolved import `tari_test_utils`
[INFO] [stdout]   --> tests/decode_budget.rs:32:5
[INFO] [stdout]    |
[INFO] [stdout] 32 | use tari_test_utils::unpack_enum;
[INFO] [stdout]    |     ^^^^^^^^^^^^^^^ use of unresolved module or unlinked crate `tari_test_utils`
[INFO] [stdout]    |
[INFO] [stdout]    = help: if you wanted to use a crate named `tari_test_utils`, use `cargo add tari_test_utils` to add it to your `Cargo.toml`
[INFO] [stdout] 
[INFO] [stdout] 
[INFO] [stdout] error[E0433]: cannot find `tari_comms` in the list of imported crates
[INFO] [stdout]   --> tests/decode_budget.rs:61:1
[INFO] [stdout]    |
[INFO] [stdout] 61 | #[tari_rpc(protocol_name = b"/test/decode-budget/1", server_struct = BudgetServer, client_struct = BudgetClient)]
[INFO] [stdout]    | ^^^^^^^^^^^^^^^^^^^^^^^^^^^^^^^^^^^^^^^^^^^^^^^^^^^^^^^^^^^^^^^^^^^^^^^^^^^^^^^^^^^^^^^^^^^^^^^^^^^^^^^^^^^^^^^^^ could not find `tari_comms` in the list of imported crates
[INFO] [stdout]    |
[INFO] [stdout]    = note: this error originates in the attribute macro `tari_rpc` (in Nightly builds, run with -Z macro-backtrace for more info)
[INFO] [stdout] 
[INFO] [stdout] 
[INFO] [stdout] error[E0433]: cannot find module or crate `tari_comms` in this scope
[INFO] [stdout]    --> tests/decode_budget.rs:105:3
[INFO] [stdout]     |
[INFO] [stdout] 105 | #[tari_comms::async_trait]
[INFO] [stdout]     |   ^^^^^^^^^^ use of unresolved module or unlinked crate `tari_comms`
[INFO] [stdout] 
[INFO] [stdout] 
[INFO] [stdout] error[E0603]: module `sync` is private
[INFO] [stdout]    --> tests/decode_budget.rs:33:12
[INFO] [stdout]     |
[INFO] [stdout]  33 | use tokio::sync::mpsc;
[INFO] [stdout]     |            ^^^^ private module
[INFO] [stdout]     |
[INFO] [stdout] note: the module `sync` is defined here
[INFO] [stdout]    --> /opt/rustwide/cargo-home/registry/src/index.crates.io-1949cf8c6b5b557f/tokio-1.52.3/src/lib.rs:552:5
[INFO] [stdout]     |
[INFO] [stdout] 552 |     mod sync;
[INFO] [stdout]     |     ^^^^^^^^
[INFO] [stdout] 
[INFO] [stdout] 
[INFO] [stdout] error[E0432]: unresolved imports `tokio::sync::RwLock`, `tokio::sync::mpsc`
[INFO] [stdout]   --> tests/macro.rs:41:12
[INFO] [stdout]    |
[INFO] [stdout] 41 |     sync::{RwLock, mpsc},
[INFO] [stdout]    |            ^^^^^^  ^^^^ no `mpsc` in `sync`
[INFO] [stdout]    |            |
[INFO] [stdout]    |            no `RwLock` in `sync`
[INFO] [stdout]    |
[INFO] [stdout]    = help: consider importing this struct instead:
[INFO] [stdout]            std::sync::RwLock
[INFO] [stdout]    = help: consider importing this module instead:
[INFO] [stdout]            std::sync::mpsc
[INFO] [stdout] 
[INFO] [stdout] 
[INFO] [stdout] error[E0433]: cannot find module or crate `tari_comms` in this scope
[INFO] [stdout]   --> tests/macro.rs:29:5
[INFO] [stdout]    |
[INFO] [stdout] 29 | use tari_comms::{
[INFO] [stdout]    |     ^^^^^^^^^^ use of unresolved module or unlinked crate `tari_comms`
[INFO] [stdout]    |
[INFO] [stdout]    = help: if you wanted to use a crate named `tari_comms`, use `cargo add tari_comms` to add it to your `Cargo.toml`
[INFO] [stdout] 
[INFO] [stdout] 
[INFO] [stdout] error[E0432]: unresolved import `tari_comms`
[INFO] [stdout]   --> tests/macro.rs:29:5
[INFO] [stdout]    |
[INFO] [stdout] 29 | use tari_comms::{
[INFO] [stdout]    |     ^^^^^^^^^^ use of unresolved module or unlinked crate `tari_comms`
[INFO] [stdout]    |
[INFO] [stdout]    = help: if you wanted to use a crate named `tari_comms`, use `cargo add tari_comms` to add it to your `Cargo.toml`
[INFO] [stdout] 
[INFO] [stdout] 
[INFO] [stdout] error[E0432]: unresolved import `tari_test_utils`
[INFO] [stdout]   --> tests/macro.rs:39:5
[INFO] [stdout]    |
[INFO] [stdout] 39 | use tari_test_utils::unpack_enum;
[INFO] [stdout]    |     ^^^^^^^^^^^^^^^ use of unresolved module or unlinked crate `tari_test_utils`
[INFO] [stdout]    |
[INFO] [stdout]    = help: if you wanted to use a crate named `tari_test_utils`, use `cargo add tari_test_utils` to add it to your `Cargo.toml`
[INFO] [stdout] 
[INFO] [stdout] 
[INFO] [stdout] error[E0433]: cannot find `tari_comms` in the list of imported crates
[INFO] [stdout]   --> tests/macro.rs:46:1
[INFO] [stdout]    |
[INFO] [stdout] 46 | #[tari_rpc(protocol_name = b"/test/protocol/123", server_struct = TestServer, client_struct = TestClient)]
[INFO] [stdout]    | ^^^^^^^^^^^^^^^^^^^^^^^^^^^^^^^^^^^^^^^^^^^^^^^^^^^^^^^^^^^^^^^^^^^^^^^^^^^^^^^^^^^^^^^^^^^^^^^^^^^^^^^^^^ could not find `tari_comms` in the list of imported crates
[INFO] [stdout]    |
[INFO] [stdout]    = note: this error originates in the attribute macro `tari_rpc` (in Nightly builds, run with -Z macro-backtrace for more info)
[INFO] [stdout] 
[INFO] [stdout] 
[INFO] [stdout] error[E0433]: cannot find module or crate `tari_comms` in this scope
[INFO] [stdout]   --> tests/macro.rs:80:3
[INFO] [stdout]    |
[INFO] [stdout] 80 | #[tari_comms::async_trait]
[INFO] [stdout]    |   ^^^^^^^^^^ use of unresolved module or unlinked crate `tari_comms`
[INFO] [stdout] 
[INFO] [stdout] 
[INFO] [stdout] error[E0603]: module `sync` is private
[INFO] [stdout]    --> tests/macro.rs:41:5
[INFO] [stdout]     |
[INFO] [stdout]  41 |     sync::{RwLock, mpsc},
[INFO] [stdout]     |     ^^^^ private module
[INFO] [stdout]     |
[INFO] [stdout] note: the module `sync` is defined here
[INFO] [stdout]    --> /opt/rustwide/cargo-home/registry/src/index.crates.io-1949cf8c6b5b557f/tokio-1.52.3/src/lib.rs:552:5
[INFO] [stdout]     |
[INFO] [stdout] 552 |     mod sync;
[INFO] [stdout]     |     ^^^^^^^^
[INFO] [stdout] 
[INFO] [stdout] 
[INFO] [stdout] warning: unused import: `prost::Message`
[INFO] [stdout]   --> tests/macro.rs:28:5
[INFO] [stdout]    |
[INFO] [stdout] 28 | use prost::Message;
[INFO] [stdout]    |     ^^^^^^^^^^^^^^
[INFO] [stdout]    |
[INFO] [stdout]    = note: `#[warn(unused_imports)]` (part of `#[warn(unused)]`) on by default
[INFO] [stdout] 
[INFO] [stdout] 
[INFO] [stdout] warning: unused import: `task`
[INFO] [stdout]   --> tests/macro.rs:42:5
[INFO] [stdout]    |
[INFO] [stdout] 42 |     task,
[INFO] [stdout]    |     ^^^^
[INFO] [stdout] 
[INFO] [stdout] 
[INFO] [stdout] warning: unused import: `tower_service::Service`
[INFO] [stdout]   --> tests/macro.rs:44:5
[INFO] [stdout]    |
[INFO] [stdout] 44 | use tower_service::Service;
[INFO] [stdout]    |     ^^^^^^^^^^^^^^^^^^^^^^
[INFO] [stdout] 
[INFO] [stdout] 
[INFO] [stdout] error[E0223]: ambiguous associated type
[INFO] [stdout]   --> tests/decode_budget.rs:61:1
[INFO] [stdout]    |
[INFO] [stdout] 61 | #[tari_rpc(protocol_name = b"/test/decode-budget/1", server_struct = BudgetServer, client_struct = BudgetClient)]
[INFO] [stdout]    | ^^^^^^^^^^^^^^^^^^^^^^^^^^^^^^^^^^^^^^^^^^^^^^^^^^^^^^^^^^^^^^^^^^^^^^^^^^^^^^^^^^^^^^^^^^^^^^^^^^^^^^^^^^^^^^^^^
[INFO] [stdout]    |
[INFO] [stdout]    = note: this error originates in the attribute macro `tari_rpc` (in Nightly builds, run with -Z macro-backtrace for more info)
[INFO] [stdout] help: if there were a trait named `Example` with associated type `Error` implemented for `BudgetServer<T>`, you could use the fully-qualified path
[INFO] [stdout]    |
[INFO] [stdout] 61 | <BudgetServer<T> as Example>::#[tari_rpc(protocol_name = b"/test/decode-budget/1", server_struct = BudgetServer, client_struct = BudgetClient)]
[INFO] [stdout]    | ++++++++++++++++++++++++++++++
[INFO] [stdout] 
[INFO] [stdout] 
[INFO] [stdout] error[E0223]: ambiguous associated type
[INFO] [stdout]   --> tests/decode_budget.rs:61:1
[INFO] [stdout]    |
[INFO] [stdout] 61 | #[tari_rpc(protocol_name = b"/test/decode-budget/1", server_struct = BudgetServer, client_struct = BudgetClient)]
[INFO] [stdout]    | ^^^^^^^^^^^^^^^^^^^^^^^^^^^^^^^^^^^^^^^^^^^^^^^^^^^^^^^^^^^^^^^^^^^^^^^^^^^^^^^^^^^^^^^^^^^^^^^^^^^^^^^^^^^^^^^^^
[INFO] [stdout]    |
[INFO] [stdout]    = note: this error originates in the attribute macro `tari_rpc` (in Nightly builds, run with -Z macro-backtrace for more info)
[INFO] [stdout] help: if there were a trait named `Example` with associated type `Future` implemented for `BudgetServer<T>`, you could use the fully-qualified path
[INFO] [stdout]    |
[INFO] [stdout] 61 | <BudgetServer<T> as Example>::#[tari_rpc(protocol_name = b"/test/decode-budget/1", server_struct = BudgetServer, client_struct = BudgetClient)]
[INFO] [stdout]    | ++++++++++++++++++++++++++++++
[INFO] [stdout] 
[INFO] [stdout] 
[INFO] [stderr] error: could not compile `tari_comms_rpc_macros` (test "decode_budget") due to 14 previous errors
[INFO] [stdout] error[E0223]: ambiguous associated type
[INFO] [stdout]   --> tests/macro.rs:46:1
[INFO] [stdout]    |
[INFO] [stdout] 46 | #[tari_rpc(protocol_name = b"/test/protocol/123", server_struct = TestServer, client_struct = TestClient)]
[INFO] [stdout]    | ^^^^^^^^^^^^^^^^^^^^^^^^^^^^^^^^^^^^^^^^^^^^^^^^^^^^^^^^^^^^^^^^^^^^^^^^^^^^^^^^^^^^^^^^^^^^^^^^^^^^^^^^^^
[INFO] [stdout]    |
[INFO] [stdout]    = note: this error originates in the attribute macro `tari_rpc` (in Nightly builds, run with -Z macro-backtrace for more info)
[INFO] [stdout] help: if there were a trait named `Example` with associated type `Error` implemented for `TestServer<T>`, you could use the fully-qualified path
[INFO] [stdout]    |
[INFO] [stdout] 46 | <TestServer<T> as Example>::#[tari_rpc(protocol_name = b"/test/protocol/123", server_struct = TestServer, client_struct = TestClient)]
[INFO] [stdout]    | ++++++++++++++++++++++++++++
[INFO] [stdout] 
[INFO] [stdout] 
[INFO] [stderr] warning: build failed, waiting for other jobs to finish...
[INFO] [stdout] error[E0223]: ambiguous associated type
[INFO] [stdout]   --> tests/macro.rs:46:1
[INFO] [stdout]    |
[INFO] [stdout] 46 | #[tari_rpc(protocol_name = b"/test/protocol/123", server_struct = TestServer, client_struct = TestClient)]
[INFO] [stdout]    | ^^^^^^^^^^^^^^^^^^^^^^^^^^^^^^^^^^^^^^^^^^^^^^^^^^^^^^^^^^^^^^^^^^^^^^^^^^^^^^^^^^^^^^^^^^^^^^^^^^^^^^^^^^
[INFO] [stdout]    |
[INFO] [stdout]    = note: this error originates in the attribute macro `tari_rpc` (in Nightly builds, run with -Z macro-backtrace for more info)
[INFO] [stdout] help: if there were a trait named `Example` with associated type `Future` implemented for `TestServer<T>`, you could use the fully-qualified path
[INFO] [stdout]    |
[INFO] [stdout] 46 | <TestServer<T> as Example>::#[tari_rpc(protocol_name = b"/test/protocol/123", server_struct = TestServer, client_struct = TestClient)]
[INFO] [stdout]    | ++++++++++++++++++++++++++++
[INFO] [stdout] 
[INFO] [stdout] 
[INFO] [stdout] Some errors have detailed explanations: E0223, E0432, E0433, E0603.
[INFO] [stdout] 
[INFO] [stdout] For more information about an error, try `rustc --explain E0223`.
[INFO] [stdout] 
[INFO] [stdout] Some errors have detailed explanations: E0223, E0432, E0433, E0603.
[INFO] [stdout] 
[INFO] [stdout] For more information about an error, try `rustc --explain E0223`.
[INFO] [stdout] 
[INFO] [stderr] error: could not compile `tari_comms_rpc_macros` (test "macro") due to 13 previous errors; 3 warnings emitted
[INFO] running `Command { std: "docker" "inspect" "446b80e859ac48088ee3e4e0512d608e195bfabf939d04eb4e9c4c2e7439bda3", kill_on_drop: false }`
[INFO] running `Command { std: "docker" "rm" "-f" "446b80e859ac48088ee3e4e0512d608e195bfabf939d04eb4e9c4c2e7439bda3", kill_on_drop: false }`
[INFO] [stdout] 446b80e859ac48088ee3e4e0512d608e195bfabf939d04eb4e9c4c2e7439bda3
