[INFO] fetching crate tapid 0.0.11...
[INFO] testing tapid-0.0.11 against 1.99.0-beta.8+cargoflags=--release for beta-release-1.100-2
[INFO] extracting crate tapid 0.0.11 into /workspace/builds/worker-2-tc1/source
[INFO] started tweaking crates.io crate tapid 0.0.11
[INFO] removed 0 missing tests
[INFO] finished tweaking crates.io crate tapid 0.0.11
[INFO] tweaked toml for crates.io crate tapid 0.0.11 written to /workspace/builds/worker-2-tc1/source/Cargo.toml
[INFO] validating manifest of crates.io crate tapid 0.0.11 on toolchain 1.99.0-beta.8
[INFO] running `Command { std: CARGO_HOME="/workspace/cargo-home" RUSTUP_HOME="/workspace/rustup-home" "/workspace/cargo-home/bin/cargo" "+1.99.0-beta.8" "metadata" "--manifest-path" "Cargo.toml" "--no-deps", kill_on_drop: false }`
[INFO] crate crates.io crate tapid 0.0.11 already has a lockfile, it will not be regenerated
[INFO] running `Command { std: CARGO_HOME="/workspace/cargo-home" RUSTUP_HOME="/workspace/rustup-home" "/workspace/cargo-home/bin/cargo" "+1.99.0-beta.8" "fetch" "--manifest-path" "Cargo.toml", kill_on_drop: false }`
[INFO] [stderr]     Updating crates.io index
[INFO] [stderr]  Downloading crates ...
[INFO] [stderr]   Downloaded tapid-archive v0.0.4
[INFO] [stderr]   Downloaded tapid-store v0.0.6
[INFO] [stderr]   Downloaded tapid-signatures v0.0.3
[INFO] [stderr]   Downloaded tapid-core v0.0.6
[INFO] [stderr]   Downloaded tapid-runner v0.0.5
[INFO] [stderr]   Downloaded tapid-policy v0.0.3
[INFO] [stderr]   Downloaded tapid-resolver v0.0.6
[INFO] [stderr]   Downloaded tapid-registry-client v0.0.6
[INFO] [stderr]   Downloaded tapid-release-client v0.0.4
[INFO] [stderr]   Downloaded tapid-linker v0.0.6
[INFO] [stderr]   Downloaded tapid-manifest v0.0.8
[INFO] [stderr]   Downloaded tapid-lockfile v0.0.10
[INFO] running `Command { std: "docker" "create" "-v" "/var/lib/crater-agent-workspace/builds/worker-2-tc1/source:/opt/rustwide/workdir:ro,Z" "-v" "/var/lib/crater-agent-workspace/builds/worker-2-tc1/target:/opt/rustwide/target:rw,Z" "-v" "/var/lib/crater-agent-workspace/cargo-home:/opt/rustwide/cargo-home:ro,Z" "-v" "/var/lib/crater-agent-workspace/rustup-home:/opt/rustwide/rustup-home:ro,Z" "-m" "1610612736" "--network" "none" "ghcr.io/rust-lang/crates-build-env/linux@sha256:77db811e55d90add9212f6832c23229e3de5f1c1f9905e8cb07319ea15df73ac" "sleep" "infinity", kill_on_drop: false }`
[INFO] [stdout] d8b53516af39be18d5b83838e512a071d5ff5fd5662c9b926f799fdf9325b90d
[INFO] running `Command { std: "docker" "start" "d8b53516af39be18d5b83838e512a071d5ff5fd5662c9b926f799fdf9325b90d", kill_on_drop: false }`
[INFO] running `Command { std: "docker" "inspect" "d8b53516af39be18d5b83838e512a071d5ff5fd5662c9b926f799fdf9325b90d", kill_on_drop: false }`
[INFO] running `Command { std: "docker" "exec" "-e" "SOURCE_DIR=/opt/rustwide/workdir" "-e" "CARGO_HOME=/opt/rustwide/cargo-home" "-e" "RUSTUP_HOME=/opt/rustwide/rustup-home" "-e" "CARGO_TARGET_DIR=/opt/rustwide/target" "-w" "/opt/rustwide/workdir" "--user" "0:0" "d8b53516af39be18d5b83838e512a071d5ff5fd5662c9b926f799fdf9325b90d" "/opt/rustwide/cargo-home/bin/cargo" "+1.99.0-beta.8" "metadata" "--no-deps" "--format-version=1", kill_on_drop: false }`
[INFO] running `Command { std: "docker" "inspect" "d8b53516af39be18d5b83838e512a071d5ff5fd5662c9b926f799fdf9325b90d", kill_on_drop: false }`
[INFO] running `Command { std: "docker" "exec" "-e" "SOURCE_DIR=/opt/rustwide/workdir" "-e" "CARGO_HOME=/opt/rustwide/cargo-home" "-e" "RUSTUP_HOME=/opt/rustwide/rustup-home" "-e" "CARGO_TARGET_DIR=/opt/rustwide/target" "-e" "CARGO_INCREMENTAL=0" "-e" "RUST_BACKTRACE=full" "-e" "RUSTFLAGS=--cap-lints=warn" "-e" "RUSTDOCFLAGS=--cap-lints=warn" "-w" "/opt/rustwide/workdir" "--user" "0:0" "d8b53516af39be18d5b83838e512a071d5ff5fd5662c9b926f799fdf9325b90d" "/opt/rustwide/cargo-home/bin/cargo" "+1.99.0-beta.8" "build" "--frozen" "--message-format=json" "--release", kill_on_drop: false }`
[INFO] [stderr]    Compiling serde_json v1.0.151
[INFO] [stderr]    Compiling find-msvc-tools v0.1.12
[INFO] [stderr]    Compiling futures-sink v0.3.34
[INFO] [stderr]    Compiling syn v2.0.119
[INFO] [stderr]    Compiling getrandom v0.2.17
[INFO] [stderr]    Compiling tokio v1.53.1
[INFO] [stderr]    Compiling serde v1.0.229
[INFO] [stderr]    Compiling semver v1.0.28
[INFO] [stderr]    Compiling rustix v1.1.4
[INFO] [stderr]    Compiling rustls v0.23.45
[INFO] [stderr]    Compiling linux-raw-sys v0.12.1
[INFO] [stderr]    Compiling crc32fast v1.5.1
[INFO] [stderr]    Compiling webpki-roots v1.0.9
[INFO] [stderr]    Compiling filetime v0.2.29
[INFO] [stderr]    Compiling ryu-js v0.2.2
[INFO] [stderr]    Compiling toml_datetime v1.1.1+spec-1.1.0
[INFO] [stderr]    Compiling futures-util v0.3.34
[INFO] [stderr]    Compiling futures-channel v0.3.34
[INFO] [stderr]    Compiling cc v1.4.5
[INFO] [stderr]    Compiling clap_derive v4.6.4
[INFO] [stderr]    Compiling flate2 v1.1.10
[INFO] [stderr]    Compiling toml v1.1.5+spec-1.1.0
[INFO] [stderr]    Compiling serde_urlencoded v0.7.1
[INFO] [stderr]    Compiling ring v0.17.14
[INFO] [stderr]    Compiling serde_jcs v0.2.0
[INFO] [stderr]    Compiling tapid-policy v0.0.3
[INFO] [stderr]    Compiling clap v4.6.6
[INFO] [stderr]    Compiling tapid-runner v0.0.5
[INFO] [stderr]    Compiling xattr v1.6.1
[INFO] [stderr]    Compiling fs4 v1.1.0
[INFO] [stderr]    Compiling tar v0.4.46
[INFO] [stderr]    Compiling tapid-archive v0.0.4
[INFO] [stderr]    Compiling synstructure v0.13.2
[INFO] [stderr]    Compiling zerofrom-derive v0.1.7
[INFO] [stderr]    Compiling yoke-derive v0.8.2
[INFO] [stderr]    Compiling curve25519-dalek-derive v0.1.1
[INFO] [stderr]    Compiling curve25519-dalek v4.1.3
[INFO] [stderr]    Compiling hyper v1.11.1
[INFO] [stderr]    Compiling tower v0.5.3
[INFO] [stderr]    Compiling zerofrom v0.1.8
[INFO] [stderr]    Compiling yoke v0.8.3
[INFO] [stderr]    Compiling zerovec v0.11.8
[INFO] [stderr]    Compiling zerotrie v0.2.5
[INFO] [stderr]    Compiling ed25519-dalek v2.2.0
[INFO] [stderr]    Compiling tapid-signatures v0.0.3
[INFO] [stderr]    Compiling tinystr v0.8.4
[INFO] [stderr]    Compiling potential_utf v0.1.6
[INFO] [stderr]    Compiling tapid-release-client v0.0.4
[INFO] [stderr]    Compiling icu_collections v2.3.0
[INFO] [stderr]    Compiling hyper-util v0.1.20
[INFO] [stderr]    Compiling icu_locale_core v2.3.0
[INFO] [stderr]    Compiling icu_provider v2.3.1
[INFO] [stderr]    Compiling icu_normalizer v2.3.0
[INFO] [stderr]    Compiling icu_properties v2.3.0
[INFO] [stderr]    Compiling idna_adapter v1.2.2
[INFO] [stderr]    Compiling idna v1.1.0
[INFO] [stderr]    Compiling url v2.5.8
[INFO] [stderr]    Compiling tapid-core v0.0.6
[INFO] [stderr]    Compiling tower-http v0.6.11
[INFO] [stderr]    Compiling tapid-manifest v0.0.8
[INFO] [stderr]    Compiling tapid-store v0.0.6
[INFO] [stderr]    Compiling tapid-lockfile v0.0.10
[INFO] [stderr]    Compiling tapid-linker v0.0.6
[INFO] [stderr]    Compiling rustls-webpki v0.103.15
[INFO] [stderr]    Compiling tokio-rustls v0.26.5
[INFO] [stderr]    Compiling hyper-rustls v0.27.9
[INFO] [stderr]    Compiling reqwest v0.12.28
[INFO] [stderr]    Compiling tapid-registry-client v0.0.6
[INFO] [stderr]    Compiling tapid-resolver v0.0.6
[INFO] [stderr]    Compiling tapid v0.0.11 (/opt/rustwide/workdir)
[INFO] [stderr]     Finished `release` profile [optimized] target(s) in 1m 23s
[INFO] running `Command { std: "docker" "inspect" "d8b53516af39be18d5b83838e512a071d5ff5fd5662c9b926f799fdf9325b90d", kill_on_drop: false }`
[INFO] running `Command { std: "docker" "exec" "-e" "SOURCE_DIR=/opt/rustwide/workdir" "-e" "CARGO_HOME=/opt/rustwide/cargo-home" "-e" "RUSTUP_HOME=/opt/rustwide/rustup-home" "-e" "CARGO_TARGET_DIR=/opt/rustwide/target" "-e" "CARGO_INCREMENTAL=0" "-e" "RUST_BACKTRACE=full" "-e" "RUSTFLAGS=--cap-lints=warn" "-e" "RUSTDOCFLAGS=--cap-lints=warn" "-w" "/opt/rustwide/workdir" "--user" "0:0" "d8b53516af39be18d5b83838e512a071d5ff5fd5662c9b926f799fdf9325b90d" "/opt/rustwide/cargo-home/bin/cargo" "+1.99.0-beta.8" "test" "--frozen" "--no-run" "--message-format=json" "--release", kill_on_drop: false }`
[INFO] [stderr]    Compiling getrandom v0.3.4
[INFO] [stderr]    Compiling zerocopy v0.8.59
[INFO] [stderr]    Compiling tempfile v3.27.0
[INFO] [stderr]    Compiling rand_core v0.9.5
[INFO] [stderr]    Compiling rusty-fork v0.3.1
[INFO] [stderr]    Compiling rand_xorshift v0.4.0
[INFO] [stderr]    Compiling rand v0.9.5
[INFO] [stderr]    Compiling ppv-lite86 v0.2.21
[INFO] [stderr]    Compiling rand_chacha v0.9.0
[INFO] [stderr]    Compiling proptest v1.11.0
[INFO] [stderr]    Compiling tapid v0.0.11 (/opt/rustwide/workdir)
[INFO] [stdout] error[E0432]: unresolved import `tapid_test_support`
[INFO] [stdout]  --> tests/release_verification.rs:5:5
[INFO] [stdout]   |
[INFO] [stdout] 5 | use tapid_test_support::{TempHome, TempProject};
[INFO] [stdout]   |     ^^^^^^^^^^^^^^^^^^ use of unresolved module or unlinked crate `tapid_test_support`
[INFO] [stdout]   |
[INFO] [stdout]   = help: if you wanted to use a crate named `tapid_test_support`, use `cargo add tapid_test_support` to add it to your `Cargo.toml`
[INFO] [stdout] 
[INFO] [stdout] 
[INFO] [stdout] For more information about this error, try `rustc --explain E0432`.
[INFO] [stdout] 
[INFO] [stderr] error: could not compile `tapid` (test "release_verification") due to 1 previous error
[INFO] [stderr] warning: build failed, waiting for other jobs to finish...
[INFO] [stdout] error[E0433]: cannot find module or crate `tapid_test_support` in this scope
[INFO] [stdout]   --> tests/cli.rs:58:19
[INFO] [stdout]    |
[INFO] [stdout] 58 |     let project = tapid_test_support::TempProject::new("aliased-root-cycle").unwrap();
[INFO] [stdout]    |                   ^^^^^^^^^^^^^^^^^^ use of unresolved module or unlinked crate `tapid_test_support`
[INFO] [stdout]    |
[INFO] [stdout]    = help: if you wanted to use a crate named `tapid_test_support`, use `cargo add tapid_test_support` to add it to your `Cargo.toml`
[INFO] [stdout] 
[INFO] [stdout] 
[INFO] [stdout] error[E0433]: cannot find module or crate `tapid_test_support` in this scope
[INFO] [stdout]    --> tests/cli.rs:134:19
[INFO] [stdout]     |
[INFO] [stdout] 134 |     let project = tapid_test_support::TempProject::new("cross-registry-alias").unwrap();
[INFO] [stdout]     |                   ^^^^^^^^^^^^^^^^^^ use of unresolved module or unlinked crate `tapid_test_support`
[INFO] [stdout]     |
[INFO] [stdout]     = help: if you wanted to use a crate named `tapid_test_support`, use `cargo add tapid_test_support` to add it to your `Cargo.toml`
[INFO] [stdout] 
[INFO] [stdout] 
[INFO] [stdout] For more information about this error, try `rustc --explain E0433`.
[INFO] [stdout] 
[INFO] [stderr] error: could not compile `tapid` (test "cli") due to 2 previous errors
[INFO] running `Command { std: "docker" "inspect" "d8b53516af39be18d5b83838e512a071d5ff5fd5662c9b926f799fdf9325b90d", kill_on_drop: false }`
[INFO] running `Command { std: "docker" "rm" "-f" "d8b53516af39be18d5b83838e512a071d5ff5fd5662c9b926f799fdf9325b90d", kill_on_drop: false }`
[INFO] [stdout] d8b53516af39be18d5b83838e512a071d5ff5fd5662c9b926f799fdf9325b90d
