[INFO] fetching crate tapid-runner 0.0.6...
[INFO] testing tapid-runner-0.0.6 against 1.99.0-beta.8+cargoflags=--release for beta-release-1.100-2
[INFO] extracting crate tapid-runner 0.0.6 into /workspace/builds/worker-2-tc1/source
[INFO] started tweaking crates.io crate tapid-runner 0.0.6
[INFO] removed 0 missing tests
[INFO] finished tweaking crates.io crate tapid-runner 0.0.6
[INFO] tweaked toml for crates.io crate tapid-runner 0.0.6 written to /workspace/builds/worker-2-tc1/source/Cargo.toml
[INFO] validating manifest of crates.io crate tapid-runner 0.0.6 on toolchain 1.99.0-beta.8
[INFO] running `Command { std: CARGO_HOME="/workspace/cargo-home" RUSTUP_HOME="/workspace/rustup-home" "/workspace/cargo-home/bin/cargo" "+1.99.0-beta.8" "metadata" "--manifest-path" "Cargo.toml" "--no-deps", kill_on_drop: false }`
[INFO] crate crates.io crate tapid-runner 0.0.6 already has a lockfile, it will not be regenerated
[INFO] running `Command { std: CARGO_HOME="/workspace/cargo-home" RUSTUP_HOME="/workspace/rustup-home" "/workspace/cargo-home/bin/cargo" "+1.99.0-beta.8" "fetch" "--manifest-path" "Cargo.toml", kill_on_drop: false }`
[INFO] [stderr] warning: Cargo.toml: only one of `license` or `license-file` is necessary
[INFO] [stderr] `license` should be used if the package license can be expressed with a standard SPDX expression.
[INFO] [stderr] `license-file` should be used if the package uses a non-standard license.
[INFO] [stderr] See https://doc.rust-lang.org/cargo/reference/manifest.html#the-license-and-license-file-fields for more information.
[INFO] [stderr] warning: `tapid-runner` (manifest) generated 1 warning
[INFO] [stderr]     Updating crates.io index
[INFO] [stderr]  Downloading crates ...
[INFO] [stderr]   Downloaded tapid-core v0.0.7
[INFO] [stderr]   Downloaded tapid-policy v0.0.4
[INFO] running `Command { std: "docker" "create" "-v" "/var/lib/crater-agent-workspace/builds/worker-2-tc1/source:/opt/rustwide/workdir:ro,Z" "-v" "/var/lib/crater-agent-workspace/builds/worker-2-tc1/target:/opt/rustwide/target:rw,Z" "-v" "/var/lib/crater-agent-workspace/cargo-home:/opt/rustwide/cargo-home:ro,Z" "-v" "/var/lib/crater-agent-workspace/rustup-home:/opt/rustwide/rustup-home:ro,Z" "-m" "1610612736" "--network" "none" "ghcr.io/rust-lang/crates-build-env/linux@sha256:77db811e55d90add9212f6832c23229e3de5f1c1f9905e8cb07319ea15df73ac" "sleep" "infinity", kill_on_drop: false }`
[INFO] [stdout] 2878597c719b2df3b8ca91ebe113ee0e7b8ad0162be0bc24dbe83c93dba2c4dc
[INFO] running `Command { std: "docker" "start" "2878597c719b2df3b8ca91ebe113ee0e7b8ad0162be0bc24dbe83c93dba2c4dc", kill_on_drop: false }`
[INFO] running `Command { std: "docker" "inspect" "2878597c719b2df3b8ca91ebe113ee0e7b8ad0162be0bc24dbe83c93dba2c4dc", kill_on_drop: false }`
[INFO] running `Command { std: "docker" "exec" "-e" "SOURCE_DIR=/opt/rustwide/workdir" "-e" "CARGO_HOME=/opt/rustwide/cargo-home" "-e" "RUSTUP_HOME=/opt/rustwide/rustup-home" "-e" "CARGO_TARGET_DIR=/opt/rustwide/target" "-w" "/opt/rustwide/workdir" "--user" "0:0" "2878597c719b2df3b8ca91ebe113ee0e7b8ad0162be0bc24dbe83c93dba2c4dc" "/opt/rustwide/cargo-home/bin/cargo" "+1.99.0-beta.8" "metadata" "--no-deps" "--format-version=1", kill_on_drop: false }`
[INFO] running `Command { std: "docker" "inspect" "2878597c719b2df3b8ca91ebe113ee0e7b8ad0162be0bc24dbe83c93dba2c4dc", kill_on_drop: false }`
[INFO] running `Command { std: "docker" "exec" "-e" "SOURCE_DIR=/opt/rustwide/workdir" "-e" "CARGO_HOME=/opt/rustwide/cargo-home" "-e" "RUSTUP_HOME=/opt/rustwide/rustup-home" "-e" "CARGO_TARGET_DIR=/opt/rustwide/target" "-e" "CARGO_INCREMENTAL=0" "-e" "RUST_BACKTRACE=full" "-e" "RUSTFLAGS=--cap-lints=warn" "-e" "RUSTDOCFLAGS=--cap-lints=warn" "-w" "/opt/rustwide/workdir" "--user" "0:0" "2878597c719b2df3b8ca91ebe113ee0e7b8ad0162be0bc24dbe83c93dba2c4dc" "/opt/rustwide/cargo-home/bin/cargo" "+1.99.0-beta.8" "build" "--frozen" "--message-format=json" "--release", kill_on_drop: false }`
[INFO] [stderr] warning: Cargo.toml: only one of `license` or `license-file` is necessary
[INFO] [stderr] `license` should be used if the package license can be expressed with a standard SPDX expression.
[INFO] [stderr] `license-file` should be used if the package uses a non-standard license.
[INFO] [stderr] See https://doc.rust-lang.org/cargo/reference/manifest.html#the-license-and-license-file-fields for more information.
[INFO] [stderr] warning: `tapid-runner` (manifest) generated 1 warning
[INFO] [stderr]    Compiling syn v3.0.5
[INFO] [stderr]    Compiling smallvec v1.16.0
[INFO] [stderr]    Compiling winnow v1.0.4
[INFO] [stderr]    Compiling semver v1.0.28
[INFO] [stderr]    Compiling toml_writer v1.1.2+spec-1.1.0
[INFO] [stderr]    Compiling toml_datetime v1.1.1+spec-1.1.0
[INFO] [stderr]    Compiling serde_spanned v1.1.1
[INFO] [stderr]    Compiling toml_parser v1.1.3+spec-1.1.0
[INFO] [stderr]    Compiling toml v1.1.5+spec-1.1.0
[INFO] [stderr]    Compiling zerovec-derive v0.11.6
[INFO] [stderr]    Compiling displaydoc v0.2.7
[INFO] [stderr]    Compiling serde_derive v1.0.229
[INFO] [stderr]    Compiling zerotrie v0.2.5
[INFO] [stderr]    Compiling zerovec v0.11.8
[INFO] [stderr]    Compiling tinystr v0.8.4
[INFO] [stderr]    Compiling potential_utf v0.1.6
[INFO] [stderr]    Compiling icu_collections v2.3.0
[INFO] [stderr]    Compiling icu_locale_core v2.3.0
[INFO] [stderr]    Compiling serde v1.0.229
[INFO] [stderr]    Compiling icu_provider v2.3.1
[INFO] [stderr]    Compiling icu_normalizer v2.3.0
[INFO] [stderr]    Compiling icu_properties v2.3.0
[INFO] [stderr]    Compiling tapid-policy v0.0.4
[INFO] [stderr]    Compiling idna_adapter v1.2.2
[INFO] [stderr]    Compiling idna v1.1.0
[INFO] [stderr]    Compiling url v2.5.8
[INFO] [stderr]    Compiling tapid-core v0.0.7
[INFO] [stderr]    Compiling tapid-runner v0.0.6 (/opt/rustwide/workdir)
[INFO] [stderr]     Finished `release` profile [optimized] target(s) in 26.30s
[INFO] running `Command { std: "docker" "inspect" "2878597c719b2df3b8ca91ebe113ee0e7b8ad0162be0bc24dbe83c93dba2c4dc", kill_on_drop: false }`
[INFO] running `Command { std: "docker" "exec" "-e" "SOURCE_DIR=/opt/rustwide/workdir" "-e" "CARGO_HOME=/opt/rustwide/cargo-home" "-e" "RUSTUP_HOME=/opt/rustwide/rustup-home" "-e" "CARGO_TARGET_DIR=/opt/rustwide/target" "-e" "CARGO_INCREMENTAL=0" "-e" "RUST_BACKTRACE=full" "-e" "RUSTFLAGS=--cap-lints=warn" "-e" "RUSTDOCFLAGS=--cap-lints=warn" "-w" "/opt/rustwide/workdir" "--user" "0:0" "2878597c719b2df3b8ca91ebe113ee0e7b8ad0162be0bc24dbe83c93dba2c4dc" "/opt/rustwide/cargo-home/bin/cargo" "+1.99.0-beta.8" "test" "--frozen" "--no-run" "--message-format=json" "--release", kill_on_drop: false }`
[INFO] [stderr] warning: Cargo.toml: only one of `license` or `license-file` is necessary
[INFO] [stderr] `license` should be used if the package license can be expressed with a standard SPDX expression.
[INFO] [stderr] `license-file` should be used if the package uses a non-standard license.
[INFO] [stderr] See https://doc.rust-lang.org/cargo/reference/manifest.html#the-license-and-license-file-fields for more information.
[INFO] [stderr] warning: `tapid-runner` (manifest) generated 1 warning
[INFO] [stderr]    Compiling tapid-runner v0.0.6 (/opt/rustwide/workdir)
[INFO] [stdout] error[E0432]: unresolved import `tapid_test_support`
[INFO] [stdout]   --> tests/windows_review_regressions.rs:52:9
[INFO] [stdout]    |
[INFO] [stdout] 52 |     use tapid_test_support::TempProject;
[INFO] [stdout]    |         ^^^^^^^^^^^^^^^^^^ use of unresolved module or unlinked crate `tapid_test_support`
[INFO] [stdout]    |
[INFO] [stdout]    = help: if you wanted to use a crate named `tapid_test_support`, use `cargo add tapid_test_support` to add it to your `Cargo.toml`
[INFO] [stdout] 
[INFO] [stdout] 
[INFO] [stdout] For more information about this error, try `rustc --explain E0432`.
[INFO] [stdout] 
[INFO] [stderr] error: could not compile `tapid-runner` (test "windows_review_regressions") due to 1 previous error
[INFO] [stderr] warning: build failed, waiting for other jobs to finish...
[INFO] [stdout] error[E0433]: cannot find module or crate `tapid_test_support` in this scope
[INFO] [stdout]    --> src/lifecycle.rs:373:23
[INFO] [stdout]     |
[INFO] [stdout] 373 |         let project = tapid_test_support::TempProject::new("lifecycle-policy").unwrap();
[INFO] [stdout]     |                       ^^^^^^^^^^^^^^^^^^ use of unresolved module or unlinked crate `tapid_test_support`
[INFO] [stdout]     |
[INFO] [stdout]     = help: if you wanted to use a crate named `tapid_test_support`, use `cargo add tapid_test_support` to add it to your `Cargo.toml`
[INFO] [stdout] 
[INFO] [stdout] 
[INFO] [stdout] error[E0433]: cannot find module or crate `tapid_test_support` in this scope
[INFO] [stdout]    --> src/linux_restricted/toolchain.rs:223:23
[INFO] [stdout]     |
[INFO] [stdout] 223 |         let project = tapid_test_support::TempProject::new("toolchain-unreadable").unwrap();
[INFO] [stdout]     |                       ^^^^^^^^^^^^^^^^^^ use of unresolved module or unlinked crate `tapid_test_support`
[INFO] [stdout]     |
[INFO] [stdout]     = help: if you wanted to use a crate named `tapid_test_support`, use `cargo add tapid_test_support` to add it to your `Cargo.toml`
[INFO] [stdout] 
[INFO] [stdout] 
[INFO] [stdout] error[E0433]: cannot find module or crate `tapid_test_support` in this scope
[INFO] [stdout]    --> src/linux_restricted/toolchain.rs:291:23
[INFO] [stdout]     |
[INFO] [stdout] 291 |         let project = tapid_test_support::TempProject::new("toolchain-errors").unwrap();
[INFO] [stdout]     |                       ^^^^^^^^^^^^^^^^^^ use of unresolved module or unlinked crate `tapid_test_support`
[INFO] [stdout]     |
[INFO] [stdout]     = help: if you wanted to use a crate named `tapid_test_support`, use `cargo add tapid_test_support` to add it to your `Cargo.toml`
[INFO] [stdout] 
[INFO] [stdout] 
[INFO] [stdout] error[E0433]: cannot find module or crate `tapid_test_support` in this scope
[INFO] [stdout]   --> src/linux_restricted/tests.rs:15:19
[INFO] [stdout]    |
[INFO] [stdout] 15 |     let project = tapid_test_support::TempProject::new("linux-managed-timeout").unwrap();
[INFO] [stdout]    |                   ^^^^^^^^^^^^^^^^^^ use of unresolved module or unlinked crate `tapid_test_support`
[INFO] [stdout]    |
[INFO] [stdout]    = help: if you wanted to use a crate named `tapid_test_support`, use `cargo add tapid_test_support` to add it to your `Cargo.toml`
[INFO] [stdout] 
[INFO] [stdout] 
[INFO] [stdout] error[E0433]: cannot find module or crate `tapid_test_support` in this scope
[INFO] [stdout]    --> src/linux_restricted/tests.rs:407:19
[INFO] [stdout]     |
[INFO] [stdout] 407 |     let project = tapid_test_support::TempProject::new("managed-limits").unwrap();
[INFO] [stdout]     |                   ^^^^^^^^^^^^^^^^^^ use of unresolved module or unlinked crate `tapid_test_support`
[INFO] [stdout]     |
[INFO] [stdout]     = help: if you wanted to use a crate named `tapid_test_support`, use `cargo add tapid_test_support` to add it to your `Cargo.toml`
[INFO] [stdout] 
[INFO] [stdout] 
[INFO] [stdout] error[E0433]: cannot find module or crate `tapid_test_support` in this scope
[INFO] [stdout]    --> src/linux_restricted/tests.rs:446:19
[INFO] [stdout]     |
[INFO] [stdout] 446 |     let project = tapid_test_support::TempProject::new("managed-metadata").unwrap();
[INFO] [stdout]     |                   ^^^^^^^^^^^^^^^^^^ use of unresolved module or unlinked crate `tapid_test_support`
[INFO] [stdout]     |
[INFO] [stdout]     = help: if you wanted to use a crate named `tapid_test_support`, use `cargo add tapid_test_support` to add it to your `Cargo.toml`
[INFO] [stdout] 
[INFO] [stdout] 
[INFO] [stdout] error[E0433]: cannot find module or crate `tapid_test_support` in this scope
[INFO] [stdout]    --> src/linux_restricted/tests.rs:518:19
[INFO] [stdout]     |
[INFO] [stdout] 518 |     let project = tapid_test_support::TempProject::new("managed-memory-stats").unwrap();
[INFO] [stdout]     |                   ^^^^^^^^^^^^^^^^^^ use of unresolved module or unlinked crate `tapid_test_support`
[INFO] [stdout]     |
[INFO] [stdout]     = help: if you wanted to use a crate named `tapid_test_support`, use `cargo add tapid_test_support` to add it to your `Cargo.toml`
[INFO] [stdout] 
[INFO] [stdout] 
[INFO] [stdout] error[E0433]: cannot find module or crate `tapid_test_support` in this scope
[INFO] [stdout]    --> src/linux_restricted/tests.rs:572:19
[INFO] [stdout]     |
[INFO] [stdout] 572 |     let project = tapid_test_support::TempProject::new("managed-caller-crash").unwrap();
[INFO] [stdout]     |                   ^^^^^^^^^^^^^^^^^^ use of unresolved module or unlinked crate `tapid_test_support`
[INFO] [stdout]     |
[INFO] [stdout]     = help: if you wanted to use a crate named `tapid_test_support`, use `cargo add tapid_test_support` to add it to your `Cargo.toml`
[INFO] [stdout] 
[INFO] [stdout] 
[INFO] [stdout] For more information about this error, try `rustc --explain E0433`.
[INFO] [stdout] 
[INFO] [stderr] error: could not compile `tapid-runner` (lib test) due to 8 previous errors
[INFO] running `Command { std: "docker" "inspect" "2878597c719b2df3b8ca91ebe113ee0e7b8ad0162be0bc24dbe83c93dba2c4dc", kill_on_drop: false }`
[INFO] running `Command { std: "docker" "rm" "-f" "2878597c719b2df3b8ca91ebe113ee0e7b8ad0162be0bc24dbe83c93dba2c4dc", kill_on_drop: false }`
[INFO] [stdout] 2878597c719b2df3b8ca91ebe113ee0e7b8ad0162be0bc24dbe83c93dba2c4dc
