[INFO] fetching crate tapa-cgloop-nats 0.3.0...
[INFO] testing tapa-cgloop-nats-0.3.0 against 1.100.0-beta.1+cargoflags=--release for beta-release-1.100-2
[INFO] extracting crate tapa-cgloop-nats 0.3.0 into /workspace/builds/worker-7-tc2/source
[INFO] started tweaking crates.io crate tapa-cgloop-nats 0.3.0
[INFO] finished tweaking crates.io crate tapa-cgloop-nats 0.3.0
[INFO] tweaked toml for crates.io crate tapa-cgloop-nats 0.3.0 written to /workspace/builds/worker-7-tc2/source/Cargo.toml
[INFO] validating manifest of crates.io crate tapa-cgloop-nats 0.3.0 on toolchain 1.100.0-beta.1
[INFO] running `Command { std: CARGO_HOME="/workspace/cargo-home" RUSTUP_HOME="/workspace/rustup-home" "/workspace/cargo-home/bin/cargo" "+1.100.0-beta.1" "metadata" "--manifest-path" "Cargo.toml" "--no-deps", kill_on_drop: false }`
[INFO] running `Command { std: CARGO_HOME="/workspace/cargo-home" RUSTUP_HOME="/workspace/rustup-home" "/workspace/cargo-home/bin/cargo" "+1.100.0-beta.1" "generate-lockfile" "--manifest-path" "Cargo.toml", kill_on_drop: false }`
[INFO] [stderr]     Updating crates.io index
[INFO] [stderr]      Locking 166 packages to highest compatible versions
[INFO] [stderr]       Adding nats v0.16.0 (available: v0.26.0)
[INFO] [stderr]       Adding zeroize v1.3.0 (available: v1.9.1)
[INFO] running `Command { std: CARGO_HOME="/workspace/cargo-home" RUSTUP_HOME="/workspace/rustup-home" "/workspace/cargo-home/bin/cargo" "+1.100.0-beta.1" "fetch" "--manifest-path" "Cargo.toml", kill_on_drop: false }`
[INFO] running `Command { std: "docker" "create" "-v" "/var/lib/crater-agent-workspace/builds/worker-7-tc2/source:/opt/rustwide/workdir:ro,Z" "-v" "/var/lib/crater-agent-workspace/builds/worker-7-tc2/target:/opt/rustwide/target:rw,Z" "-v" "/var/lib/crater-agent-workspace/cargo-home:/opt/rustwide/cargo-home:ro,Z" "-v" "/var/lib/crater-agent-workspace/rustup-home:/opt/rustwide/rustup-home:ro,Z" "-m" "1610612736" "--network" "none" "ghcr.io/rust-lang/crates-build-env/linux@sha256:77db811e55d90add9212f6832c23229e3de5f1c1f9905e8cb07319ea15df73ac" "sleep" "infinity", kill_on_drop: false }`
[INFO] [stdout] 6718011772f9699d629f5e8058923b516c9c1451e1bda577f1b9303b2744dd67
[INFO] running `Command { std: "docker" "start" "6718011772f9699d629f5e8058923b516c9c1451e1bda577f1b9303b2744dd67", kill_on_drop: false }`
[INFO] running `Command { std: "docker" "inspect" "6718011772f9699d629f5e8058923b516c9c1451e1bda577f1b9303b2744dd67", kill_on_drop: false }`
[INFO] running `Command { std: "docker" "exec" "-e" "SOURCE_DIR=/opt/rustwide/workdir" "-e" "CARGO_HOME=/opt/rustwide/cargo-home" "-e" "RUSTUP_HOME=/opt/rustwide/rustup-home" "-e" "CARGO_TARGET_DIR=/opt/rustwide/target" "-w" "/opt/rustwide/workdir" "--user" "0:0" "6718011772f9699d629f5e8058923b516c9c1451e1bda577f1b9303b2744dd67" "/opt/rustwide/cargo-home/bin/cargo" "+1.100.0-beta.1" "metadata" "--no-deps" "--format-version=1", kill_on_drop: false }`
[INFO] running `Command { std: "docker" "inspect" "6718011772f9699d629f5e8058923b516c9c1451e1bda577f1b9303b2744dd67", kill_on_drop: false }`
[INFO] running `Command { std: "docker" "exec" "-e" "SOURCE_DIR=/opt/rustwide/workdir" "-e" "CARGO_HOME=/opt/rustwide/cargo-home" "-e" "RUSTUP_HOME=/opt/rustwide/rustup-home" "-e" "CARGO_TARGET_DIR=/opt/rustwide/target" "-e" "CARGO_INCREMENTAL=0" "-e" "RUST_BACKTRACE=full" "-e" "RUSTFLAGS=--cap-lints=warn" "-e" "RUSTDOCFLAGS=--cap-lints=warn" "-w" "/opt/rustwide/workdir" "--user" "0:0" "6718011772f9699d629f5e8058923b516c9c1451e1bda577f1b9303b2744dd67" "/opt/rustwide/cargo-home/bin/cargo" "+1.100.0-beta.1" "build" "--frozen" "--message-format=json" "--release", kill_on_drop: false }`
[INFO] [stderr]    Compiling typenum v1.20.1
[INFO] [stderr]    Compiling smallvec v1.16.3
[INFO] [stderr]    Compiling untrusted v0.7.1
[INFO] [stderr]    Compiling generic-array v0.14.9
[INFO] [stderr]    Compiling ring v0.16.20
[INFO] [stderr]    Compiling spin v0.5.2
[INFO] [stderr]    Compiling syn v2.0.119
[INFO] [stderr]    Compiling getrandom v0.1.16
[INFO] [stderr]    Compiling signature v1.6.4
[INFO] [stderr]    Compiling event-listener v5.4.2
[INFO] [stderr]    Compiling ppv-lite86 v0.2.21
[INFO] [stderr]    Compiling parking_lot_core v0.8.6
[INFO] [stderr]    Compiling base64 v0.13.1
[INFO] [stderr]    Compiling futures-sink v0.3.34
[INFO] [stderr]    Compiling getrandom v0.4.3
[INFO] [stderr]    Compiling concurrent-queue v2.5.0
[INFO] [stderr]    Compiling instant v0.1.13
[INFO] [stderr]    Compiling regex-syntax v0.8.11
[INFO] [stderr]    Compiling futures-channel v0.3.34
[INFO] [stderr]    Compiling fastrand v2.5.0
[INFO] [stderr]    Compiling ed25519 v1.5.3
[INFO] [stderr]    Compiling serde v1.0.229
[INFO] [stderr]    Compiling rand_core v0.5.1
[INFO] [stderr]    Compiling rand v0.10.3
[INFO] [stderr]    Compiling futures-lite v2.6.1
[INFO] [stderr]    Compiling icu_normalizer v2.3.0
[INFO] [stderr]    Compiling event-listener-strategy v0.5.4
[INFO] [stderr]    Compiling piper v0.2.5
[INFO] [stderr]    Compiling async-task v4.7.1
[INFO] [stderr]    Compiling async-channel v2.5.0
[INFO] [stderr]    Compiling futures-util v0.3.34
[INFO] [stderr]    Compiling data-encoding v2.11.1
[INFO] [stderr]    Compiling rand_chacha v0.2.2
[INFO] [stderr]    Compiling base64-url v1.4.13
[INFO] [stderr]    Compiling parking_lot v0.11.2
[INFO] [stderr]    Compiling serde_json v1.0.154
[INFO] [stderr]    Compiling crossbeam-channel v0.5.17
[INFO] [stderr]    Compiling itoa v0.4.8
[INFO] [stderr]    Compiling json v0.12.4
[INFO] [stderr]    Compiling fastrand v1.9.0
[INFO] [stderr]    Compiling idna_adapter v1.2.2
[INFO] [stderr]    Compiling rand v0.7.3
[INFO] [stderr]    Compiling idna v1.1.0
[INFO] [stderr]    Compiling chrono v0.4.45
[INFO] [stderr]    Compiling nuid v0.3.2
[INFO] [stdout] error[E0432]: unresolved import `rand::distributions`
[INFO] [stdout]   --> /opt/rustwide/cargo-home/registry/src/index.crates.io-1949cf8c6b5b557f/nuid-0.3.2/src/lib.rs:19:11
[INFO] [stdout]    |
[INFO] [stdout] 19 | use rand::distributions::Alphanumeric;
[INFO] [stdout]    |           ^^^^^^^^^^^^^ could not find `distributions` in `rand`
[INFO] [stdout] 
[INFO] [stdout] 
[INFO] [stdout] error[E0432]: unresolved import `rand::rngs::OsRng`
[INFO] [stdout]   --> /opt/rustwide/cargo-home/registry/src/index.crates.io-1949cf8c6b5b557f/nuid-0.3.2/src/lib.rs:20:5
[INFO] [stdout]    |
[INFO] [stdout] 20 | use rand::rngs::OsRng;
[INFO] [stdout]    |     ^^^^^^^^^^^^-----
[INFO] [stdout]    |                 |
[INFO] [stdout]    |                 no `OsRng` in `rngs`
[INFO] [stdout] 
[INFO] [stdout] 
[INFO] [stdout] error[E0432]: unresolved import `rand::thread_rng`
[INFO] [stdout]   --> /opt/rustwide/cargo-home/registry/src/index.crates.io-1949cf8c6b5b557f/nuid-0.3.2/src/lib.rs:21:5
[INFO] [stdout]    |
[INFO] [stdout] 21 | use rand::thread_rng;
[INFO] [stdout]    |     ^^^^^^----------
[INFO] [stdout]    |           |
[INFO] [stdout]    |           no `thread_rng` in the root
[INFO] [stdout] 
[INFO] [stdout] 
[INFO] [stderr]    Compiling blocking v1.7.0
[INFO] [stdout] For more information about this error, try `rustc --explain E0432`.
[INFO] [stdout] 
[INFO] [stderr] error: could not compile `nuid` (lib) due to 3 previous errors
[INFO] [stderr] warning: build failed, waiting for other jobs to finish...
[INFO] running `Command { std: "docker" "inspect" "6718011772f9699d629f5e8058923b516c9c1451e1bda577f1b9303b2744dd67", kill_on_drop: false }`
[INFO] running `Command { std: "docker" "rm" "-f" "6718011772f9699d629f5e8058923b516c9c1451e1bda577f1b9303b2744dd67", kill_on_drop: false }`
[INFO] [stdout] 6718011772f9699d629f5e8058923b516c9c1451e1bda577f1b9303b2744dd67
