[INFO] fetching crate tabnas-xml 0.7.18...
[INFO] testing tabnas-xml-0.7.18 against 1.100.0-beta.1+cargoflags=--release for beta-release-1.100-2
[INFO] extracting crate tabnas-xml 0.7.18 into /workspace/builds/worker-4-tc2/source
[INFO] started tweaking crates.io crate tabnas-xml 0.7.18
[INFO] removed 0 missing tests
[INFO] finished tweaking crates.io crate tabnas-xml 0.7.18
[INFO] tweaked toml for crates.io crate tabnas-xml 0.7.18 written to /workspace/builds/worker-4-tc2/source/Cargo.toml
[INFO] validating manifest of crates.io crate tabnas-xml 0.7.18 on toolchain 1.100.0-beta.1
[INFO] running `Command { std: CARGO_HOME="/workspace/cargo-home" RUSTUP_HOME="/workspace/rustup-home" "/workspace/cargo-home/bin/cargo" "+1.100.0-beta.1" "metadata" "--manifest-path" "Cargo.toml" "--no-deps", kill_on_drop: false }`
[INFO] crate crates.io crate tabnas-xml 0.7.18 already has a lockfile, it will not be regenerated
[INFO] running `Command { std: CARGO_HOME="/workspace/cargo-home" RUSTUP_HOME="/workspace/rustup-home" "/workspace/cargo-home/bin/cargo" "+1.100.0-beta.1" "fetch" "--manifest-path" "Cargo.toml", kill_on_drop: false }`
[INFO] running `Command { std: "docker" "create" "-v" "/var/lib/crater-agent-workspace/builds/worker-4-tc2/source:/opt/rustwide/workdir:ro,Z" "-v" "/var/lib/crater-agent-workspace/builds/worker-4-tc2/target:/opt/rustwide/target:rw,Z" "-v" "/var/lib/crater-agent-workspace/cargo-home:/opt/rustwide/cargo-home:ro,Z" "-v" "/var/lib/crater-agent-workspace/rustup-home:/opt/rustwide/rustup-home:ro,Z" "-m" "1610612736" "--network" "none" "ghcr.io/rust-lang/crates-build-env/linux@sha256:77db811e55d90add9212f6832c23229e3de5f1c1f9905e8cb07319ea15df73ac" "sleep" "infinity", kill_on_drop: false }`
[INFO] [stdout] 315e4c653a99caa7fe6ad0c0b0e30bfe464e4b831451b00d20843a3942205374
[INFO] running `Command { std: "docker" "start" "315e4c653a99caa7fe6ad0c0b0e30bfe464e4b831451b00d20843a3942205374", kill_on_drop: false }`
[INFO] running `Command { std: "docker" "inspect" "315e4c653a99caa7fe6ad0c0b0e30bfe464e4b831451b00d20843a3942205374", kill_on_drop: false }`
[INFO] running `Command { std: "docker" "exec" "-e" "SOURCE_DIR=/opt/rustwide/workdir" "-e" "CARGO_HOME=/opt/rustwide/cargo-home" "-e" "RUSTUP_HOME=/opt/rustwide/rustup-home" "-e" "CARGO_TARGET_DIR=/opt/rustwide/target" "-w" "/opt/rustwide/workdir" "--user" "0:0" "315e4c653a99caa7fe6ad0c0b0e30bfe464e4b831451b00d20843a3942205374" "/opt/rustwide/cargo-home/bin/cargo" "+1.100.0-beta.1" "metadata" "--no-deps" "--format-version=1", kill_on_drop: false }`
[INFO] running `Command { std: "docker" "inspect" "315e4c653a99caa7fe6ad0c0b0e30bfe464e4b831451b00d20843a3942205374", kill_on_drop: false }`
[INFO] running `Command { std: "docker" "exec" "-e" "SOURCE_DIR=/opt/rustwide/workdir" "-e" "CARGO_HOME=/opt/rustwide/cargo-home" "-e" "RUSTUP_HOME=/opt/rustwide/rustup-home" "-e" "CARGO_TARGET_DIR=/opt/rustwide/target" "-e" "CARGO_INCREMENTAL=0" "-e" "RUST_BACKTRACE=full" "-e" "RUSTFLAGS=--cap-lints=warn" "-e" "RUSTDOCFLAGS=--cap-lints=warn" "-w" "/opt/rustwide/workdir" "--user" "0:0" "315e4c653a99caa7fe6ad0c0b0e30bfe464e4b831451b00d20843a3942205374" "/opt/rustwide/cargo-home/bin/cargo" "+1.100.0-beta.1" "build" "--frozen" "--message-format=json" "--release", kill_on_drop: false }`
[INFO] [stderr]    Compiling proc-macro2 v1.0.107
[INFO] [stderr]    Compiling serde_json v1.0.151
[INFO] [stderr]    Compiling indexmap v2.14.2
[INFO] [stderr]    Compiling regex-automata v0.4.18
[INFO] [stderr]    Compiling quote v1.0.47
[INFO] [stderr]    Compiling syn v3.0.6
[INFO] [stderr]    Compiling serde_derive v1.0.229
[INFO] [stderr]    Compiling regex v1.13.1
[INFO] [stderr]    Compiling serde v1.0.229
[INFO] [stderr]    Compiling tabnas-parser v0.12.11
[INFO] [stderr]    Compiling tabnas-xml v0.7.18 (/opt/rustwide/workdir)
[INFO] [stderr]     Finished `release` profile [optimized] target(s) in 49.46s
[INFO] running `Command { std: "docker" "inspect" "315e4c653a99caa7fe6ad0c0b0e30bfe464e4b831451b00d20843a3942205374", kill_on_drop: false }`
[INFO] running `Command { std: "docker" "exec" "-e" "SOURCE_DIR=/opt/rustwide/workdir" "-e" "CARGO_HOME=/opt/rustwide/cargo-home" "-e" "RUSTUP_HOME=/opt/rustwide/rustup-home" "-e" "CARGO_TARGET_DIR=/opt/rustwide/target" "-e" "CARGO_INCREMENTAL=0" "-e" "RUST_BACKTRACE=full" "-e" "RUSTFLAGS=--cap-lints=warn" "-e" "RUSTDOCFLAGS=--cap-lints=warn" "-w" "/opt/rustwide/workdir" "--user" "0:0" "315e4c653a99caa7fe6ad0c0b0e30bfe464e4b831451b00d20843a3942205374" "/opt/rustwide/cargo-home/bin/cargo" "+1.100.0-beta.1" "test" "--frozen" "--no-run" "--message-format=json" "--release", kill_on_drop: false }`
[INFO] [stderr]    Compiling tabnas-xml v0.7.18 (/opt/rustwide/workdir)
[INFO] [stdout] error[E0432]: unresolved import `tabnas_support`
[INFO] [stdout]   --> tests/common/mod.rs:10:5
[INFO] [stdout]    |
[INFO] [stdout] 10 | use tabnas_support::{find_spec_dir, Failure};
[INFO] [stdout]    |     ^^^^^^^^^^^^^^ use of unresolved module or unlinked crate `tabnas_support`
[INFO] [stdout]    |
[INFO] [stdout]    = help: if you wanted to use a crate named `tabnas_support`, use `cargo add tabnas_support` to add it to your `Cargo.toml`
[INFO] [stdout] 
[INFO] [stdout] 
[INFO] [stdout] error[E0432]: unresolved import `tabnas_support`
[INFO] [stdout]   --> tests/parity_test.rs:22:5
[INFO] [stdout]    |
[INFO] [stdout] 22 | use tabnas_support::{Failure, Runner};
[INFO] [stdout]    |     ^^^^^^^^^^^^^^ use of unresolved module or unlinked crate `tabnas_support`
[INFO] [stdout]    |
[INFO] [stdout]    = help: if you wanted to use a crate named `tabnas_support`, use `cargo add tabnas_support` to add it to your `Cargo.toml`
[INFO] [stdout] 
[INFO] [stdout] 
[INFO] [stdout] error[E0432]: unresolved import `tabnas_support`
[INFO] [stdout]   --> tests/common/mod.rs:10:5
[INFO] [stdout]    |
[INFO] [stdout] 10 | use tabnas_support::{find_spec_dir, Failure};
[INFO] [stdout]    |     ^^^^^^^^^^^^^^ use of unresolved module or unlinked crate `tabnas_support`
[INFO] [stdout]    |
[INFO] [stdout]    = help: if you wanted to use a crate named `tabnas_support`, use `cargo add tabnas_support` to add it to your `Cargo.toml`
[INFO] [stdout] 
[INFO] [stdout] 
[INFO] [stdout] error[E0433]: cannot find module or crate `tabnas_support` in this scope
[INFO] [stdout]   --> tests/common/mod.rs:31:5
[INFO] [stdout]    |
[INFO] [stdout] 31 |     tabnas_support::Value::from(value.to_json())
[INFO] [stdout]    |     ^^^^^^^^^^^^^^ use of unresolved module or unlinked crate `tabnas_support`
[INFO] [stdout]    |
[INFO] [stdout]    = help: if you wanted to use a crate named `tabnas_support`, use `cargo add tabnas_support` to add it to your `Cargo.toml`
[INFO] [stdout] 
[INFO] [stdout] 
[INFO] [stdout] error[E0433]: cannot find module or crate `tabnas_support` in this scope
[INFO] [stdout]   --> tests/common/mod.rs:31:5
[INFO] [stdout]    |
[INFO] [stdout] 31 |     tabnas_support::Value::from(value.to_json())
[INFO] [stdout]    |     ^^^^^^^^^^^^^^ use of unresolved module or unlinked crate `tabnas_support`
[INFO] [stdout]    |
[INFO] [stdout]    = help: if you wanted to use a crate named `tabnas_support`, use `cargo add tabnas_support` to add it to your `Cargo.toml`
[INFO] [stdout] 
[INFO] [stdout] 
[INFO] [stdout] error[E0433]: cannot find module or crate `tabnas_jsonic` in this scope
[INFO] [stdout]   --> tests/parity_test.rs:35:26
[INFO] [stdout]    |
[INFO] [stdout] 35 |         let mut parser = tabnas_jsonic::make();
[INFO] [stdout]    |                          ^^^^^^^^^^^^^ use of unresolved module or unlinked crate `tabnas_jsonic`
[INFO] [stdout]    |
[INFO] [stdout]    = help: if you wanted to use a crate named `tabnas_jsonic`, use `cargo add tabnas_jsonic` to add it to your `Cargo.toml`
[INFO] [stdout] 
[INFO] [stdout] 
[INFO] [stdout] error[E0432]: unresolved import `tabnas_support`
[INFO] [stdout]   --> tests/common/mod.rs:10:5
[INFO] [stdout]    |
[INFO] [stdout] 10 | use tabnas_support::{find_spec_dir, Failure};
[INFO] [stdout]    |     ^^^^^^^^^^^^^^ use of unresolved module or unlinked crate `tabnas_support`
[INFO] [stdout]    |
[INFO] [stdout]    = help: if you wanted to use a crate named `tabnas_support`, use `cargo add tabnas_support` to add it to your `Cargo.toml`
[INFO] [stdout] 
[INFO] [stdout] 
[INFO] [stdout] error[E0433]: cannot find module or crate `tabnas_jsonic` in this scope
[INFO] [stdout]    --> tests/build_order_test.rs:254:22
[INFO] [stdout]     |
[INFO] [stdout] 254 |     let mut parser = tabnas_jsonic::make();
[INFO] [stdout]     |                      ^^^^^^^^^^^^^ use of unresolved module or unlinked crate `tabnas_jsonic`
[INFO] [stdout]     |
[INFO] [stdout]     = help: if you wanted to use a crate named `tabnas_jsonic`, use `cargo add tabnas_jsonic` to add it to your `Cargo.toml`
[INFO] [stdout] 
[INFO] [stdout] 
[INFO] [stdout] error[E0432]: unresolved import `tabnas_support`
[INFO] [stdout]   --> tests/common/mod.rs:10:5
[INFO] [stdout]    |
[INFO] [stdout] 10 | use tabnas_support::{find_spec_dir, Failure};
[INFO] [stdout]    |     ^^^^^^^^^^^^^^ use of unresolved module or unlinked crate `tabnas_support`
[INFO] [stdout]    |
[INFO] [stdout]    = help: if you wanted to use a crate named `tabnas_support`, use `cargo add tabnas_support` to add it to your `Cargo.toml`
[INFO] [stdout] 
[INFO] [stdout] 
[INFO] [stdout] error[E0432]: unresolved import `tabnas_support`
[INFO] [stdout]   --> tests/xml_test.rs:19:5
[INFO] [stdout]    |
[INFO] [stdout] 19 | use tabnas_support::{equal_value, format_value};
[INFO] [stdout]    |     ^^^^^^^^^^^^^^ use of unresolved module or unlinked crate `tabnas_support`
[INFO] [stdout]    |
[INFO] [stdout]    = help: if you wanted to use a crate named `tabnas_support`, use `cargo add tabnas_support` to add it to your `Cargo.toml`
[INFO] [stdout] 
[INFO] [stdout] 
[INFO] [stdout] error[E0433]: cannot find module or crate `tabnas_support` in this scope
[INFO] [stdout]   --> tests/common/mod.rs:30:35
[INFO] [stdout]    |
[INFO] [stdout] 30 | pub fn to_value(value: &Value) -> tabnas_support::Value {
[INFO] [stdout]    |                                   ^^^^^^^^^^^^^^ use of unresolved module or unlinked crate `tabnas_support`
[INFO] [stdout]    |
[INFO] [stdout]    = help: if you wanted to use a crate named `tabnas_support`, use `cargo add tabnas_support` to add it to your `Cargo.toml`
[INFO] [stdout] 
[INFO] [stdout] 
[INFO] [stdout] Some errors have detailed explanations: E0432, E0433.
[INFO] [stdout] 
[INFO] [stdout] For more information about an error, try `rustc --explain E0432`.
[INFO] [stdout] 
[INFO] [stderr] error: could not compile `tabnas-xml` (test "parity_test") due to 5 previous errors
[INFO] [stderr] warning: build failed, waiting for other jobs to finish...
[INFO] [stdout] For more information about this error, try `rustc --explain E0433`.
[INFO] [stdout] 
[INFO] [stderr] error: could not compile `tabnas-xml` (test "build_order_test") due to 1 previous error
[INFO] [stdout] error[E0433]: cannot find module or crate `tabnas_support` in this scope
[INFO] [stdout]   --> tests/common/mod.rs:30:35
[INFO] [stdout]    |
[INFO] [stdout] 30 | pub fn to_value(value: &Value) -> tabnas_support::Value {
[INFO] [stdout]    |                                   ^^^^^^^^^^^^^^ use of unresolved module or unlinked crate `tabnas_support`
[INFO] [stdout]    |
[INFO] [stdout]    = help: if you wanted to use a crate named `tabnas_support`, use `cargo add tabnas_support` to add it to your `Cargo.toml`
[INFO] [stdout] 
[INFO] [stdout] 
[INFO] [stdout] Some errors have detailed explanations: E0432, E0433.
[INFO] [stdout] 
[INFO] [stdout] For more information about an error, try `rustc --explain E0432`.
[INFO] [stdout] 
[INFO] [stdout] error[E0433]: cannot find module or crate `tabnas_support` in this scope
[INFO] [stdout]   --> tests/common/mod.rs:31:5
[INFO] [stdout]    |
[INFO] [stdout] 31 |     tabnas_support::Value::from(value.to_json())
[INFO] [stdout]    |     ^^^^^^^^^^^^^^ use of unresolved module or unlinked crate `tabnas_support`
[INFO] [stdout]    |
[INFO] [stdout]    = help: if you wanted to use a crate named `tabnas_support`, use `cargo add tabnas_support` to add it to your `Cargo.toml`
[INFO] [stdout] 
[INFO] [stdout] 
[INFO] [stderr] error: could not compile `tabnas-xml` (test "xmlconf_test") due to 3 previous errors
[INFO] [stdout] error[E0433]: cannot find module or crate `tabnas_support` in this scope
[INFO] [stdout]   --> tests/common/mod.rs:31:5
[INFO] [stdout]    |
[INFO] [stdout] 31 |     tabnas_support::Value::from(value.to_json())
[INFO] [stdout]    |     ^^^^^^^^^^^^^^ use of unresolved module or unlinked crate `tabnas_support`
[INFO] [stdout]    |
[INFO] [stdout]    = help: if you wanted to use a crate named `tabnas_support`, use `cargo add tabnas_support` to add it to your `Cargo.toml`
[INFO] [stdout] 
[INFO] [stdout] 
[INFO] [stdout] error[E0433]: cannot find module or crate `tabnas_support` in this scope
[INFO] [stdout]   --> tests/common/mod.rs:30:35
[INFO] [stdout]    |
[INFO] [stdout] 30 | pub fn to_value(value: &Value) -> tabnas_support::Value {
[INFO] [stdout]    |                                   ^^^^^^^^^^^^^^ use of unresolved module or unlinked crate `tabnas_support`
[INFO] [stdout]    |
[INFO] [stdout]    = help: if you wanted to use a crate named `tabnas_support`, use `cargo add tabnas_support` to add it to your `Cargo.toml`
[INFO] [stdout] 
[INFO] [stdout] 
[INFO] [stdout] Some errors have detailed explanations: E0432, E0433.
[INFO] [stdout] 
[INFO] [stdout] For more information about an error, try `rustc --explain E0432`.
[INFO] [stdout] 
[INFO] [stderr] error: could not compile `tabnas-xml` (test "translate_test") due to 3 previous errors
[INFO] [stdout] error[E0433]: cannot find module or crate `tabnas_support` in this scope
[INFO] [stdout]     --> tests/xml_test.rs:1057:20
[INFO] [stdout]      |
[INFO] [stdout] 1057 |     let embedded = tabnas_support::Value::from(embedded);
[INFO] [stdout]      |                    ^^^^^^^^^^^^^^ use of unresolved module or unlinked crate `tabnas_support`
[INFO] [stdout]      |
[INFO] [stdout]      = help: if you wanted to use a crate named `tabnas_support`, use `cargo add tabnas_support` to add it to your `Cargo.toml`
[INFO] [stdout] 
[INFO] [stdout] 
[INFO] [stdout] error[E0433]: cannot find module or crate `tabnas_jsonic` in this scope
[INFO] [stdout]   --> tests/xml_test.rs:28:22
[INFO] [stdout]    |
[INFO] [stdout] 28 |     let mut parser = tabnas_jsonic::make();
[INFO] [stdout]    |                      ^^^^^^^^^^^^^ use of unresolved module or unlinked crate `tabnas_jsonic`
[INFO] [stdout]    |
[INFO] [stdout]    = help: if you wanted to use a crate named `tabnas_jsonic`, use `cargo add tabnas_jsonic` to add it to your `Cargo.toml`
[INFO] [stdout] 
[INFO] [stdout] 
[INFO] [stdout] error[E0433]: cannot find module or crate `tabnas_jsonic` in this scope
[INFO] [stdout]   --> tests/xml_test.rs:72:22
[INFO] [stdout]    |
[INFO] [stdout] 72 |     let mut parser = tabnas_jsonic::make();
[INFO] [stdout]    |                      ^^^^^^^^^^^^^ use of unresolved module or unlinked crate `tabnas_jsonic`
[INFO] [stdout]    |
[INFO] [stdout]    = help: if you wanted to use a crate named `tabnas_jsonic`, use `cargo add tabnas_jsonic` to add it to your `Cargo.toml`
[INFO] [stdout] 
[INFO] [stdout] 
[INFO] [stdout] error[E0433]: cannot find module or crate `tabnas_jsonic` in this scope
[INFO] [stdout]   --> tests/xml_test.rs:79:20
[INFO] [stdout]    |
[INFO] [stdout] 79 |     let mut used = tabnas_jsonic::make();
[INFO] [stdout]    |                    ^^^^^^^^^^^^^ use of unresolved module or unlinked crate `tabnas_jsonic`
[INFO] [stdout]    |
[INFO] [stdout]    = help: if you wanted to use a crate named `tabnas_jsonic`, use `cargo add tabnas_jsonic` to add it to your `Cargo.toml`
[INFO] [stdout] 
[INFO] [stdout] 
[INFO] [stdout] error[E0433]: cannot find module or crate `tabnas_jsonic` in this scope
[INFO] [stdout]    --> tests/xml_test.rs:325:21
[INFO] [stdout]     |
[INFO] [stdout] 325 |     used.use_plugin(tabnas_jsonic::plugin(), None)
[INFO] [stdout]     |                     ^^^^^^^^^^^^^ use of unresolved module or unlinked crate `tabnas_jsonic`
[INFO] [stdout]     |
[INFO] [stdout]     = help: if you wanted to use a crate named `tabnas_jsonic`, use `cargo add tabnas_jsonic` to add it to your `Cargo.toml`
[INFO] [stdout] 
[INFO] [stdout] 
[INFO] [stdout] error[E0433]: cannot find module or crate `tabnas_jsonic` in this scope
[INFO] [stdout]    --> tests/xml_test.rs:369:40
[INFO] [stdout]     |
[INFO] [stdout] 369 |         ("tabnas_jsonic::make_json()", tabnas_jsonic::make_json()),
[INFO] [stdout]     |                                        ^^^^^^^^^^^^^ use of unresolved module or unlinked crate `tabnas_jsonic`
[INFO] [stdout]     |
[INFO] [stdout]     = help: if you wanted to use a crate named `tabnas_jsonic`, use `cargo add tabnas_jsonic` to add it to your `Cargo.toml`
[INFO] [stdout] 
[INFO] [stdout] 
[INFO] [stdout] error[E0433]: cannot find module or crate `tabnas_jsonic` in this scope
[INFO] [stdout]    --> tests/xml_test.rs:373:13
[INFO] [stdout]     |
[INFO] [stdout] 373 |             tabnas_jsonic::make_with(|o| o.rule.exclude = "jsonic".to_string()),
[INFO] [stdout]     |             ^^^^^^^^^^^^^ use of unresolved module or unlinked crate `tabnas_jsonic`
[INFO] [stdout]     |
[INFO] [stdout]     = help: if you wanted to use a crate named `tabnas_jsonic`, use `cargo add tabnas_jsonic` to add it to your `Cargo.toml`
[INFO] [stdout] 
[INFO] [stdout] 
[INFO] [stdout] error[E0433]: cannot find module or crate `tabnas_jsonic` in this scope
[INFO] [stdout]    --> tests/xml_test.rs:413:25
[INFO] [stdout]     |
[INFO] [stdout] 413 |             .use_plugin(tabnas_jsonic::plugin(), None)
[INFO] [stdout]     |                         ^^^^^^^^^^^^^ use of unresolved module or unlinked crate `tabnas_jsonic`
[INFO] [stdout]     |
[INFO] [stdout]     = help: if you wanted to use a crate named `tabnas_jsonic`, use `cargo add tabnas_jsonic` to add it to your `Cargo.toml`
[INFO] [stdout] 
[INFO] [stdout] 
[INFO] [stdout] error[E0433]: cannot find module or crate `tabnas_jsonic` in this scope
[INFO] [stdout]    --> tests/xml_test.rs:419:9
[INFO] [stdout]     |
[INFO] [stdout] 419 |         tabnas_jsonic::jsonic(&mut parser).expect("jsonic installs");
[INFO] [stdout]     |         ^^^^^^^^^^^^^ use of unresolved module or unlinked crate `tabnas_jsonic`
[INFO] [stdout]     |
[INFO] [stdout]     = help: if you wanted to use a crate named `tabnas_jsonic`, use `cargo add tabnas_jsonic` to add it to your `Cargo.toml`
[INFO] [stdout] 
[INFO] [stdout] 
[INFO] [stdout] error[E0433]: cannot find module or crate `tabnas_jsonic` in this scope
[INFO] [stdout]    --> tests/xml_test.rs:424:9
[INFO] [stdout]     |
[INFO] [stdout] 424 |         tabnas_jsonic::register_jsonic_grammar(&mut parser).expect("the grammar installs");
[INFO] [stdout]     |         ^^^^^^^^^^^^^ use of unresolved module or unlinked crate `tabnas_jsonic`
[INFO] [stdout]     |
[INFO] [stdout]     = help: if you wanted to use a crate named `tabnas_jsonic`, use `cargo add tabnas_jsonic` to add it to your `Cargo.toml`
[INFO] [stdout] 
[INFO] [stdout] 
[INFO] [stdout] error[E0433]: cannot find module or crate `tabnas_jsonic` in this scope
[INFO] [stdout]    --> tests/xml_test.rs:433:13
[INFO] [stdout]     |
[INFO] [stdout] 433 |             tabnas_jsonic::make().derive(|_| {}).expect("derives"),
[INFO] [stdout]     |             ^^^^^^^^^^^^^ use of unresolved module or unlinked crate `tabnas_jsonic`
[INFO] [stdout]     |
[INFO] [stdout]     = help: if you wanted to use a crate named `tabnas_jsonic`, use `cargo add tabnas_jsonic` to add it to your `Cargo.toml`
[INFO] [stdout] 
[INFO] [stdout] 
[INFO] [stdout] error[E0433]: cannot find module or crate `tabnas_jsonic` in this scope
[INFO] [stdout]    --> tests/xml_test.rs:437:13
[INFO] [stdout]     |
[INFO] [stdout] 437 |             tabnas_jsonic::make_with(|o| o.rule.exclude = "imp".to_string()),
[INFO] [stdout]     |             ^^^^^^^^^^^^^ use of unresolved module or unlinked crate `tabnas_jsonic`
[INFO] [stdout]     |
[INFO] [stdout]     = help: if you wanted to use a crate named `tabnas_jsonic`, use `cargo add tabnas_jsonic` to add it to your `Cargo.toml`
[INFO] [stdout] 
[INFO] [stdout] 
[INFO] [stdout] error[E0433]: cannot find module or crate `tabnas_jsonic` in this scope
[INFO] [stdout]    --> tests/xml_test.rs:794:22
[INFO] [stdout]     |
[INFO] [stdout] 794 |     let mut parser = tabnas_jsonic::make();
[INFO] [stdout]     |                      ^^^^^^^^^^^^^ use of unresolved module or unlinked crate `tabnas_jsonic`
[INFO] [stdout]     |
[INFO] [stdout]     = help: if you wanted to use a crate named `tabnas_jsonic`, use `cargo add tabnas_jsonic` to add it to your `Cargo.toml`
[INFO] [stdout] 
[INFO] [stdout] 
[INFO] [stdout] error[E0433]: cannot find module or crate `tabnas_jsonic` in this scope
[INFO] [stdout]     --> tests/xml_test.rs:1054:31
[INFO] [stdout]      |
[INFO] [stdout] 1054 |     let from_file = to_value(&tabnas_jsonic::parse(&source).expect("the grammar file parses"));
[INFO] [stdout]      |                               ^^^^^^^^^^^^^ use of unresolved module or unlinked crate `tabnas_jsonic`
[INFO] [stdout]      |
[INFO] [stdout]      = help: if you wanted to use a crate named `tabnas_jsonic`, use `cargo add tabnas_jsonic` to add it to your `Cargo.toml`
[INFO] [stdout] 
[INFO] [stdout] 
[INFO] [stdout] error[E0433]: cannot find module or crate `tabnas_jsonic` in this scope
[INFO] [stdout]     --> tests/xml_test.rs:1245:5
[INFO] [stdout]      |
[INFO] [stdout] 1245 |     tabnas_jsonic::jsonic(&mut parser).expect("jsonic");
[INFO] [stdout]      |     ^^^^^^^^^^^^^ use of unresolved module or unlinked crate `tabnas_jsonic`
[INFO] [stdout]      |
[INFO] [stdout]      = help: if you wanted to use a crate named `tabnas_jsonic`, use `cargo add tabnas_jsonic` to add it to your `Cargo.toml`
[INFO] [stdout] 
[INFO] [stdout] 
[INFO] [stdout] error[E0433]: cannot find module or crate `tabnas_support` in this scope
[INFO] [stdout]   --> tests/common/mod.rs:30:35
[INFO] [stdout]    |
[INFO] [stdout] 30 | pub fn to_value(value: &Value) -> tabnas_support::Value {
[INFO] [stdout]    |                                   ^^^^^^^^^^^^^^ use of unresolved module or unlinked crate `tabnas_support`
[INFO] [stdout]    |
[INFO] [stdout]    = help: if you wanted to use a crate named `tabnas_support`, use `cargo add tabnas_support` to add it to your `Cargo.toml`
[INFO] [stdout] 
[INFO] [stdout] 
[INFO] [stdout] Some errors have detailed explanations: E0432, E0433.
[INFO] [stdout] 
[INFO] [stdout] For more information about an error, try `rustc --explain E0432`.
[INFO] [stdout] 
[INFO] [stderr] error: could not compile `tabnas-xml` (test "xml_test") due to 19 previous errors
[INFO] running `Command { std: "docker" "inspect" "315e4c653a99caa7fe6ad0c0b0e30bfe464e4b831451b00d20843a3942205374", kill_on_drop: false }`
[INFO] running `Command { std: "docker" "rm" "-f" "315e4c653a99caa7fe6ad0c0b0e30bfe464e4b831451b00d20843a3942205374", kill_on_drop: false }`
[INFO] [stdout] 315e4c653a99caa7fe6ad0c0b0e30bfe464e4b831451b00d20843a3942205374
