[INFO] fetching crate tabnas-multisource 0.6.3...
[INFO] testing tabnas-multisource-0.6.3 against 1.100.0-beta.1+cargoflags=--release for beta-release-1.100-2
[INFO] extracting crate tabnas-multisource 0.6.3 into /workspace/builds/worker-6-tc2/source
[INFO] started tweaking crates.io crate tabnas-multisource 0.6.3
[INFO] removed 0 missing tests
[INFO] finished tweaking crates.io crate tabnas-multisource 0.6.3
[INFO] tweaked toml for crates.io crate tabnas-multisource 0.6.3 written to /workspace/builds/worker-6-tc2/source/Cargo.toml
[INFO] validating manifest of crates.io crate tabnas-multisource 0.6.3 on toolchain 1.100.0-beta.1
[INFO] running `Command { std: CARGO_HOME="/workspace/cargo-home" RUSTUP_HOME="/workspace/rustup-home" "/workspace/cargo-home/bin/cargo" "+1.100.0-beta.1" "metadata" "--manifest-path" "Cargo.toml" "--no-deps", kill_on_drop: false }`
[INFO] crate crates.io crate tabnas-multisource 0.6.3 already has a lockfile, it will not be regenerated
[INFO] running `Command { std: CARGO_HOME="/workspace/cargo-home" RUSTUP_HOME="/workspace/rustup-home" "/workspace/cargo-home/bin/cargo" "+1.100.0-beta.1" "fetch" "--manifest-path" "Cargo.toml", kill_on_drop: false }`
[INFO] running `Command { std: "docker" "create" "-v" "/var/lib/crater-agent-workspace/builds/worker-6-tc2/source:/opt/rustwide/workdir:ro,Z" "-v" "/var/lib/crater-agent-workspace/builds/worker-6-tc2/target:/opt/rustwide/target:rw,Z" "-v" "/var/lib/crater-agent-workspace/cargo-home:/opt/rustwide/cargo-home:ro,Z" "-v" "/var/lib/crater-agent-workspace/rustup-home:/opt/rustwide/rustup-home:ro,Z" "-m" "1610612736" "--network" "none" "ghcr.io/rust-lang/crates-build-env/linux@sha256:77db811e55d90add9212f6832c23229e3de5f1c1f9905e8cb07319ea15df73ac" "sleep" "infinity", kill_on_drop: false }`
[INFO] [stdout] 007af88dcaf203c3465a9469d5ff3f990937fa024bc1181322a087604e356ba3
[INFO] running `Command { std: "docker" "start" "007af88dcaf203c3465a9469d5ff3f990937fa024bc1181322a087604e356ba3", kill_on_drop: false }`
[INFO] running `Command { std: "docker" "inspect" "007af88dcaf203c3465a9469d5ff3f990937fa024bc1181322a087604e356ba3", kill_on_drop: false }`
[INFO] running `Command { std: "docker" "exec" "-e" "SOURCE_DIR=/opt/rustwide/workdir" "-e" "CARGO_HOME=/opt/rustwide/cargo-home" "-e" "RUSTUP_HOME=/opt/rustwide/rustup-home" "-e" "CARGO_TARGET_DIR=/opt/rustwide/target" "-w" "/opt/rustwide/workdir" "--user" "0:0" "007af88dcaf203c3465a9469d5ff3f990937fa024bc1181322a087604e356ba3" "/opt/rustwide/cargo-home/bin/cargo" "+1.100.0-beta.1" "metadata" "--no-deps" "--format-version=1", kill_on_drop: false }`
[INFO] running `Command { std: "docker" "inspect" "007af88dcaf203c3465a9469d5ff3f990937fa024bc1181322a087604e356ba3", kill_on_drop: false }`
[INFO] running `Command { std: "docker" "exec" "-e" "SOURCE_DIR=/opt/rustwide/workdir" "-e" "CARGO_HOME=/opt/rustwide/cargo-home" "-e" "RUSTUP_HOME=/opt/rustwide/rustup-home" "-e" "CARGO_TARGET_DIR=/opt/rustwide/target" "-e" "CARGO_INCREMENTAL=0" "-e" "RUST_BACKTRACE=full" "-e" "RUSTFLAGS=--cap-lints=warn" "-e" "RUSTDOCFLAGS=--cap-lints=warn" "-w" "/opt/rustwide/workdir" "--user" "0:0" "007af88dcaf203c3465a9469d5ff3f990937fa024bc1181322a087604e356ba3" "/opt/rustwide/cargo-home/bin/cargo" "+1.100.0-beta.1" "build" "--frozen" "--message-format=json" "--release", kill_on_drop: false }`
[INFO] [stderr]    Compiling proc-macro2 v1.0.107
[INFO] [stderr]    Compiling serde_json v1.0.151
[INFO] [stderr]    Compiling indexmap v2.14.2
[INFO] [stderr]    Compiling quote v1.0.47
[INFO] [stderr]    Compiling syn v3.0.6
[INFO] [stderr]    Compiling serde_derive v1.0.229
[INFO] [stderr]    Compiling serde v1.0.229
[INFO] [stderr]    Compiling tabnas-parser v0.12.11
[INFO] [stderr]    Compiling tabnas-directive v0.5.13
[INFO] [stderr]    Compiling tabnas-multisource v0.6.3 (/opt/rustwide/workdir)
[INFO] [stderr]     Finished `release` profile [optimized] target(s) in 41.05s
[INFO] running `Command { std: "docker" "inspect" "007af88dcaf203c3465a9469d5ff3f990937fa024bc1181322a087604e356ba3", kill_on_drop: false }`
[INFO] running `Command { std: "docker" "exec" "-e" "SOURCE_DIR=/opt/rustwide/workdir" "-e" "CARGO_HOME=/opt/rustwide/cargo-home" "-e" "RUSTUP_HOME=/opt/rustwide/rustup-home" "-e" "CARGO_TARGET_DIR=/opt/rustwide/target" "-e" "CARGO_INCREMENTAL=0" "-e" "RUST_BACKTRACE=full" "-e" "RUSTFLAGS=--cap-lints=warn" "-e" "RUSTDOCFLAGS=--cap-lints=warn" "-w" "/opt/rustwide/workdir" "--user" "0:0" "007af88dcaf203c3465a9469d5ff3f990937fa024bc1181322a087604e356ba3" "/opt/rustwide/cargo-home/bin/cargo" "+1.100.0-beta.1" "test" "--frozen" "--no-run" "--message-format=json" "--release", kill_on_drop: false }`
[INFO] [stderr]    Compiling tabnas-multisource v0.6.3 (/opt/rustwide/workdir)
[INFO] [stdout] error[E0432]: unresolved import `tabnas_support`
[INFO] [stdout]   --> tests/common/mod.rs:20:5
[INFO] [stdout]    |
[INFO] [stdout] 20 | use tabnas_support::Failure;
[INFO] [stdout]    |     ^^^^^^^^^^^^^^ use of unresolved module or unlinked crate `tabnas_support`
[INFO] [stdout]    |
[INFO] [stdout]    = help: if you wanted to use a crate named `tabnas_support`, use `cargo add tabnas_support` to add it to your `Cargo.toml`
[INFO] [stdout] 
[INFO] [stdout] 
[INFO] [stdout] error[E0432]: unresolved import `tabnas_support`
[INFO] [stdout]   --> tests/common/mod.rs:20:5
[INFO] [stdout]    |
[INFO] [stdout] 20 | use tabnas_support::Failure;
[INFO] [stdout]    |     ^^^^^^^^^^^^^^ use of unresolved module or unlinked crate `tabnas_support`
[INFO] [stdout]    |
[INFO] [stdout]    = help: if you wanted to use a crate named `tabnas_support`, use `cargo add tabnas_support` to add it to your `Cargo.toml`
[INFO] [stdout] 
[INFO] [stdout] 
[INFO] [stdout] error[E0432]: unresolved import `tabnas_support`
[INFO] [stdout]   --> tests/common/mod.rs:20:5
[INFO] [stdout]    |
[INFO] [stdout] 20 | use tabnas_support::Failure;
[INFO] [stdout]    |     ^^^^^^^^^^^^^^ use of unresolved module or unlinked crate `tabnas_support`
[INFO] [stdout]    |
[INFO] [stdout]    = help: if you wanted to use a crate named `tabnas_support`, use `cargo add tabnas_support` to add it to your `Cargo.toml`
[INFO] [stdout] 
[INFO] [stdout] 
[INFO] [stdout] error[E0432]: unresolved import `tabnas_support`
[INFO] [stdout]   --> tests/common/mod.rs:20:5
[INFO] [stdout]    |
[INFO] [stdout] 20 | use tabnas_support::Failure;
[INFO] [stdout]    |     ^^^^^^^^^^^^^^ use of unresolved module or unlinked crate `tabnas_support`
[INFO] [stdout]    |
[INFO] [stdout]    = help: if you wanted to use a crate named `tabnas_support`, use `cargo add tabnas_support` to add it to your `Cargo.toml`
[INFO] [stdout] 
[INFO] [stdout] 
[INFO] [stdout] error[E0432]: unresolved import `tabnas_support`
[INFO] [stdout]   --> tests/common/mod.rs:20:5
[INFO] [stdout]    |
[INFO] [stdout] 20 | use tabnas_support::Failure;
[INFO] [stdout]    |     ^^^^^^^^^^^^^^ use of unresolved module or unlinked crate `tabnas_support`
[INFO] [stdout]    |
[INFO] [stdout]    = help: if you wanted to use a crate named `tabnas_support`, use `cargo add tabnas_support` to add it to your `Cargo.toml`
[INFO] [stdout] 
[INFO] [stdout] 
[INFO] [stdout] error[E0432]: unresolved import `tabnas_support`
[INFO] [stdout]   --> tests/parity_test.rs:18:5
[INFO] [stdout]    |
[INFO] [stdout] 18 | use tabnas_support::{find_spec_dir, Failure, Runner, Value};
[INFO] [stdout]    |     ^^^^^^^^^^^^^^ use of unresolved module or unlinked crate `tabnas_support`
[INFO] [stdout]    |
[INFO] [stdout]    = help: if you wanted to use a crate named `tabnas_support`, use `cargo add tabnas_support` to add it to your `Cargo.toml`
[INFO] [stdout] 
[INFO] [stdout] 
[INFO] [stdout] error[E0432]: unresolved import `tabnas_support`
[INFO] [stdout]   --> tests/common/mod.rs:20:5
[INFO] [stdout]    |
[INFO] [stdout] 20 | use tabnas_support::Failure;
[INFO] [stdout]    |     ^^^^^^^^^^^^^^ use of unresolved module or unlinked crate `tabnas_support`
[INFO] [stdout]    |
[INFO] [stdout]    = help: if you wanted to use a crate named `tabnas_support`, use `cargo add tabnas_support` to add it to your `Cargo.toml`
[INFO] [stdout] 
[INFO] [stdout] 
[INFO] [stdout] error[E0432]: unresolved import `tabnas_debug`
[INFO] [stdout]  --> tests/debug_model_test.rs:9:5
[INFO] [stdout]   |
[INFO] [stdout] 9 | use tabnas_debug::{model, DebugOptions};
[INFO] [stdout]   |     ^^^^^^^^^^^^ use of unresolved module or unlinked crate `tabnas_debug`
[INFO] [stdout]   |
[INFO] [stdout]   = help: if you wanted to use a crate named `tabnas_debug`, use `cargo add tabnas_debug` to add it to your `Cargo.toml`
[INFO] [stdout] 
[INFO] [stdout] 
[INFO] [stdout] error[E0433]: cannot find module or crate `tabnas_jsonic` in this scope
[INFO] [stdout]   --> tests/common/mod.rs:29:22
[INFO] [stdout]    |
[INFO] [stdout] 29 |     let mut parser = tabnas_jsonic::make();
[INFO] [stdout]    |                      ^^^^^^^^^^^^^ use of unresolved module or unlinked crate `tabnas_jsonic`
[INFO] [stdout]    |
[INFO] [stdout]    = help: if you wanted to use a crate named `tabnas_jsonic`, use `cargo add tabnas_jsonic` to add it to your `Cargo.toml`
[INFO] [stdout] 
[INFO] [stdout] 
[INFO] [stdout] error[E0433]: cannot find module or crate `tabnas_jsonic` in this scope
[INFO] [stdout]   --> tests/common/mod.rs:29:22
[INFO] [stdout]    |
[INFO] [stdout] 29 |     let mut parser = tabnas_jsonic::make();
[INFO] [stdout]    |                      ^^^^^^^^^^^^^ use of unresolved module or unlinked crate `tabnas_jsonic`
[INFO] [stdout]    |
[INFO] [stdout]    = help: if you wanted to use a crate named `tabnas_jsonic`, use `cargo add tabnas_jsonic` to add it to your `Cargo.toml`
[INFO] [stdout] 
[INFO] [stdout] 
[INFO] [stdout] error[E0433]: cannot find module or crate `tabnas_jsonic` in this scope
[INFO] [stdout]   --> tests/common/mod.rs:66:24
[INFO] [stdout]    |
[INFO] [stdout] 66 |     PARSER.get_or_init(tabnas_jsonic::make_json)
[INFO] [stdout]    |                        ^^^^^^^^^^^^^ use of unresolved module or unlinked crate `tabnas_jsonic`
[INFO] [stdout]    |
[INFO] [stdout]    = help: if you wanted to use a crate named `tabnas_jsonic`, use `cargo add tabnas_jsonic` to add it to your `Cargo.toml`
[INFO] [stdout] 
[INFO] [stdout] 
[INFO] [stdout] error[E0433]: cannot find module or crate `tabnas_jsonic` in this scope
[INFO] [stdout]   --> tests/common/mod.rs:66:24
[INFO] [stdout]    |
[INFO] [stdout] 66 |     PARSER.get_or_init(tabnas_jsonic::make_json)
[INFO] [stdout]    |                        ^^^^^^^^^^^^^ use of unresolved module or unlinked crate `tabnas_jsonic`
[INFO] [stdout]    |
[INFO] [stdout]    = help: if you wanted to use a crate named `tabnas_jsonic`, use `cargo add tabnas_jsonic` to add it to your `Cargo.toml`
[INFO] [stdout] 
[INFO] [stdout] 
[INFO] [stdout] error[E0433]: cannot find module or crate `tabnas_jsonic` in this scope
[INFO] [stdout]   --> tests/common/mod.rs:29:22
[INFO] [stdout]    |
[INFO] [stdout] 29 |     let mut parser = tabnas_jsonic::make();
[INFO] [stdout]    |                      ^^^^^^^^^^^^^ use of unresolved module or unlinked crate `tabnas_jsonic`
[INFO] [stdout]    |
[INFO] [stdout]    = help: if you wanted to use a crate named `tabnas_jsonic`, use `cargo add tabnas_jsonic` to add it to your `Cargo.toml`
[INFO] [stdout] 
[INFO] [stdout] 
[INFO] [stdout] error[E0433]: cannot find module or crate `tabnas_jsonic` in this scope
[INFO] [stdout]   --> tests/common/mod.rs:29:22
[INFO] [stdout]    |
[INFO] [stdout] 29 |     let mut parser = tabnas_jsonic::make();
[INFO] [stdout]    |                      ^^^^^^^^^^^^^ use of unresolved module or unlinked crate `tabnas_jsonic`
[INFO] [stdout]    |
[INFO] [stdout]    = help: if you wanted to use a crate named `tabnas_jsonic`, use `cargo add tabnas_jsonic` to add it to your `Cargo.toml`
[INFO] [stdout] 
[INFO] [stdout] 
[INFO] [stdout] error[E0433]: cannot find module or crate `tabnas_jsonic` in this scope
[INFO] [stdout]   --> tests/common/mod.rs:66:24
[INFO] [stdout]    |
[INFO] [stdout] 66 |     PARSER.get_or_init(tabnas_jsonic::make_json)
[INFO] [stdout]    |                        ^^^^^^^^^^^^^ use of unresolved module or unlinked crate `tabnas_jsonic`
[INFO] [stdout]    |
[INFO] [stdout]    = help: if you wanted to use a crate named `tabnas_jsonic`, use `cargo add tabnas_jsonic` to add it to your `Cargo.toml`
[INFO] [stdout] 
[INFO] [stdout] 
[INFO] [stdout] error[E0433]: cannot find module or crate `tabnas_jsonic` in this scope
[INFO] [stdout]   --> tests/common/mod.rs:66:24
[INFO] [stdout]    |
[INFO] [stdout] 66 |     PARSER.get_or_init(tabnas_jsonic::make_json)
[INFO] [stdout]    |                        ^^^^^^^^^^^^^ use of unresolved module or unlinked crate `tabnas_jsonic`
[INFO] [stdout]    |
[INFO] [stdout]    = help: if you wanted to use a crate named `tabnas_jsonic`, use `cargo add tabnas_jsonic` to add it to your `Cargo.toml`
[INFO] [stdout] 
[INFO] [stdout] 
[INFO] [stdout] Some errors have detailed explanations: E0432, E0433.
[INFO] [stdout] 
[INFO] [stdout] For more information about an error, try `rustc --explain E0432`.
[INFO] [stdout] 
[INFO] [stdout] error[E0433]: cannot find module or crate `tabnas_jsonic` in this scope
[INFO] [stdout]   --> tests/common/mod.rs:29:22
[INFO] [stdout]    |
[INFO] [stdout] 29 |     let mut parser = tabnas_jsonic::make();
[INFO] [stdout]    |                      ^^^^^^^^^^^^^ use of unresolved module or unlinked crate `tabnas_jsonic`
[INFO] [stdout]    |
[INFO] [stdout]    = help: if you wanted to use a crate named `tabnas_jsonic`, use `cargo add tabnas_jsonic` to add it to your `Cargo.toml`
[INFO] [stdout] 
[INFO] [stdout] 
[INFO] [stdout] error[E0433]: cannot find module or crate `tabnas_jsonic` in this scope
[INFO] [stdout]   --> tests/debug_model_test.rs:13:22
[INFO] [stdout]    |
[INFO] [stdout] 13 |     let mut parser = tabnas_jsonic::make();
[INFO] [stdout]    |                      ^^^^^^^^^^^^^ use of unresolved module or unlinked crate `tabnas_jsonic`
[INFO] [stdout]    |
[INFO] [stdout]    = help: if you wanted to use a crate named `tabnas_jsonic`, use `cargo add tabnas_jsonic` to add it to your `Cargo.toml`
[INFO] [stdout] 
[INFO] [stdout] 
[INFO] [stdout] error[E0433]: cannot find module or crate `tabnas_jsonic` in this scope
[INFO] [stdout]   --> tests/common/mod.rs:66:24
[INFO] [stdout]    |
[INFO] [stdout] 66 |     PARSER.get_or_init(tabnas_jsonic::make_json)
[INFO] [stdout]    |                        ^^^^^^^^^^^^^ use of unresolved module or unlinked crate `tabnas_jsonic`
[INFO] [stdout]    |
[INFO] [stdout]    = help: if you wanted to use a crate named `tabnas_jsonic`, use `cargo add tabnas_jsonic` to add it to your `Cargo.toml`
[INFO] [stdout] 
[INFO] [stdout] 
[INFO] [stdout] error[E0433]: cannot find module or crate `tabnas_debug` in this scope
[INFO] [stdout]   --> tests/debug_model_test.rs:19:5
[INFO] [stdout]    |
[INFO] [stdout] 19 |     tabnas_debug::apply(&mut parser, DebugOptions::quiet()).expect("the Debug plugin installs");
[INFO] [stdout]    |     ^^^^^^^^^^^^ use of unresolved module or unlinked crate `tabnas_debug`
[INFO] [stdout]    |
[INFO] [stdout]    = help: if you wanted to use a crate named `tabnas_debug`, use `cargo add tabnas_debug` to add it to your `Cargo.toml`
[INFO] [stdout] 
[INFO] [stdout] 
[INFO] [stdout] error[E0433]: cannot find module or crate `tabnas_jsonic` in this scope
[INFO] [stdout]    --> src/processor.rs:226:26
[INFO] [stdout]     |
[INFO] [stdout] 226 |         let mut parser = tabnas_jsonic::make();
[INFO] [stdout]     |                          ^^^^^^^^^^^^^ use of unresolved module or unlinked crate `tabnas_jsonic`
[INFO] [stdout]     |
[INFO] [stdout]     = help: if you wanted to use a crate named `tabnas_jsonic`, use `cargo add tabnas_jsonic` to add it to your `Cargo.toml`
[INFO] [stdout] 
[INFO] [stdout] 
[INFO] [stderr] error: could not compile `tabnas-multisource` (test "perf_test") due to 3 previous errors
[INFO] [stderr] warning: build failed, waiting for other jobs to finish...
[INFO] [stdout] Some errors have detailed explanations: E0432, E0433.
[INFO] [stdout] 
[INFO] [stdout] For more information about an error, try `rustc --explain E0432`.
[INFO] [stdout] 
[INFO] [stdout] Some errors have detailed explanations: E0432, E0433.
[INFO] [stdout] 
[INFO] [stdout] For more information about an error, try `rustc --explain E0432`.
[INFO] [stdout] 
[INFO] [stderr] error: could not compile `tabnas-multisource` (test "debug_model_test") due to 3 previous errors
[INFO] [stderr] error: could not compile `tabnas-multisource` (test "parity_test") due to 4 previous errors
[INFO] [stdout] Some errors have detailed explanations: E0432, E0433.
[INFO] [stdout] 
[INFO] [stdout] For more information about an error, try `rustc --explain E0432`.
[INFO] [stdout] 
[INFO] [stdout] Some errors have detailed explanations: E0432, E0433.
[INFO] [stdout] 
[INFO] [stdout] For more information about an error, try `rustc --explain E0432`.
[INFO] [stdout] 
[INFO] [stderr] error: could not compile `tabnas-multisource` (test "untrusted_test") due to 3 previous errors
[INFO] [stderr] error: could not compile `tabnas-multisource` (test "file_corpus_test") due to 3 previous errors
[INFO] [stdout] error[E0433]: cannot find module or crate `tabnas_jsonic` in this scope
[INFO] [stdout]     --> src/lib.rs:1669:26
[INFO] [stdout]      |
[INFO] [stdout] 1669 |             let theirs = tabnas_jsonic::deep_merge(base.clone(), overlay.clone());
[INFO] [stdout]      |                          ^^^^^^^^^^^^^ use of unresolved module or unlinked crate `tabnas_jsonic`
[INFO] [stdout]      |
[INFO] [stdout]      = help: if you wanted to use a crate named `tabnas_jsonic`, use `cargo add tabnas_jsonic` to add it to your `Cargo.toml`
[INFO] [stdout] 
[INFO] [stdout] 
[INFO] [stdout] Some errors have detailed explanations: E0432, E0433.
[INFO] [stdout] 
[INFO] [stdout] For more information about an error, try `rustc --explain E0432`.
[INFO] [stdout] 
[INFO] [stderr] error: could not compile `tabnas-multisource` (test "divergence_test") due to 3 previous errors
[INFO] [stdout] error[E0433]: cannot find module or crate `tabnas_jsonic` in this scope
[INFO] [stdout]   --> tests/common/mod.rs:29:22
[INFO] [stdout]    |
[INFO] [stdout] 29 |     let mut parser = tabnas_jsonic::make();
[INFO] [stdout]    |                      ^^^^^^^^^^^^^ use of unresolved module or unlinked crate `tabnas_jsonic`
[INFO] [stdout]    |
[INFO] [stdout]    = help: if you wanted to use a crate named `tabnas_jsonic`, use `cargo add tabnas_jsonic` to add it to your `Cargo.toml`
[INFO] [stdout] 
[INFO] [stdout] 
[INFO] [stdout] error[E0433]: cannot find module or crate `tabnas_jsonic` in this scope
[INFO] [stdout]   --> tests/common/mod.rs:66:24
[INFO] [stdout]    |
[INFO] [stdout] 66 |     PARSER.get_or_init(tabnas_jsonic::make_json)
[INFO] [stdout]    |                        ^^^^^^^^^^^^^ use of unresolved module or unlinked crate `tabnas_jsonic`
[INFO] [stdout]    |
[INFO] [stdout]    = help: if you wanted to use a crate named `tabnas_jsonic`, use `cargo add tabnas_jsonic` to add it to your `Cargo.toml`
[INFO] [stdout] 
[INFO] [stdout] 
[INFO] [stdout] error[E0433]: cannot find module or crate `tabnas_jsonic` in this scope
[INFO] [stdout]    --> tests/multisource_test.rs:312:17
[INFO] [stdout]     |
[INFO] [stdout] 312 |                 tabnas_jsonic::deep_merge(previous, current)
[INFO] [stdout]     |                 ^^^^^^^^^^^^^ use of unresolved module or unlinked crate `tabnas_jsonic`
[INFO] [stdout]     |
[INFO] [stdout]     = help: if you wanted to use a crate named `tabnas_jsonic`, use `cargo add tabnas_jsonic` to add it to your `Cargo.toml`
[INFO] [stdout] 
[INFO] [stdout] 
[INFO] [stdout] error[E0433]: cannot find module or crate `tabnas_jsonic` in this scope
[INFO] [stdout]     --> tests/multisource_test.rs:1017:22
[INFO] [stdout]      |
[INFO] [stdout] 1017 |     let mut parser = tabnas_jsonic::make();
[INFO] [stdout]      |                      ^^^^^^^^^^^^^ use of unresolved module or unlinked crate `tabnas_jsonic`
[INFO] [stdout]      |
[INFO] [stdout]      = help: if you wanted to use a crate named `tabnas_jsonic`, use `cargo add tabnas_jsonic` to add it to your `Cargo.toml`
[INFO] [stdout] 
[INFO] [stdout] 
[INFO] [stdout] error[E0433]: cannot find module or crate `tabnas_path` in this scope
[INFO] [stdout]     --> tests/multisource_test.rs:1023:5
[INFO] [stdout]      |
[INFO] [stdout] 1023 |     tabnas_path::path(&mut parser).expect("the Path plugin installs");
[INFO] [stdout]      |     ^^^^^^^^^^^ use of unresolved module or unlinked crate `tabnas_path`
[INFO] [stdout]      |
[INFO] [stdout]      = help: if you wanted to use a crate named `tabnas_path`, use `cargo add tabnas_path` to add it to your `Cargo.toml`
[INFO] [stdout] 
[INFO] [stdout] 
[INFO] [stdout] error[E0433]: cannot find module or crate `tabnas_path` in this scope
[INFO] [stdout]     --> tests/multisource_test.rs:1028:38
[INFO] [stdout]      |
[INFO] [stdout] 1028 |         let stamp = match rule.k.get(tabnas_path::PATH) {
[INFO] [stdout]      |                                      ^^^^^^^^^^^ use of unresolved module or unlinked crate `tabnas_path`
[INFO] [stdout]      |
[INFO] [stdout]      = help: if you wanted to use a crate named `tabnas_path`, use `cargo add tabnas_path` to add it to your `Cargo.toml`
[INFO] [stdout] 
[INFO] [stdout] 
[INFO] [stdout] error[E0308]: mismatched types
[INFO] [stdout]     --> tests/multisource_test.rs:1041:38
[INFO] [stdout]      |
[INFO] [stdout] 1041 |             std::sync::Arc::make_mut(map).insert("$".to_string(), Value::String(stamp));
[INFO] [stdout]      |             ------------------------ ^^^ expected `&mut Arc<_, _>`, found `Arc<IndexMap<String, Value>>`
[INFO] [stdout]      |             |
[INFO] [stdout]      |             arguments to this function are incorrect
[INFO] [stdout]      |
[INFO] [stdout]      = note: expected mutable reference `&mut Arc<_, _>`
[INFO] [stdout]                            found struct `Arc<IndexMap<std::string::String, tabnas::Value>, std::alloc::Global>`
[INFO] [stdout] note: associated function defined here
[INFO] [stdout]     --> /rustc/e3feeb59cd1bdd011a2bfcc0747b55125d9b8527/library/alloc/src/sync.rs:2645:11
[INFO] [stdout] help: consider mutably borrowing here
[INFO] [stdout]      |
[INFO] [stdout] 1041 |             std::sync::Arc::make_mut(&mut map).insert("$".to_string(), Value::String(stamp));
[INFO] [stdout]      |                                      ++++
[INFO] [stdout] 
[INFO] [stdout] 
[INFO] [stdout] error[E0308]: mismatched types
[INFO] [stdout]     --> tests/multisource_test.rs:1043:38
[INFO] [stdout]      |
[INFO] [stdout] 1043 |             std::sync::Arc::make_mut(map)
[INFO] [stdout]      |             ------------------------ ^^^ expected `&mut Arc<_, _>`, found `Arc<MapRef>`
[INFO] [stdout]      |             |
[INFO] [stdout]      |             arguments to this function are incorrect
[INFO] [stdout]      |
[INFO] [stdout]      = note: expected mutable reference `&mut Arc<_, _>`
[INFO] [stdout]                            found struct `Arc<tabnas::MapRef, std::alloc::Global>`
[INFO] [stdout] note: associated function defined here
[INFO] [stdout]     --> /rustc/e3feeb59cd1bdd011a2bfcc0747b55125d9b8527/library/alloc/src/sync.rs:2645:11
[INFO] [stdout] help: consider mutably borrowing here
[INFO] [stdout]      |
[INFO] [stdout] 1043 |             std::sync::Arc::make_mut(&mut map)
[INFO] [stdout]      |                                      ++++
[INFO] [stdout] 
[INFO] [stdout] 
[INFO] [stdout] error[E0433]: cannot find module or crate `tabnas_jsonic` in this scope
[INFO] [stdout]     --> tests/multisource_test.rs:1064:22
[INFO] [stdout]      |
[INFO] [stdout] 1064 |     let mut parser = tabnas_jsonic::make();
[INFO] [stdout]      |                      ^^^^^^^^^^^^^ use of unresolved module or unlinked crate `tabnas_jsonic`
[INFO] [stdout]      |
[INFO] [stdout]      = help: if you wanted to use a crate named `tabnas_jsonic`, use `cargo add tabnas_jsonic` to add it to your `Cargo.toml`
[INFO] [stdout] 
[INFO] [stdout] 
[INFO] [stdout] error[E0433]: cannot find module or crate `tabnas_path` in this scope
[INFO] [stdout]     --> tests/multisource_test.rs:1070:5
[INFO] [stdout]      |
[INFO] [stdout] 1070 |     tabnas_path::path(&mut parser).expect("the Path plugin installs");
[INFO] [stdout]      |     ^^^^^^^^^^^ use of unresolved module or unlinked crate `tabnas_path`
[INFO] [stdout]      |
[INFO] [stdout]      = help: if you wanted to use a crate named `tabnas_path`, use `cargo add tabnas_path` to add it to your `Cargo.toml`
[INFO] [stdout] 
[INFO] [stdout] 
[INFO] [stdout] For more information about this error, try `rustc --explain E0433`.
[INFO] [stdout] 
[INFO] [stderr] error: could not compile `tabnas-multisource` (lib test) due to 2 previous errors
[INFO] [stdout] Some errors have detailed explanations: E0308, E0432, E0433.
[INFO] [stdout] 
[INFO] [stdout] For more information about an error, try `rustc --explain E0308`.
[INFO] [stdout] 
[INFO] [stderr] error: could not compile `tabnas-multisource` (test "multisource_test") due to 11 previous errors
[INFO] running `Command { std: "docker" "inspect" "007af88dcaf203c3465a9469d5ff3f990937fa024bc1181322a087604e356ba3", kill_on_drop: false }`
[INFO] running `Command { std: "docker" "rm" "-f" "007af88dcaf203c3465a9469d5ff3f990937fa024bc1181322a087604e356ba3", kill_on_drop: false }`
[INFO] [stdout] 007af88dcaf203c3465a9469d5ff3f990937fa024bc1181322a087604e356ba3
