[INFO] fetching crate tabnas-jsonic 0.7.9...
[INFO] testing tabnas-jsonic-0.7.9 against 1.99.0-beta.8+cargoflags=--release for beta-release-1.100-2
[INFO] extracting crate tabnas-jsonic 0.7.9 into /workspace/builds/worker-7-tc1/source
[INFO] started tweaking crates.io crate tabnas-jsonic 0.7.9
[INFO] removed 0 missing tests
[INFO] finished tweaking crates.io crate tabnas-jsonic 0.7.9
[INFO] tweaked toml for crates.io crate tabnas-jsonic 0.7.9 written to /workspace/builds/worker-7-tc1/source/Cargo.toml
[INFO] validating manifest of crates.io crate tabnas-jsonic 0.7.9 on toolchain 1.99.0-beta.8
[INFO] running `Command { std: CARGO_HOME="/workspace/cargo-home" RUSTUP_HOME="/workspace/rustup-home" "/workspace/cargo-home/bin/cargo" "+1.99.0-beta.8" "metadata" "--manifest-path" "Cargo.toml" "--no-deps", kill_on_drop: false }`
[INFO] crate crates.io crate tabnas-jsonic 0.7.9 already has a lockfile, it will not be regenerated
[INFO] running `Command { std: CARGO_HOME="/workspace/cargo-home" RUSTUP_HOME="/workspace/rustup-home" "/workspace/cargo-home/bin/cargo" "+1.99.0-beta.8" "fetch" "--manifest-path" "Cargo.toml", kill_on_drop: false }`
[INFO] [stderr]     Updating crates.io index
[INFO] [stderr]  Downloading crates ...
[INFO] [stderr]   Downloaded tabnas-parser v0.12.11
[INFO] [stderr]   Downloaded tabnas-json v0.5.17
[INFO] running `Command { std: "docker" "create" "-v" "/var/lib/crater-agent-workspace/builds/worker-7-tc1/source:/opt/rustwide/workdir:ro,Z" "-v" "/var/lib/crater-agent-workspace/builds/worker-7-tc1/target:/opt/rustwide/target:rw,Z" "-v" "/var/lib/crater-agent-workspace/cargo-home:/opt/rustwide/cargo-home:ro,Z" "-v" "/var/lib/crater-agent-workspace/rustup-home:/opt/rustwide/rustup-home:ro,Z" "-m" "1610612736" "--network" "none" "ghcr.io/rust-lang/crates-build-env/linux@sha256:77db811e55d90add9212f6832c23229e3de5f1c1f9905e8cb07319ea15df73ac" "sleep" "infinity", kill_on_drop: false }`
[INFO] [stdout] 6491e99e7d5faf1f7761191d47b36ab8c558d49360b8e2ffb7729808007ecabd
[INFO] running `Command { std: "docker" "start" "6491e99e7d5faf1f7761191d47b36ab8c558d49360b8e2ffb7729808007ecabd", kill_on_drop: false }`
[INFO] running `Command { std: "docker" "inspect" "6491e99e7d5faf1f7761191d47b36ab8c558d49360b8e2ffb7729808007ecabd", kill_on_drop: false }`
[INFO] running `Command { std: "docker" "exec" "-e" "SOURCE_DIR=/opt/rustwide/workdir" "-e" "CARGO_HOME=/opt/rustwide/cargo-home" "-e" "RUSTUP_HOME=/opt/rustwide/rustup-home" "-e" "CARGO_TARGET_DIR=/opt/rustwide/target" "-w" "/opt/rustwide/workdir" "--user" "0:0" "6491e99e7d5faf1f7761191d47b36ab8c558d49360b8e2ffb7729808007ecabd" "/opt/rustwide/cargo-home/bin/cargo" "+1.99.0-beta.8" "metadata" "--no-deps" "--format-version=1", kill_on_drop: false }`
[INFO] running `Command { std: "docker" "inspect" "6491e99e7d5faf1f7761191d47b36ab8c558d49360b8e2ffb7729808007ecabd", kill_on_drop: false }`
[INFO] running `Command { std: "docker" "exec" "-e" "SOURCE_DIR=/opt/rustwide/workdir" "-e" "CARGO_HOME=/opt/rustwide/cargo-home" "-e" "RUSTUP_HOME=/opt/rustwide/rustup-home" "-e" "CARGO_TARGET_DIR=/opt/rustwide/target" "-e" "CARGO_INCREMENTAL=0" "-e" "RUST_BACKTRACE=full" "-e" "RUSTFLAGS=--cap-lints=warn" "-e" "RUSTDOCFLAGS=--cap-lints=warn" "-w" "/opt/rustwide/workdir" "--user" "0:0" "6491e99e7d5faf1f7761191d47b36ab8c558d49360b8e2ffb7729808007ecabd" "/opt/rustwide/cargo-home/bin/cargo" "+1.99.0-beta.8" "build" "--frozen" "--message-format=json" "--release", kill_on_drop: false }`
[INFO] [stderr]    Compiling proc-macro2 v1.0.107
[INFO] [stderr]    Compiling indexmap v2.14.2
[INFO] [stderr]    Compiling quote v1.0.47
[INFO] [stderr]    Compiling syn v3.0.6
[INFO] [stderr]    Compiling serde_json v1.0.151
[INFO] [stderr]    Compiling serde_derive v1.0.229
[INFO] [stderr]    Compiling serde v1.0.229
[INFO] [stderr]    Compiling tabnas-parser v0.12.11
[INFO] [stderr]    Compiling tabnas-json v0.5.17
[INFO] [stderr]    Compiling tabnas-jsonic v0.7.9 (/opt/rustwide/workdir)
[INFO] [stderr]     Finished `release` profile [optimized] target(s) in 40.96s
[INFO] running `Command { std: "docker" "inspect" "6491e99e7d5faf1f7761191d47b36ab8c558d49360b8e2ffb7729808007ecabd", kill_on_drop: false }`
[INFO] running `Command { std: "docker" "exec" "-e" "SOURCE_DIR=/opt/rustwide/workdir" "-e" "CARGO_HOME=/opt/rustwide/cargo-home" "-e" "RUSTUP_HOME=/opt/rustwide/rustup-home" "-e" "CARGO_TARGET_DIR=/opt/rustwide/target" "-e" "CARGO_INCREMENTAL=0" "-e" "RUST_BACKTRACE=full" "-e" "RUSTFLAGS=--cap-lints=warn" "-e" "RUSTDOCFLAGS=--cap-lints=warn" "-w" "/opt/rustwide/workdir" "--user" "0:0" "6491e99e7d5faf1f7761191d47b36ab8c558d49360b8e2ffb7729808007ecabd" "/opt/rustwide/cargo-home/bin/cargo" "+1.99.0-beta.8" "test" "--frozen" "--no-run" "--message-format=json" "--release", kill_on_drop: false }`
[INFO] [stderr]    Compiling tabnas-jsonic v0.7.9 (/opt/rustwide/workdir)
[INFO] [stdout] error[E0432]: unresolved import `tabnas_support`
[INFO] [stdout]   --> tests/common/mod.rs:10:5
[INFO] [stdout]    |
[INFO] [stdout] 10 | use tabnas_support::{find_spec_dir, Failure, Runner, Value};
[INFO] [stdout]    |     ^^^^^^^^^^^^^^ use of unresolved module or unlinked crate `tabnas_support`
[INFO] [stdout]    |
[INFO] [stdout]    = help: if you wanted to use a crate named `tabnas_support`, use `cargo add tabnas_support` to add it to your `Cargo.toml`
[INFO] [stdout] 
[INFO] [stdout] 
[INFO] [stdout] error[E0432]: unresolved import `tabnas_support`
[INFO] [stdout]   --> tests/parity_test.rs:18:5
[INFO] [stdout]    |
[INFO] [stdout] 18 | use tabnas_support::{equal_value, format_value, load_spec, parse_expect, report, SpecOptions};
[INFO] [stdout]    |     ^^^^^^^^^^^^^^ use of unresolved module or unlinked crate `tabnas_support`
[INFO] [stdout]    |
[INFO] [stdout]    = help: if you wanted to use a crate named `tabnas_support`, use `cargo add tabnas_support` to add it to your `Cargo.toml`
[INFO] [stdout] 
[INFO] [stdout] 
[INFO] [stdout] error[E0432]: unresolved import `tabnas_support`
[INFO] [stdout]   --> tests/common/mod.rs:10:5
[INFO] [stdout]    |
[INFO] [stdout] 10 | use tabnas_support::{find_spec_dir, Failure, Runner, Value};
[INFO] [stdout]    |     ^^^^^^^^^^^^^^ use of unresolved module or unlinked crate `tabnas_support`
[INFO] [stdout]    |
[INFO] [stdout]    = help: if you wanted to use a crate named `tabnas_support`, use `cargo add tabnas_support` to add it to your `Cargo.toml`
[INFO] [stdout] 
[INFO] [stdout] 
[INFO] [stdout] error[E0432]: unresolved import `tabnas_support`
[INFO] [stdout]   --> tests/common/mod.rs:10:5
[INFO] [stdout]    |
[INFO] [stdout] 10 | use tabnas_support::{find_spec_dir, Failure, Runner, Value};
[INFO] [stdout]    |     ^^^^^^^^^^^^^^ use of unresolved module or unlinked crate `tabnas_support`
[INFO] [stdout]    |
[INFO] [stdout]    = help: if you wanted to use a crate named `tabnas_support`, use `cargo add tabnas_support` to add it to your `Cargo.toml`
[INFO] [stdout] 
[INFO] [stdout] 
[INFO] [stdout] error[E0432]: unresolved import `tabnas_support`
[INFO] [stdout]   --> tests/divergent_test.rs:31:5
[INFO] [stdout]    |
[INFO] [stdout] 31 | use tabnas_support::{load_spec, Failure, Runner, SpecOptions, Value};
[INFO] [stdout]    |     ^^^^^^^^^^^^^^ use of unresolved module or unlinked crate `tabnas_support`
[INFO] [stdout]    |
[INFO] [stdout]    = help: if you wanted to use a crate named `tabnas_support`, use `cargo add tabnas_support` to add it to your `Cargo.toml`
[INFO] [stdout] 
[INFO] [stdout] 
[INFO] [stdout] error[E0432]: unresolved import `tabnas_support`
[INFO] [stdout]   --> tests/common/mod.rs:10:5
[INFO] [stdout]    |
[INFO] [stdout] 10 | use tabnas_support::{find_spec_dir, Failure, Runner, Value};
[INFO] [stdout]    |     ^^^^^^^^^^^^^^ use of unresolved module or unlinked crate `tabnas_support`
[INFO] [stdout]    |
[INFO] [stdout]    = help: if you wanted to use a crate named `tabnas_support`, use `cargo add tabnas_support` to add it to your `Cargo.toml`
[INFO] [stdout] 
[INFO] [stdout] 
[INFO] [stdout] error[E0432]: unresolved import `tabnas_support`
[INFO] [stdout]   --> tests/lex_test.rs:23:5
[INFO] [stdout]    |
[INFO] [stdout] 23 | use tabnas_support::{load_spec, SpecOptions};
[INFO] [stdout]    |     ^^^^^^^^^^^^^^ use of unresolved module or unlinked crate `tabnas_support`
[INFO] [stdout]    |
[INFO] [stdout]    = help: if you wanted to use a crate named `tabnas_support`, use `cargo add tabnas_support` to add it to your `Cargo.toml`
[INFO] [stdout] 
[INFO] [stdout] 
[INFO] [stdout] error[E0432]: unresolved import `tabnas_support`
[INFO] [stdout]   --> tests/utility_test.rs:15:5
[INFO] [stdout]    |
[INFO] [stdout] 15 | use tabnas_support::{load_spec, Row, SpecFile, SpecOptions};
[INFO] [stdout]    |     ^^^^^^^^^^^^^^ use of unresolved module or unlinked crate `tabnas_support`
[INFO] [stdout]    |
[INFO] [stdout]    = help: if you wanted to use a crate named `tabnas_support`, use `cargo add tabnas_support` to add it to your `Cargo.toml`
[INFO] [stdout] 
[INFO] [stdout] 
[INFO] [stdout] error[E0433]: cannot find module or crate `tabnas_support` in this scope
[INFO] [stdout]    --> tests/parity_test.rs:258:29
[INFO] [stdout]     |
[INFO] [stdout] 258 |                     .map_or(tabnas_support::Value::Undefined, to_value),
[INFO] [stdout]     |                             ^^^^^^^^^^^^^^ use of unresolved module or unlinked crate `tabnas_support`
[INFO] [stdout]     |
[INFO] [stdout]     = help: if you wanted to use a crate named `tabnas_support`, use `cargo add tabnas_support` to add it to your `Cargo.toml`
[INFO] [stdout] 
[INFO] [stdout] 
[INFO] [stdout] error[E0433]: cannot find module or crate `tabnas_support` in this scope
[INFO] [stdout]    --> tests/parity_test.rs:261:36
[INFO] [stdout]     |
[INFO] [stdout] 261 |                 (to_value(&other), tabnas_support::Value::Undefined)
[INFO] [stdout]     |                                    ^^^^^^^^^^^^^^ use of unresolved module or unlinked crate `tabnas_support`
[INFO] [stdout]     |
[INFO] [stdout]     = help: if you wanted to use a crate named `tabnas_support`, use `cargo add tabnas_support` to add it to your `Cargo.toml`
[INFO] [stdout] 
[INFO] [stdout] 
[INFO] [stdout] error[E0432]: unresolved import `tabnas_support`
[INFO] [stdout]   --> tests/common/mod.rs:10:5
[INFO] [stdout]    |
[INFO] [stdout] 10 | use tabnas_support::{find_spec_dir, Failure, Runner, Value};
[INFO] [stdout]    |     ^^^^^^^^^^^^^^ use of unresolved module or unlinked crate `tabnas_support`
[INFO] [stdout]    |
[INFO] [stdout]    = help: if you wanted to use a crate named `tabnas_support`, use `cargo add tabnas_support` to add it to your `Cargo.toml`
[INFO] [stdout] 
[INFO] [stdout] 
[INFO] [stdout] Some errors have detailed explanations: E0432, E0433.
[INFO] [stdout] 
[INFO] [stdout] For more information about an error, try `rustc --explain E0432`.
[INFO] [stdout] 
[INFO] [stderr] error: could not compile `tabnas-jsonic` (test "parity_test") due to 4 previous errors
[INFO] [stderr] warning: build failed, waiting for other jobs to finish...
[INFO] [stdout] For more information about this error, try `rustc --explain E0432`.
[INFO] [stdout] 
[INFO] [stdout] For more information about this error, try `rustc --explain E0432`.
[INFO] [stdout] 
[INFO] [stderr] error: could not compile `tabnas-jsonic` (test "lex_test") due to 2 previous errors
[INFO] [stderr] error: could not compile `tabnas-jsonic` (test "divergent_test") due to 2 previous errors
[INFO] [stdout] warning: this function depends on never type fallback being `()`
[INFO] [stdout]   --> tests/utility_test.rs:48:1
[INFO] [stdout]    |
[INFO] [stdout] 48 | fn shared_deep_fixture() {
[INFO] [stdout]    | ^^^^^^^^^^^^^^^^^^^^^^^^
[INFO] [stdout]    |
[INFO] [stdout]    = help: specify the types explicitly
[INFO] [stdout] note: in edition 2024, the requirement `!: serde_core::de::Deserialize<'_>` will fail
[INFO] [stdout]   --> tests/utility_test.rs:57:17
[INFO] [stdout]    |
[INFO] [stdout] 57 |                 serde_json::from_str(cell)
[INFO] [stdout]    |                 ^^^^^^^^^^^^^^^^^^^^^^^^^^
[INFO] [stdout]    = warning: this was previously accepted by the compiler but is being phased out; it will become a hard error in Rust 2024 and in a future release in all editions!
[INFO] [stdout]    = note: for more information, see <https://doc.rust-lang.org/edition-guide/rust-2024/never-type-fallback.html>
[INFO] [stdout]    = note: `#[warn(dependency_on_unit_never_type_fallback)]` (part of `#[warn(rust_2024_compatibility)]`) on by default
[INFO] [stdout] help: use `()` annotations to avoid fallback changes
[INFO] [stdout]    |
[INFO] [stdout] 57 |                 serde_json::from_str::<()>(cell)
[INFO] [stdout]    |                                     ++++++
[INFO] [stdout] 
[INFO] [stdout] 
[INFO] [stdout] For more information about this error, try `rustc --explain E0432`.
[INFO] [stdout] 
[INFO] [stderr] error: could not compile `tabnas-jsonic` (test "utility_test") due to 2 previous errors; 2 warnings emitted
[INFO] [stdout] For more information about this error, try `rustc --explain E0432`.
[INFO] [stdout] 
[INFO] [stderr] error: could not compile `tabnas-jsonic` (test "registration_test") due to 1 previous error
[INFO] running `Command { std: "docker" "inspect" "6491e99e7d5faf1f7761191d47b36ab8c558d49360b8e2ffb7729808007ecabd", kill_on_drop: false }`
[INFO] running `Command { std: "docker" "rm" "-f" "6491e99e7d5faf1f7761191d47b36ab8c558d49360b8e2ffb7729808007ecabd", kill_on_drop: false }`
[INFO] [stdout] 6491e99e7d5faf1f7761191d47b36ab8c558d49360b8e2ffb7729808007ecabd
