[INFO] fetching crate tabnas-expr 0.5.19...
[INFO] testing tabnas-expr-0.5.19 against 1.100.0-beta.1+cargoflags=--release for beta-release-1.100-2
[INFO] extracting crate tabnas-expr 0.5.19 into /workspace/builds/worker-2-tc2/source
[INFO] started tweaking crates.io crate tabnas-expr 0.5.19
[INFO] removed 0 missing tests
[INFO] finished tweaking crates.io crate tabnas-expr 0.5.19
[INFO] tweaked toml for crates.io crate tabnas-expr 0.5.19 written to /workspace/builds/worker-2-tc2/source/Cargo.toml
[INFO] validating manifest of crates.io crate tabnas-expr 0.5.19 on toolchain 1.100.0-beta.1
[INFO] running `Command { std: CARGO_HOME="/workspace/cargo-home" RUSTUP_HOME="/workspace/rustup-home" "/workspace/cargo-home/bin/cargo" "+1.100.0-beta.1" "metadata" "--manifest-path" "Cargo.toml" "--no-deps", kill_on_drop: false }`
[INFO] crate crates.io crate tabnas-expr 0.5.19 already has a lockfile, it will not be regenerated
[INFO] running `Command { std: CARGO_HOME="/workspace/cargo-home" RUSTUP_HOME="/workspace/rustup-home" "/workspace/cargo-home/bin/cargo" "+1.100.0-beta.1" "fetch" "--manifest-path" "Cargo.toml", kill_on_drop: false }`
[INFO] running `Command { std: "docker" "create" "-v" "/var/lib/crater-agent-workspace/builds/worker-2-tc2/source:/opt/rustwide/workdir:ro,Z" "-v" "/var/lib/crater-agent-workspace/builds/worker-2-tc2/target:/opt/rustwide/target:rw,Z" "-v" "/var/lib/crater-agent-workspace/cargo-home:/opt/rustwide/cargo-home:ro,Z" "-v" "/var/lib/crater-agent-workspace/rustup-home:/opt/rustwide/rustup-home:ro,Z" "-m" "1610612736" "--network" "none" "ghcr.io/rust-lang/crates-build-env/linux@sha256:77db811e55d90add9212f6832c23229e3de5f1c1f9905e8cb07319ea15df73ac" "sleep" "infinity", kill_on_drop: false }`
[INFO] [stdout] f0d985fe0b48cf02fa402d3ac976fb7d34bcabeb69de4e61fefa59fd60662494
[INFO] running `Command { std: "docker" "start" "f0d985fe0b48cf02fa402d3ac976fb7d34bcabeb69de4e61fefa59fd60662494", kill_on_drop: false }`
[INFO] running `Command { std: "docker" "inspect" "f0d985fe0b48cf02fa402d3ac976fb7d34bcabeb69de4e61fefa59fd60662494", kill_on_drop: false }`
[INFO] running `Command { std: "docker" "exec" "-e" "SOURCE_DIR=/opt/rustwide/workdir" "-e" "CARGO_HOME=/opt/rustwide/cargo-home" "-e" "RUSTUP_HOME=/opt/rustwide/rustup-home" "-e" "CARGO_TARGET_DIR=/opt/rustwide/target" "-w" "/opt/rustwide/workdir" "--user" "0:0" "f0d985fe0b48cf02fa402d3ac976fb7d34bcabeb69de4e61fefa59fd60662494" "/opt/rustwide/cargo-home/bin/cargo" "+1.100.0-beta.1" "metadata" "--no-deps" "--format-version=1", kill_on_drop: false }`
[INFO] running `Command { std: "docker" "inspect" "f0d985fe0b48cf02fa402d3ac976fb7d34bcabeb69de4e61fefa59fd60662494", kill_on_drop: false }`
[INFO] running `Command { std: "docker" "exec" "-e" "SOURCE_DIR=/opt/rustwide/workdir" "-e" "CARGO_HOME=/opt/rustwide/cargo-home" "-e" "RUSTUP_HOME=/opt/rustwide/rustup-home" "-e" "CARGO_TARGET_DIR=/opt/rustwide/target" "-e" "CARGO_INCREMENTAL=0" "-e" "RUST_BACKTRACE=full" "-e" "RUSTFLAGS=--cap-lints=warn" "-e" "RUSTDOCFLAGS=--cap-lints=warn" "-w" "/opt/rustwide/workdir" "--user" "0:0" "f0d985fe0b48cf02fa402d3ac976fb7d34bcabeb69de4e61fefa59fd60662494" "/opt/rustwide/cargo-home/bin/cargo" "+1.100.0-beta.1" "build" "--frozen" "--message-format=json" "--release", kill_on_drop: false }`
[INFO] [stderr]    Compiling proc-macro2 v1.0.107
[INFO] [stderr]    Compiling serde_core v1.0.229
[INFO] [stderr]    Compiling serde_json v1.0.151
[INFO] [stderr]    Compiling regex v1.13.1
[INFO] [stderr]    Compiling quote v1.0.47
[INFO] [stderr]    Compiling syn v3.0.6
[INFO] [stderr]    Compiling serde_derive v1.0.229
[INFO] [stderr]    Compiling indexmap v2.14.2
[INFO] [stderr]    Compiling serde v1.0.229
[INFO] [stderr]    Compiling tabnas-parser v0.12.11
[INFO] [stderr]    Compiling tabnas-json v0.5.17
[INFO] [stderr]    Compiling tabnas-jsonic v0.7.9
[INFO] [stderr]    Compiling tabnas-expr v0.5.19 (/opt/rustwide/workdir)
[INFO] [stderr]     Finished `release` profile [optimized] target(s) in 48.61s
[INFO] running `Command { std: "docker" "inspect" "f0d985fe0b48cf02fa402d3ac976fb7d34bcabeb69de4e61fefa59fd60662494", kill_on_drop: false }`
[INFO] running `Command { std: "docker" "exec" "-e" "SOURCE_DIR=/opt/rustwide/workdir" "-e" "CARGO_HOME=/opt/rustwide/cargo-home" "-e" "RUSTUP_HOME=/opt/rustwide/rustup-home" "-e" "CARGO_TARGET_DIR=/opt/rustwide/target" "-e" "CARGO_INCREMENTAL=0" "-e" "RUST_BACKTRACE=full" "-e" "RUSTFLAGS=--cap-lints=warn" "-e" "RUSTDOCFLAGS=--cap-lints=warn" "-w" "/opt/rustwide/workdir" "--user" "0:0" "f0d985fe0b48cf02fa402d3ac976fb7d34bcabeb69de4e61fefa59fd60662494" "/opt/rustwide/cargo-home/bin/cargo" "+1.100.0-beta.1" "test" "--frozen" "--no-run" "--message-format=json" "--release", kill_on_drop: false }`
[INFO] [stderr]    Compiling tabnas-expr v0.5.19 (/opt/rustwide/workdir)
[INFO] [stdout] error[E0432]: unresolved import `tabnas_support`
[INFO] [stdout]   --> tests/common/mod.rs:14:5
[INFO] [stdout]    |
[INFO] [stdout] 14 | use tabnas_support::Failure;
[INFO] [stdout]    |     ^^^^^^^^^^^^^^ use of unresolved module or unlinked crate `tabnas_support`
[INFO] [stdout]    |
[INFO] [stdout]    = help: if you wanted to use a crate named `tabnas_support`, use `cargo add tabnas_support` to add it to your `Cargo.toml`
[INFO] [stdout] 
[INFO] [stdout] 
[INFO] [stdout] error[E0432]: unresolved import `tabnas_debug`
[INFO] [stdout]   --> tests/debug_model_test.rs:11:5
[INFO] [stdout]    |
[INFO] [stdout] 11 | use tabnas_debug::{apply, model, DebugOptions};
[INFO] [stdout]    |     ^^^^^^^^^^^^ use of unresolved module or unlinked crate `tabnas_debug`
[INFO] [stdout]    |
[INFO] [stdout] help: there is a crate or module with a similar name
[INFO] [stdout]    |
[INFO] [stdout] 11 - use tabnas_debug::{apply, model, DebugOptions};
[INFO] [stdout] 11 + use tabnas_expr::{apply, model, DebugOptions};
[INFO] [stdout]    |
[INFO] [stdout] 
[INFO] [stdout] 
[INFO] [stdout] error[E0432]: unresolved import `tabnas_support`
[INFO] [stdout]   --> tests/common/mod.rs:14:5
[INFO] [stdout]    |
[INFO] [stdout] 14 | use tabnas_support::Failure;
[INFO] [stdout]    |     ^^^^^^^^^^^^^^ use of unresolved module or unlinked crate `tabnas_support`
[INFO] [stdout]    |
[INFO] [stdout]    = help: if you wanted to use a crate named `tabnas_support`, use `cargo add tabnas_support` to add it to your `Cargo.toml`
[INFO] [stdout] 
[INFO] [stdout] 
[INFO] [stdout] error[E0432]: unresolved import `tabnas_support`
[INFO] [stdout]   --> tests/parity_test.rs:20:5
[INFO] [stdout]    |
[INFO] [stdout] 20 | use tabnas_support::{load_spec, Runner, SpecOptions, Value};
[INFO] [stdout]    |     ^^^^^^^^^^^^^^ use of unresolved module or unlinked crate `tabnas_support`
[INFO] [stdout]    |
[INFO] [stdout]    = help: if you wanted to use a crate named `tabnas_support`, use `cargo add tabnas_support` to add it to your `Cargo.toml`
[INFO] [stdout] 
[INFO] [stdout] 
[INFO] [stdout] error[E0432]: unresolved import `tabnas_support`
[INFO] [stdout]   --> tests/common/mod.rs:14:5
[INFO] [stdout]    |
[INFO] [stdout] 14 | use tabnas_support::Failure;
[INFO] [stdout]    |     ^^^^^^^^^^^^^^ use of unresolved module or unlinked crate `tabnas_support`
[INFO] [stdout]    |
[INFO] [stdout]    = help: if you wanted to use a crate named `tabnas_support`, use `cargo add tabnas_support` to add it to your `Cargo.toml`
[INFO] [stdout] 
[INFO] [stdout] 
[INFO] [stdout] error[E0432]: unresolved import `tabnas_support`
[INFO] [stdout]   --> tests/translate_render_test.rs:23:5
[INFO] [stdout]    |
[INFO] [stdout] 23 | use tabnas_support::{load_spec, SpecOptions};
[INFO] [stdout]    |     ^^^^^^^^^^^^^^ use of unresolved module or unlinked crate `tabnas_support`
[INFO] [stdout]    |
[INFO] [stdout]    = help: if you wanted to use a crate named `tabnas_support`, use `cargo add tabnas_support` to add it to your `Cargo.toml`
[INFO] [stdout] 
[INFO] [stdout] 
[INFO] [stdout] For more information about this error, try `rustc --explain E0432`.
[INFO] [stdout] 
[INFO] [stderr] error: could not compile `tabnas-expr` (test "version_test") due to 1 previous error
[INFO] [stderr] warning: build failed, waiting for other jobs to finish...
[INFO] [stdout] For more information about this error, try `rustc --explain E0432`.
[INFO] [stdout] 
[INFO] [stdout] error[E0432]: unresolved import `tabnas_support`
[INFO] [stdout]   --> tests/common/mod.rs:14:5
[INFO] [stdout]    |
[INFO] [stdout] 14 | use tabnas_support::Failure;
[INFO] [stdout]    |     ^^^^^^^^^^^^^^ use of unresolved module or unlinked crate `tabnas_support`
[INFO] [stdout]    |
[INFO] [stdout]    = help: if you wanted to use a crate named `tabnas_support`, use `cargo add tabnas_support` to add it to your `Cargo.toml`
[INFO] [stdout] 
[INFO] [stdout] 
[INFO] [stderr] error: could not compile `tabnas-expr` (test "debug_model_test") due to 1 previous error
[INFO] [stdout] error[E0432]: unresolved import `tabnas_support`
[INFO] [stdout]   --> tests/common/mod.rs:14:5
[INFO] [stdout]    |
[INFO] [stdout] 14 | use tabnas_support::Failure;
[INFO] [stdout]    |     ^^^^^^^^^^^^^^ use of unresolved module or unlinked crate `tabnas_support`
[INFO] [stdout]    |
[INFO] [stdout]    = help: if you wanted to use a crate named `tabnas_support`, use `cargo add tabnas_support` to add it to your `Cargo.toml`
[INFO] [stdout] 
[INFO] [stdout] 
[INFO] [stdout] For more information about this error, try `rustc --explain E0432`.
[INFO] [stdout] 
[INFO] [stderr] error: could not compile `tabnas-expr` (test "perf_test") due to 1 previous error
[INFO] [stdout] For more information about this error, try `rustc --explain E0432`.
[INFO] [stdout] 
[INFO] [stderr] error: could not compile `tabnas-expr` (test "translate_render_test") due to 2 previous errors
[INFO] [stdout] For more information about this error, try `rustc --explain E0432`.
[INFO] [stdout] 
[INFO] [stderr] error: could not compile `tabnas-expr` (test "parity_test") due to 2 previous errors
[INFO] [stdout] For more information about this error, try `rustc --explain E0432`.
[INFO] [stdout] 
[INFO] [stderr] error: could not compile `tabnas-expr` (test "expr_test") due to 1 previous error
[INFO] running `Command { std: "docker" "inspect" "f0d985fe0b48cf02fa402d3ac976fb7d34bcabeb69de4e61fefa59fd60662494", kill_on_drop: false }`
[INFO] running `Command { std: "docker" "rm" "-f" "f0d985fe0b48cf02fa402d3ac976fb7d34bcabeb69de4e61fefa59fd60662494", kill_on_drop: false }`
[INFO] [stdout] f0d985fe0b48cf02fa402d3ac976fb7d34bcabeb69de4e61fefa59fd60662494
