[INFO] fetching crate tabit-engine 0.2.0...
[INFO] testing tabit-engine-0.2.0 against 1.100.0-beta.1+cargoflags=--release for beta-release-1.100-2
[INFO] extracting crate tabit-engine 0.2.0 into /workspace/builds/worker-3-tc2/source
[INFO] started tweaking crates.io crate tabit-engine 0.2.0
[INFO] removed 0 missing examples
[INFO] finished tweaking crates.io crate tabit-engine 0.2.0
[INFO] tweaked toml for crates.io crate tabit-engine 0.2.0 written to /workspace/builds/worker-3-tc2/source/Cargo.toml
[INFO] validating manifest of crates.io crate tabit-engine 0.2.0 on toolchain 1.100.0-beta.1
[INFO] running `Command { std: CARGO_HOME="/workspace/cargo-home" RUSTUP_HOME="/workspace/rustup-home" "/workspace/cargo-home/bin/cargo" "+1.100.0-beta.1" "metadata" "--manifest-path" "Cargo.toml" "--no-deps", kill_on_drop: false }`
[INFO] crate crates.io crate tabit-engine 0.2.0 already has a lockfile, it will not be regenerated
[INFO] running `Command { std: CARGO_HOME="/workspace/cargo-home" RUSTUP_HOME="/workspace/rustup-home" "/workspace/cargo-home/bin/cargo" "+1.100.0-beta.1" "fetch" "--manifest-path" "Cargo.toml", kill_on_drop: false }`
[INFO] [stderr] warning: `package.homepage` is redundant with `package.repository`
[INFO] [stderr]    --> Cargo.toml:109:12
[INFO] [stderr]     |
[INFO] [stderr] 109 | homepage = "https://github.com/JerryAZR/tabit"
[INFO] [stderr]     |            ^^^^^^^^^^^^^^^^^^^^^^^^^^^^^^^^^^^
[INFO] [stderr] ...
[INFO] [stderr] 113 | repository = "https://github.com/JerryAZR/tabit"
[INFO] [stderr]     |              -----------------------------------
[INFO] [stderr]     |
[INFO] [stderr]     = note: `cargo::redundant_homepage` is set to `warn` by default
[INFO] [stderr] help: consider removing `package.homepage`
[INFO] [stderr] warning: `tabit-engine` (manifest) generated 1 warning
[INFO] [stderr]     Blocking waiting for file lock on package cache
[INFO] running `Command { std: "docker" "create" "-v" "/var/lib/crater-agent-workspace/builds/worker-3-tc2/source:/opt/rustwide/workdir:ro,Z" "-v" "/var/lib/crater-agent-workspace/builds/worker-3-tc2/target:/opt/rustwide/target:rw,Z" "-v" "/var/lib/crater-agent-workspace/cargo-home:/opt/rustwide/cargo-home:ro,Z" "-v" "/var/lib/crater-agent-workspace/rustup-home:/opt/rustwide/rustup-home:ro,Z" "-m" "1610612736" "--network" "none" "ghcr.io/rust-lang/crates-build-env/linux@sha256:77db811e55d90add9212f6832c23229e3de5f1c1f9905e8cb07319ea15df73ac" "sleep" "infinity", kill_on_drop: false }`
[INFO] [stdout] d72e8939774d7088891960370662e63017929af84714e97bb84deb729b41c926
[INFO] running `Command { std: "docker" "start" "d72e8939774d7088891960370662e63017929af84714e97bb84deb729b41c926", kill_on_drop: false }`
[INFO] running `Command { std: "docker" "inspect" "d72e8939774d7088891960370662e63017929af84714e97bb84deb729b41c926", kill_on_drop: false }`
[INFO] running `Command { std: "docker" "exec" "-e" "SOURCE_DIR=/opt/rustwide/workdir" "-e" "CARGO_HOME=/opt/rustwide/cargo-home" "-e" "RUSTUP_HOME=/opt/rustwide/rustup-home" "-e" "CARGO_TARGET_DIR=/opt/rustwide/target" "-w" "/opt/rustwide/workdir" "--user" "0:0" "d72e8939774d7088891960370662e63017929af84714e97bb84deb729b41c926" "/opt/rustwide/cargo-home/bin/cargo" "+1.100.0-beta.1" "metadata" "--no-deps" "--format-version=1", kill_on_drop: false }`
[INFO] running `Command { std: "docker" "inspect" "d72e8939774d7088891960370662e63017929af84714e97bb84deb729b41c926", kill_on_drop: false }`
[INFO] running `Command { std: "docker" "exec" "-e" "SOURCE_DIR=/opt/rustwide/workdir" "-e" "CARGO_HOME=/opt/rustwide/cargo-home" "-e" "RUSTUP_HOME=/opt/rustwide/rustup-home" "-e" "CARGO_TARGET_DIR=/opt/rustwide/target" "-e" "CARGO_INCREMENTAL=0" "-e" "RUST_BACKTRACE=full" "-e" "RUSTFLAGS=--cap-lints=warn" "-e" "RUSTDOCFLAGS=--cap-lints=warn" "-w" "/opt/rustwide/workdir" "--user" "0:0" "d72e8939774d7088891960370662e63017929af84714e97bb84deb729b41c926" "/opt/rustwide/cargo-home/bin/cargo" "+1.100.0-beta.1" "build" "--frozen" "--message-format=json" "--release", kill_on_drop: false }`
[INFO] [stderr] warning: `package.homepage` is redundant with `package.repository`
[INFO] [stderr]    --> Cargo.toml:109:12
[INFO] [stderr]     |
[INFO] [stderr] 109 | homepage = "https://github.com/JerryAZR/tabit"
[INFO] [stderr]     |            ^^^^^^^^^^^^^^^^^^^^^^^^^^^^^^^^^^^
[INFO] [stderr] ...
[INFO] [stderr] 113 | repository = "https://github.com/JerryAZR/tabit"
[INFO] [stderr]     |              -----------------------------------
[INFO] [stderr]     |
[INFO] [stderr]     = note: `cargo::redundant_homepage` is set to `warn` by default
[INFO] [stderr] help: consider removing `package.homepage`
[INFO] [stderr] warning: `tabit-engine` (manifest) generated 1 warning
[INFO] [stderr]    Compiling futures-task v0.3.34
[INFO] [stderr]    Compiling zerovec-derive v0.11.4
[INFO] [stderr]    Compiling futures-macro v0.3.34
[INFO] [stderr]    Compiling tokio v1.53.1
[INFO] [stderr]    Compiling serde_derive v1.0.228
[INFO] [stderr]    Compiling mime_guess v2.0.5
[INFO] [stderr]    Compiling ref-cast v1.0.26
[INFO] [stderr]    Compiling serde_json v1.0.150
[INFO] [stderr]    Compiling serde_derive_internals v0.29.1
[INFO] [stderr]    Compiling pin-project-internal v1.1.13
[INFO] [stderr]    Compiling ref-cast-impl v1.0.26
[INFO] [stderr]    Compiling toml_edit v0.25.13+spec-1.1.0
[INFO] [stderr]    Compiling convert_case v0.11.0
[INFO] [stderr]    Compiling nom v7.1.3
[INFO] [stderr]    Compiling async-stream-impl v0.3.6
[INFO] [stderr]    Compiling dyn-clone v1.0.20
[INFO] [stderr]    Compiling as-any v0.3.2
[INFO] [stderr]    Compiling uuid v1.24.1
[INFO] [stderr]    Compiling humantime v2.4.0
[INFO] [stderr]    Compiling async-stream v0.3.6
[INFO] [stderr]    Compiling futures-util v0.3.34
[INFO] [stderr]    Compiling pin-project v1.1.13
[INFO] [stderr]    Compiling schemars_derive v1.2.1
[INFO] [stderr]    Compiling proc-macro-crate v3.5.0
[INFO] [stderr]    Compiling zerovec v0.11.7
[INFO] [stderr]    Compiling tabit-derive v0.2.0
[INFO] [stderr]    Compiling tinystr v0.8.4
[INFO] [stderr]    Compiling potential_utf v0.1.6
[INFO] [stderr]    Compiling icu_collections v2.3.0
[INFO] [stderr]    Compiling icu_locale_core v2.3.0
[INFO] [stderr]    Compiling eventsource-stream v0.2.3
[INFO] [stderr]    Compiling serde v1.0.228
[INFO] [stderr]    Compiling icu_provider v2.3.0
[INFO] [stderr]    Compiling icu_normalizer v2.3.0
[INFO] [stderr]    Compiling icu_properties v2.3.0
[INFO] [stderr]    Compiling schemars v1.2.1
[INFO] [stderr]    Compiling futures-executor v0.3.34
[INFO] [stderr]    Compiling futures v0.3.34
[INFO] [stderr]    Compiling tracing-futures v0.2.5
[INFO] [stderr]    Compiling tower v0.5.3
[INFO] [stderr]    Compiling hyper v1.11.0
[INFO] [stderr]    Compiling tokio-util v0.7.19
[INFO] [stderr]    Compiling idna_adapter v1.2.2
[INFO] [stderr]    Compiling idna v1.1.0
[INFO] [stderr]    Compiling url v2.5.8
[INFO] [stderr]    Compiling tower-http v0.6.11
[INFO] [stderr]    Compiling hyper-util v0.1.20
[INFO] [stderr]    Compiling reqwest v0.13.4
[INFO] [stderr]    Compiling tabit-providers v0.2.0
[INFO] [stderr]    Compiling tabit-log v0.2.0
[INFO] [stderr]    Compiling tabit-engine v0.2.0 (/opt/rustwide/workdir)
[INFO] [stderr]     Finished `release` profile [optimized] target(s) in 1m 16s
[INFO] running `Command { std: "docker" "inspect" "d72e8939774d7088891960370662e63017929af84714e97bb84deb729b41c926", kill_on_drop: false }`
[INFO] running `Command { std: "docker" "exec" "-e" "SOURCE_DIR=/opt/rustwide/workdir" "-e" "CARGO_HOME=/opt/rustwide/cargo-home" "-e" "RUSTUP_HOME=/opt/rustwide/rustup-home" "-e" "CARGO_TARGET_DIR=/opt/rustwide/target" "-e" "CARGO_INCREMENTAL=0" "-e" "RUST_BACKTRACE=full" "-e" "RUSTFLAGS=--cap-lints=warn" "-e" "RUSTDOCFLAGS=--cap-lints=warn" "-w" "/opt/rustwide/workdir" "--user" "0:0" "d72e8939774d7088891960370662e63017929af84714e97bb84deb729b41c926" "/opt/rustwide/cargo-home/bin/cargo" "+1.100.0-beta.1" "test" "--frozen" "--no-run" "--message-format=json" "--release", kill_on_drop: false }`
[INFO] [stderr] warning: `package.homepage` is redundant with `package.repository`
[INFO] [stderr]    --> Cargo.toml:109:12
[INFO] [stderr]     |
[INFO] [stderr] 109 | homepage = "https://github.com/JerryAZR/tabit"
[INFO] [stderr]     |            ^^^^^^^^^^^^^^^^^^^^^^^^^^^^^^^^^^^
[INFO] [stderr] ...
[INFO] [stderr] 113 | repository = "https://github.com/JerryAZR/tabit"
[INFO] [stderr]     |              -----------------------------------
[INFO] [stderr]     |
[INFO] [stderr]     = note: `cargo::redundant_homepage` is set to `warn` by default
[INFO] [stderr] help: consider removing `package.homepage`
[INFO] [stderr] warning: `tabit-engine` (manifest) generated 1 warning
[INFO] [stderr]    Compiling tracing v0.1.44
[INFO] [stderr]    Compiling tokio v1.53.1
[INFO] [stderr]    Compiling tracing-log v0.2.0
[INFO] [stderr]    Compiling thread_local v1.1.10
[INFO] [stderr]    Compiling tracing-futures v0.2.5
[INFO] [stderr]    Compiling tracing-subscriber v0.3.23
[INFO] [stderr]    Compiling hyper v1.11.0
[INFO] [stderr]    Compiling tower v0.5.3
[INFO] [stderr]    Compiling tokio-util v0.7.19
[INFO] [stderr]    Compiling tokio-stream v0.1.19
[INFO] [stderr]    Compiling tokio-test v0.4.5
[INFO] [stderr]    Compiling tower-http v0.6.11
[INFO] [stderr]    Compiling hyper-util v0.1.20
[INFO] [stderr]    Compiling reqwest v0.13.4
[INFO] [stderr]    Compiling tabit-providers v0.2.0
[INFO] [stderr]    Compiling tabit-log v0.2.0
[INFO] [stderr]    Compiling tabit-engine v0.2.0 (/opt/rustwide/workdir)
[INFO] [stdout] error[E0432]: unresolved import `tabit_providers::test_utils`
[INFO] [stdout]    --> src/agent/turn.rs:213:26
[INFO] [stdout]     |
[INFO] [stdout] 213 |     use tabit_providers::test_utils::mock_final;
[INFO] [stdout]     |                          ^^^^^^^^^^ could not find `test_utils` in `tabit_providers`
[INFO] [stdout]     |
[INFO] [stdout] note: found an item that was configured out
[INFO] [stdout]    --> /opt/rustwide/cargo-home/registry/src/index.crates.io-1949cf8c6b5b557f/tabit-providers-0.2.0/src/lib.rs:95:9
[INFO] [stdout]     |
[INFO] [stdout]  93 | #[cfg(any(test, feature = "test-utils"))]
[INFO] [stdout]     |          ------------------------------ the item is gated here
[INFO] [stdout]  94 | #[cfg_attr(docsrs, doc(cfg(feature = "test-utils")))]
[INFO] [stdout]  95 | pub mod test_utils;
[INFO] [stdout]     |         ^^^^^^^^^^
[INFO] [stdout] 
[INFO] [stdout] 
[INFO] [stdout] error[E0432]: unresolved import `tabit_providers::test_utils`
[INFO] [stdout]   --> src/test_utils/mod.rs:24:26
[INFO] [stdout]    |
[INFO] [stdout] 24 | pub use tabit_providers::test_utils::*;
[INFO] [stdout]    |                          ^^^^^^^^^^ could not find `test_utils` in `tabit_providers`
[INFO] [stdout] 
[INFO] [stdout] 
[INFO] [stdout] error[E0432]: unresolved import `crate::test_utils::MockCompletionModel`
[INFO] [stdout]    --> src/agent/builder.rs:579:42
[INFO] [stdout]     |
[INFO] [stdout] 579 |     use crate::test_utils::{MockAddTool, MockCompletionModel};
[INFO] [stdout]     |                                          ^^^^^^^^^^^^^^^^^^^ no `MockCompletionModel` in `test_utils`
[INFO] [stdout] 
[INFO] [stdout] 
[INFO] [stdout] error[E0432]: unresolved imports `crate::test_utils::MockCompletionModel`, `crate::test_utils::MockTurn`
[INFO] [stdout]    --> src/agent/model.rs:173:29
[INFO] [stdout]     |
[INFO] [stdout] 173 |     use crate::test_utils::{MockCompletionModel, MockTurn};
[INFO] [stdout]     |                             ^^^^^^^^^^^^^^^^^^^  ^^^^^^^^ no `MockTurn` in `test_utils`
[INFO] [stdout]     |                             |
[INFO] [stdout]     |                             no `MockCompletionModel` in `test_utils`
[INFO] [stdout] 
[INFO] [stdout] 
[INFO] [stdout] error[E0432]: unresolved imports `crate::test_utils::MockCompletionModel`, `crate::test_utils::MockError`, `crate::test_utils::MockStreamEvent`
[INFO] [stdout]   --> src/agent/prompt_request/streaming_tests.rs:10:35
[INFO] [stdout]    |
[INFO] [stdout] 10 |     MockAddTool, MockBarrierTool, MockCompletionModel, MockContextProbeTool, MockError,
[INFO] [stdout]    |                                   ^^^^^^^^^^^^^^^^^^^                        ^^^^^^^^^ no `MockError` in `test_utils`
[INFO] [stdout]    |                                   |
[INFO] [stdout]    |                                   no `MockCompletionModel` in `test_utils`
[INFO] [stdout] 11 |     MockStreamEvent, MockToolError, SessionId,
[INFO] [stdout]    |     ^^^^^^^^^^^^^^^ no `MockStreamEvent` in `test_utils`
[INFO] [stdout] 
[INFO] [stdout] 
[INFO] [stdout] error[E0432]: unresolved imports `crate::test_utils::MockCompletionModel`, `crate::test_utils::MockTurn`
[INFO] [stdout]   --> src/agent/prompt_request/tests.rs:30:31
[INFO] [stdout]    |
[INFO] [stdout] 30 |     test_utils::{MockAddTool, MockCompletionModel, MockContextProbeTool, MockTurn, SessionId},
[INFO] [stdout]    |                               ^^^^^^^^^^^^^^^^^^^                        ^^^^^^^^ no `MockTurn` in `test_utils`
[INFO] [stdout]    |                               |
[INFO] [stdout]    |                               no `MockCompletionModel` in `test_utils`
[INFO] [stdout] 
[INFO] [stdout] 
[INFO] [stdout] error[E0432]: unresolved imports `crate::test_utils::MockCompletionModel`, `crate::test_utils::MockStreamEvent`, `crate::test_utils::MockTurn`
[INFO] [stdout]   --> src/agent/runner_tests.rs:15:31
[INFO] [stdout]    |
[INFO] [stdout] 15 |     test_utils::{MockAddTool, MockCompletionModel, MockStreamEvent, MockTurn},
[INFO] [stdout]    |                               ^^^^^^^^^^^^^^^^^^^  ^^^^^^^^^^^^^^^  ^^^^^^^^ no `MockTurn` in `test_utils`
[INFO] [stdout]    |                               |                    |
[INFO] [stdout]    |                               |                    no `MockStreamEvent` in `test_utils`
[INFO] [stdout]    |                               no `MockCompletionModel` in `test_utils`
[INFO] [stdout] 
[INFO] [stdout] 
[INFO] [stdout] error[E0432]: unresolved imports `crate::test_utils::MockCompletionModel`, `crate::test_utils::MockStreamEvent`, `crate::test_utils::MockTurn`
[INFO] [stdout]    --> src/agent/runner_tests.rs:928:22
[INFO] [stdout]     |
[INFO] [stdout] 928 |         MockAddTool, MockCompletionModel, MockDeniedTool, MockFailingTool, MockHandledFailureTool,
[INFO] [stdout]     |                      ^^^^^^^^^^^^^^^^^^^ no `MockCompletionModel` in `test_utils`
[INFO] [stdout] 929 |         MockMetadataTool, MockRequestId, MockStreamEvent, MockTurn,
[INFO] [stdout]     |                                          ^^^^^^^^^^^^^^^  ^^^^^^^^ no `MockTurn` in `test_utils`
[INFO] [stdout]     |                                          |
[INFO] [stdout]     |                                          no `MockStreamEvent` in `test_utils`
[INFO] [stdout] 
[INFO] [stdout] 
[INFO] [stdout] error[E0432]: unresolved import `crate::test_utils::MockTurn`
[INFO] [stdout]     --> src/agent/runner_tests.rs:1695:9
[INFO] [stdout]      |
[INFO] [stdout] 1695 |     use crate::test_utils::MockTurn;
[INFO] [stdout]      |         ^^^^^^^^^^^^^^^^^^^--------
[INFO] [stdout]      |                            |
[INFO] [stdout]      |                            no `MockTurn` in `test_utils`
[INFO] [stdout] 
[INFO] [stdout] 
[INFO] [stdout] error[E0432]: unresolved import `crate::test_utils::MockTurn`
[INFO] [stdout]   --> src/agent/tool.rs:91:51
[INFO] [stdout]    |
[INFO] [stdout] 91 |     use crate::test_utils::{MockContextProbeTool, MockTurn, SessionId};
[INFO] [stdout]    |                                                   ^^^^^^^^ no `MockTurn` in `test_utils`
[INFO] [stdout] 
[INFO] [stdout] 
[INFO] [stdout] error[E0432]: unresolved imports `crate::test_utils::MockCompletionModel`, `crate::test_utils::MockError`, `crate::test_utils::MockStreamEvent`
[INFO] [stdout]    --> src/agent/turn.rs:210:29
[INFO] [stdout]     |
[INFO] [stdout] 210 |     use crate::test_utils::{MockCompletionModel, MockError, MockStreamEvent};
[INFO] [stdout]     |                             ^^^^^^^^^^^^^^^^^^^  ^^^^^^^^^  ^^^^^^^^^^^^^^^ no `MockStreamEvent` in `test_utils`
[INFO] [stdout]     |                             |                    |
[INFO] [stdout]     |                             |                    no `MockError` in `test_utils`
[INFO] [stdout]     |                             no `MockCompletionModel` in `test_utils`
[INFO] [stdout] 
[INFO] [stdout] 
[INFO] [stdout] error[E0432]: unresolved imports `crate::test_utils::MockCompletionModel`, `crate::test_utils::MockStreamEvent`, `crate::test_utils::MockTurn`, `crate::test_utils::mock_final`
[INFO] [stdout]     --> src/test_utils/model_conformance.rs:1745:22
[INFO] [stdout]      |
[INFO] [stdout] 1745 |         test_utils::{MockCompletionModel, MockStreamEvent, MockTurn, mock_final},
[INFO] [stdout]      |                      ^^^^^^^^^^^^^^^^^^^  ^^^^^^^^^^^^^^^  ^^^^^^^^  ^^^^^^^^^^ no `mock_final` in `test_utils`
[INFO] [stdout]      |                      |                    |                |
[INFO] [stdout]      |                      |                    |                no `MockTurn` in `test_utils`
[INFO] [stdout]      |                      |                    no `MockStreamEvent` in `test_utils`
[INFO] [stdout]      |                      no `MockCompletionModel` in `test_utils`
[INFO] [stdout] 
[INFO] [stdout] 
[INFO] [stdout] error[E0432]: unresolved import `crate::test_utils::MockCompletionModel`
[INFO] [stdout]    --> src/agent/completion.rs:482:13
[INFO] [stdout]     |
[INFO] [stdout] 482 |         use crate::test_utils::MockCompletionModel;
[INFO] [stdout]     |             ^^^^^^^^^^^^^^^^^^^-------------------
[INFO] [stdout]     |                                |
[INFO] [stdout]     |                                no `MockCompletionModel` in `test_utils`
[INFO] [stdout] 
[INFO] [stdout] 
[INFO] [stdout] error[E0432]: unresolved import `crate::test_utils::MockCompletionModel`
[INFO] [stdout]    --> src/agent/completion.rs:502:46
[INFO] [stdout]     |
[INFO] [stdout] 502 |         use crate::test_utils::{MockAddTool, MockCompletionModel};
[INFO] [stdout]     |                                              ^^^^^^^^^^^^^^^^^^^ no `MockCompletionModel` in `test_utils`
[INFO] [stdout] 
[INFO] [stdout] 
[INFO] [stdout] error[E0432]: unresolved import `crate::test_utils::MockCompletionModel`
[INFO] [stdout]    --> src/agent/completion.rs:524:13
[INFO] [stdout]     |
[INFO] [stdout] 524 |         use crate::test_utils::MockCompletionModel;
[INFO] [stdout]     |             ^^^^^^^^^^^^^^^^^^^-------------------
[INFO] [stdout]     |                                |
[INFO] [stdout]     |                                no `MockCompletionModel` in `test_utils`
[INFO] [stdout] 
[INFO] [stdout] 
[INFO] [stdout] error[E0432]: unresolved imports `crate::test_utils::MockCompletionModel`, `crate::test_utils::MockStreamEvent`
[INFO] [stdout]     --> src/agent/prompt_request/streaming_tests.rs:2493:42
[INFO] [stdout]      |
[INFO] [stdout] 2493 |     use crate::test_utils::{MockAddTool, MockCompletionModel, MockStreamEvent};
[INFO] [stdout]      |                                          ^^^^^^^^^^^^^^^^^^^  ^^^^^^^^^^^^^^^ no `MockStreamEvent` in `test_utils`
[INFO] [stdout]      |                                          |
[INFO] [stdout]      |                                          no `MockCompletionModel` in `test_utils`
[INFO] [stdout] 
[INFO] [stdout] 
[INFO] [stdout] error[E0432]: unresolved imports `crate::test_utils::MockCompletionModel`, `crate::test_utils::MockStreamEvent`
[INFO] [stdout]     --> src/agent/prompt_request/streaming_tests.rs:2529:29
[INFO] [stdout]      |
[INFO] [stdout] 2529 |     use crate::test_utils::{MockCompletionModel, MockStreamEvent};
[INFO] [stdout]      |                             ^^^^^^^^^^^^^^^^^^^  ^^^^^^^^^^^^^^^ no `MockStreamEvent` in `test_utils`
[INFO] [stdout]      |                             |
[INFO] [stdout]      |                             no `MockCompletionModel` in `test_utils`
[INFO] [stdout] 
[INFO] [stdout] 
[INFO] [stdout] For more information about this error, try `rustc --explain E0432`.
[INFO] [stdout] 
[INFO] [stderr] error: could not compile `tabit-engine` (lib test) due to 17 previous errors
[INFO] [stderr] warning: build failed, waiting for other jobs to finish...
[INFO] running `Command { std: "docker" "inspect" "d72e8939774d7088891960370662e63017929af84714e97bb84deb729b41c926", kill_on_drop: false }`
[INFO] running `Command { std: "docker" "rm" "-f" "d72e8939774d7088891960370662e63017929af84714e97bb84deb729b41c926", kill_on_drop: false }`
[INFO] [stdout] d72e8939774d7088891960370662e63017929af84714e97bb84deb729b41c926
