[INFO] fetching crate syscall_encode_traits 0.1.9...
[INFO] testing syscall_encode_traits-0.1.9 against 1.100.0-beta.1+cargoflags=--release for beta-release-1.100-2
[INFO] extracting crate syscall_encode_traits 0.1.9 into /workspace/builds/worker-6-tc2/source
[INFO] started tweaking crates.io crate syscall_encode_traits 0.1.9
[INFO] finished tweaking crates.io crate syscall_encode_traits 0.1.9
[INFO] tweaked toml for crates.io crate syscall_encode_traits 0.1.9 written to /workspace/builds/worker-6-tc2/source/Cargo.toml
[INFO] validating manifest of crates.io crate syscall_encode_traits 0.1.9 on toolchain 1.100.0-beta.1
[INFO] running `Command { std: CARGO_HOME="/workspace/cargo-home" RUSTUP_HOME="/workspace/rustup-home" "/workspace/cargo-home/bin/cargo" "+1.100.0-beta.1" "metadata" "--manifest-path" "Cargo.toml" "--no-deps", kill_on_drop: false }`
[INFO] running `Command { std: CARGO_HOME="/workspace/cargo-home" RUSTUP_HOME="/workspace/rustup-home" "/workspace/cargo-home/bin/cargo" "+1.100.0-beta.1" "generate-lockfile" "--manifest-path" "Cargo.toml", kill_on_drop: false }`
[INFO] [stderr]     Updating crates.io index
[INFO] [stderr]      Locking 2 packages to highest compatible versions
[INFO] running `Command { std: CARGO_HOME="/workspace/cargo-home" RUSTUP_HOME="/workspace/rustup-home" "/workspace/cargo-home/bin/cargo" "+1.100.0-beta.1" "fetch" "--manifest-path" "Cargo.toml", kill_on_drop: false }`
[INFO] [stderr] warning: `package.homepage` is redundant with `package.repository`
[INFO] [stderr]   --> Cargo.toml:21:12
[INFO] [stderr]    |
[INFO] [stderr] 21 | homepage = "https://github.com/twizzler-operating-system/syscall_encode/"
[INFO] [stderr]    |            ^^^^^^^^^^^^^^^^^^^^^^^^^^^^^^^^^^^^^^^^^^^^^^^^^^^^^^^^^^^^^^
[INFO] [stderr] ...
[INFO] [stderr] 24 | repository = "https://github.com/twizzler-operating-system/syscall_encode/"
[INFO] [stderr]    |              --------------------------------------------------------------
[INFO] [stderr]    |
[INFO] [stderr]    = note: `cargo::redundant_homepage` is set to `warn` by default
[INFO] [stderr] help: consider removing `package.homepage`
[INFO] [stderr] warning: `syscall_encode_traits` (manifest) generated 1 warning
[INFO] running `Command { std: "docker" "create" "-v" "/var/lib/crater-agent-workspace/builds/worker-6-tc2/source:/opt/rustwide/workdir:ro,Z" "-v" "/var/lib/crater-agent-workspace/builds/worker-6-tc2/target:/opt/rustwide/target:rw,Z" "-v" "/var/lib/crater-agent-workspace/cargo-home:/opt/rustwide/cargo-home:ro,Z" "-v" "/var/lib/crater-agent-workspace/rustup-home:/opt/rustwide/rustup-home:ro,Z" "-m" "1610612736" "--network" "none" "ghcr.io/rust-lang/crates-build-env/linux@sha256:77db811e55d90add9212f6832c23229e3de5f1c1f9905e8cb07319ea15df73ac" "sleep" "infinity", kill_on_drop: false }`
[INFO] [stdout] 946052a7dcd648e2d9c45b4df866dc7408f98b6cc32de663b9ec93001edaeb86
[INFO] running `Command { std: "docker" "start" "946052a7dcd648e2d9c45b4df866dc7408f98b6cc32de663b9ec93001edaeb86", kill_on_drop: false }`
[INFO] running `Command { std: "docker" "inspect" "946052a7dcd648e2d9c45b4df866dc7408f98b6cc32de663b9ec93001edaeb86", kill_on_drop: false }`
[INFO] running `Command { std: "docker" "exec" "-e" "SOURCE_DIR=/opt/rustwide/workdir" "-e" "CARGO_HOME=/opt/rustwide/cargo-home" "-e" "RUSTUP_HOME=/opt/rustwide/rustup-home" "-e" "CARGO_TARGET_DIR=/opt/rustwide/target" "-w" "/opt/rustwide/workdir" "--user" "0:0" "946052a7dcd648e2d9c45b4df866dc7408f98b6cc32de663b9ec93001edaeb86" "/opt/rustwide/cargo-home/bin/cargo" "+1.100.0-beta.1" "metadata" "--no-deps" "--format-version=1", kill_on_drop: false }`
[INFO] running `Command { std: "docker" "inspect" "946052a7dcd648e2d9c45b4df866dc7408f98b6cc32de663b9ec93001edaeb86", kill_on_drop: false }`
[INFO] running `Command { std: "docker" "exec" "-e" "SOURCE_DIR=/opt/rustwide/workdir" "-e" "CARGO_HOME=/opt/rustwide/cargo-home" "-e" "RUSTUP_HOME=/opt/rustwide/rustup-home" "-e" "CARGO_TARGET_DIR=/opt/rustwide/target" "-e" "CARGO_INCREMENTAL=0" "-e" "RUST_BACKTRACE=full" "-e" "RUSTFLAGS=--cap-lints=warn" "-e" "RUSTDOCFLAGS=--cap-lints=warn" "-w" "/opt/rustwide/workdir" "--user" "0:0" "946052a7dcd648e2d9c45b4df866dc7408f98b6cc32de663b9ec93001edaeb86" "/opt/rustwide/cargo-home/bin/cargo" "+1.100.0-beta.1" "build" "--frozen" "--message-format=json" "--release", kill_on_drop: false }`
[INFO] [stderr] warning: `package.homepage` is redundant with `package.repository`
[INFO] [stderr]   --> Cargo.toml:21:12
[INFO] [stderr]    |
[INFO] [stderr] 21 | homepage = "https://github.com/twizzler-operating-system/syscall_encode/"
[INFO] [stderr]    |            ^^^^^^^^^^^^^^^^^^^^^^^^^^^^^^^^^^^^^^^^^^^^^^^^^^^^^^^^^^^^^^
[INFO] [stderr] ...
[INFO] [stderr] 24 | repository = "https://github.com/twizzler-operating-system/syscall_encode/"
[INFO] [stderr]    |              --------------------------------------------------------------
[INFO] [stderr]    |
[INFO] [stderr]    = note: `cargo::redundant_homepage` is set to `warn` by default
[INFO] [stderr] help: consider removing `package.homepage`
[INFO] [stderr] warning: `syscall_encode_traits` (manifest) generated 1 warning
[INFO] [stderr]    Compiling syscall_encode_traits v0.1.9 (/opt/rustwide/workdir)
[INFO] [stdout] error[E0425]: cannot find function `from_exposed_addr` in module `core::ptr`
[INFO] [stdout]    --> src/abi/registers_and_stack.rs:153:39
[INFO] [stdout]     |
[INFO] [stdout] 153 |             let base_ptr = core::ptr::from_exposed_addr::<u8>(reg as usize);
[INFO] [stdout]     |                                       ^^^^^^^^^^^^^^^^^ not found in `core::ptr`
[INFO] [stdout] 
[INFO] [stdout] 
[INFO] [stdout] error[E0425]: cannot find function `from_exposed_addr` in module `core::ptr`
[INFO] [stdout]   --> src/ptr.rs:50:40
[INFO] [stdout]    |
[INFO] [stdout] 50 |         let ptr: *const T = core::ptr::from_exposed_addr(self.raw);
[INFO] [stdout]    |                                        ^^^^^^^^^^^^^^^^^ not found in `core::ptr`
[INFO] [stdout] 
[INFO] [stdout] 
[INFO] [stdout] error[E0425]: cannot find function `from_exposed_addr_mut` in module `core::ptr`
[INFO] [stdout]   --> src/ptr.rs:63:38
[INFO] [stdout]    |
[INFO] [stdout] 63 |         let ptr: *mut T = core::ptr::from_exposed_addr_mut(self.raw);
[INFO] [stdout]    |                                      ^^^^^^^^^^^^^^^^^^^^^ not found in `core::ptr`
[INFO] [stdout] 
[INFO] [stdout] 
[INFO] [stdout] error[E0425]: cannot find function `from_exposed_addr` in module `core::ptr`
[INFO] [stdout]    --> src/ptr.rs:108:40
[INFO] [stdout]     |
[INFO] [stdout] 108 |         let ptr: *const T = core::ptr::from_exposed_addr(self.ptr.raw);
[INFO] [stdout]     |                                        ^^^^^^^^^^^^^^^^^ not found in `core::ptr`
[INFO] [stdout] 
[INFO] [stdout] 
[INFO] [stdout] error[E0425]: cannot find function `from_exposed_addr_mut` in module `core::ptr`
[INFO] [stdout]    --> src/ptr.rs:121:38
[INFO] [stdout]     |
[INFO] [stdout] 121 |         let ptr: *mut T = core::ptr::from_exposed_addr_mut(self.ptr.raw);
[INFO] [stdout]     |                                      ^^^^^^^^^^^^^^^^^^^^^ not found in `core::ptr`
[INFO] [stdout] 
[INFO] [stdout] 
[INFO] [stdout] error[E0554]: `#![feature]` may not be used on the beta release channel
[INFO] [stdout]  --> src/lib.rs:1:1
[INFO] [stdout]   |
[INFO] [stdout] 1 | #![feature(strict_provenance)]
[INFO] [stdout]   | ^^^^^^^^^^^^^^^^^^^^^^^^^^^^^^
[INFO] [stdout] 
[INFO] [stdout] 
[INFO] [stdout] warning: the feature `strict_provenance` has been stable since 1.84.0 and no longer requires an attribute to enable
[INFO] [stdout]  --> src/lib.rs:1:12
[INFO] [stdout]   |
[INFO] [stdout] 1 | #![feature(strict_provenance)]
[INFO] [stdout]   |            ^^^^^^^^^^^^^^^^^
[INFO] [stdout]   |
[INFO] [stdout]   = note: `#[warn(stable_features)]` on by default
[INFO] [stdout] 
[INFO] [stdout] 
[INFO] [stdout] error[E0599]: no method named `expose_addr` found for raw pointer `*const T` in the current scope
[INFO] [stdout]   --> src/ptr.rs:16:36
[INFO] [stdout]    |
[INFO] [stdout] 16 |             raw: (ptr as *const T).expose_addr(),
[INFO] [stdout]    |                                    ^^^^^^^^^^^ method not found in `*const T`
[INFO] [stdout] 
[INFO] [stdout] 
[INFO] [stdout] Some errors have detailed explanations: E0425, E0554, E0599.
[INFO] [stdout] 
[INFO] [stdout] For more information about an error, try `rustc --explain E0425`.
[INFO] [stdout] 
[INFO] [stderr] error: could not compile `syscall_encode_traits` (lib) due to 7 previous errors; 1 warning emitted
[INFO] running `Command { std: "docker" "inspect" "946052a7dcd648e2d9c45b4df866dc7408f98b6cc32de663b9ec93001edaeb86", kill_on_drop: false }`
[INFO] running `Command { std: "docker" "rm" "-f" "946052a7dcd648e2d9c45b4df866dc7408f98b6cc32de663b9ec93001edaeb86", kill_on_drop: false }`
[INFO] [stdout] 946052a7dcd648e2d9c45b4df866dc7408f98b6cc32de663b9ec93001edaeb86
