[INFO] fetching crate syno-photo-frame 0.18.3...
[INFO] testing syno-photo-frame-0.18.3 against 1.99.0-beta.8+cargoflags=--release for beta-release-1.100-2
[INFO] extracting crate syno-photo-frame 0.18.3 into /workspace/builds/worker-6-tc1/source
[INFO] started tweaking crates.io crate syno-photo-frame 0.18.3
[INFO] finished tweaking crates.io crate syno-photo-frame 0.18.3
[INFO] tweaked toml for crates.io crate syno-photo-frame 0.18.3 written to /workspace/builds/worker-6-tc1/source/Cargo.toml
[INFO] validating manifest of crates.io crate syno-photo-frame 0.18.3 on toolchain 1.99.0-beta.8
[INFO] running `Command { std: CARGO_HOME="/workspace/cargo-home" RUSTUP_HOME="/workspace/rustup-home" "/workspace/cargo-home/bin/cargo" "+1.99.0-beta.8" "metadata" "--manifest-path" "Cargo.toml" "--no-deps", kill_on_drop: false }`
[INFO] crate crates.io crate syno-photo-frame 0.18.3 already has a lockfile, it will not be regenerated
[INFO] running `Command { std: CARGO_HOME="/workspace/cargo-home" RUSTUP_HOME="/workspace/rustup-home" "/workspace/cargo-home/bin/cargo" "+1.99.0-beta.8" "fetch" "--manifest-path" "Cargo.toml", kill_on_drop: false }`
[INFO] [stderr]     Updating crates.io index
[INFO] [stderr]  Downloading crates ...
[INFO] [stderr]   Downloaded syno_api v0.6.0
[INFO] [stderr]   Downloaded version-compare v0.1.1
[INFO] [stderr]   Downloaded c_vec v2.0.0
[INFO] [stderr]   Downloaded wasm-bindgen-shared v0.2.128
[INFO] [stderr]   Downloaded wasm-bindgen-macro v0.2.128
[INFO] [stderr]   Downloaded wasm-bindgen-futures v0.4.78
[INFO] [stderr]   Downloaded find-msvc-tools v0.1.12
[INFO] [stderr]   Downloaded smallvec v1.16.1
[INFO] [stderr]   Downloaded tokio-rustls v0.26.5
[INFO] [stderr]   Downloaded multiversion v0.9.0
[INFO] [stderr]   Downloaded rustls-platform-verifier v0.7.0
[INFO] [stderr]   Downloaded multiversion-macros v0.9.0
[INFO] [stderr]   Downloaded mock_instant v0.6.1
[INFO] [stderr]   Downloaded mockall v0.15.0
[INFO] [stderr]   Downloaded fragile v2.1.0
[INFO] [stderr]   Downloaded zune-core v0.5.3
[INFO] [stderr]   Downloaded wasm-bindgen v0.2.128
[INFO] [stderr]   Downloaded tinyvec v1.13.2
[INFO] [stderr]   Downloaded mockall_derive v0.15.0
[INFO] [stderr]   Downloaded syn v3.0.5
[INFO] [stderr]   Downloaded cc v1.4.5
[INFO] [stderr]   Downloaded zune-jpeg v0.5.15
[INFO] [stderr]   Downloaded js-sys v0.3.105
[INFO] [stderr]   Downloaded wasm-bindgen-macro-support v0.2.128
[INFO] [stderr]   Downloaded sdl2 v0.38.0
[INFO] [stderr]   Downloaded pure-rust-locales v0.8.2
[INFO] [stderr]   Downloaded quinn-proto v0.11.17
[INFO] [stderr]   Downloaded rustls v0.23.44
[INFO] [stderr]   Downloaded encoding_rs v0.8.41
[INFO] [stderr]   Downloaded web-sys v0.3.105
[INFO] [stderr]   Downloaded pxfm v0.1.30
[INFO] [stderr]   Downloaded sdl2-sys v0.38.0
[INFO] running `Command { std: "docker" "create" "-v" "/var/lib/crater-agent-workspace/builds/worker-6-tc1/source:/opt/rustwide/workdir:ro,Z" "-v" "/var/lib/crater-agent-workspace/builds/worker-6-tc1/target:/opt/rustwide/target:rw,Z" "-v" "/var/lib/crater-agent-workspace/cargo-home:/opt/rustwide/cargo-home:ro,Z" "-v" "/var/lib/crater-agent-workspace/rustup-home:/opt/rustwide/rustup-home:ro,Z" "-m" "1610612736" "--network" "none" "ghcr.io/rust-lang/crates-build-env/linux@sha256:77db811e55d90add9212f6832c23229e3de5f1c1f9905e8cb07319ea15df73ac" "sleep" "infinity", kill_on_drop: false }`
[INFO] [stdout] dbef12ef414da8a660b8f5e74e77864630e7cd1282b0ef9c69a0a26db12dded1
[INFO] running `Command { std: "docker" "start" "dbef12ef414da8a660b8f5e74e77864630e7cd1282b0ef9c69a0a26db12dded1", kill_on_drop: false }`
[INFO] running `Command { std: "docker" "inspect" "dbef12ef414da8a660b8f5e74e77864630e7cd1282b0ef9c69a0a26db12dded1", kill_on_drop: false }`
[INFO] running `Command { std: "docker" "exec" "-e" "SOURCE_DIR=/opt/rustwide/workdir" "-e" "CARGO_HOME=/opt/rustwide/cargo-home" "-e" "RUSTUP_HOME=/opt/rustwide/rustup-home" "-e" "CARGO_TARGET_DIR=/opt/rustwide/target" "-w" "/opt/rustwide/workdir" "--user" "0:0" "dbef12ef414da8a660b8f5e74e77864630e7cd1282b0ef9c69a0a26db12dded1" "/opt/rustwide/cargo-home/bin/cargo" "+1.99.0-beta.8" "metadata" "--no-deps" "--format-version=1", kill_on_drop: false }`
[INFO] running `Command { std: "docker" "inspect" "dbef12ef414da8a660b8f5e74e77864630e7cd1282b0ef9c69a0a26db12dded1", kill_on_drop: false }`
[INFO] running `Command { std: "docker" "exec" "-e" "SOURCE_DIR=/opt/rustwide/workdir" "-e" "CARGO_HOME=/opt/rustwide/cargo-home" "-e" "RUSTUP_HOME=/opt/rustwide/rustup-home" "-e" "CARGO_TARGET_DIR=/opt/rustwide/target" "-e" "CARGO_INCREMENTAL=0" "-e" "RUST_BACKTRACE=full" "-e" "RUSTFLAGS=--cap-lints=warn" "-e" "RUSTDOCFLAGS=--cap-lints=warn" "-w" "/opt/rustwide/workdir" "--user" "0:0" "dbef12ef414da8a660b8f5e74e77864630e7cd1282b0ef9c69a0a26db12dded1" "/opt/rustwide/cargo-home/bin/cargo" "+1.99.0-beta.8" "build" "--frozen" "--message-format=json" "--release", kill_on_drop: false }`
[INFO] [stderr]    Compiling libc v0.2.189
[INFO] [stderr]    Compiling find-msvc-tools v0.1.12
[INFO] [stderr]    Compiling proc-macro2 v1.0.107
[INFO] [stderr]    Compiling smallvec v1.16.1
[INFO] [stderr]    Compiling bitflags v2.13.2
[INFO] [stderr]    Compiling rustls v0.23.44
[INFO] [stderr]    Compiling simd-adler32 v0.3.10
[INFO] [stderr]    Compiling futures-io v0.3.34
[INFO] [stderr]    Compiling num-traits v0.2.19
[INFO] [stderr]    Compiling futures-util v0.3.34
[INFO] [stderr]    Compiling tracing v0.1.44
[INFO] [stderr]    Compiling rustix v1.1.4
[INFO] [stderr]    Compiling crc32fast v1.5.1
[INFO] [stderr]    Compiling version-compare v0.1.1
[INFO] [stderr]    Compiling num_threads v0.1.7
[INFO] [stderr]    Compiling quote v1.0.47
[INFO] [stderr]    Compiling sdl2-sys v0.38.0
[INFO] [stderr]    Compiling futures-channel v0.3.34
[INFO] [stderr]    Compiling linux-raw-sys v0.12.1
[INFO] [stderr]    Compiling syn v3.0.5
[INFO] [stderr]    Compiling syn v2.0.119
[INFO] [stderr]    Compiling log v0.4.34
[INFO] [stderr]    Compiling miniz_oxide v0.9.1
[INFO] [stderr]    Compiling jobserver v0.1.35
[INFO] [stderr]    Compiling mio v1.2.3
[INFO] [stderr]    Compiling cc v1.4.5
[INFO] [stderr]    Compiling socket2 v0.6.5
[INFO] [stderr]    Compiling tokio v1.53.1
[INFO] [stderr]    Compiling time v0.3.55
[INFO] [stderr]    Compiling cmake v0.1.58
[INFO] [stderr]    Compiling encoding_rs v0.8.41
[INFO] [stderr]    Compiling synstructure v0.13.2
[INFO] [stderr]    Compiling getrandom v0.4.3
[INFO] [stderr]    Compiling rand_core v0.10.1
[INFO] [stderr]    Compiling aws-lc-sys v0.45.0
[INFO] [stderr]    Compiling terminal_size v0.4.4
[INFO] [stderr]    Compiling flate2 v1.1.10
[INFO] [stderr]    Compiling miniz_oxide v0.8.9
[INFO] [stderr]    Compiling fdeflate v0.3.7
[INFO] [stderr]    Compiling sdl2 v0.38.0
[INFO] [stderr]    Compiling zerofrom-derive v0.1.7
[INFO] [stderr]    Compiling yoke-derive v0.8.2
[INFO] [stderr]    Compiling zerofrom v0.1.8
[INFO] [stderr]    Compiling cpufeatures v0.3.1
[INFO] [stderr]    Compiling zune-core v0.5.3
[INFO] [stderr]    Compiling pxfm v0.1.30
[INFO] [stderr]    Compiling yoke v0.8.3
[INFO] [stderr]    Compiling clap_builder v4.6.6
[INFO] [stderr]    Compiling zune-jpeg v0.5.15
[INFO] [stderr]    Compiling chacha20 v0.10.2
[INFO] [stderr]    Compiling png v0.18.1
[INFO] [stderr]    Compiling zerovec-derive v0.11.6
[INFO] [stderr]    Compiling displaydoc v0.2.7
[INFO] [stderr]    Compiling serde_derive v1.0.229
[INFO] [stderr]    Compiling zerotrie v0.2.5
[INFO] [stderr]    Compiling zerovec v0.11.8
[INFO] [stderr]    Compiling tokio-util v0.7.19
[INFO] [stderr]    Compiling tinystr v0.8.4
[INFO] [stderr]    Compiling icu_locale_core v2.3.0
[INFO] [stderr]    Compiling potential_utf v0.1.6
[INFO] [stderr]    Compiling icu_collections v2.3.0
[INFO] [stderr]    Compiling h2 v0.4.19
[INFO] [stderr]    Compiling multiversion-macros v0.9.0
[INFO] [stderr]    Compiling icu_provider v2.3.1
[INFO] [stderr]    Compiling serde v1.0.229
[INFO] [stderr]    Compiling icu_normalizer v2.3.0
[INFO] [stderr]    Compiling icu_properties v2.3.0
[INFO] [stderr]    Compiling multiversion v0.9.0
[INFO] [stderr]    Compiling tower v0.5.3
[INFO] [stderr]    Compiling cookie v0.18.2
[INFO] [stderr]    Compiling serde_urlencoded v0.7.1
[INFO] [stderr]    Compiling idna_adapter v1.2.2
[INFO] [stderr]    Compiling idna v1.1.0
[INFO] [stderr]    Compiling url v2.5.8
[INFO] [stderr]    Compiling hyper v1.11.1
[INFO] [stderr]    Compiling publicsuffix v2.3.0
[INFO] [stderr]    Compiling cookie_store v0.22.1
[INFO] [stderr]    Compiling tower-http v0.6.11
[INFO] [stderr]    Compiling hyper-util v0.1.20
[INFO] [stderr]    Compiling moxcms v0.8.1
[INFO] [stderr]    Compiling clap_derive v4.6.4
[INFO] [stderr]    Compiling byteorder-lite v0.1.0
[INFO] [stderr]    Compiling pure-rust-locales v0.8.2
[INFO] [stderr]    Compiling bytemuck v1.25.2
[INFO] [stderr]    Compiling colored v3.1.1
[INFO] [stderr]    Compiling c_vec v2.0.0
[INFO] [stderr]    Compiling bitflags v1.3.2
[INFO] [stderr]    Compiling iana-time-zone v0.1.65
[INFO] [stderr]    Compiling clap v4.6.6
[INFO] [stderr]    Compiling simple_logger v5.2.0
[INFO] [stderr]    Compiling rand v0.10.2
[INFO] [stderr]    Compiling syno_api v0.6.0
[INFO] [stderr]    Compiling image v0.25.10
[INFO] [stderr]    Compiling chrono v0.4.45
[INFO] [stderr]    Compiling aws-lc-rs v1.18.1
[INFO] [stderr]    Compiling rustls-webpki v0.103.15
[INFO] [stderr]    Compiling tokio-rustls v0.26.5
[INFO] [stderr]    Compiling rustls-platform-verifier v0.7.0
[INFO] [stderr]    Compiling hyper-rustls v0.27.9
[INFO] [stderr]    Compiling reqwest v0.13.5
[INFO] [stderr]    Compiling syno-photo-frame v0.18.3 (/opt/rustwide/workdir)
[INFO] [stdout] error: linking with `cc` failed: exit status: 1
[INFO] [stdout]   |
[INFO] [stdout]   = note:  "cc" "-m64" "/opt/rustwide/target/release/deps/rustcq7VHqU/symbols.o" "<17 object files omitted>" "-Wl,--as-needed" "-Wl,-Bstatic" "/opt/rustwide/target/release/deps/{libsyno_photo_frame-406b01795eeca4aa,librand-51a50282b8163b6c,libgetrandom-f40778aff4caf996,libchacha20-50a867ee7436d74f,libcpufeatures-23cf29946f1b9be2,librand_core-52b690f530b43640,libimage-c1cde3ce30498d6e,libbytemuck-1e841f86ee276ee8,libbyteorder_lite-a767fe81cb63f861,libmoxcms-cd53e22e612c7ccc,libpxfm-42fc424f22fc4899,libpng-7bd879a2f540021b,libflate2-108a4b2fd2a75736,libminiz_oxide-534551cd1c6bc2f2,libfdeflate-5cf54c44a62cdd16,libsimd_adler32-04a70cbd70db237d,libcrc32fast-c318d2ab8ce40cd1,libzune_jpeg-d0dbf80b9460bdeb,libzune_core-b59c0bdbb8c7714e,libsyno_api-cd199bd719263964,libregex-53652ca6aabd2962,libregex_automata-29295dc94b5e0b50,libaho_corasick-58c9196fed51d49c,libregex_syntax-7010b26951f94357,libsdl2-350da937c1c57d74,libc_vec-ab974bda598a1888,libsdl2_sys-f6e016e46c25dc39,libbitflags-68973b8086863992,liblazy_static-fdd6af0286056ca3,libreqwest-2ac0e10b311c1c5a,libserde_urlencoded-4e4d1b8245ebef53,libryu-cc0a3553ff73174e,librustls_platform_verifier-ad5318423d9e2daa,librustls_native_certs-5e58064eb9679b28,libopenssl_probe-9a558ebf8c836060,libcookie_store-d1c4a28d45219578,libpublicsuffix-7b820e75e9689132,libpsl_types-fa799115b6a37922,libcookie-5ee82303238061be,libbase64-829575508b054c5e,libhyper_rustls-9430c0f805f61397,libtokio_rustls-4eb3a21129870fc1,librustls-bed9ef0559a7cade,libsubtle-55d0ad28af99a64a,libwebpki-14498a6930174a34,libuntrusted-5ab0aa40ecba79ee,libaws_lc_rs-00bad58d94699991,libaws_lc_sys-e1d37f4d57294544,librustls_pki_types-ec29bfd160ddfb74,libzeroize-8127b282d78d45ca,libmime-6d6703af1a0641fa,libencoding_rs-10664f14da02d800,libscopeguard-5f9373ec660020b4,libsimdutf8-a56008cda6bf8876,libcore_detect-1afd49c4588f659b,libcfg_if-6d8dca19095bb388,libserde_json-645af96f16b7ef2d,libzmij-586d023c1dba25b5,libtower_http-a01d79ade9b8672c,libtower-9f5113f7cfd7649f,libtower_layer-ef066f11b7c6abbf,libhyper_util-5e93196cda52b1eb,libbase64-5ba8d8f2fe9c6ccd,libipnet-e2a267704db81b3c,libtower_service-1eef8393de4ac64f,libhyper-145971cee8aa472e,libwant-6ec9107ca7562ffd,libtry_lock-f6d0b473a0eeeda4,libhttparse-5ae8896e125f1bfe,libh2-7bfe3ee7ec6669f2,libtracing-eb4139e2fb2a0b10,libtracing_core-3e7f99a7051d5219,libonce_cell-a92ce0590bdd2571,libindexmap-3249550c561dd5dd,libequivalent-26a0d6a3c1145f1b,libhashbrown-e584a62dc81c493d,libfnv-98df728fc8020158,libtokio_util-f17da6544f421936,libatomic_waker-3c8bacd3de7778a7,libfutures_channel-8ac9169392cd26e3,libtokio-b58b3f09e47ae3e4,libsocket2-150b3378961994f5,libmio-68294796e453a787,libhttp_body_util-86568b2c65ec351c,libhttp_body-efbf999ab67fb65b,libfutures_util-028afc62f8553a0f,libmemchr-b836402bd6c4c7f1,libfutures_io-140f40c122dc4703,libslab-fc33110460bc6c9a,libpin_project_lite-9a89bb36c0c56875,libfutures_sink-5b1f2e5a11c9433c,libfutures_task-5c5534087cfa7016,liburl-466572cf1565ae7e,libidna-fbea1a6860e0d93b,libidna_adapter-d21e51e23eb8b4ba,libicu_properties-955cd7cd4e5b73d9,libicu_properties_data-b6b1c199ccecdf50,libicu_normalizer-3c7ad651693cc2eb,libsmallvec-05c174e13164e3ec,libicu_normalizer_data-06150ec4346f7247,libicu_collections-beee52587b86f971,libutf8_iter-050834cd1b25caa4,libpotential_utf-9d6d4a3fbfe52261,libicu_provider-40b90ae9d389a34c,libicu_locale_core-23dd3d35e3c3ebf3,libtinystr-c7d823d6fa7b0d41,liblitemap-aa6b6067c9f26bcb,libwriteable-52ecc8b37bf6a6a1,libzerovec-722253e8b11ebbeb,libzerotrie-edcf67e97538bb5a,libyoke-f740f63d45b52dfb,libstable_deref_trait-1fabeba25560deaf,libzerofrom-cd87f567b3061e4d,libform_urlencoded-70d7eb87b0d10ea7,libpercent_encoding-6ee9e8dd7e10ccaa,libhttp-446427d16b555aa0,libitoa-1e9e3b22820c4a15,libsync_wrapper-d64764df6b6b030d,libfutures_core-000e9c1bb1a1e1f4,libbytes-654f8a7a557a4087,libclap-c180bee0c5a5afd5,libclap_builder-d432b45081e58201,libterminal_size-6e9adb5e427fea18,librustix-2c48c3bca694f382,libbitflags-76ed6ab22427693a,liblinux_raw_sys-6cd558001fb913e0,libstrsim-59d8e27f2067b49a,libanstream-fbf9902fe662423b,libanstyle_query-b45e303465962535,libis_terminal_polyfill-d4b89543c4de780e,libcolorchoice-fd7c3d86e50e55dc,libanstyle_parse-5d41ba8ec76e50fb,libutf8parse-fd39fdebeec71100,libclap_lex-07d624aa69fa7d24,libanstyle-bd06819c7e2cd060,libchrono-0b1f4ff41cf001e3,libiana_time_zone-ea2d38d0aead4a1d,libnum_traits-889aba9987c3ffcc,libpure_rust_locales-d0b2be613f24a60a,libserde-471f460f5456ac74,libserde_core-2831f2261da3e922,libsimple_logger-e7b90e6bf0d81d5f,libtime-ca5d62bb1acd520e,libnum_threads-a2ecdc5cb75d2eee,liblibc-a0996e9cad7bedd7,libpowerfmt-36b72e9804a215c5,libnum_conv-08e57f26d0acaf0c,libderanged-a2cab551518318dc,libtime_core-2b0526d01a8480c3,libcolored-b7517f2da0227fa6,liblog-d8c2df6ef41c90a5,libanyhow-d9d662e7f67d1b3f}.rlib" "<sysroot>/lib/rustlib/x86_64-unknown-linux-gnu/lib/{libstd-*,libpanic_unwind-*,libobject-*,libmemchr-*,libaddr2line-*,libgimli-*,libcfg_if-*,librustc_demangle-*,libstd_detect-*,libhashbrown-*,librustc_std_workspace_alloc-*,libminiz_oxide-*,libadler2-*,libunwind-*,liblibc-*,librustc_std_workspace_core-*,liballoc-*,libcore-*,libcompiler_builtins-*}.rlib" "-Wl,-Bdynamic" "-lSDL2" "-lSDL2_ttf" "-lSDL2_gfx" "-lgcc_s" "-lutil" "-lrt" "-lpthread" "-lm" "-ldl" "-lc" "-L" "/opt/rustwide/target/release/deps/rustcq7VHqU/raw-dylibs" "-B<sysroot>/lib/rustlib/x86_64-unknown-linux-gnu/bin/gcc-ld" "-fuse-ld=lld" "-Wl,--eh-frame-hdr" "-Wl,-z,noexecstack" "-L" "/opt/rustwide/target/release/build/aws-lc-sys-dd842fcc4ee9adb4/out" "-L" "<sysroot>/lib/rustlib/x86_64-unknown-linux-gnu/lib" "-o" "/opt/rustwide/target/release/deps/syno_photo_frame-c7b68ea00cf3a2c4" "-Wl,--gc-sections" "-pie" "-Wl,-z,relro,-z,now" "-Wl,-O1" "-Wl,--strip-debug" "-nodefaultlibs"
[INFO] [stdout]   = note: some arguments are omitted. use `--verbose` to show all linker arguments
[INFO] [stdout]   = note: rust-lld: error: unable to find library -lSDL2_ttf
[INFO] [stdout]           rust-lld: error: unable to find library -lSDL2_gfx
[INFO] [stdout]           collect2: error: ld returned 1 exit status
[INFO] [stdout]           
[INFO] [stdout] 
[INFO] [stdout] 
[INFO] [stderr] error: could not compile `syno-photo-frame` (bin "syno-photo-frame") due to 1 previous error
[INFO] running `Command { std: "docker" "inspect" "dbef12ef414da8a660b8f5e74e77864630e7cd1282b0ef9c69a0a26db12dded1", kill_on_drop: false }`
[INFO] running `Command { std: "docker" "rm" "-f" "dbef12ef414da8a660b8f5e74e77864630e7cd1282b0ef9c69a0a26db12dded1", kill_on_drop: false }`
[INFO] [stdout] dbef12ef414da8a660b8f5e74e77864630e7cd1282b0ef9c69a0a26db12dded1
