[INFO] fetching crate synaptic-vectorstores 0.4.0...
[INFO] testing synaptic-vectorstores-0.4.0 against 1.100.0-beta.1+cargoflags=--release for beta-release-1.100-2
[INFO] extracting crate synaptic-vectorstores 0.4.0 into /workspace/builds/worker-6-tc2/source
[INFO] started tweaking crates.io crate synaptic-vectorstores 0.4.0
[INFO] removed 0 missing tests
[INFO] finished tweaking crates.io crate synaptic-vectorstores 0.4.0
[INFO] tweaked toml for crates.io crate synaptic-vectorstores 0.4.0 written to /workspace/builds/worker-6-tc2/source/Cargo.toml
[INFO] validating manifest of crates.io crate synaptic-vectorstores 0.4.0 on toolchain 1.100.0-beta.1
[INFO] running `Command { std: CARGO_HOME="/workspace/cargo-home" RUSTUP_HOME="/workspace/rustup-home" "/workspace/cargo-home/bin/cargo" "+1.100.0-beta.1" "metadata" "--manifest-path" "Cargo.toml" "--no-deps", kill_on_drop: false }`
[INFO] crate crates.io crate synaptic-vectorstores 0.4.0 already has a lockfile, it will not be regenerated
[INFO] running `Command { std: CARGO_HOME="/workspace/cargo-home" RUSTUP_HOME="/workspace/rustup-home" "/workspace/cargo-home/bin/cargo" "+1.100.0-beta.1" "fetch" "--manifest-path" "Cargo.toml", kill_on_drop: false }`
[INFO] running `Command { std: "docker" "create" "-v" "/var/lib/crater-agent-workspace/builds/worker-6-tc2/source:/opt/rustwide/workdir:ro,Z" "-v" "/var/lib/crater-agent-workspace/builds/worker-6-tc2/target:/opt/rustwide/target:rw,Z" "-v" "/var/lib/crater-agent-workspace/cargo-home:/opt/rustwide/cargo-home:ro,Z" "-v" "/var/lib/crater-agent-workspace/rustup-home:/opt/rustwide/rustup-home:ro,Z" "-m" "1610612736" "--network" "none" "ghcr.io/rust-lang/crates-build-env/linux@sha256:77db811e55d90add9212f6832c23229e3de5f1c1f9905e8cb07319ea15df73ac" "sleep" "infinity", kill_on_drop: false }`
[INFO] [stdout] 3b6567a0046f770060ed1d95302a1c5def7955908deba9b5cfb4b6e5c634dd08
[INFO] running `Command { std: "docker" "start" "3b6567a0046f770060ed1d95302a1c5def7955908deba9b5cfb4b6e5c634dd08", kill_on_drop: false }`
[INFO] running `Command { std: "docker" "inspect" "3b6567a0046f770060ed1d95302a1c5def7955908deba9b5cfb4b6e5c634dd08", kill_on_drop: false }`
[INFO] running `Command { std: "docker" "exec" "-e" "SOURCE_DIR=/opt/rustwide/workdir" "-e" "CARGO_HOME=/opt/rustwide/cargo-home" "-e" "RUSTUP_HOME=/opt/rustwide/rustup-home" "-e" "CARGO_TARGET_DIR=/opt/rustwide/target" "-w" "/opt/rustwide/workdir" "--user" "0:0" "3b6567a0046f770060ed1d95302a1c5def7955908deba9b5cfb4b6e5c634dd08" "/opt/rustwide/cargo-home/bin/cargo" "+1.100.0-beta.1" "metadata" "--no-deps" "--format-version=1", kill_on_drop: false }`
[INFO] running `Command { std: "docker" "inspect" "3b6567a0046f770060ed1d95302a1c5def7955908deba9b5cfb4b6e5c634dd08", kill_on_drop: false }`
[INFO] running `Command { std: "docker" "exec" "-e" "SOURCE_DIR=/opt/rustwide/workdir" "-e" "CARGO_HOME=/opt/rustwide/cargo-home" "-e" "RUSTUP_HOME=/opt/rustwide/rustup-home" "-e" "CARGO_TARGET_DIR=/opt/rustwide/target" "-e" "CARGO_INCREMENTAL=0" "-e" "RUST_BACKTRACE=full" "-e" "RUSTFLAGS=--cap-lints=warn" "-e" "RUSTDOCFLAGS=--cap-lints=warn" "-w" "/opt/rustwide/workdir" "--user" "0:0" "3b6567a0046f770060ed1d95302a1c5def7955908deba9b5cfb4b6e5c634dd08" "/opt/rustwide/cargo-home/bin/cargo" "+1.100.0-beta.1" "build" "--frozen" "--message-format=json" "--release", kill_on_drop: false }`
[INFO] [stderr]    Compiling proc-macro2 v1.0.106
[INFO] [stderr]    Compiling unicode-ident v1.0.24
[INFO] [stderr]    Compiling quote v1.0.44
[INFO] [stderr]    Compiling futures-core v0.3.32
[INFO] [stderr]    Compiling futures-sink v0.3.32
[INFO] [stderr]    Compiling memchr v2.8.0
[INFO] [stderr]    Compiling serde_core v1.0.228
[INFO] [stderr]    Compiling futures-io v0.3.32
[INFO] [stderr]    Compiling zmij v1.0.21
[INFO] [stderr]    Compiling futures-task v0.3.32
[INFO] [stderr]    Compiling thiserror v2.0.18
[INFO] [stderr]    Compiling serde v1.0.228
[INFO] [stderr]    Compiling serde_json v1.0.149
[INFO] [stderr]    Compiling futures-channel v0.3.32
[INFO] [stderr]    Compiling syn v2.0.117
[INFO] [stderr]    Compiling futures-macro v0.3.32
[INFO] [stderr]    Compiling serde_derive v1.0.228
[INFO] [stderr]    Compiling async-stream-impl v0.3.6
[INFO] [stderr]    Compiling tokio-macros v2.6.0
[INFO] [stderr]    Compiling thiserror-impl v2.0.18
[INFO] [stderr]    Compiling async-trait v0.1.89
[INFO] [stderr]    Compiling async-stream v0.3.6
[INFO] [stderr]    Compiling tokio v1.49.0
[INFO] [stderr]    Compiling futures-util v0.3.32
[INFO] [stderr]    Compiling futures-executor v0.3.32
[INFO] [stderr]    Compiling futures v0.3.32
[INFO] [stderr]    Compiling synaptic-core v0.4.0
[INFO] [stderr]    Compiling synaptic-vectorstores v0.4.0 (/opt/rustwide/workdir)
[INFO] [stderr]     Finished `release` profile [optimized] target(s) in 20.38s
[INFO] running `Command { std: "docker" "inspect" "3b6567a0046f770060ed1d95302a1c5def7955908deba9b5cfb4b6e5c634dd08", kill_on_drop: false }`
[INFO] running `Command { std: "docker" "exec" "-e" "SOURCE_DIR=/opt/rustwide/workdir" "-e" "CARGO_HOME=/opt/rustwide/cargo-home" "-e" "RUSTUP_HOME=/opt/rustwide/rustup-home" "-e" "CARGO_TARGET_DIR=/opt/rustwide/target" "-e" "CARGO_INCREMENTAL=0" "-e" "RUST_BACKTRACE=full" "-e" "RUSTFLAGS=--cap-lints=warn" "-e" "RUSTDOCFLAGS=--cap-lints=warn" "-w" "/opt/rustwide/workdir" "--user" "0:0" "3b6567a0046f770060ed1d95302a1c5def7955908deba9b5cfb4b6e5c634dd08" "/opt/rustwide/cargo-home/bin/cargo" "+1.100.0-beta.1" "test" "--frozen" "--no-run" "--message-format=json" "--release", kill_on_drop: false }`
[INFO] [stderr]    Compiling synaptic-vectorstores v0.4.0 (/opt/rustwide/workdir)
[INFO] [stdout] error[E0432]: unresolved import `synaptic_embeddings`
[INFO] [stdout]  --> tests/vector_store_edge.rs:3:5
[INFO] [stdout]   |
[INFO] [stdout] 3 | use synaptic_embeddings::FakeEmbeddings;
[INFO] [stdout]   |     ^^^^^^^^^^^^^^^^^^^ use of unresolved module or unlinked crate `synaptic_embeddings`
[INFO] [stdout]   |
[INFO] [stdout]   = help: if you wanted to use a crate named `synaptic_embeddings`, use `cargo add synaptic_embeddings` to add it to your `Cargo.toml`
[INFO] [stdout] 
[INFO] [stdout] 
[INFO] [stdout] For more information about this error, try `rustc --explain E0432`.
[INFO] [stdout] 
[INFO] [stderr] error: could not compile `synaptic-vectorstores` (test "vector_store_edge") due to 1 previous error
[INFO] [stderr] warning: build failed, waiting for other jobs to finish...
[INFO] [stdout] error[E0432]: unresolved import `synaptic_embeddings`
[INFO] [stdout]  --> tests/in_memory.rs:3:5
[INFO] [stdout]   |
[INFO] [stdout] 3 | use synaptic_embeddings::FakeEmbeddings;
[INFO] [stdout]   |     ^^^^^^^^^^^^^^^^^^^ use of unresolved module or unlinked crate `synaptic_embeddings`
[INFO] [stdout]   |
[INFO] [stdout]   = help: if you wanted to use a crate named `synaptic_embeddings`, use `cargo add synaptic_embeddings` to add it to your `Cargo.toml`
[INFO] [stdout] 
[INFO] [stdout] 
[INFO] [stdout] error[E0433]: cannot find module or crate `synaptic_embeddings` in this scope
[INFO] [stdout]   --> tests/in_memory.rs:98:29
[INFO] [stdout]    |
[INFO] [stdout] 98 |     let embeddings: Arc<dyn synaptic_embeddings::Embeddings> = Arc::new(FakeEmbeddings::new(4));
[INFO] [stdout]    |                             ^^^^^^^^^^^^^^^^^^^ use of unresolved module or unlinked crate `synaptic_embeddings`
[INFO] [stdout]    |
[INFO] [stdout]    = help: if you wanted to use a crate named `synaptic_embeddings`, use `cargo add synaptic_embeddings` to add it to your `Cargo.toml`
[INFO] [stdout] 
[INFO] [stdout] 
[INFO] [stdout] error[E0433]: cannot find module or crate `synaptic_embeddings` in this scope
[INFO] [stdout]    --> tests/in_memory.rs:412:29
[INFO] [stdout]     |
[INFO] [stdout] 412 |     let embeddings: Arc<dyn synaptic_embeddings::Embeddings> = Arc::new(FakeEmbeddings::new(32));
[INFO] [stdout]     |                             ^^^^^^^^^^^^^^^^^^^ use of unresolved module or unlinked crate `synaptic_embeddings`
[INFO] [stdout]     |
[INFO] [stdout]     = help: if you wanted to use a crate named `synaptic_embeddings`, use `cargo add synaptic_embeddings` to add it to your `Cargo.toml`
[INFO] [stdout] 
[INFO] [stdout] 
[INFO] [stdout] error[E0433]: cannot find module or crate `synaptic_embeddings` in this scope
[INFO] [stdout]    --> tests/in_memory.rs:463:29
[INFO] [stdout]     |
[INFO] [stdout] 463 |     let embeddings: Arc<dyn synaptic_embeddings::Embeddings> = Arc::new(FakeEmbeddings::new(4));
[INFO] [stdout]     |                             ^^^^^^^^^^^^^^^^^^^ use of unresolved module or unlinked crate `synaptic_embeddings`
[INFO] [stdout]     |
[INFO] [stdout]     = help: if you wanted to use a crate named `synaptic_embeddings`, use `cargo add synaptic_embeddings` to add it to your `Cargo.toml`
[INFO] [stdout] 
[INFO] [stdout] 
[INFO] [stdout] error[E0433]: cannot find module or crate `synaptic_embeddings` in this scope
[INFO] [stdout]    --> tests/in_memory.rs:483:29
[INFO] [stdout]     |
[INFO] [stdout] 483 |     let embeddings: Arc<dyn synaptic_embeddings::Embeddings> = Arc::new(FakeEmbeddings::new(4));
[INFO] [stdout]     |                             ^^^^^^^^^^^^^^^^^^^ use of unresolved module or unlinked crate `synaptic_embeddings`
[INFO] [stdout]     |
[INFO] [stdout]     = help: if you wanted to use a crate named `synaptic_embeddings`, use `cargo add synaptic_embeddings` to add it to your `Cargo.toml`
[INFO] [stdout] 
[INFO] [stdout] 
[INFO] [stdout] error[E0433]: cannot find module or crate `synaptic_embeddings` in this scope
[INFO] [stdout]    --> tests/in_memory.rs:536:29
[INFO] [stdout]     |
[INFO] [stdout] 536 |     let embeddings: Arc<dyn synaptic_embeddings::Embeddings> = Arc::new(FakeEmbeddings::new(4));
[INFO] [stdout]     |                             ^^^^^^^^^^^^^^^^^^^ use of unresolved module or unlinked crate `synaptic_embeddings`
[INFO] [stdout]     |
[INFO] [stdout]     = help: if you wanted to use a crate named `synaptic_embeddings`, use `cargo add synaptic_embeddings` to add it to your `Cargo.toml`
[INFO] [stdout] 
[INFO] [stdout] 
[INFO] [stdout] error[E0433]: cannot find module or crate `synaptic_embeddings` in this scope
[INFO] [stdout]    --> tests/in_memory.rs:580:29
[INFO] [stdout]     |
[INFO] [stdout] 580 |     let embeddings: Arc<dyn synaptic_embeddings::Embeddings> = Arc::new(FakeEmbeddings::new(4));
[INFO] [stdout]     |                             ^^^^^^^^^^^^^^^^^^^ use of unresolved module or unlinked crate `synaptic_embeddings`
[INFO] [stdout]     |
[INFO] [stdout]     = help: if you wanted to use a crate named `synaptic_embeddings`, use `cargo add synaptic_embeddings` to add it to your `Cargo.toml`
[INFO] [stdout] 
[INFO] [stdout] 
[INFO] [stdout] error[E0433]: cannot find module or crate `synaptic_embeddings` in this scope
[INFO] [stdout]    --> tests/in_memory.rs:605:29
[INFO] [stdout]     |
[INFO] [stdout] 605 |     let embeddings: Arc<dyn synaptic_embeddings::Embeddings> = Arc::new(FakeEmbeddings::new(4));
[INFO] [stdout]     |                             ^^^^^^^^^^^^^^^^^^^ use of unresolved module or unlinked crate `synaptic_embeddings`
[INFO] [stdout]     |
[INFO] [stdout]     = help: if you wanted to use a crate named `synaptic_embeddings`, use `cargo add synaptic_embeddings` to add it to your `Cargo.toml`
[INFO] [stdout] 
[INFO] [stdout] 
[INFO] [stdout] error[E0433]: cannot find module or crate `synaptic_embeddings` in this scope
[INFO] [stdout]    --> tests/in_memory.rs:616:29
[INFO] [stdout]     |
[INFO] [stdout] 616 |     let embeddings: Arc<dyn synaptic_embeddings::Embeddings> = Arc::new(FakeEmbeddings::new(4));
[INFO] [stdout]     |                             ^^^^^^^^^^^^^^^^^^^ use of unresolved module or unlinked crate `synaptic_embeddings`
[INFO] [stdout]     |
[INFO] [stdout]     = help: if you wanted to use a crate named `synaptic_embeddings`, use `cargo add synaptic_embeddings` to add it to your `Cargo.toml`
[INFO] [stdout] 
[INFO] [stdout] 
[INFO] [stdout] error[E0433]: cannot find module or crate `synaptic_embeddings` in this scope
[INFO] [stdout]    --> tests/in_memory.rs:642:29
[INFO] [stdout]     |
[INFO] [stdout] 642 |     let embeddings: Arc<dyn synaptic_embeddings::Embeddings> = Arc::new(FakeEmbeddings::new(4));
[INFO] [stdout]     |                             ^^^^^^^^^^^^^^^^^^^ use of unresolved module or unlinked crate `synaptic_embeddings`
[INFO] [stdout]     |
[INFO] [stdout]     = help: if you wanted to use a crate named `synaptic_embeddings`, use `cargo add synaptic_embeddings` to add it to your `Cargo.toml`
[INFO] [stdout] 
[INFO] [stdout] 
[INFO] [stdout] Some errors have detailed explanations: E0432, E0433.
[INFO] [stdout] 
[INFO] [stdout] For more information about an error, try `rustc --explain E0432`.
[INFO] [stdout] 
[INFO] [stderr] error: could not compile `synaptic-vectorstores` (test "in_memory") due to 10 previous errors
[INFO] running `Command { std: "docker" "inspect" "3b6567a0046f770060ed1d95302a1c5def7955908deba9b5cfb4b6e5c634dd08", kill_on_drop: false }`
[INFO] running `Command { std: "docker" "rm" "-f" "3b6567a0046f770060ed1d95302a1c5def7955908deba9b5cfb4b6e5c634dd08", kill_on_drop: false }`
[INFO] [stdout] 3b6567a0046f770060ed1d95302a1c5def7955908deba9b5cfb4b6e5c634dd08
