[INFO] fetching crate switchy_telemetry 0.4.0...
[INFO] testing switchy_telemetry-0.4.0 against 1.99.0-beta.8+cargoflags=--release for beta-release-1.100-2
[INFO] extracting crate switchy_telemetry 0.4.0 into /workspace/builds/worker-3-tc1/source
[INFO] started tweaking crates.io crate switchy_telemetry 0.4.0
[INFO] finished tweaking crates.io crate switchy_telemetry 0.4.0
[INFO] tweaked toml for crates.io crate switchy_telemetry 0.4.0 written to /workspace/builds/worker-3-tc1/source/Cargo.toml
[INFO] validating manifest of crates.io crate switchy_telemetry 0.4.0 on toolchain 1.99.0-beta.8
[INFO] running `Command { std: CARGO_HOME="/workspace/cargo-home" RUSTUP_HOME="/workspace/rustup-home" "/workspace/cargo-home/bin/cargo" "+1.99.0-beta.8" "metadata" "--manifest-path" "Cargo.toml" "--no-deps", kill_on_drop: false }`
[INFO] crate crates.io crate switchy_telemetry 0.4.0 already has a lockfile, it will not be regenerated
[INFO] running `Command { std: CARGO_HOME="/workspace/cargo-home" RUSTUP_HOME="/workspace/rustup-home" "/workspace/cargo-home/bin/cargo" "+1.99.0-beta.8" "fetch" "--manifest-path" "Cargo.toml", kill_on_drop: false }`
[INFO] [stderr]     Updating crates.io index
[INFO] [stderr]  Downloading crates ...
[INFO] [stderr]   Downloaded switchy_env v0.4.0
[INFO] [stderr]   Downloaded opentelemetry_sdk v0.31.0
[INFO] [stderr]   Downloaded opentelemetry-otlp v0.31.1
[INFO] [stderr]   Downloaded tracing-opentelemetry v0.32.1
[INFO] [stderr]   Downloaded opentelemetry-proto v0.31.0
[INFO] [stderr]   Downloaded moosicbox_log_runtime v0.4.0
[INFO] [stderr]   Downloaded opentelemetry-http v0.31.0
[INFO] [stderr]   Downloaded moosicbox_assert v0.4.0
[INFO] [stderr]   Downloaded moosicbox_env_utils v0.4.0
[INFO] [stderr]   Downloaded actix-web-opentelemetry v0.22.0
[INFO] [stderr]   Downloaded opentelemetry v0.29.1
[INFO] [stderr]   Downloaded opentelemetry-prometheus v0.29.1
[INFO] [stderr]   Downloaded opentelemetry_sdk v0.29.0
[INFO] [stderr]   Downloaded opentelemetry-semantic-conventions v0.29.0
[INFO] [stderr]   Downloaded actix-web v4.14.0
[INFO] [stderr]   Downloaded impl-more v0.3.1
[INFO] [stderr]   Downloaded actix-http v3.13.1
[INFO] running `Command { std: "docker" "create" "-v" "/var/lib/crater-agent-workspace/builds/worker-3-tc1/source:/opt/rustwide/workdir:ro,Z" "-v" "/var/lib/crater-agent-workspace/builds/worker-3-tc1/target:/opt/rustwide/target:rw,Z" "-v" "/var/lib/crater-agent-workspace/cargo-home:/opt/rustwide/cargo-home:ro,Z" "-v" "/var/lib/crater-agent-workspace/rustup-home:/opt/rustwide/rustup-home:ro,Z" "-m" "1610612736" "--network" "none" "ghcr.io/rust-lang/crates-build-env/linux@sha256:77db811e55d90add9212f6832c23229e3de5f1c1f9905e8cb07319ea15df73ac" "sleep" "infinity", kill_on_drop: false }`
[INFO] [stdout] e8f207fdc9319bd4575d9e81953f1529e744bb8f50633ac9314a538b7e058b47
[INFO] running `Command { std: "docker" "start" "e8f207fdc9319bd4575d9e81953f1529e744bb8f50633ac9314a538b7e058b47", kill_on_drop: false }`
[INFO] running `Command { std: "docker" "inspect" "e8f207fdc9319bd4575d9e81953f1529e744bb8f50633ac9314a538b7e058b47", kill_on_drop: false }`
[INFO] running `Command { std: "docker" "exec" "-e" "SOURCE_DIR=/opt/rustwide/workdir" "-e" "CARGO_HOME=/opt/rustwide/cargo-home" "-e" "RUSTUP_HOME=/opt/rustwide/rustup-home" "-e" "CARGO_TARGET_DIR=/opt/rustwide/target" "-w" "/opt/rustwide/workdir" "--user" "0:0" "e8f207fdc9319bd4575d9e81953f1529e744bb8f50633ac9314a538b7e058b47" "/opt/rustwide/cargo-home/bin/cargo" "+1.99.0-beta.8" "metadata" "--no-deps" "--format-version=1", kill_on_drop: false }`
[INFO] running `Command { std: "docker" "inspect" "e8f207fdc9319bd4575d9e81953f1529e744bb8f50633ac9314a538b7e058b47", kill_on_drop: false }`
[INFO] running `Command { std: "docker" "exec" "-e" "SOURCE_DIR=/opt/rustwide/workdir" "-e" "CARGO_HOME=/opt/rustwide/cargo-home" "-e" "RUSTUP_HOME=/opt/rustwide/rustup-home" "-e" "CARGO_TARGET_DIR=/opt/rustwide/target" "-e" "CARGO_INCREMENTAL=0" "-e" "RUST_BACKTRACE=full" "-e" "RUSTFLAGS=--cap-lints=warn" "-e" "RUSTDOCFLAGS=--cap-lints=warn" "-w" "/opt/rustwide/workdir" "--user" "0:0" "e8f207fdc9319bd4575d9e81953f1529e744bb8f50633ac9314a538b7e058b47" "/opt/rustwide/cargo-home/bin/cargo" "+1.99.0-beta.8" "build" "--frozen" "--message-format=json" "--release", kill_on_drop: false }`
[INFO] [stderr]    Compiling log v0.4.33
[INFO] [stderr]    Compiling bytes v1.12.0
[INFO] [stderr]    Compiling syn v2.0.118
[INFO] [stderr]    Compiling indexmap v2.14.0
[INFO] [stderr]    Compiling serde v1.0.228
[INFO] [stderr]    Compiling regex-automata v0.4.14
[INFO] [stderr]    Compiling zstd-sys v2.0.16+zstd.1.5.7
[INFO] [stderr]    Compiling hybrid-array v0.4.13
[INFO] [stderr]    Compiling mio v1.2.1
[INFO] [stderr]    Compiling anyhow v1.0.103
[INFO] [stderr]    Compiling tokio v1.52.3
[INFO] [stderr]    Compiling http v1.4.2
[INFO] [stderr]    Compiling time-core v0.1.9
[INFO] [stderr]    Compiling local-waker v0.1.4
[INFO] [stderr]    Compiling time-macros v0.2.31
[INFO] [stderr]    Compiling convert_case v0.10.0
[INFO] [stderr]    Compiling alloc-stdlib v0.2.4
[INFO] [stderr]    Compiling serde_urlencoded v0.7.1
[INFO] [stderr]    Compiling http v0.2.12
[INFO] [stderr]    Compiling block-buffer v0.12.1
[INFO] [stderr]    Compiling crypto-common v0.2.2
[INFO] [stderr]    Compiling http-body v1.0.1
[INFO] [stderr]    Compiling http-body-util v0.1.3
[INFO] [stderr]    Compiling time v0.3.53
[INFO] [stderr]    Compiling tracing-core v0.1.36
[INFO] [stderr]    Compiling simd-adler32 v0.3.9
[INFO] [stderr]    Compiling protobuf v3.7.2
[INFO] [stderr]    Compiling cookie v0.16.2
[INFO] [stderr]    Compiling digest v0.11.3
[INFO] [stderr]    Compiling bytestring v1.5.1
[INFO] [stderr]    Compiling tracing v0.1.44
[INFO] [stderr]    Compiling miniz_oxide v0.8.9
[INFO] [stderr]    Compiling synstructure v0.13.2
[INFO] [stderr]    Compiling matchers v0.2.0
[INFO] [stderr]    Compiling brotli-decompressor v5.0.3
[INFO] [stderr]    Compiling getrandom v0.4.3
[INFO] [stderr]    Compiling actix-utils v3.0.1
[INFO] [stderr]    Compiling tokio-util v0.7.18
[INFO] [stderr]    Compiling tracing-attributes v0.1.31
[INFO] [stderr]    Compiling futures-macro v0.3.32
[INFO] [stderr]    Compiling zerofrom-derive v0.1.7
[INFO] [stderr]    Compiling futures-util v0.3.32
[INFO] [stderr]    Compiling yoke-derive v0.8.2
[INFO] [stderr]    Compiling zerovec-derive v0.11.3
[INFO] [stderr]    Compiling zerofrom v0.1.8
[INFO] [stderr]    Compiling displaydoc v0.2.6
[INFO] [stderr]    Compiling yoke v0.8.3
[INFO] [stderr]    Compiling thiserror-impl v2.0.18
[INFO] [stderr]    Compiling zerotrie v0.2.4
[INFO] [stderr]    Compiling zerovec v0.11.6
[INFO] [stderr]    Compiling h2 v0.4.15
[INFO] [stderr]    Compiling thiserror v2.0.18
[INFO] [stderr]    Compiling tokio-stream v0.1.18
[INFO] [stderr]    Compiling tinystr v0.8.3
[INFO] [stderr]    Compiling icu_locale_core v2.2.0
[INFO] [stderr]    Compiling potential_utf v0.1.5
[INFO] [stderr]    Compiling icu_collections v2.2.0
[INFO] [stderr]    Compiling thiserror-impl v1.0.69
[INFO] [stderr]    Compiling tower v0.5.3
[INFO] [stderr]    Compiling futures-executor v0.3.32
[INFO] [stderr]    Compiling icu_provider v2.2.0
[INFO] [stderr]    Compiling icu_normalizer v2.2.0
[INFO] [stderr]    Compiling icu_properties v2.2.0
[INFO] [stderr]    Compiling thiserror v1.0.69
[INFO] [stderr]    Compiling opentelemetry v0.31.0
[INFO] [stderr]    Compiling pin-project-internal v1.1.13
[INFO] [stderr]    Compiling async-trait v0.1.89
[INFO] [stderr]    Compiling idna_adapter v1.2.2
[INFO] [stderr]    Compiling idna v1.1.0
[INFO] [stderr]    Compiling pin-project v1.1.13
[INFO] [stderr]    Compiling protobuf-support v3.7.2
[INFO] [stderr]    Compiling url v2.5.8
[INFO] [stderr]    Compiling derive_more-impl v2.1.1
[INFO] [stderr]    Compiling hyper v1.10.1
[INFO] [stderr]    Compiling prost-derive v0.14.4
[INFO] [stderr]    Compiling actix-rt v2.11.0
[INFO] [stderr]    Compiling hyper-util v0.1.20
[INFO] [stderr]    Compiling tracing-log v0.2.0
[INFO] [stderr]    Compiling actix-service v2.0.3
[INFO] [stderr]    Compiling prometheus v0.14.0
[INFO] [stderr]    Compiling regex-lite v0.1.9
[INFO] [stderr]    Compiling tracing-subscriber v0.3.23
[INFO] [stderr]    Compiling hyper-timeout v0.5.2
[INFO] [stderr]    Compiling tonic v0.14.6
[INFO] [stderr]    Compiling actix-router v0.5.4
[INFO] [stderr]    Compiling prost v0.14.4
[INFO] [stderr]    Compiling derive_more v2.1.1
[INFO] [stderr]    Compiling tower-http v0.6.11
[INFO] [stderr]    Compiling h2 v0.3.27
[INFO] [stderr]    Compiling opentelemetry v0.29.1
[INFO] [stderr]    Compiling actix-codec v0.5.2
[INFO] [stderr]    Compiling brotli v8.0.4
[INFO] [stderr]    Compiling rand v0.10.2
[INFO] [stderr]    Compiling flate2 v1.1.9
[INFO] [stderr]    Compiling rand v0.9.4
[INFO] [stderr]    Compiling regex v1.12.4
[INFO] [stderr]    Compiling sha1 v0.11.0
[INFO] [stderr]    Compiling local-channel v0.1.5
[INFO] [stderr]    Compiling socket2 v0.5.10
[INFO] [stderr]    Compiling prometheus v0.13.4
[INFO] [stderr]    Compiling language-tags v0.3.2
[INFO] [stderr]    Compiling opentelemetry_sdk v0.29.0
[INFO] [stderr]    Compiling actix-server v2.6.0
[INFO] [stderr]    Compiling crossbeam-channel v0.5.15
[INFO] [stderr]    Compiling serde_json v1.0.150
[INFO] [stderr]    Compiling opentelemetry_sdk v0.31.0
[INFO] [stderr]    Compiling tonic-prost v0.14.6
[INFO] [stderr]    Compiling reqwest v0.12.28
[INFO] [stderr]    Compiling actix-web-codegen v4.3.0
[INFO] [stderr]    Compiling actix-macros v0.2.4
[INFO] [stderr]    Compiling impl-more v0.3.1
[INFO] [stderr]    Compiling tracing-appender v0.2.5
[INFO] [stderr]    Compiling opentelemetry-proto v0.31.0
[INFO] [stderr]    Compiling opentelemetry-http v0.31.0
[INFO] [stderr]    Compiling opentelemetry-prometheus v0.29.1
[INFO] [stderr]    Compiling moosicbox_env_utils v0.4.0
[INFO] [stderr]    Compiling opentelemetry-semantic-conventions v0.29.0
[INFO] [stderr]    Compiling moosicbox_assert v0.4.0
[INFO] [stderr]    Compiling moosicbox_log_runtime v0.4.0
[INFO] [stderr]    Compiling opentelemetry-otlp v0.31.1
[INFO] [stderr]    Compiling tracing-opentelemetry v0.32.1
[INFO] [stderr]    Compiling switchy_env v0.4.0
[INFO] [stderr]    Compiling zstd-safe v7.2.4
[INFO] [stderr]    Compiling zstd v0.13.3
[INFO] [stderr]    Compiling actix-http v3.13.1
[INFO] [stderr]    Compiling actix-web v4.14.0
[INFO] [stderr]    Compiling actix-web-opentelemetry v0.22.0
[INFO] [stderr]    Compiling switchy_telemetry v0.4.0 (/opt/rustwide/workdir)
[INFO] [stderr]     Finished `release` profile [optimized] target(s) in 6m 58s
[INFO] running `Command { std: "docker" "inspect" "e8f207fdc9319bd4575d9e81953f1529e744bb8f50633ac9314a538b7e058b47", kill_on_drop: false }`
[INFO] running `Command { std: "docker" "exec" "-e" "SOURCE_DIR=/opt/rustwide/workdir" "-e" "CARGO_HOME=/opt/rustwide/cargo-home" "-e" "RUSTUP_HOME=/opt/rustwide/rustup-home" "-e" "CARGO_TARGET_DIR=/opt/rustwide/target" "-e" "CARGO_INCREMENTAL=0" "-e" "RUST_BACKTRACE=full" "-e" "RUSTFLAGS=--cap-lints=warn" "-e" "RUSTDOCFLAGS=--cap-lints=warn" "-w" "/opt/rustwide/workdir" "--user" "0:0" "e8f207fdc9319bd4575d9e81953f1529e744bb8f50633ac9314a538b7e058b47" "/opt/rustwide/cargo-home/bin/cargo" "+1.99.0-beta.8" "test" "--frozen" "--no-run" "--message-format=json" "--release", kill_on_drop: false }`
[INFO] [stderr]    Compiling switchy_telemetry v0.4.0 (/opt/rustwide/workdir)
[INFO] [stdout] error[E0433]: cannot find module or crate `test_log` in this scope
[INFO] [stdout]   --> src/simulator.rs:57:7
[INFO] [stdout]    |
[INFO] [stdout] 57 |     #[test_log::test]
[INFO] [stdout]    |       ^^^^^^^^ use of unresolved module or unlinked crate `test_log`
[INFO] [stdout] 
[INFO] [stdout] 
[INFO] [stdout] error[E0433]: cannot find module or crate `test_log` in this scope
[INFO] [stdout]   --> src/simulator.rs:68:7
[INFO] [stdout]    |
[INFO] [stdout] 68 |     #[test_log::test]
[INFO] [stdout]    |       ^^^^^^^^ use of unresolved module or unlinked crate `test_log`
[INFO] [stdout] 
[INFO] [stdout] 
[INFO] [stdout] error[E0433]: cannot find module or crate `test_log` in this scope
[INFO] [stdout]   --> src/simulator.rs:76:7
[INFO] [stdout]    |
[INFO] [stdout] 76 |     #[test_log::test]
[INFO] [stdout]    |       ^^^^^^^^ use of unresolved module or unlinked crate `test_log`
[INFO] [stdout] 
[INFO] [stdout] 
[INFO] [stdout] error[E0433]: cannot find module or crate `test_log` in this scope
[INFO] [stdout]    --> src/lib.rs:132:7
[INFO] [stdout]     |
[INFO] [stdout] 132 |     #[test_log::test]
[INFO] [stdout]     |       ^^^^^^^^ use of unresolved module or unlinked crate `test_log`
[INFO] [stdout] 
[INFO] [stdout] 
[INFO] [stdout] error[E0433]: cannot find module or crate `test_log` in this scope
[INFO] [stdout]    --> src/lib.rs:150:7
[INFO] [stdout]     |
[INFO] [stdout] 150 |     #[test_log::test]
[INFO] [stdout]     |       ^^^^^^^^ use of unresolved module or unlinked crate `test_log`
[INFO] [stdout] 
[INFO] [stdout] 
[INFO] [stdout] error[E0433]: cannot find module or crate `test_log` in this scope
[INFO] [stdout]    --> src/lib.rs:170:7
[INFO] [stdout]     |
[INFO] [stdout] 170 |     #[test_log::test]
[INFO] [stdout]     |       ^^^^^^^^ use of unresolved module or unlinked crate `test_log`
[INFO] [stdout] 
[INFO] [stdout] 
[INFO] [stdout] error[E0433]: cannot find module or crate `test_log` in this scope
[INFO] [stdout]    --> src/lib.rs:191:7
[INFO] [stdout]     |
[INFO] [stdout] 191 |     #[test_log::test]
[INFO] [stdout]     |       ^^^^^^^^ use of unresolved module or unlinked crate `test_log`
[INFO] [stdout] 
[INFO] [stdout] 
[INFO] [stdout] For more information about this error, try `rustc --explain E0433`.
[INFO] [stdout] 
[INFO] [stderr] error: could not compile `switchy_telemetry` (lib test) due to 7 previous errors
[INFO] running `Command { std: "docker" "inspect" "e8f207fdc9319bd4575d9e81953f1529e744bb8f50633ac9314a538b7e058b47", kill_on_drop: false }`
[INFO] running `Command { std: "docker" "rm" "-f" "e8f207fdc9319bd4575d9e81953f1529e744bb8f50633ac9314a538b7e058b47", kill_on_drop: false }`
[INFO] [stdout] e8f207fdc9319bd4575d9e81953f1529e744bb8f50633ac9314a538b7e058b47
