[INFO] fetching crate switchy_schema_test_utils 0.4.0...
[INFO] testing switchy_schema_test_utils-0.4.0 against 1.100.0-beta.1+cargoflags=--release for beta-release-1.100-2
[INFO] extracting crate switchy_schema_test_utils 0.4.0 into /workspace/builds/worker-2-tc2/source
[INFO] started tweaking crates.io crate switchy_schema_test_utils 0.4.0
[INFO] removed 0 missing tests
[INFO] finished tweaking crates.io crate switchy_schema_test_utils 0.4.0
[INFO] tweaked toml for crates.io crate switchy_schema_test_utils 0.4.0 written to /workspace/builds/worker-2-tc2/source/Cargo.toml
[INFO] validating manifest of crates.io crate switchy_schema_test_utils 0.4.0 on toolchain 1.100.0-beta.1
[INFO] running `Command { std: CARGO_HOME="/workspace/cargo-home" RUSTUP_HOME="/workspace/rustup-home" "/workspace/cargo-home/bin/cargo" "+1.100.0-beta.1" "metadata" "--manifest-path" "Cargo.toml" "--no-deps", kill_on_drop: false }`
[INFO] crate crates.io crate switchy_schema_test_utils 0.4.0 already has a lockfile, it will not be regenerated
[INFO] running `Command { std: CARGO_HOME="/workspace/cargo-home" RUSTUP_HOME="/workspace/rustup-home" "/workspace/cargo-home/bin/cargo" "+1.100.0-beta.1" "fetch" "--manifest-path" "Cargo.toml", kill_on_drop: false }`
[INFO] running `Command { std: "docker" "create" "-v" "/var/lib/crater-agent-workspace/builds/worker-2-tc2/source:/opt/rustwide/workdir:ro,Z" "-v" "/var/lib/crater-agent-workspace/builds/worker-2-tc2/target:/opt/rustwide/target:rw,Z" "-v" "/var/lib/crater-agent-workspace/cargo-home:/opt/rustwide/cargo-home:ro,Z" "-v" "/var/lib/crater-agent-workspace/rustup-home:/opt/rustwide/rustup-home:ro,Z" "-m" "1610612736" "--network" "none" "ghcr.io/rust-lang/crates-build-env/linux@sha256:77db811e55d90add9212f6832c23229e3de5f1c1f9905e8cb07319ea15df73ac" "sleep" "infinity", kill_on_drop: false }`
[INFO] [stdout] 9d2c3ba286da1d49c88a154e17820f076af70f222cfbe65f92e55d26840e7c15
[INFO] running `Command { std: "docker" "start" "9d2c3ba286da1d49c88a154e17820f076af70f222cfbe65f92e55d26840e7c15", kill_on_drop: false }`
[INFO] running `Command { std: "docker" "inspect" "9d2c3ba286da1d49c88a154e17820f076af70f222cfbe65f92e55d26840e7c15", kill_on_drop: false }`
[INFO] running `Command { std: "docker" "exec" "-e" "SOURCE_DIR=/opt/rustwide/workdir" "-e" "CARGO_HOME=/opt/rustwide/cargo-home" "-e" "RUSTUP_HOME=/opt/rustwide/rustup-home" "-e" "CARGO_TARGET_DIR=/opt/rustwide/target" "-w" "/opt/rustwide/workdir" "--user" "0:0" "9d2c3ba286da1d49c88a154e17820f076af70f222cfbe65f92e55d26840e7c15" "/opt/rustwide/cargo-home/bin/cargo" "+1.100.0-beta.1" "metadata" "--no-deps" "--format-version=1", kill_on_drop: false }`
[INFO] running `Command { std: "docker" "inspect" "9d2c3ba286da1d49c88a154e17820f076af70f222cfbe65f92e55d26840e7c15", kill_on_drop: false }`
[INFO] running `Command { std: "docker" "exec" "-e" "SOURCE_DIR=/opt/rustwide/workdir" "-e" "CARGO_HOME=/opt/rustwide/cargo-home" "-e" "RUSTUP_HOME=/opt/rustwide/rustup-home" "-e" "CARGO_TARGET_DIR=/opt/rustwide/target" "-e" "CARGO_INCREMENTAL=0" "-e" "RUST_BACKTRACE=full" "-e" "RUSTFLAGS=--cap-lints=warn" "-e" "RUSTDOCFLAGS=--cap-lints=warn" "-w" "/opt/rustwide/workdir" "--user" "0:0" "9d2c3ba286da1d49c88a154e17820f076af70f222cfbe65f92e55d26840e7c15" "/opt/rustwide/cargo-home/bin/cargo" "+1.100.0-beta.1" "build" "--frozen" "--message-format=json" "--release", kill_on_drop: false }`
[INFO] [stderr]    Compiling quote v1.0.46
[INFO] [stderr]    Compiling futures-core v0.3.32
[INFO] [stderr]    Compiling smallvec v1.15.2
[INFO] [stderr]    Compiling memchr v2.8.2
[INFO] [stderr]    Compiling bytes v1.12.0
[INFO] [stderr]    Compiling log v0.4.33
[INFO] [stderr]    Compiling futures-sink v0.3.32
[INFO] [stderr]    Compiling libc v0.2.186
[INFO] [stderr]    Compiling errno v0.3.14
[INFO] [stderr]    Compiling hybrid-array v0.4.13
[INFO] [stderr]    Compiling parking_lot_core v0.9.12
[INFO] [stderr]    Compiling signal-hook-registry v1.4.8
[INFO] [stderr]    Compiling mio v1.2.1
[INFO] [stderr]    Compiling syn v2.0.118
[INFO] [stderr]    Compiling parking_lot v0.12.5
[INFO] [stderr]    Compiling socket2 v0.6.4
[INFO] [stderr]    Compiling ctutils v0.4.2
[INFO] [stderr]    Compiling crypto-common v0.2.2
[INFO] [stderr]    Compiling block-buffer v0.12.1
[INFO] [stderr]    Compiling tokio v1.52.3
[INFO] [stderr]    Compiling pkg-config v0.3.33
[INFO] [stderr]    Compiling jobserver v0.1.34
[INFO] [stderr]    Compiling serde_core v1.0.228
[INFO] [stderr]    Compiling futures-channel v0.3.32
[INFO] [stderr]    Compiling cc v1.2.65
[INFO] [stderr]    Compiling futures-io v0.3.32
[INFO] [stderr]    Compiling futures-task v0.3.32
[INFO] [stderr]    Compiling digest v0.11.3
[INFO] [stderr]    Compiling litemap v0.8.2
[INFO] [stderr]    Compiling writeable v0.6.3
[INFO] [stderr]    Compiling serde v1.0.228
[INFO] [stderr]    Compiling getrandom v0.4.3
[INFO] [stderr]    Compiling icu_normalizer_data v2.2.0
[INFO] [stderr]    Compiling icu_properties_data v2.2.0
[INFO] [stderr]    Compiling chacha20 v0.10.1
[INFO] [stderr]    Compiling tinyvec_macros v0.1.1
[INFO] [stderr]    Compiling tinyvec v1.11.0
[INFO] [stderr]    Compiling crossbeam-utils v0.8.21
[INFO] [stderr]    Compiling rand v0.10.2
[INFO] [stderr]    Compiling generic-array v0.14.7
[INFO] [stderr]    Compiling spin v0.9.8
[INFO] [stderr]    Compiling unicode-properties v0.1.4
[INFO] [stderr]    Compiling unicode-normalization v0.1.25
[INFO] [stderr]    Compiling unicode-bidi v0.3.18
[INFO] [stderr]    Compiling zstd-sys v2.0.16+zstd.1.5.7
[INFO] [stderr]    Compiling sha2 v0.11.0
[INFO] [stderr]    Compiling stringprep v0.1.5
[INFO] [stderr]    Compiling hmac v0.13.0
[INFO] [stderr]    Compiling md-5 v0.11.0
[INFO] [stderr]    Compiling unicode-segmentation v1.13.3
[INFO] [stderr]    Compiling alloc-no-stdlib v2.0.4
[INFO] [stderr]    Compiling fallible-iterator v0.2.0
[INFO] [stderr]    Compiling synstructure v0.13.2
[INFO] [stderr]    Compiling zstd-safe v7.2.4
[INFO] [stderr]    Compiling local-waker v0.1.4
[INFO] [stderr]    Compiling postgres-protocol v0.6.12
[INFO] [stderr]    Compiling http v0.2.12
[INFO] [stderr]    Compiling alloc-stdlib v0.2.4
[INFO] [stderr]    Compiling convert_case v0.10.0
[INFO] [stderr]    Compiling block-buffer v0.10.4
[INFO] [stderr]    Compiling crypto-common v0.1.7
[INFO] [stderr]    Compiling aho-corasick v1.1.4
[INFO] [stderr]    Compiling zerofrom-derive v0.1.7
[INFO] [stderr]    Compiling yoke-derive v0.8.2
[INFO] [stderr]    Compiling zerovec-derive v0.11.3
[INFO] [stderr]    Compiling zerofrom v0.1.8
[INFO] [stderr]    Compiling displaydoc v0.2.6
[INFO] [stderr]    Compiling futures-macro v0.3.32
[INFO] [stderr]    Compiling yoke v0.8.3
[INFO] [stderr]    Compiling tracing-attributes v0.1.31
[INFO] [stderr]    Compiling zerovec v0.11.6
[INFO] [stderr]    Compiling zerotrie v0.2.4
[INFO] [stderr]    Compiling futures-util v0.3.32
[INFO] [stderr]    Compiling serde_derive v1.0.228
[INFO] [stderr]    Compiling tinystr v0.8.3
[INFO] [stderr]    Compiling potential_utf v0.1.5
[INFO] [stderr]    Compiling icu_locale_core v2.2.0
[INFO] [stderr]    Compiling icu_collections v2.2.0
[INFO] [stderr]    Compiling tracing v0.1.44
[INFO] [stderr]    Compiling thiserror-impl v2.0.18
[INFO] [stderr]    Compiling tokio-util v0.7.18
[INFO] [stderr]    Compiling icu_provider v2.2.0
[INFO] [stderr]    Compiling thiserror v2.0.18
[INFO] [stderr]    Compiling pin-project-lite v0.2.17
[INFO] [stderr]    Compiling num-conv v0.2.2
[INFO] [stderr]    Compiling unicode-xid v0.2.6
[INFO] [stderr]    Compiling icu_properties v2.2.0
[INFO] [stderr]    Compiling icu_normalizer v2.2.0
[INFO] [stderr]    Compiling futures-executor v0.3.32
[INFO] [stderr]    Compiling tracing-core v0.1.36
[INFO] [stderr]    Compiling time-core v0.1.9
[INFO] [stderr]    Compiling rust_decimal v1.42.1
[INFO] [stderr]    Compiling idna_adapter v1.2.2
[INFO] [stderr]    Compiling idna v1.1.0
[INFO] [stderr]    Compiling simd-adler32 v0.3.9
[INFO] [stderr]    Compiling miniz_oxide v0.8.9
[INFO] [stderr]    Compiling url v2.5.8
[INFO] [stderr]    Compiling time-macros v0.2.31
[INFO] [stderr]    Compiling serde_urlencoded v0.7.1
[INFO] [stderr]    Compiling derive_more-impl v2.1.1
[INFO] [stderr]    Compiling libsqlite3-sys v0.30.1
[INFO] [stderr]    Compiling regex-automata v0.4.14
[INFO] [stderr]    Compiling actix-rt v2.11.0
[INFO] [stderr]    Compiling bytestring v1.5.1
[INFO] [stderr]    Compiling digest v0.10.7
[INFO] [stderr]    Compiling crc32fast v1.5.0
[INFO] [stderr]    Compiling postgres-types v0.2.14
[INFO] [stderr]    Compiling brotli-decompressor v5.0.3
[INFO] [stderr]    Compiling actix-utils v3.0.1
[INFO] [stderr]    Compiling concurrent-queue v2.5.0
[INFO] [stderr]    Compiling cookie v0.16.2
[INFO] [stderr]    Compiling actix-service v2.0.3
[INFO] [stderr]    Compiling regex-lite v0.1.9
[INFO] [stderr]    Compiling cfg-if v1.0.4
[INFO] [stderr]    Compiling fastrand v2.4.1
[INFO] [stderr]    Compiling bitflags v2.13.0
[INFO] [stderr]    Compiling serde_json v1.0.150
[INFO] [stderr]    Compiling crc-catalog v2.5.0
[INFO] [stderr]    Compiling deranged v0.5.8
[INFO] [stderr]    Compiling actix-router v0.5.4
[INFO] [stderr]    Compiling event-listener v5.4.1
[INFO] [stderr]    Compiling crc v3.4.0
[INFO] [stderr]    Compiling derive_more v2.1.1
[INFO] [stderr]    Compiling sha2 v0.10.9
[INFO] [stderr]    Compiling actix-codec v0.5.2
[INFO] [stderr]    Compiling regex v1.12.4
[INFO] [stderr]    Compiling flume v0.12.0
[INFO] [stderr]    Compiling time v0.3.53
[INFO] [stderr]    Compiling brotli v8.0.4
[INFO] [stderr]    Compiling flate2 v1.1.9
[INFO] [stderr]    Compiling hashlink v0.10.0
[INFO] [stderr]    Compiling either v1.16.0
[INFO] [stderr]    Compiling futures v0.3.32
[INFO] [stderr]    Compiling h2 v0.3.27
[INFO] [stderr]    Compiling tokio-stream v0.1.18
[INFO] [stderr]    Compiling local-channel v0.1.5
[INFO] [stderr]    Compiling crossbeam-queue v0.3.12
[INFO] [stderr]    Compiling uuid v1.23.4
[INFO] [stderr]    Compiling sha1 v0.11.0
[INFO] [stderr]    Compiling futures-intrusive v0.5.0
[INFO] [stderr]    Compiling socket2 v0.5.10
[INFO] [stderr]    Compiling encoding_rs v0.8.35
[INFO] [stderr]    Compiling foldhash v0.2.0
[INFO] [stderr]    Compiling scoped-tls v1.0.1
[INFO] [stderr]    Compiling language-tags v0.3.2
[INFO] [stderr]    Compiling switchy_async v0.4.0
[INFO] [stderr]    Compiling sqlx-core v0.8.6
[INFO] [stderr]    Compiling actix-server v2.6.0
[INFO] [stderr]    Compiling actix-web-codegen v4.3.0
[INFO] [stderr]    Compiling actix-macros v0.2.4
[INFO] [stderr]    Compiling flume v0.11.1
[INFO] [stderr]    Compiling atoi v2.0.0
[INFO] [stderr]    Compiling impl-more v0.3.1
[INFO] [stderr]    Compiling moosicbox_env_utils v0.4.0
[INFO] [stderr]    Compiling moosicbox_assert v0.4.0
[INFO] [stderr]    Compiling chrono v0.4.45
[INFO] [stderr]    Compiling qstring v0.7.2
[INFO] [stderr]    Compiling async-trait v0.1.89
[INFO] [stderr]    Compiling include_dir_macros v0.7.4
[INFO] [stderr]    Compiling switchy_fs v0.4.0
[INFO] [stderr]    Compiling include_dir v0.7.4
[INFO] [stderr]    Compiling switchy_env v0.4.0
[INFO] [stderr]    Compiling switchy_time v0.4.0
[INFO] [stderr]    Compiling zstd v0.13.3
[INFO] [stderr]    Compiling actix-http v3.13.1
[INFO] [stderr]    Compiling actix-web v4.14.0
[INFO] [stderr]    Compiling moosicbox_profiles v0.4.0
[INFO] [stderr]    Compiling sqlx-sqlite v0.8.6
[INFO] [stderr]    Compiling sqlx v0.8.6
[INFO] [stderr]    Compiling switchy_database v0.4.0
[INFO] [stdout] error[E0277]: the trait bound `NaiveDateTime: sqlx::Decode<'_, Sqlite>` is not satisfied
[INFO] [stdout]     --> /opt/rustwide/cargo-home/registry/src/index.crates.io-1949cf8c6b5b557f/switchy_database-0.4.0/src/sqlx/sqlite.rs:1097:57
[INFO] [stdout]      |
[INFO] [stdout] 1097 |         "TIMESTAMP" => Ok(DatabaseValue::DateTime(owned.try_decode()?)),
[INFO] [stdout]      |                                                         ^^^^^^^^^^ the trait `sqlx::Decode<'_, Sqlite>` is not implemented for `NaiveDateTime`
[INFO] [stdout]      |
[INFO] [stdout]      = help: the following other types implement trait `sqlx::Decode<'r, DB>`:
[INFO] [stdout]                `&'r [u8]` implements `sqlx::Decode<'r, Sqlite>`
[INFO] [stdout]                `&'r str` implements `sqlx::Decode<'r, Sqlite>`
[INFO] [stdout]                `Box<[u8]>` implements `sqlx::Decode<'_, Sqlite>`
[INFO] [stdout]                `Box<str>` implements `sqlx::Decode<'_, Sqlite>`
[INFO] [stdout]                `Cow<'r, str>` implements `sqlx::Decode<'r, Sqlite>`
[INFO] [stdout]                `Hyphenated` implements `sqlx::Decode<'_, Sqlite>`
[INFO] [stdout]                `NonZero<i16>` implements `sqlx::Decode<'r, DB>`
[INFO] [stdout]                `NonZero<i32>` implements `sqlx::Decode<'r, DB>`
[INFO] [stdout]              and 23 others
[INFO] [stdout] note: required by a bound in `try_decode`
[INFO] [stdout]     --> /opt/rustwide/cargo-home/registry/src/index.crates.io-1949cf8c6b5b557f/sqlx-core-0.8.6/src/value.rs:65:12
[INFO] [stdout]      |
[INFO] [stdout]    9 | pub trait Value {
[INFO] [stdout] ...
[INFO] [stdout]   63 |     fn try_decode<'r, T>(&'r self) -> Result<T, Error>
[INFO] [stdout]   64 |     where
[INFO] [stdout]   65 |         T: Decode<'r, Self::Database> + Type<Self::Database>,
[INFO] [stdout]      |            ^^^^^^^^^^^^^^^^^^^^^^^^^^ required by this bound in `Value::try_decode`
[INFO] [stdout] 
[INFO] [stdout] 
[INFO] [stdout] error[E0277]: the trait bound `NaiveDateTime: sqlx::Type<Sqlite>` is not satisfied
[INFO] [stdout]     --> /opt/rustwide/cargo-home/registry/src/index.crates.io-1949cf8c6b5b557f/switchy_database-0.4.0/src/sqlx/sqlite.rs:1097:57
[INFO] [stdout]      |
[INFO] [stdout] 1097 |         "TIMESTAMP" => Ok(DatabaseValue::DateTime(owned.try_decode()?)),
[INFO] [stdout]      |                                                         ^^^^^^^^^^ the trait `sqlx::Type<Sqlite>` is not implemented for `NaiveDateTime`
[INFO] [stdout]      |
[INFO] [stdout]      = help: the following other types implement trait `sqlx::Type<DB>`:
[INFO] [stdout]                Box<[u8]>
[INFO] [stdout]                Box<str>
[INFO] [stdout]                Cow<'_, str>
[INFO] [stdout]                Hyphenated
[INFO] [stdout]                Simple
[INFO] [stdout]                String
[INFO] [stdout]                Uuid
[INFO] [stdout]                Vec<u8>
[INFO] [stdout]              and 14 others
[INFO] [stdout] note: required by a bound in `try_decode`
[INFO] [stdout]     --> /opt/rustwide/cargo-home/registry/src/index.crates.io-1949cf8c6b5b557f/sqlx-core-0.8.6/src/value.rs:65:41
[INFO] [stdout]      |
[INFO] [stdout]    9 | pub trait Value {
[INFO] [stdout] ...
[INFO] [stdout]   63 |     fn try_decode<'r, T>(&'r self) -> Result<T, Error>
[INFO] [stdout]   64 |     where
[INFO] [stdout]   65 |         T: Decode<'r, Self::Database> + Type<Self::Database>,
[INFO] [stdout]      |                                         ^^^^^^^^^^^^^^^^^^^^ required by this bound in `Value::try_decode`
[INFO] [stdout] 
[INFO] [stdout] 
[INFO] [stdout] error[E0277]: the trait bound `NaiveDateTime: sqlx::Encode<'_, Sqlite>` is not satisfied
[INFO] [stdout]     --> /opt/rustwide/cargo-home/registry/src/index.crates.io-1949cf8c6b5b557f/switchy_database-0.4.0/src/sqlx/sqlite.rs:1466:40
[INFO] [stdout]      |
[INFO] [stdout] 1466 |                     query = query.bind(value);
[INFO] [stdout]      |                                   ---- ^^^^^ the trait `sqlx::Encode<'_, Sqlite>` is not implemented for `NaiveDateTime`
[INFO] [stdout]      |                                   |
[INFO] [stdout]      |                                   required by a bound introduced by this call
[INFO] [stdout]      |
[INFO] [stdout]      = help: the following other types implement trait `sqlx::Encode<'q, DB>`:
[INFO] [stdout]                `&'q [u8]` implements `sqlx::Encode<'q, Sqlite>`
[INFO] [stdout]                `&'q str` implements `sqlx::Encode<'q, Sqlite>`
[INFO] [stdout]                `&T` implements `sqlx::Encode<'q, DB>`
[INFO] [stdout]                `Box<[u8]>` implements `sqlx::Encode<'_, Sqlite>`
[INFO] [stdout]                `Box<str>` implements `sqlx::Encode<'_, Sqlite>`
[INFO] [stdout]                `Cow<'q, str>` implements `sqlx::Encode<'q, Sqlite>`
[INFO] [stdout]                `Hyphenated` implements `sqlx::Encode<'q, Sqlite>`
[INFO] [stdout]                `NonZero<i16>` implements `sqlx::Encode<'q, DB>`
[INFO] [stdout]              and 23 others
[INFO] [stdout]      = note: required for `&NaiveDateTime` to implement `sqlx::Encode<'_, Sqlite>`
[INFO] [stdout] note: required by a bound in `Query::<'q, DB, <DB as sqlx::Database>::Arguments<'q>>::bind`
[INFO] [stdout]     --> /opt/rustwide/cargo-home/registry/src/index.crates.io-1949cf8c6b5b557f/sqlx-core-0.8.6/src/query.rs:86:25
[INFO] [stdout]      |
[INFO] [stdout]   75 | impl<'q, DB: Database> Query<'q, DB, <DB as Database>::Arguments<'q>> {
[INFO] [stdout] ...
[INFO] [stdout]   86 |     pub fn bind<T: 'q + Encode<'q, DB> + Type<DB>>(mut self, value: T) -> Self {
[INFO] [stdout]      |                         ^^^^^^^^^^^^^^ required by this bound in `Query::<'q, DB, <DB as Database>::Arguments<'q>>::bind`
[INFO] [stdout] 
[INFO] [stdout] 
[INFO] [stdout] error[E0277]: the trait bound `NaiveDateTime: sqlx::Type<Sqlite>` is not satisfied
[INFO] [stdout]     --> /opt/rustwide/cargo-home/registry/src/index.crates.io-1949cf8c6b5b557f/switchy_database-0.4.0/src/sqlx/sqlite.rs:1466:40
[INFO] [stdout]      |
[INFO] [stdout] 1466 |                     query = query.bind(value);
[INFO] [stdout]      |                                   ---- ^^^^^ the trait `sqlx::Type<Sqlite>` is not implemented for `NaiveDateTime`
[INFO] [stdout]      |                                   |
[INFO] [stdout]      |                                   required by a bound introduced by this call
[INFO] [stdout]      |
[INFO] [stdout]      = help: the following other types implement trait `sqlx::Type<DB>`:
[INFO] [stdout]                Box<[u8]>
[INFO] [stdout]                Box<str>
[INFO] [stdout]                Cow<'_, str>
[INFO] [stdout]                Hyphenated
[INFO] [stdout]                Simple
[INFO] [stdout]                String
[INFO] [stdout]                Uuid
[INFO] [stdout]                Vec<u8>
[INFO] [stdout]              and 14 others
[INFO] [stdout]      = note: required for `&NaiveDateTime` to implement `sqlx::Type<Sqlite>`
[INFO] [stdout] note: required by a bound in `Query::<'q, DB, <DB as sqlx::Database>::Arguments<'q>>::bind`
[INFO] [stdout]     --> /opt/rustwide/cargo-home/registry/src/index.crates.io-1949cf8c6b5b557f/sqlx-core-0.8.6/src/query.rs:86:42
[INFO] [stdout]      |
[INFO] [stdout]   75 | impl<'q, DB: Database> Query<'q, DB, <DB as Database>::Arguments<'q>> {
[INFO] [stdout] ...
[INFO] [stdout]   86 |     pub fn bind<T: 'q + Encode<'q, DB> + Type<DB>>(mut self, value: T) -> Self {
[INFO] [stdout]      |                                          ^^^^^^^^ required by this bound in `Query::<'q, DB, <DB as Database>::Arguments<'q>>::bind`
[INFO] [stdout] 
[INFO] [stdout] 
[INFO] [stdout] For more information about this error, try `rustc --explain E0277`.
[INFO] [stdout] 
[INFO] [stderr] error: could not compile `switchy_database` (lib) due to 4 previous errors
[INFO] running `Command { std: "docker" "inspect" "9d2c3ba286da1d49c88a154e17820f076af70f222cfbe65f92e55d26840e7c15", kill_on_drop: false }`
[INFO] running `Command { std: "docker" "rm" "-f" "9d2c3ba286da1d49c88a154e17820f076af70f222cfbe65f92e55d26840e7c15", kill_on_drop: false }`
[INFO] [stdout] 9d2c3ba286da1d49c88a154e17820f076af70f222cfbe65f92e55d26840e7c15
