[INFO] fetching crate switchy_p2p 0.4.0...
[INFO] testing switchy_p2p-0.4.0 against 1.100.0-beta.1+cargoflags=--release for beta-release-1.100-2
[INFO] extracting crate switchy_p2p 0.4.0 into /workspace/builds/worker-0-tc2/source
[INFO] started tweaking crates.io crate switchy_p2p 0.4.0
[INFO] finished tweaking crates.io crate switchy_p2p 0.4.0
[INFO] tweaked toml for crates.io crate switchy_p2p 0.4.0 written to /workspace/builds/worker-0-tc2/source/Cargo.toml
[INFO] validating manifest of crates.io crate switchy_p2p 0.4.0 on toolchain 1.100.0-beta.1
[INFO] running `Command { std: CARGO_HOME="/workspace/cargo-home" RUSTUP_HOME="/workspace/rustup-home" "/workspace/cargo-home/bin/cargo" "+1.100.0-beta.1" "metadata" "--manifest-path" "Cargo.toml" "--no-deps", kill_on_drop: false }`
[INFO] crate crates.io crate switchy_p2p 0.4.0 already has a lockfile, it will not be regenerated
[INFO] running `Command { std: CARGO_HOME="/workspace/cargo-home" RUSTUP_HOME="/workspace/rustup-home" "/workspace/cargo-home/bin/cargo" "+1.100.0-beta.1" "fetch" "--manifest-path" "Cargo.toml", kill_on_drop: false }`
[INFO] running `Command { std: "docker" "create" "-v" "/var/lib/crater-agent-workspace/builds/worker-0-tc2/source:/opt/rustwide/workdir:ro,Z" "-v" "/var/lib/crater-agent-workspace/builds/worker-0-tc2/target:/opt/rustwide/target:rw,Z" "-v" "/var/lib/crater-agent-workspace/cargo-home:/opt/rustwide/cargo-home:ro,Z" "-v" "/var/lib/crater-agent-workspace/rustup-home:/opt/rustwide/rustup-home:ro,Z" "-m" "1610612736" "--network" "none" "ghcr.io/rust-lang/crates-build-env/linux@sha256:77db811e55d90add9212f6832c23229e3de5f1c1f9905e8cb07319ea15df73ac" "sleep" "infinity", kill_on_drop: false }`
[INFO] [stdout] 9b82ab95db351efbadbcfac374fc3bbdb6dce6a3a1527c79754990b06f1e148f
[INFO] running `Command { std: "docker" "start" "9b82ab95db351efbadbcfac374fc3bbdb6dce6a3a1527c79754990b06f1e148f", kill_on_drop: false }`
[INFO] running `Command { std: "docker" "inspect" "9b82ab95db351efbadbcfac374fc3bbdb6dce6a3a1527c79754990b06f1e148f", kill_on_drop: false }`
[INFO] running `Command { std: "docker" "exec" "-e" "SOURCE_DIR=/opt/rustwide/workdir" "-e" "CARGO_HOME=/opt/rustwide/cargo-home" "-e" "RUSTUP_HOME=/opt/rustwide/rustup-home" "-e" "CARGO_TARGET_DIR=/opt/rustwide/target" "-w" "/opt/rustwide/workdir" "--user" "0:0" "9b82ab95db351efbadbcfac374fc3bbdb6dce6a3a1527c79754990b06f1e148f" "/opt/rustwide/cargo-home/bin/cargo" "+1.100.0-beta.1" "metadata" "--no-deps" "--format-version=1", kill_on_drop: false }`
[INFO] running `Command { std: "docker" "inspect" "9b82ab95db351efbadbcfac374fc3bbdb6dce6a3a1527c79754990b06f1e148f", kill_on_drop: false }`
[INFO] running `Command { std: "docker" "exec" "-e" "SOURCE_DIR=/opt/rustwide/workdir" "-e" "CARGO_HOME=/opt/rustwide/cargo-home" "-e" "RUSTUP_HOME=/opt/rustwide/rustup-home" "-e" "CARGO_TARGET_DIR=/opt/rustwide/target" "-e" "CARGO_INCREMENTAL=0" "-e" "RUST_BACKTRACE=full" "-e" "RUSTFLAGS=--cap-lints=warn" "-e" "RUSTDOCFLAGS=--cap-lints=warn" "-w" "/opt/rustwide/workdir" "--user" "0:0" "9b82ab95db351efbadbcfac374fc3bbdb6dce6a3a1527c79754990b06f1e148f" "/opt/rustwide/cargo-home/bin/cargo" "+1.100.0-beta.1" "build" "--frozen" "--message-format=json" "--release", kill_on_drop: false }`
[INFO] [stderr]    Compiling libc v0.2.186
[INFO] [stderr]    Compiling zerocopy v0.8.52
[INFO] [stderr]    Compiling winnow v1.0.3
[INFO] [stderr]    Compiling memchr v2.8.2
[INFO] [stderr]    Compiling toml_datetime v1.1.1+spec-1.1.0
[INFO] [stderr]    Compiling futures-channel v0.3.32
[INFO] [stderr]    Compiling log v0.4.33
[INFO] [stderr]    Compiling fastrand v2.4.1
[INFO] [stderr]    Compiling bytes v1.12.0
[INFO] [stderr]    Compiling syn v2.0.118
[INFO] [stderr]    Compiling spin v0.9.8
[INFO] [stderr]    Compiling flume v0.12.0
[INFO] [stderr]    Compiling getrandom v0.2.17
[INFO] [stderr]    Compiling toml_parser v1.1.2+spec-1.1.0
[INFO] [stderr]    Compiling rand_core v0.6.4
[INFO] [stderr]    Compiling toml_edit v0.25.12+spec-1.1.0
[INFO] [stderr]    Compiling proc-macro-crate v3.5.0
[INFO] [stderr]    Compiling futures-macro v0.3.32
[INFO] [stderr]    Compiling tokio-macros v2.7.0
[INFO] [stderr]    Compiling thiserror-impl v2.0.18
[INFO] [stderr]    Compiling switchy_async_macros v0.4.0
[INFO] [stderr]    Compiling async-trait v0.1.89
[INFO] [stderr]    Compiling tokio v1.52.3
[INFO] [stderr]    Compiling futures-util v0.3.32
[INFO] [stderr]    Compiling thiserror v2.0.18
[INFO] [stderr]    Compiling ppv-lite86 v0.2.21
[INFO] [stderr]    Compiling rand_chacha v0.3.1
[INFO] [stderr]    Compiling rand v0.8.5
[INFO] [stderr]    Compiling switchy_random v0.4.0
[INFO] [stderr]    Compiling switchy_time v0.4.0
[INFO] [stderr]    Compiling tokio-util v0.7.18
[INFO] [stderr]    Compiling futures-executor v0.3.32
[INFO] [stderr]    Compiling futures v0.3.32
[INFO] [stderr]    Compiling switchy_async v0.4.0
[INFO] [stderr]    Compiling switchy_p2p v0.4.0 (/opt/rustwide/workdir)
[INFO] [stderr]     Finished `release` profile [optimized] target(s) in 23.47s
[INFO] running `Command { std: "docker" "inspect" "9b82ab95db351efbadbcfac374fc3bbdb6dce6a3a1527c79754990b06f1e148f", kill_on_drop: false }`
[INFO] running `Command { std: "docker" "exec" "-e" "SOURCE_DIR=/opt/rustwide/workdir" "-e" "CARGO_HOME=/opt/rustwide/cargo-home" "-e" "RUSTUP_HOME=/opt/rustwide/rustup-home" "-e" "CARGO_TARGET_DIR=/opt/rustwide/target" "-e" "CARGO_INCREMENTAL=0" "-e" "RUST_BACKTRACE=full" "-e" "RUSTFLAGS=--cap-lints=warn" "-e" "RUSTDOCFLAGS=--cap-lints=warn" "-w" "/opt/rustwide/workdir" "--user" "0:0" "9b82ab95db351efbadbcfac374fc3bbdb6dce6a3a1527c79754990b06f1e148f" "/opt/rustwide/cargo-home/bin/cargo" "+1.100.0-beta.1" "test" "--frozen" "--no-run" "--message-format=json" "--release", kill_on_drop: false }`
[INFO] [stderr]    Compiling switchy_p2p v0.4.0 (/opt/rustwide/workdir)
[INFO] [stdout] error[E0433]: cannot find module or crate `test_log` in this scope
[INFO] [stdout]    --> src/simulator.rs:737:7
[INFO] [stdout]     |
[INFO] [stdout] 737 |     #[test_log::test]
[INFO] [stdout]     |       ^^^^^^^^ use of unresolved module or unlinked crate `test_log`
[INFO] [stdout] 
[INFO] [stdout] 
[INFO] [stdout] error[E0433]: cannot find module or crate `test_log` in this scope
[INFO] [stdout]    --> src/simulator.rs:744:7
[INFO] [stdout]     |
[INFO] [stdout] 744 |     #[test_log::test]
[INFO] [stdout]     |       ^^^^^^^^ use of unresolved module or unlinked crate `test_log`
[INFO] [stdout] 
[INFO] [stdout] 
[INFO] [stdout] error[E0433]: cannot find module or crate `test_log` in this scope
[INFO] [stdout]    --> src/simulator.rs:751:7
[INFO] [stdout]     |
[INFO] [stdout] 751 |     #[test_log::test]
[INFO] [stdout]     |       ^^^^^^^^ use of unresolved module or unlinked crate `test_log`
[INFO] [stdout] 
[INFO] [stdout] 
[INFO] [stdout] error[E0433]: cannot find module or crate `test_log` in this scope
[INFO] [stdout]    --> src/simulator.rs:758:7
[INFO] [stdout]     |
[INFO] [stdout] 758 |     #[test_log::test]
[INFO] [stdout]     |       ^^^^^^^^ use of unresolved module or unlinked crate `test_log`
[INFO] [stdout] 
[INFO] [stdout] 
[INFO] [stdout] error[E0433]: cannot find module or crate `test_log` in this scope
[INFO] [stdout]    --> src/simulator.rs:765:7
[INFO] [stdout]     |
[INFO] [stdout] 765 |     #[test_log::test]
[INFO] [stdout]     |       ^^^^^^^^ use of unresolved module or unlinked crate `test_log`
[INFO] [stdout] 
[INFO] [stdout] 
[INFO] [stdout] error[E0433]: cannot find module or crate `test_log` in this scope
[INFO] [stdout]    --> src/simulator.rs:778:7
[INFO] [stdout]     |
[INFO] [stdout] 778 |     #[test_log::test]
[INFO] [stdout]     |       ^^^^^^^^ use of unresolved module or unlinked crate `test_log`
[INFO] [stdout] 
[INFO] [stdout] 
[INFO] [stdout] error[E0433]: cannot find module or crate `test_log` in this scope
[INFO] [stdout]    --> src/simulator.rs:786:7
[INFO] [stdout]     |
[INFO] [stdout] 786 |     #[test_log::test]
[INFO] [stdout]     |       ^^^^^^^^ use of unresolved module or unlinked crate `test_log`
[INFO] [stdout] 
[INFO] [stdout] 
[INFO] [stdout] error[E0433]: cannot find module or crate `test_log` in this scope
[INFO] [stdout]    --> src/simulator.rs:796:7
[INFO] [stdout]     |
[INFO] [stdout] 796 |     #[test_log::test]
[INFO] [stdout]     |       ^^^^^^^^ use of unresolved module or unlinked crate `test_log`
[INFO] [stdout] 
[INFO] [stdout] 
[INFO] [stdout] error[E0433]: cannot find module or crate `test_log` in this scope
[INFO] [stdout]    --> src/simulator.rs:803:7
[INFO] [stdout]     |
[INFO] [stdout] 803 |     #[test_log::test]
[INFO] [stdout]     |       ^^^^^^^^ use of unresolved module or unlinked crate `test_log`
[INFO] [stdout] 
[INFO] [stdout] 
[INFO] [stdout] error[E0433]: cannot find module or crate `test_log` in this scope
[INFO] [stdout]    --> src/simulator.rs:818:7
[INFO] [stdout]     |
[INFO] [stdout] 818 |     #[test_log::test]
[INFO] [stdout]     |       ^^^^^^^^ use of unresolved module or unlinked crate `test_log`
[INFO] [stdout] 
[INFO] [stdout] 
[INFO] [stdout] error[E0433]: cannot find module or crate `test_log` in this scope
[INFO] [stdout]    --> src/simulator.rs:830:7
[INFO] [stdout]     |
[INFO] [stdout] 830 |     #[test_log::test]
[INFO] [stdout]     |       ^^^^^^^^ use of unresolved module or unlinked crate `test_log`
[INFO] [stdout] 
[INFO] [stdout] 
[INFO] [stdout] error[E0433]: cannot find module or crate `test_log` in this scope
[INFO] [stdout]    --> src/simulator.rs:855:7
[INFO] [stdout]     |
[INFO] [stdout] 855 |     #[test_log::test]
[INFO] [stdout]     |       ^^^^^^^^ use of unresolved module or unlinked crate `test_log`
[INFO] [stdout] 
[INFO] [stdout] 
[INFO] [stdout] error[E0433]: cannot find module or crate `test_log` in this scope
[INFO] [stdout]    --> src/simulator.rs:865:7
[INFO] [stdout]     |
[INFO] [stdout] 865 |     #[test_log::test]
[INFO] [stdout]     |       ^^^^^^^^ use of unresolved module or unlinked crate `test_log`
[INFO] [stdout] 
[INFO] [stdout] 
[INFO] [stdout] error[E0433]: cannot find module or crate `test_log` in this scope
[INFO] [stdout]    --> src/simulator.rs:889:7
[INFO] [stdout]     |
[INFO] [stdout] 889 |     #[test_log::test]
[INFO] [stdout]     |       ^^^^^^^^ use of unresolved module or unlinked crate `test_log`
[INFO] [stdout] 
[INFO] [stdout] 
[INFO] [stdout] error[E0433]: cannot find module or crate `test_log` in this scope
[INFO] [stdout]    --> src/simulator.rs:916:7
[INFO] [stdout]     |
[INFO] [stdout] 916 |     #[test_log::test]
[INFO] [stdout]     |       ^^^^^^^^ use of unresolved module or unlinked crate `test_log`
[INFO] [stdout] 
[INFO] [stdout] 
[INFO] [stdout] error[E0433]: cannot find module or crate `test_log` in this scope
[INFO] [stdout]    --> src/simulator.rs:931:7
[INFO] [stdout]     |
[INFO] [stdout] 931 |     #[test_log::test]
[INFO] [stdout]     |       ^^^^^^^^ use of unresolved module or unlinked crate `test_log`
[INFO] [stdout] 
[INFO] [stdout] 
[INFO] [stdout] error[E0433]: cannot find module or crate `test_log` in this scope
[INFO] [stdout]    --> src/simulator.rs:958:7
[INFO] [stdout]     |
[INFO] [stdout] 958 |     #[test_log::test]
[INFO] [stdout]     |       ^^^^^^^^ use of unresolved module or unlinked crate `test_log`
[INFO] [stdout] 
[INFO] [stdout] 
[INFO] [stdout] error[E0433]: cannot find module or crate `test_log` in this scope
[INFO] [stdout]    --> src/simulator.rs:999:7
[INFO] [stdout]     |
[INFO] [stdout] 999 |     #[test_log::test]
[INFO] [stdout]     |       ^^^^^^^^ use of unresolved module or unlinked crate `test_log`
[INFO] [stdout] 
[INFO] [stdout] 
[INFO] [stdout] error[E0433]: cannot find module or crate `test_log` in this scope
[INFO] [stdout]     --> src/simulator.rs:1023:7
[INFO] [stdout]      |
[INFO] [stdout] 1023 |     #[test_log::test]
[INFO] [stdout]      |       ^^^^^^^^ use of unresolved module or unlinked crate `test_log`
[INFO] [stdout] 
[INFO] [stdout] 
[INFO] [stdout] error[E0433]: cannot find module or crate `test_log` in this scope
[INFO] [stdout]     --> src/simulator.rs:1065:7
[INFO] [stdout]      |
[INFO] [stdout] 1065 |     #[test_log::test]
[INFO] [stdout]      |       ^^^^^^^^ use of unresolved module or unlinked crate `test_log`
[INFO] [stdout] 
[INFO] [stdout] 
[INFO] [stdout] error[E0433]: cannot find module or crate `test_log` in this scope
[INFO] [stdout]     --> src/simulator.rs:1080:7
[INFO] [stdout]      |
[INFO] [stdout] 1080 |     #[test_log::test]
[INFO] [stdout]      |       ^^^^^^^^ use of unresolved module or unlinked crate `test_log`
[INFO] [stdout] 
[INFO] [stdout] 
[INFO] [stdout] error[E0433]: cannot find module or crate `test_log` in this scope
[INFO] [stdout]     --> src/simulator.rs:1088:7
[INFO] [stdout]      |
[INFO] [stdout] 1088 |     #[test_log::test]
[INFO] [stdout]      |       ^^^^^^^^ use of unresolved module or unlinked crate `test_log`
[INFO] [stdout] 
[INFO] [stdout] 
[INFO] [stdout] error[E0433]: cannot find module or crate `test_log` in this scope
[INFO] [stdout]     --> src/simulator.rs:1098:7
[INFO] [stdout]      |
[INFO] [stdout] 1098 |     #[test_log::test]
[INFO] [stdout]      |       ^^^^^^^^ use of unresolved module or unlinked crate `test_log`
[INFO] [stdout] 
[INFO] [stdout] 
[INFO] [stdout] error[E0433]: cannot find module or crate `test_log` in this scope
[INFO] [stdout]     --> src/simulator.rs:1105:7
[INFO] [stdout]      |
[INFO] [stdout] 1105 |     #[test_log::test]
[INFO] [stdout]      |       ^^^^^^^^ use of unresolved module or unlinked crate `test_log`
[INFO] [stdout] 
[INFO] [stdout] 
[INFO] [stdout] error[E0433]: cannot find module or crate `test_log` in this scope
[INFO] [stdout]     --> src/simulator.rs:1112:7
[INFO] [stdout]      |
[INFO] [stdout] 1112 |     #[test_log::test(switchy_async::test)]
[INFO] [stdout]      |       ^^^^^^^^ use of unresolved module or unlinked crate `test_log`
[INFO] [stdout] 
[INFO] [stdout] 
[INFO] [stdout] error[E0433]: cannot find module or crate `test_log` in this scope
[INFO] [stdout]     --> src/simulator.rs:1150:7
[INFO] [stdout]      |
[INFO] [stdout] 1150 |     #[test_log::test(switchy_async::test)]
[INFO] [stdout]      |       ^^^^^^^^ use of unresolved module or unlinked crate `test_log`
[INFO] [stdout] 
[INFO] [stdout] 
[INFO] [stdout] error[E0433]: cannot find module or crate `test_log` in this scope
[INFO] [stdout]     --> src/simulator.rs:1168:7
[INFO] [stdout]      |
[INFO] [stdout] 1168 |     #[test_log::test(switchy_async::test)]
[INFO] [stdout]      |       ^^^^^^^^ use of unresolved module or unlinked crate `test_log`
[INFO] [stdout] 
[INFO] [stdout] 
[INFO] [stdout] error[E0433]: cannot find module or crate `test_log` in this scope
[INFO] [stdout]     --> src/simulator.rs:1192:7
[INFO] [stdout]      |
[INFO] [stdout] 1192 |     #[test_log::test(switchy_async::test)]
[INFO] [stdout]      |       ^^^^^^^^ use of unresolved module or unlinked crate `test_log`
[INFO] [stdout] 
[INFO] [stdout] 
[INFO] [stdout] error[E0433]: cannot find module or crate `test_log` in this scope
[INFO] [stdout]     --> src/simulator.rs:1204:7
[INFO] [stdout]      |
[INFO] [stdout] 1204 |     #[test_log::test(switchy_async::test)]
[INFO] [stdout]      |       ^^^^^^^^ use of unresolved module or unlinked crate `test_log`
[INFO] [stdout] 
[INFO] [stdout] 
[INFO] [stdout] error[E0433]: cannot find module or crate `test_log` in this scope
[INFO] [stdout]     --> src/simulator.rs:1218:7
[INFO] [stdout]      |
[INFO] [stdout] 1218 |     #[test_log::test(switchy_async::test)]
[INFO] [stdout]      |       ^^^^^^^^ use of unresolved module or unlinked crate `test_log`
[INFO] [stdout] 
[INFO] [stdout] 
[INFO] [stdout] error[E0433]: cannot find module or crate `test_log` in this scope
[INFO] [stdout]     --> src/simulator.rs:1234:7
[INFO] [stdout]      |
[INFO] [stdout] 1234 |     #[test_log::test(switchy_async::test)]
[INFO] [stdout]      |       ^^^^^^^^ use of unresolved module or unlinked crate `test_log`
[INFO] [stdout] 
[INFO] [stdout] 
[INFO] [stdout] error[E0433]: cannot find module or crate `test_log` in this scope
[INFO] [stdout]     --> src/simulator.rs:1250:7
[INFO] [stdout]      |
[INFO] [stdout] 1250 |     #[test_log::test(switchy_async::test)]
[INFO] [stdout]      |       ^^^^^^^^ use of unresolved module or unlinked crate `test_log`
[INFO] [stdout] 
[INFO] [stdout] 
[INFO] [stdout] error[E0433]: cannot find module or crate `test_log` in this scope
[INFO] [stdout]     --> src/simulator.rs:1272:7
[INFO] [stdout]      |
[INFO] [stdout] 1272 |     #[test_log::test]
[INFO] [stdout]      |       ^^^^^^^^ use of unresolved module or unlinked crate `test_log`
[INFO] [stdout] 
[INFO] [stdout] 
[INFO] [stdout] error[E0433]: cannot find module or crate `test_log` in this scope
[INFO] [stdout]     --> src/simulator.rs:1310:7
[INFO] [stdout]      |
[INFO] [stdout] 1310 |     #[test_log::test]
[INFO] [stdout]      |       ^^^^^^^^ use of unresolved module or unlinked crate `test_log`
[INFO] [stdout] 
[INFO] [stdout] 
[INFO] [stdout] error[E0433]: cannot find module or crate `test_log` in this scope
[INFO] [stdout]     --> src/simulator.rs:1320:7
[INFO] [stdout]      |
[INFO] [stdout] 1320 |     #[test_log::test]
[INFO] [stdout]      |       ^^^^^^^^ use of unresolved module or unlinked crate `test_log`
[INFO] [stdout] 
[INFO] [stdout] 
[INFO] [stdout] error[E0433]: cannot find module or crate `test_log` in this scope
[INFO] [stdout]     --> src/simulator.rs:1333:7
[INFO] [stdout]      |
[INFO] [stdout] 1333 |     #[test_log::test]
[INFO] [stdout]      |       ^^^^^^^^ use of unresolved module or unlinked crate `test_log`
[INFO] [stdout] 
[INFO] [stdout] 
[INFO] [stdout] error[E0433]: cannot find module or crate `test_log` in this scope
[INFO] [stdout]     --> src/simulator.rs:1345:7
[INFO] [stdout]      |
[INFO] [stdout] 1345 |     #[test_log::test]
[INFO] [stdout]      |       ^^^^^^^^ use of unresolved module or unlinked crate `test_log`
[INFO] [stdout] 
[INFO] [stdout] 
[INFO] [stdout] error[E0433]: cannot find module or crate `test_log` in this scope
[INFO] [stdout]     --> src/simulator.rs:1357:7
[INFO] [stdout]      |
[INFO] [stdout] 1357 |     #[test_log::test]
[INFO] [stdout]      |       ^^^^^^^^ use of unresolved module or unlinked crate `test_log`
[INFO] [stdout] 
[INFO] [stdout] 
[INFO] [stdout] error[E0433]: cannot find module or crate `test_log` in this scope
[INFO] [stdout]     --> src/simulator.rs:1373:7
[INFO] [stdout]      |
[INFO] [stdout] 1373 |     #[test_log::test(switchy_async::test)]
[INFO] [stdout]      |       ^^^^^^^^ use of unresolved module or unlinked crate `test_log`
[INFO] [stdout] 
[INFO] [stdout] 
[INFO] [stdout] error[E0433]: cannot find module or crate `test_log` in this scope
[INFO] [stdout]     --> src/simulator.rs:1442:7
[INFO] [stdout]      |
[INFO] [stdout] 1442 |     #[test_log::test(switchy_async::test)]
[INFO] [stdout]      |       ^^^^^^^^ use of unresolved module or unlinked crate `test_log`
[INFO] [stdout] 
[INFO] [stdout] 
[INFO] [stdout] error[E0433]: cannot find module or crate `test_log` in this scope
[INFO] [stdout]     --> src/simulator.rs:1456:7
[INFO] [stdout]      |
[INFO] [stdout] 1456 |     #[test_log::test(switchy_async::test)]
[INFO] [stdout]      |       ^^^^^^^^ use of unresolved module or unlinked crate `test_log`
[INFO] [stdout] 
[INFO] [stdout] 
[INFO] [stdout] error[E0433]: cannot find module or crate `test_log` in this scope
[INFO] [stdout]     --> src/simulator.rs:1491:7
[INFO] [stdout]      |
[INFO] [stdout] 1491 |     #[test_log::test]
[INFO] [stdout]      |       ^^^^^^^^ use of unresolved module or unlinked crate `test_log`
[INFO] [stdout] 
[INFO] [stdout] 
[INFO] [stdout] error[E0433]: cannot find module or crate `test_log` in this scope
[INFO] [stdout]     --> src/simulator.rs:1526:7
[INFO] [stdout]      |
[INFO] [stdout] 1526 |     #[test_log::test]
[INFO] [stdout]      |       ^^^^^^^^ use of unresolved module or unlinked crate `test_log`
[INFO] [stdout] 
[INFO] [stdout] 
[INFO] [stdout] error[E0433]: cannot find module or crate `test_log` in this scope
[INFO] [stdout]     --> src/simulator.rs:1572:7
[INFO] [stdout]      |
[INFO] [stdout] 1572 |     #[test_log::test]
[INFO] [stdout]      |       ^^^^^^^^ use of unresolved module or unlinked crate `test_log`
[INFO] [stdout] 
[INFO] [stdout] 
[INFO] [stdout] error[E0433]: cannot find module or crate `test_log` in this scope
[INFO] [stdout]     --> src/simulator.rs:1606:7
[INFO] [stdout]      |
[INFO] [stdout] 1606 |     #[test_log::test(switchy_async::test(real_time))]
[INFO] [stdout]      |       ^^^^^^^^ use of unresolved module or unlinked crate `test_log`
[INFO] [stdout] 
[INFO] [stdout] 
[INFO] [stdout] error[E0433]: cannot find module or crate `test_log` in this scope
[INFO] [stdout]     --> src/simulator.rs:1619:7
[INFO] [stdout]      |
[INFO] [stdout] 1619 |     #[test_log::test(switchy_async::test(real_time))]
[INFO] [stdout]      |       ^^^^^^^^ use of unresolved module or unlinked crate `test_log`
[INFO] [stdout] 
[INFO] [stdout] 
[INFO] [stdout] error[E0433]: cannot find module or crate `test_log` in this scope
[INFO] [stdout]     --> src/simulator.rs:1634:7
[INFO] [stdout]      |
[INFO] [stdout] 1634 |     #[test_log::test(switchy_async::test(real_time))]
[INFO] [stdout]      |       ^^^^^^^^ use of unresolved module or unlinked crate `test_log`
[INFO] [stdout] 
[INFO] [stdout] 
[INFO] [stdout] error[E0433]: cannot find module or crate `test_log` in this scope
[INFO] [stdout]     --> src/simulator.rs:1660:7
[INFO] [stdout]      |
[INFO] [stdout] 1660 |     #[test_log::test(switchy_async::test(real_time))]
[INFO] [stdout]      |       ^^^^^^^^ use of unresolved module or unlinked crate `test_log`
[INFO] [stdout] 
[INFO] [stdout] 
[INFO] [stdout] error[E0433]: cannot find module or crate `test_log` in this scope
[INFO] [stdout]     --> src/simulator.rs:1689:7
[INFO] [stdout]      |
[INFO] [stdout] 1689 |     #[test_log::test(switchy_async::test(real_time))]
[INFO] [stdout]      |       ^^^^^^^^ use of unresolved module or unlinked crate `test_log`
[INFO] [stdout] 
[INFO] [stdout] 
[INFO] [stdout] error[E0433]: cannot find module or crate `test_log` in this scope
[INFO] [stdout]     --> src/simulator.rs:1704:7
[INFO] [stdout]      |
[INFO] [stdout] 1704 |     #[test_log::test(switchy_async::test(real_time))]
[INFO] [stdout]      |       ^^^^^^^^ use of unresolved module or unlinked crate `test_log`
[INFO] [stdout] 
[INFO] [stdout] 
[INFO] [stdout] error[E0433]: cannot find module or crate `test_log` in this scope
[INFO] [stdout]     --> src/simulator.rs:1733:7
[INFO] [stdout]      |
[INFO] [stdout] 1733 |     #[test_log::test]
[INFO] [stdout]      |       ^^^^^^^^ use of unresolved module or unlinked crate `test_log`
[INFO] [stdout] 
[INFO] [stdout] 
[INFO] [stdout] error[E0433]: cannot find module or crate `test_log` in this scope
[INFO] [stdout]     --> src/simulator.rs:1764:7
[INFO] [stdout]      |
[INFO] [stdout] 1764 |     #[test_log::test]
[INFO] [stdout]      |       ^^^^^^^^ use of unresolved module or unlinked crate `test_log`
[INFO] [stdout] 
[INFO] [stdout] 
[INFO] [stdout] error[E0433]: cannot find module or crate `test_log` in this scope
[INFO] [stdout]     --> src/simulator.rs:1773:7
[INFO] [stdout]      |
[INFO] [stdout] 1773 |     #[test_log::test]
[INFO] [stdout]      |       ^^^^^^^^ use of unresolved module or unlinked crate `test_log`
[INFO] [stdout] 
[INFO] [stdout] 
[INFO] [stdout] error[E0433]: cannot find module or crate `test_log` in this scope
[INFO] [stdout]     --> src/simulator.rs:1785:7
[INFO] [stdout]      |
[INFO] [stdout] 1785 |     #[test_log::test(switchy_async::test)]
[INFO] [stdout]      |       ^^^^^^^^ use of unresolved module or unlinked crate `test_log`
[INFO] [stdout] 
[INFO] [stdout] 
[INFO] [stdout] error[E0433]: cannot find module or crate `test_log` in this scope
[INFO] [stdout]     --> src/simulator.rs:1828:7
[INFO] [stdout]      |
[INFO] [stdout] 1828 |     #[test_log::test(switchy_async::test)]
[INFO] [stdout]      |       ^^^^^^^^ use of unresolved module or unlinked crate `test_log`
[INFO] [stdout] 
[INFO] [stdout] 
[INFO] [stdout] For more information about this error, try `rustc --explain E0433`.
[INFO] [stdout] 
[INFO] [stderr] error: could not compile `switchy_p2p` (lib test) due to 55 previous errors
[INFO] running `Command { std: "docker" "inspect" "9b82ab95db351efbadbcfac374fc3bbdb6dce6a3a1527c79754990b06f1e148f", kill_on_drop: false }`
[INFO] running `Command { std: "docker" "rm" "-f" "9b82ab95db351efbadbcfac374fc3bbdb6dce6a3a1527c79754990b06f1e148f", kill_on_drop: false }`
[INFO] [stdout] 9b82ab95db351efbadbcfac374fc3bbdb6dce6a3a1527c79754990b06f1e148f
