[INFO] fetching crate switchy_async 0.5.0...
[INFO] testing switchy_async-0.5.0 against 1.100.0-beta.1+cargoflags=--release for beta-release-1.100-2
[INFO] extracting crate switchy_async 0.5.0 into /workspace/builds/worker-5-tc2/source
[INFO] started tweaking crates.io crate switchy_async 0.5.0
[INFO] removed 0 missing tests
[INFO] finished tweaking crates.io crate switchy_async 0.5.0
[INFO] tweaked toml for crates.io crate switchy_async 0.5.0 written to /workspace/builds/worker-5-tc2/source/Cargo.toml
[INFO] validating manifest of crates.io crate switchy_async 0.5.0 on toolchain 1.100.0-beta.1
[INFO] running `Command { std: CARGO_HOME="/workspace/cargo-home" RUSTUP_HOME="/workspace/rustup-home" "/workspace/cargo-home/bin/cargo" "+1.100.0-beta.1" "metadata" "--manifest-path" "Cargo.toml" "--no-deps", kill_on_drop: false }`
[INFO] crate crates.io crate switchy_async 0.5.0 already has a lockfile, it will not be regenerated
[INFO] running `Command { std: CARGO_HOME="/workspace/cargo-home" RUSTUP_HOME="/workspace/rustup-home" "/workspace/cargo-home/bin/cargo" "+1.100.0-beta.1" "fetch" "--manifest-path" "Cargo.toml", kill_on_drop: false }`
[INFO] running `Command { std: "docker" "create" "-v" "/var/lib/crater-agent-workspace/builds/worker-5-tc2/source:/opt/rustwide/workdir:ro,Z" "-v" "/var/lib/crater-agent-workspace/builds/worker-5-tc2/target:/opt/rustwide/target:rw,Z" "-v" "/var/lib/crater-agent-workspace/cargo-home:/opt/rustwide/cargo-home:ro,Z" "-v" "/var/lib/crater-agent-workspace/rustup-home:/opt/rustwide/rustup-home:ro,Z" "-m" "1610612736" "--network" "none" "ghcr.io/rust-lang/crates-build-env/linux@sha256:77db811e55d90add9212f6832c23229e3de5f1c1f9905e8cb07319ea15df73ac" "sleep" "infinity", kill_on_drop: false }`
[INFO] [stdout] db3bcc84ebd3765698a1d8e36884b0bd2ad5e92cbf30abf02a8fbb414b8a043e
[INFO] running `Command { std: "docker" "start" "db3bcc84ebd3765698a1d8e36884b0bd2ad5e92cbf30abf02a8fbb414b8a043e", kill_on_drop: false }`
[INFO] running `Command { std: "docker" "inspect" "db3bcc84ebd3765698a1d8e36884b0bd2ad5e92cbf30abf02a8fbb414b8a043e", kill_on_drop: false }`
[INFO] running `Command { std: "docker" "exec" "-e" "SOURCE_DIR=/opt/rustwide/workdir" "-e" "CARGO_HOME=/opt/rustwide/cargo-home" "-e" "RUSTUP_HOME=/opt/rustwide/rustup-home" "-e" "CARGO_TARGET_DIR=/opt/rustwide/target" "-w" "/opt/rustwide/workdir" "--user" "0:0" "db3bcc84ebd3765698a1d8e36884b0bd2ad5e92cbf30abf02a8fbb414b8a043e" "/opt/rustwide/cargo-home/bin/cargo" "+1.100.0-beta.1" "metadata" "--no-deps" "--format-version=1", kill_on_drop: false }`
[INFO] running `Command { std: "docker" "inspect" "db3bcc84ebd3765698a1d8e36884b0bd2ad5e92cbf30abf02a8fbb414b8a043e", kill_on_drop: false }`
[INFO] running `Command { std: "docker" "exec" "-e" "SOURCE_DIR=/opt/rustwide/workdir" "-e" "CARGO_HOME=/opt/rustwide/cargo-home" "-e" "RUSTUP_HOME=/opt/rustwide/rustup-home" "-e" "CARGO_TARGET_DIR=/opt/rustwide/target" "-e" "CARGO_INCREMENTAL=0" "-e" "RUST_BACKTRACE=full" "-e" "RUSTFLAGS=--cap-lints=warn" "-e" "RUSTDOCFLAGS=--cap-lints=warn" "-w" "/opt/rustwide/workdir" "--user" "0:0" "db3bcc84ebd3765698a1d8e36884b0bd2ad5e92cbf30abf02a8fbb414b8a043e" "/opt/rustwide/cargo-home/bin/cargo" "+1.100.0-beta.1" "build" "--frozen" "--message-format=json" "--release", kill_on_drop: false }`
[INFO] [stderr]    Compiling toml_datetime v1.1.2+spec-1.1.0
[INFO] [stderr]    Compiling toml_parser v1.1.5+spec-1.1.0
[INFO] [stderr]    Compiling log v0.4.34
[INFO] [stderr]    Compiling fastrand v2.5.0
[INFO] [stderr]    Compiling spin v0.9.9
[INFO] [stderr]    Compiling ppv-lite86 v0.2.21
[INFO] [stderr]    Compiling futures-macro v0.3.34
[INFO] [stderr]    Compiling thiserror-impl v2.0.21
[INFO] [stderr]    Compiling tokio v1.53.3
[INFO] [stderr]    Compiling flume v0.12.0
[INFO] [stderr]    Compiling rand_chacha v0.3.1
[INFO] [stderr]    Compiling toml_edit v0.25.17+spec-1.1.0
[INFO] [stderr]    Compiling futures-util v0.3.34
[INFO] [stderr]    Compiling rand v0.8.5
[INFO] [stderr]    Compiling thiserror v2.0.21
[INFO] [stderr]    Compiling proc-macro-crate v3.5.0
[INFO] [stderr]    Compiling switchy_random v0.5.0
[INFO] [stderr]    Compiling switchy_time v0.5.0
[INFO] [stderr]    Compiling switchy_async_macros v0.5.0
[INFO] [stderr]    Compiling futures-executor v0.3.34
[INFO] [stderr]    Compiling futures v0.3.34
[INFO] [stderr]    Compiling tokio-util v0.7.20
[INFO] [stderr]    Compiling switchy_async v0.5.0 (/opt/rustwide/workdir)
[INFO] [stderr]     Finished `release` profile [optimized] target(s) in 18.25s
[INFO] running `Command { std: "docker" "inspect" "db3bcc84ebd3765698a1d8e36884b0bd2ad5e92cbf30abf02a8fbb414b8a043e", kill_on_drop: false }`
[INFO] running `Command { std: "docker" "exec" "-e" "SOURCE_DIR=/opt/rustwide/workdir" "-e" "CARGO_HOME=/opt/rustwide/cargo-home" "-e" "RUSTUP_HOME=/opt/rustwide/rustup-home" "-e" "CARGO_TARGET_DIR=/opt/rustwide/target" "-e" "CARGO_INCREMENTAL=0" "-e" "RUST_BACKTRACE=full" "-e" "RUSTFLAGS=--cap-lints=warn" "-e" "RUSTDOCFLAGS=--cap-lints=warn" "-w" "/opt/rustwide/workdir" "--user" "0:0" "db3bcc84ebd3765698a1d8e36884b0bd2ad5e92cbf30abf02a8fbb414b8a043e" "/opt/rustwide/cargo-home/bin/cargo" "+1.100.0-beta.1" "test" "--frozen" "--no-run" "--message-format=json" "--release", kill_on_drop: false }`
[INFO] [stderr]    Compiling switchy_async v0.5.0 (/opt/rustwide/workdir)
[INFO] [stdout] error[E0433]: cannot find module or crate `test_log` in this scope
[INFO] [stdout]    --> tests/barrier_integration.rs:296:3
[INFO] [stdout]     |
[INFO] [stdout] 296 | #[test_log::test]
[INFO] [stdout]     |   ^^^^^^^^ use of unresolved module or unlinked crate `test_log`
[INFO] [stdout] 
[INFO] [stdout] 
[INFO] [stdout] error[E0432]: unresolved import `pretty_assertions`
[INFO] [stdout]    --> src/tokio/runtime.rs:310:9
[INFO] [stdout]     |
[INFO] [stdout] 310 |     use pretty_assertions::{assert_eq, assert_ne};
[INFO] [stdout]     |         ^^^^^^^^^^^^^^^^^ use of unresolved module or unlinked crate `pretty_assertions`
[INFO] [stdout]     |
[INFO] [stdout]     = help: if you wanted to use a crate named `pretty_assertions`, use `cargo add pretty_assertions` to add it to your `Cargo.toml`
[INFO] [stdout] 
[INFO] [stdout] 
[INFO] [stdout] error[E0432]: unresolved import `pretty_assertions`
[INFO] [stdout]    --> src/simulator/runtime.rs:882:9
[INFO] [stdout]     |
[INFO] [stdout] 882 |     use pretty_assertions::{assert_eq, assert_ne};
[INFO] [stdout]     |         ^^^^^^^^^^^^^^^^^ use of unresolved module or unlinked crate `pretty_assertions`
[INFO] [stdout]     |
[INFO] [stdout]     = help: if you wanted to use a crate named `pretty_assertions`, use `cargo add pretty_assertions` to add it to your `Cargo.toml`
[INFO] [stdout] 
[INFO] [stdout] 
[INFO] [stdout] error[E0433]: cannot find module or crate `test_log` in this scope
[INFO] [stdout]   --> src/tokio/util.rs:69:7
[INFO] [stdout]    |
[INFO] [stdout] 69 |     #[test_log::test]
[INFO] [stdout]    |       ^^^^^^^^ use of unresolved module or unlinked crate `test_log`
[INFO] [stdout] 
[INFO] [stdout] 
[INFO] [stdout] error[E0433]: cannot find module or crate `test_log` in this scope
[INFO] [stdout]   --> src/tokio/util.rs:87:7
[INFO] [stdout]    |
[INFO] [stdout] 87 |     #[test_log::test]
[INFO] [stdout]    |       ^^^^^^^^ use of unresolved module or unlinked crate `test_log`
[INFO] [stdout] 
[INFO] [stdout] 
[INFO] [stdout] error[E0433]: cannot find module or crate `test_log` in this scope
[INFO] [stdout]    --> src/tokio/util.rs:111:7
[INFO] [stdout]     |
[INFO] [stdout] 111 |     #[test_log::test]
[INFO] [stdout]     |       ^^^^^^^^ use of unresolved module or unlinked crate `test_log`
[INFO] [stdout] 
[INFO] [stdout] 
[INFO] [stdout] error[E0433]: cannot find module or crate `test_log` in this scope
[INFO] [stdout]    --> src/simulator/futures.rs:506:7
[INFO] [stdout]     |
[INFO] [stdout] 506 |     #[test_log::test]
[INFO] [stdout]     |       ^^^^^^^^ use of unresolved module or unlinked crate `test_log`
[INFO] [stdout] 
[INFO] [stdout] 
[INFO] [stdout] error[E0433]: cannot find module or crate `test_log` in this scope
[INFO] [stdout]    --> src/simulator/futures.rs:512:7
[INFO] [stdout]     |
[INFO] [stdout] 512 |     #[test_log::test]
[INFO] [stdout]     |       ^^^^^^^^ use of unresolved module or unlinked crate `test_log`
[INFO] [stdout] 
[INFO] [stdout] 
[INFO] [stdout] error[E0433]: cannot find module or crate `test_log` in this scope
[INFO] [stdout]    --> src/simulator/futures.rs:528:7
[INFO] [stdout]     |
[INFO] [stdout] 528 |     #[test_log::test]
[INFO] [stdout]     |       ^^^^^^^^ use of unresolved module or unlinked crate `test_log`
[INFO] [stdout] 
[INFO] [stdout] 
[INFO] [stdout] error[E0433]: cannot find module or crate `test_log` in this scope
[INFO] [stdout]    --> src/simulator/futures.rs:550:7
[INFO] [stdout]     |
[INFO] [stdout] 550 |     #[test_log::test]
[INFO] [stdout]     |       ^^^^^^^^ use of unresolved module or unlinked crate `test_log`
[INFO] [stdout] 
[INFO] [stdout] 
[INFO] [stdout] error[E0433]: cannot find module or crate `test_log` in this scope
[INFO] [stdout]    --> src/simulator/futures.rs:556:7
[INFO] [stdout]     |
[INFO] [stdout] 556 |     #[test_log::test]
[INFO] [stdout]     |       ^^^^^^^^ use of unresolved module or unlinked crate `test_log`
[INFO] [stdout] 
[INFO] [stdout] 
[INFO] [stdout] error[E0433]: cannot find module or crate `test_log` in this scope
[INFO] [stdout]    --> src/simulator/futures.rs:567:7
[INFO] [stdout]     |
[INFO] [stdout] 567 |     #[test_log::test]
[INFO] [stdout]     |       ^^^^^^^^ use of unresolved module or unlinked crate `test_log`
[INFO] [stdout] 
[INFO] [stdout] 
[INFO] [stdout] error[E0433]: cannot find module or crate `test_log` in this scope
[INFO] [stdout]    --> src/simulator/futures.rs:573:7
[INFO] [stdout]     |
[INFO] [stdout] 573 |     #[test_log::test]
[INFO] [stdout]     |       ^^^^^^^^ use of unresolved module or unlinked crate `test_log`
[INFO] [stdout] 
[INFO] [stdout] 
[INFO] [stdout] error[E0433]: cannot find module or crate `test_log` in this scope
[INFO] [stdout]    --> src/simulator/futures.rs:580:7
[INFO] [stdout]     |
[INFO] [stdout] 580 |     #[test_log::test]
[INFO] [stdout]     |       ^^^^^^^^ use of unresolved module or unlinked crate `test_log`
[INFO] [stdout] 
[INFO] [stdout] 
[INFO] [stdout] error[E0433]: cannot find module or crate `test_log` in this scope
[INFO] [stdout]    --> src/simulator/futures.rs:589:7
[INFO] [stdout]     |
[INFO] [stdout] 589 |     #[test_log::test]
[INFO] [stdout]     |       ^^^^^^^^ use of unresolved module or unlinked crate `test_log`
[INFO] [stdout] 
[INFO] [stdout] 
[INFO] [stdout] error[E0433]: cannot find module or crate `test_log` in this scope
[INFO] [stdout]    --> src/simulator/futures.rs:597:7
[INFO] [stdout]     |
[INFO] [stdout] 597 |     #[test_log::test]
[INFO] [stdout]     |       ^^^^^^^^ use of unresolved module or unlinked crate `test_log`
[INFO] [stdout] 
[INFO] [stdout] 
[INFO] [stdout] error[E0433]: cannot find module or crate `test_log` in this scope
[INFO] [stdout]    --> src/simulator/futures.rs:612:7
[INFO] [stdout]     |
[INFO] [stdout] 612 |     #[test_log::test]
[INFO] [stdout]     |       ^^^^^^^^ use of unresolved module or unlinked crate `test_log`
[INFO] [stdout] 
[INFO] [stdout] 
[INFO] [stdout] error[E0433]: cannot find module or crate `test_log` in this scope
[INFO] [stdout]    --> src/simulator/futures.rs:627:7
[INFO] [stdout]     |
[INFO] [stdout] 627 |     #[test_log::test]
[INFO] [stdout]     |       ^^^^^^^^ use of unresolved module or unlinked crate `test_log`
[INFO] [stdout] 
[INFO] [stdout] 
[INFO] [stdout] error[E0433]: cannot find module or crate `test_log` in this scope
[INFO] [stdout]    --> src/simulator/futures.rs:653:7
[INFO] [stdout]     |
[INFO] [stdout] 653 |     #[test_log::test]
[INFO] [stdout]     |       ^^^^^^^^ use of unresolved module or unlinked crate `test_log`
[INFO] [stdout] 
[INFO] [stdout] 
[INFO] [stdout] error[E0433]: cannot find module or crate `test_log` in this scope
[INFO] [stdout]    --> src/simulator/futures.rs:676:7
[INFO] [stdout]     |
[INFO] [stdout] 676 |     #[test_log::test]
[INFO] [stdout]     |       ^^^^^^^^ use of unresolved module or unlinked crate `test_log`
[INFO] [stdout] 
[INFO] [stdout] 
[INFO] [stdout] error[E0433]: cannot find module or crate `test_log` in this scope
[INFO] [stdout]    --> src/simulator/futures.rs:712:7
[INFO] [stdout]     |
[INFO] [stdout] 712 |     #[test_log::test]
[INFO] [stdout]     |       ^^^^^^^^ use of unresolved module or unlinked crate `test_log`
[INFO] [stdout] 
[INFO] [stdout] 
[INFO] [stdout] error[E0433]: cannot find module or crate `test_log` in this scope
[INFO] [stdout]    --> src/simulator/futures.rs:724:7
[INFO] [stdout]     |
[INFO] [stdout] 724 |     #[test_log::test]
[INFO] [stdout]     |       ^^^^^^^^ use of unresolved module or unlinked crate `test_log`
[INFO] [stdout] 
[INFO] [stdout] 
[INFO] [stdout] error[E0433]: cannot find module or crate `test_log` in this scope
[INFO] [stdout]    --> src/simulator/futures.rs:739:7
[INFO] [stdout]     |
[INFO] [stdout] 739 |     #[test_log::test]
[INFO] [stdout]     |       ^^^^^^^^ use of unresolved module or unlinked crate `test_log`
[INFO] [stdout] 
[INFO] [stdout] 
[INFO] [stdout] error[E0433]: cannot find module or crate `test_log` in this scope
[INFO] [stdout]    --> src/simulator/futures.rs:770:7
[INFO] [stdout]     |
[INFO] [stdout] 770 |     #[test_log::test]
[INFO] [stdout]     |       ^^^^^^^^ use of unresolved module or unlinked crate `test_log`
[INFO] [stdout] 
[INFO] [stdout] 
[INFO] [stdout] error[E0433]: cannot find module or crate `test_log` in this scope
[INFO] [stdout]    --> src/simulator/runtime.rs:892:7
[INFO] [stdout]     |
[INFO] [stdout] 892 |     #[test_log::test]
[INFO] [stdout]     |       ^^^^^^^^ use of unresolved module or unlinked crate `test_log`
[INFO] [stdout] 
[INFO] [stdout] 
[INFO] [stdout] error[E0433]: cannot find module or crate `test_log` in this scope
[INFO] [stdout]    --> src/simulator/runtime.rs:917:7
[INFO] [stdout]     |
[INFO] [stdout] 917 |     #[test_log::test]
[INFO] [stdout]     |       ^^^^^^^^ use of unresolved module or unlinked crate `test_log`
[INFO] [stdout] 
[INFO] [stdout] 
[INFO] [stdout] error[E0433]: cannot find module or crate `test_log` in this scope
[INFO] [stdout]    --> src/simulator/runtime.rs:940:7
[INFO] [stdout]     |
[INFO] [stdout] 940 |     #[test_log::test]
[INFO] [stdout]     |       ^^^^^^^^ use of unresolved module or unlinked crate `test_log`
[INFO] [stdout] 
[INFO] [stdout] 
[INFO] [stdout] error[E0433]: cannot find module or crate `test_log` in this scope
[INFO] [stdout]    --> src/simulator/runtime.rs:953:7
[INFO] [stdout]     |
[INFO] [stdout] 953 |     #[test_log::test]
[INFO] [stdout]     |       ^^^^^^^^ use of unresolved module or unlinked crate `test_log`
[INFO] [stdout] 
[INFO] [stdout] 
[INFO] [stdout] error[E0433]: cannot find module or crate `test_log` in this scope
[INFO] [stdout]    --> src/simulator/runtime.rs:977:7
[INFO] [stdout]     |
[INFO] [stdout] 977 |     #[test_log::test]
[INFO] [stdout]     |       ^^^^^^^^ use of unresolved module or unlinked crate `test_log`
[INFO] [stdout] 
[INFO] [stdout] 
[INFO] [stdout] error[E0433]: cannot find module or crate `test_log` in this scope
[INFO] [stdout]    --> src/simulator/runtime.rs:991:7
[INFO] [stdout]     |
[INFO] [stdout] 991 |     #[test_log::test]
[INFO] [stdout]     |       ^^^^^^^^ use of unresolved module or unlinked crate `test_log`
[INFO] [stdout] 
[INFO] [stdout] 
[INFO] [stdout] error[E0433]: cannot find module or crate `test_log` in this scope
[INFO] [stdout]     --> src/simulator/runtime.rs:1005:7
[INFO] [stdout]      |
[INFO] [stdout] 1005 |     #[test_log::test]
[INFO] [stdout]      |       ^^^^^^^^ use of unresolved module or unlinked crate `test_log`
[INFO] [stdout] 
[INFO] [stdout] 
[INFO] [stdout] error[E0433]: cannot find module or crate `test_log` in this scope
[INFO] [stdout]     --> src/simulator/runtime.rs:1018:7
[INFO] [stdout]      |
[INFO] [stdout] 1018 |     #[test_log::test]
[INFO] [stdout]      |       ^^^^^^^^ use of unresolved module or unlinked crate `test_log`
[INFO] [stdout] 
[INFO] [stdout] 
[INFO] [stdout] error[E0433]: cannot find module or crate `test_log` in this scope
[INFO] [stdout]     --> src/simulator/runtime.rs:1038:7
[INFO] [stdout]      |
[INFO] [stdout] 1038 |     #[test_log::test]
[INFO] [stdout]      |       ^^^^^^^^ use of unresolved module or unlinked crate `test_log`
[INFO] [stdout] 
[INFO] [stdout] 
[INFO] [stdout] error[E0433]: cannot find module or crate `test_log` in this scope
[INFO] [stdout]     --> src/simulator/runtime.rs:1044:7
[INFO] [stdout]      |
[INFO] [stdout] 1044 |     #[test_log::test]
[INFO] [stdout]      |       ^^^^^^^^ use of unresolved module or unlinked crate `test_log`
[INFO] [stdout] 
[INFO] [stdout] 
[INFO] [stdout] error[E0433]: cannot find module or crate `test_log` in this scope
[INFO] [stdout]     --> src/simulator/runtime.rs:1056:7
[INFO] [stdout]      |
[INFO] [stdout] 1056 |     #[test_log::test]
[INFO] [stdout]      |       ^^^^^^^^ use of unresolved module or unlinked crate `test_log`
[INFO] [stdout] 
[INFO] [stdout] 
[INFO] [stdout] error[E0433]: cannot find module or crate `test_log` in this scope
[INFO] [stdout]     --> src/simulator/runtime.rs:1068:7
[INFO] [stdout]      |
[INFO] [stdout] 1068 |     #[test_log::test]
[INFO] [stdout]      |       ^^^^^^^^ use of unresolved module or unlinked crate `test_log`
[INFO] [stdout] 
[INFO] [stdout] 
[INFO] [stdout] error[E0433]: cannot find module or crate `test_log` in this scope
[INFO] [stdout]     --> src/simulator/runtime.rs:1083:7
[INFO] [stdout]      |
[INFO] [stdout] 1083 |     #[test_log::test]
[INFO] [stdout]      |       ^^^^^^^^ use of unresolved module or unlinked crate `test_log`
[INFO] [stdout] 
[INFO] [stdout] 
[INFO] [stdout] error[E0433]: cannot find module or crate `test_log` in this scope
[INFO] [stdout]     --> src/simulator/runtime.rs:1096:7
[INFO] [stdout]      |
[INFO] [stdout] 1096 |     #[test_log::test]
[INFO] [stdout]      |       ^^^^^^^^ use of unresolved module or unlinked crate `test_log`
[INFO] [stdout] 
[INFO] [stdout] 
[INFO] [stdout] error[E0433]: cannot find module or crate `test_log` in this scope
[INFO] [stdout]     --> src/simulator/runtime.rs:1112:7
[INFO] [stdout]      |
[INFO] [stdout] 1112 |     #[test_log::test]
[INFO] [stdout]      |       ^^^^^^^^ use of unresolved module or unlinked crate `test_log`
[INFO] [stdout] 
[INFO] [stdout] 
[INFO] [stdout] error[E0433]: cannot find module or crate `test_log` in this scope
[INFO] [stdout]     --> src/simulator/runtime.rs:1124:7
[INFO] [stdout]      |
[INFO] [stdout] 1124 |     #[test_log::test]
[INFO] [stdout]      |       ^^^^^^^^ use of unresolved module or unlinked crate `test_log`
[INFO] [stdout] 
[INFO] [stdout] 
[INFO] [stdout] error[E0433]: cannot find module or crate `test_log` in this scope
[INFO] [stdout]     --> src/simulator/runtime.rs:1136:7
[INFO] [stdout]      |
[INFO] [stdout] 1136 |     #[test_log::test]
[INFO] [stdout]      |       ^^^^^^^^ use of unresolved module or unlinked crate `test_log`
[INFO] [stdout] 
[INFO] [stdout] 
[INFO] [stdout] error[E0433]: cannot find module or crate `test_log` in this scope
[INFO] [stdout]     --> src/simulator/runtime.rs:1157:7
[INFO] [stdout]      |
[INFO] [stdout] 1157 |     #[test_log::test]
[INFO] [stdout]      |       ^^^^^^^^ use of unresolved module or unlinked crate `test_log`
[INFO] [stdout] 
[INFO] [stdout] 
[INFO] [stdout] error[E0433]: cannot find module or crate `test_log` in this scope
[INFO] [stdout]     --> src/simulator/runtime.rs:1173:7
[INFO] [stdout]      |
[INFO] [stdout] 1173 |     #[test_log::test]
[INFO] [stdout]      |       ^^^^^^^^ use of unresolved module or unlinked crate `test_log`
[INFO] [stdout] 
[INFO] [stdout] 
[INFO] [stdout] error[E0433]: cannot find module or crate `test_log` in this scope
[INFO] [stdout]     --> src/simulator/runtime.rs:1184:7
[INFO] [stdout]      |
[INFO] [stdout] 1184 |     #[test_log::test]
[INFO] [stdout]      |       ^^^^^^^^ use of unresolved module or unlinked crate `test_log`
[INFO] [stdout] 
[INFO] [stdout] 
[INFO] [stdout] error[E0433]: cannot find module or crate `test_log` in this scope
[INFO] [stdout]     --> src/simulator/runtime.rs:1217:7
[INFO] [stdout]      |
[INFO] [stdout] 1217 |     #[test_log::test]
[INFO] [stdout]      |       ^^^^^^^^ use of unresolved module or unlinked crate `test_log`
[INFO] [stdout] 
[INFO] [stdout] 
[INFO] [stdout] error[E0433]: cannot find module or crate `test_log` in this scope
[INFO] [stdout]     --> src/simulator/runtime.rs:1275:7
[INFO] [stdout]      |
[INFO] [stdout] 1275 |     #[test_log::test]
[INFO] [stdout]      |       ^^^^^^^^ use of unresolved module or unlinked crate `test_log`
[INFO] [stdout] 
[INFO] [stdout] 
[INFO] [stdout] error[E0433]: cannot find module or crate `test_log` in this scope
[INFO] [stdout]     --> src/simulator/runtime.rs:1284:7
[INFO] [stdout]      |
[INFO] [stdout] 1284 |     #[test_log::test]
[INFO] [stdout]      |       ^^^^^^^^ use of unresolved module or unlinked crate `test_log`
[INFO] [stdout] 
[INFO] [stdout] 
[INFO] [stdout] error[E0433]: cannot find module or crate `test_log` in this scope
[INFO] [stdout]     --> src/simulator/runtime.rs:1294:7
[INFO] [stdout]      |
[INFO] [stdout] 1294 |     #[test_log::test]
[INFO] [stdout]      |       ^^^^^^^^ use of unresolved module or unlinked crate `test_log`
[INFO] [stdout] 
[INFO] [stdout] 
[INFO] [stdout] error[E0433]: cannot find module or crate `test_log` in this scope
[INFO] [stdout]     --> src/simulator/runtime.rs:1350:7
[INFO] [stdout]      |
[INFO] [stdout] 1350 |     #[test_log::test]
[INFO] [stdout]      |       ^^^^^^^^ use of unresolved module or unlinked crate `test_log`
[INFO] [stdout] 
[INFO] [stdout] 
[INFO] [stdout] error[E0433]: cannot find module or crate `test_log` in this scope
[INFO] [stdout]     --> src/simulator/runtime.rs:1387:7
[INFO] [stdout]      |
[INFO] [stdout] 1387 |     #[test_log::test]
[INFO] [stdout]      |       ^^^^^^^^ use of unresolved module or unlinked crate `test_log`
[INFO] [stdout] 
[INFO] [stdout] 
[INFO] [stdout] error[E0433]: cannot find module or crate `test_log` in this scope
[INFO] [stdout]     --> src/simulator/runtime.rs:1432:7
[INFO] [stdout]      |
[INFO] [stdout] 1432 |     #[test_log::test]
[INFO] [stdout]      |       ^^^^^^^^ use of unresolved module or unlinked crate `test_log`
[INFO] [stdout] 
[INFO] [stdout] 
[INFO] [stdout] error[E0433]: cannot find module or crate `test_log` in this scope
[INFO] [stdout]     --> src/simulator/runtime.rs:1475:7
[INFO] [stdout]      |
[INFO] [stdout] 1475 |     #[test_log::test]
[INFO] [stdout]      |       ^^^^^^^^ use of unresolved module or unlinked crate `test_log`
[INFO] [stdout] 
[INFO] [stdout] 
[INFO] [stdout] error[E0433]: cannot find module or crate `test_log` in this scope
[INFO] [stdout]     --> src/simulator/runtime.rs:1527:7
[INFO] [stdout]      |
[INFO] [stdout] 1527 |     #[test_log::test]
[INFO] [stdout]      |       ^^^^^^^^ use of unresolved module or unlinked crate `test_log`
[INFO] [stdout] 
[INFO] [stdout] 
[INFO] [stdout] error[E0433]: cannot find module or crate `test_log` in this scope
[INFO] [stdout]     --> src/simulator/runtime.rs:1555:7
[INFO] [stdout]      |
[INFO] [stdout] 1555 |     #[test_log::test]
[INFO] [stdout]      |       ^^^^^^^^ use of unresolved module or unlinked crate `test_log`
[INFO] [stdout] 
[INFO] [stdout] 
[INFO] [stdout] error[E0433]: cannot find module or crate `test_log` in this scope
[INFO] [stdout]     --> src/simulator/runtime.rs:1569:7
[INFO] [stdout]      |
[INFO] [stdout] 1569 |     #[test_log::test]
[INFO] [stdout]      |       ^^^^^^^^ use of unresolved module or unlinked crate `test_log`
[INFO] [stdout] 
[INFO] [stdout] 
[INFO] [stdout] error[E0433]: cannot find module or crate `test_log` in this scope
[INFO] [stdout]     --> src/simulator/runtime.rs:1586:7
[INFO] [stdout]      |
[INFO] [stdout] 1586 |     #[test_log::test]
[INFO] [stdout]      |       ^^^^^^^^ use of unresolved module or unlinked crate `test_log`
[INFO] [stdout] 
[INFO] [stdout] 
[INFO] [stdout] error[E0433]: cannot find module or crate `test_log` in this scope
[INFO] [stdout]     --> src/simulator/runtime.rs:1596:7
[INFO] [stdout]      |
[INFO] [stdout] 1596 |     #[test_log::test]
[INFO] [stdout]      |       ^^^^^^^^ use of unresolved module or unlinked crate `test_log`
[INFO] [stdout] 
[INFO] [stdout] 
[INFO] [stdout] error[E0433]: cannot find module or crate `test_log` in this scope
[INFO] [stdout]     --> src/simulator/runtime.rs:1610:7
[INFO] [stdout]      |
[INFO] [stdout] 1610 |     #[test_log::test]
[INFO] [stdout]      |       ^^^^^^^^ use of unresolved module or unlinked crate `test_log`
[INFO] [stdout] 
[INFO] [stdout] 
[INFO] [stdout] error[E0433]: cannot find module or crate `test_log` in this scope
[INFO] [stdout]     --> src/simulator/runtime.rs:1621:7
[INFO] [stdout]      |
[INFO] [stdout] 1621 |     #[test_log::test]
[INFO] [stdout]      |       ^^^^^^^^ use of unresolved module or unlinked crate `test_log`
[INFO] [stdout] 
[INFO] [stdout] 
[INFO] [stdout] error[E0433]: cannot find module or crate `test_log` in this scope
[INFO] [stdout]     --> src/simulator/runtime.rs:1630:7
[INFO] [stdout]      |
[INFO] [stdout] 1630 |     #[test_log::test]
[INFO] [stdout]      |       ^^^^^^^^ use of unresolved module or unlinked crate `test_log`
[INFO] [stdout] 
[INFO] [stdout] 
[INFO] [stdout] error[E0433]: cannot find module or crate `test_log` in this scope
[INFO] [stdout]     --> src/simulator/runtime.rs:1640:7
[INFO] [stdout]      |
[INFO] [stdout] 1640 |     #[test_log::test]
[INFO] [stdout]      |       ^^^^^^^^ use of unresolved module or unlinked crate `test_log`
[INFO] [stdout] 
[INFO] [stdout] 
[INFO] [stdout] error[E0433]: cannot find module or crate `test_log` in this scope
[INFO] [stdout]     --> src/simulator/runtime.rs:1658:7
[INFO] [stdout]      |
[INFO] [stdout] 1658 |     #[test_log::test]
[INFO] [stdout]      |       ^^^^^^^^ use of unresolved module or unlinked crate `test_log`
[INFO] [stdout] 
[INFO] [stdout] 
[INFO] [stdout] error[E0433]: cannot find module or crate `test_log` in this scope
[INFO] [stdout]     --> src/simulator/runtime.rs:1674:7
[INFO] [stdout]      |
[INFO] [stdout] 1674 |     #[test_log::test]
[INFO] [stdout]      |       ^^^^^^^^ use of unresolved module or unlinked crate `test_log`
[INFO] [stdout] 
[INFO] [stdout] 
[INFO] [stdout] error[E0433]: cannot find module or crate `test_log` in this scope
[INFO] [stdout]     --> src/simulator/runtime.rs:1699:7
[INFO] [stdout]      |
[INFO] [stdout] 1699 |     #[test_log::test]
[INFO] [stdout]      |       ^^^^^^^^ use of unresolved module or unlinked crate `test_log`
[INFO] [stdout] 
[INFO] [stdout] 
[INFO] [stdout] error[E0433]: cannot find module or crate `test_log` in this scope
[INFO] [stdout]     --> src/simulator/runtime.rs:1724:7
[INFO] [stdout]      |
[INFO] [stdout] 1724 |     #[test_log::test]
[INFO] [stdout]      |       ^^^^^^^^ use of unresolved module or unlinked crate `test_log`
[INFO] [stdout] 
[INFO] [stdout] 
[INFO] [stdout] error[E0433]: cannot find module or crate `test_log` in this scope
[INFO] [stdout]     --> src/simulator/runtime.rs:1745:7
[INFO] [stdout]      |
[INFO] [stdout] 1745 |     #[test_log::test]
[INFO] [stdout]      |       ^^^^^^^^ use of unresolved module or unlinked crate `test_log`
[INFO] [stdout] 
[INFO] [stdout] 
[INFO] [stdout] error[E0433]: cannot find module or crate `test_log` in this scope
[INFO] [stdout]     --> src/simulator/runtime.rs:1751:7
[INFO] [stdout]      |
[INFO] [stdout] 1751 |     #[test_log::test]
[INFO] [stdout]      |       ^^^^^^^^ use of unresolved module or unlinked crate `test_log`
[INFO] [stdout] 
[INFO] [stdout] 
[INFO] [stdout] error[E0433]: cannot find module or crate `test_log` in this scope
[INFO] [stdout]     --> src/simulator/sync/mpmc/flume.rs:1854:7
[INFO] [stdout]      |
[INFO] [stdout] 1854 |     #[test_log::test(crate::internal_test(real_time))]
[INFO] [stdout]      |       ^^^^^^^^ use of unresolved module or unlinked crate `test_log`
[INFO] [stdout] 
[INFO] [stdout] 
[INFO] [stdout] error[E0433]: cannot find module or crate `test_log` in this scope
[INFO] [stdout]     --> src/simulator/sync/mpmc/flume.rs:1864:7
[INFO] [stdout]      |
[INFO] [stdout] 1864 |     #[test_log::test(crate::internal_test(real_time))]
[INFO] [stdout]      |       ^^^^^^^^ use of unresolved module or unlinked crate `test_log`
[INFO] [stdout] 
[INFO] [stdout] 
[INFO] [stdout] error[E0433]: cannot find module or crate `test_log` in this scope
[INFO] [stdout]     --> src/simulator/sync/mpmc/flume.rs:1875:7
[INFO] [stdout]      |
[INFO] [stdout] 1875 |     #[test_log::test(crate::internal_test(real_time))]
[INFO] [stdout]      |       ^^^^^^^^ use of unresolved module or unlinked crate `test_log`
[INFO] [stdout] 
[INFO] [stdout] 
[INFO] [stdout] error[E0433]: cannot find module or crate `test_log` in this scope
[INFO] [stdout]     --> src/simulator/sync/mpmc/flume.rs:1885:7
[INFO] [stdout]      |
[INFO] [stdout] 1885 |     #[test_log::test(crate::internal_test(real_time))]
[INFO] [stdout]      |       ^^^^^^^^ use of unresolved module or unlinked crate `test_log`
[INFO] [stdout] 
[INFO] [stdout] 
[INFO] [stdout] error[E0433]: cannot find module or crate `test_log` in this scope
[INFO] [stdout]    --> src/simulator/sync/mpsc/mod.rs:296:7
[INFO] [stdout]     |
[INFO] [stdout] 296 |     #[test_log::test]
[INFO] [stdout]     |       ^^^^^^^^ use of unresolved module or unlinked crate `test_log`
[INFO] [stdout] 
[INFO] [stdout] 
[INFO] [stdout] error[E0433]: cannot find module or crate `test_log` in this scope
[INFO] [stdout]    --> src/simulator/sync/mpsc/mod.rs:308:7
[INFO] [stdout]     |
[INFO] [stdout] 308 |     #[test_log::test]
[INFO] [stdout]     |       ^^^^^^^^ use of unresolved module or unlinked crate `test_log`
[INFO] [stdout] 
[INFO] [stdout] 
[INFO] [stdout] error[E0433]: cannot find module or crate `test_log` in this scope
[INFO] [stdout]    --> src/simulator/sync/mpsc/mod.rs:317:7
[INFO] [stdout]     |
[INFO] [stdout] 317 |     #[test_log::test]
[INFO] [stdout]     |       ^^^^^^^^ use of unresolved module or unlinked crate `test_log`
[INFO] [stdout] 
[INFO] [stdout] 
[INFO] [stdout] error[E0433]: cannot find module or crate `test_log` in this scope
[INFO] [stdout]    --> src/simulator/sync/mpsc/mod.rs:329:7
[INFO] [stdout]     |
[INFO] [stdout] 329 |     #[test_log::test]
[INFO] [stdout]     |       ^^^^^^^^ use of unresolved module or unlinked crate `test_log`
[INFO] [stdout] 
[INFO] [stdout] 
[INFO] [stdout] error[E0433]: cannot find module or crate `test_log` in this scope
[INFO] [stdout]    --> src/simulator/sync/mpsc/mod.rs:341:7
[INFO] [stdout]     |
[INFO] [stdout] 341 |     #[test_log::test]
[INFO] [stdout]     |       ^^^^^^^^ use of unresolved module or unlinked crate `test_log`
[INFO] [stdout] 
[INFO] [stdout] 
[INFO] [stdout] error[E0433]: cannot find module or crate `test_log` in this scope
[INFO] [stdout]    --> src/simulator/sync/mpsc/mod.rs:352:7
[INFO] [stdout]     |
[INFO] [stdout] 352 |     #[test_log::test]
[INFO] [stdout]     |       ^^^^^^^^ use of unresolved module or unlinked crate `test_log`
[INFO] [stdout] 
[INFO] [stdout] 
[INFO] [stdout] error[E0433]: cannot find module or crate `test_log` in this scope
[INFO] [stdout]    --> src/simulator/sync/mpsc/mod.rs:365:7
[INFO] [stdout]     |
[INFO] [stdout] 365 |     #[test_log::test]
[INFO] [stdout]     |       ^^^^^^^^ use of unresolved module or unlinked crate `test_log`
[INFO] [stdout] 
[INFO] [stdout] 
[INFO] [stdout] error[E0433]: cannot find module or crate `test_log` in this scope
[INFO] [stdout]    --> src/simulator/sync/mpsc/mod.rs:379:7
[INFO] [stdout]     |
[INFO] [stdout] 379 |     #[test_log::test(crate::internal_test(real_time))]
[INFO] [stdout]     |       ^^^^^^^^ use of unresolved module or unlinked crate `test_log`
[INFO] [stdout] 
[INFO] [stdout] 
[INFO] [stdout] error[E0433]: cannot find module or crate `test_log` in this scope
[INFO] [stdout]    --> src/simulator/sync/mpsc/mod.rs:389:7
[INFO] [stdout]     |
[INFO] [stdout] 389 |     #[test_log::test(crate::internal_test(real_time))]
[INFO] [stdout]     |       ^^^^^^^^ use of unresolved module or unlinked crate `test_log`
[INFO] [stdout] 
[INFO] [stdout] 
[INFO] [stdout] error[E0433]: cannot find module or crate `test_log` in this scope
[INFO] [stdout]    --> src/simulator/sync/mpsc/mod.rs:400:7
[INFO] [stdout]     |
[INFO] [stdout] 400 |     #[test_log::test(crate::internal_test(real_time))]
[INFO] [stdout]     |       ^^^^^^^^ use of unresolved module or unlinked crate `test_log`
[INFO] [stdout] 
[INFO] [stdout] 
[INFO] [stdout] error[E0433]: cannot find module or crate `test_log` in this scope
[INFO] [stdout]    --> src/simulator/sync/mpsc/mod.rs:410:7
[INFO] [stdout]     |
[INFO] [stdout] 410 |     #[test_log::test(crate::internal_test(real_time))]
[INFO] [stdout]     |       ^^^^^^^^ use of unresolved module or unlinked crate `test_log`
[INFO] [stdout] 
[INFO] [stdout] 
[INFO] [stdout] error[E0433]: cannot find module or crate `test_log` in this scope
[INFO] [stdout]    --> src/simulator/sync/mpsc/mod.rs:422:7
[INFO] [stdout]     |
[INFO] [stdout] 422 |     #[test_log::test(crate::internal_test(real_time))]
[INFO] [stdout]     |       ^^^^^^^^ use of unresolved module or unlinked crate `test_log`
[INFO] [stdout] 
[INFO] [stdout] 
[INFO] [stdout] error[E0433]: cannot find module or crate `test_log` in this scope
[INFO] [stdout]    --> src/simulator/sync/mpsc/mod.rs:432:7
[INFO] [stdout]     |
[INFO] [stdout] 432 |     #[test_log::test(crate::internal_test(real_time))]
[INFO] [stdout]     |       ^^^^^^^^ use of unresolved module or unlinked crate `test_log`
[INFO] [stdout] 
[INFO] [stdout] 
[INFO] [stdout] error[E0433]: cannot find module or crate `test_log` in this scope
[INFO] [stdout]    --> src/simulator/sync/mpsc/mod.rs:445:7
[INFO] [stdout]     |
[INFO] [stdout] 445 |     #[test_log::test]
[INFO] [stdout]     |       ^^^^^^^^ use of unresolved module or unlinked crate `test_log`
[INFO] [stdout] 
[INFO] [stdout] 
[INFO] [stdout] error[E0433]: cannot find module or crate `test_log` in this scope
[INFO] [stdout]    --> src/simulator/mod.rs:121:7
[INFO] [stdout]     |
[INFO] [stdout] 121 |     #[test_log::test]
[INFO] [stdout]     |       ^^^^^^^^ use of unresolved module or unlinked crate `test_log`
[INFO] [stdout] 
[INFO] [stdout] 
[INFO] [stdout] error[E0433]: cannot find module or crate `test_log` in this scope
[INFO] [stdout]    --> src/simulator/mod.rs:133:7
[INFO] [stdout]     |
[INFO] [stdout] 133 |     #[test_log::test]
[INFO] [stdout]     |       ^^^^^^^^ use of unresolved module or unlinked crate `test_log`
[INFO] [stdout] 
[INFO] [stdout] 
[INFO] [stdout] error[E0433]: cannot find module or crate `test_log` in this scope
[INFO] [stdout]    --> src/simulator/mod.rs:149:7
[INFO] [stdout]     |
[INFO] [stdout] 149 |     #[test_log::test]
[INFO] [stdout]     |       ^^^^^^^^ use of unresolved module or unlinked crate `test_log`
[INFO] [stdout] 
[INFO] [stdout] 
[INFO] [stdout] error[E0433]: cannot find module or crate `test_log` in this scope
[INFO] [stdout]    --> src/simulator/mod.rs:167:7
[INFO] [stdout]     |
[INFO] [stdout] 167 |     #[test_log::test]
[INFO] [stdout]     |       ^^^^^^^^ use of unresolved module or unlinked crate `test_log`
[INFO] [stdout] 
[INFO] [stdout] 
[INFO] [stdout] error[E0433]: cannot find module or crate `test_log` in this scope
[INFO] [stdout]    --> src/simulator/mod.rs:196:7
[INFO] [stdout]     |
[INFO] [stdout] 196 |     #[test_log::test]
[INFO] [stdout]     |       ^^^^^^^^ use of unresolved module or unlinked crate `test_log`
[INFO] [stdout] 
[INFO] [stdout] 
[INFO] [stdout] error[E0433]: cannot find module or crate `test_log` in this scope
[INFO] [stdout]    --> src/simulator/mod.rs:231:7
[INFO] [stdout]     |
[INFO] [stdout] 231 |     #[test_log::test]
[INFO] [stdout]     |       ^^^^^^^^ use of unresolved module or unlinked crate `test_log`
[INFO] [stdout] 
[INFO] [stdout] 
[INFO] [stdout] error[E0433]: cannot find module or crate `test_log` in this scope
[INFO] [stdout]    --> src/simulator/mod.rs:271:7
[INFO] [stdout]     |
[INFO] [stdout] 271 |     #[test_log::test(crate::internal_test(real_time))]
[INFO] [stdout]     |       ^^^^^^^^ use of unresolved module or unlinked crate `test_log`
[INFO] [stdout] 
[INFO] [stdout] 
[INFO] [stdout] error[E0433]: cannot find module or crate `test_log` in this scope
[INFO] [stdout]    --> src/simulator/mod.rs:284:7
[INFO] [stdout]     |
[INFO] [stdout] 284 |     #[test_log::test(crate::internal_test(real_time))]
[INFO] [stdout]     |       ^^^^^^^^ use of unresolved module or unlinked crate `test_log`
[INFO] [stdout] 
[INFO] [stdout] 
[INFO] [stdout] error[E0433]: cannot find module or crate `test_log` in this scope
[INFO] [stdout]    --> src/simulator/mod.rs:298:7
[INFO] [stdout]     |
[INFO] [stdout] 298 |     #[test_log::test(crate::internal_test(real_time))]
[INFO] [stdout]     |       ^^^^^^^^ use of unresolved module or unlinked crate `test_log`
[INFO] [stdout] 
[INFO] [stdout] 
[INFO] [stdout] error[E0433]: cannot find module or crate `test_log` in this scope
[INFO] [stdout]    --> src/simulator/mod.rs:315:7
[INFO] [stdout]     |
[INFO] [stdout] 315 |     #[test_log::test(crate::internal_test(real_time))]
[INFO] [stdout]     |       ^^^^^^^^ use of unresolved module or unlinked crate `test_log`
[INFO] [stdout] 
[INFO] [stdout] 
[INFO] [stdout] error[E0433]: cannot find module or crate `test_log` in this scope
[INFO] [stdout]    --> src/simulator/mod.rs:332:7
[INFO] [stdout]     |
[INFO] [stdout] 332 |     #[test_log::test(crate::internal_test(real_time))]
[INFO] [stdout]     |       ^^^^^^^^ use of unresolved module or unlinked crate `test_log`
[INFO] [stdout] 
[INFO] [stdout] 
[INFO] [stdout] error[E0433]: cannot find module or crate `test_log` in this scope
[INFO] [stdout]    --> src/simulator/mod.rs:348:7
[INFO] [stdout]     |
[INFO] [stdout] 348 |     #[test_log::test(crate::internal_test(real_time))]
[INFO] [stdout]     |       ^^^^^^^^ use of unresolved module or unlinked crate `test_log`
[INFO] [stdout] 
[INFO] [stdout] 
[INFO] [stdout] error[E0433]: cannot find module or crate `test_log` in this scope
[INFO] [stdout]    --> src/simulator/mod.rs:390:7
[INFO] [stdout]     |
[INFO] [stdout] 390 |     #[test_log::test]
[INFO] [stdout]     |       ^^^^^^^^ use of unresolved module or unlinked crate `test_log`
[INFO] [stdout] 
[INFO] [stdout] 
[INFO] [stdout] error[E0433]: cannot find module or crate `test_log` in this scope
[INFO] [stdout]    --> src/simulator/mod.rs:409:7
[INFO] [stdout]     |
[INFO] [stdout] 409 |     #[test_log::test]
[INFO] [stdout]     |       ^^^^^^^^ use of unresolved module or unlinked crate `test_log`
[INFO] [stdout] 
[INFO] [stdout] 
[INFO] [stdout] error[E0433]: cannot find module or crate `test_log` in this scope
[INFO] [stdout]    --> src/simulator/mod.rs:437:7
[INFO] [stdout]     |
[INFO] [stdout] 437 |     #[test_log::test]
[INFO] [stdout]     |       ^^^^^^^^ use of unresolved module or unlinked crate `test_log`
[INFO] [stdout] 
[INFO] [stdout] 
[INFO] [stdout] error[E0433]: cannot find module or crate `test_log` in this scope
[INFO] [stdout]    --> src/lib.rs:348:7
[INFO] [stdout]     |
[INFO] [stdout] 348 |     #[test_log::test]
[INFO] [stdout]     |       ^^^^^^^^ use of unresolved module or unlinked crate `test_log`
[INFO] [stdout] 
[INFO] [stdout] 
[INFO] [stdout] error[E0433]: cannot find module or crate `test_log` in this scope
[INFO] [stdout]    --> src/lib.rs:377:7
[INFO] [stdout]     |
[INFO] [stdout] 377 |     #[test_log::test]
[INFO] [stdout]     |       ^^^^^^^^ use of unresolved module or unlinked crate `test_log`
[INFO] [stdout] 
[INFO] [stdout] 
[INFO] [stdout] error[E0433]: cannot find module or crate `test_log` in this scope
[INFO] [stdout]    --> src/lib.rs:388:7
[INFO] [stdout]     |
[INFO] [stdout] 388 |     #[test_log::test]
[INFO] [stdout]     |       ^^^^^^^^ use of unresolved module or unlinked crate `test_log`
[INFO] [stdout] 
[INFO] [stdout] 
[INFO] [stdout] error[E0433]: cannot find module or crate `test_log` in this scope
[INFO] [stdout]    --> src/lib.rs:399:7
[INFO] [stdout]     |
[INFO] [stdout] 399 |     #[test_log::test]
[INFO] [stdout]     |       ^^^^^^^^ use of unresolved module or unlinked crate `test_log`
[INFO] [stdout] 
[INFO] [stdout] 
[INFO] [stdout] error[E0433]: cannot find module or crate `test_log` in this scope
[INFO] [stdout]    --> src/lib.rs:407:7
[INFO] [stdout]     |
[INFO] [stdout] 407 |     #[test_log::test]
[INFO] [stdout]     |       ^^^^^^^^ use of unresolved module or unlinked crate `test_log`
[INFO] [stdout] 
[INFO] [stdout] 
[INFO] [stdout] error[E0433]: cannot find module or crate `test_log` in this scope
[INFO] [stdout]    --> src/lib.rs:421:7
[INFO] [stdout]     |
[INFO] [stdout] 421 |     #[test_log::test]
[INFO] [stdout]     |       ^^^^^^^^ use of unresolved module or unlinked crate `test_log`
[INFO] [stdout] 
[INFO] [stdout] 
[INFO] [stdout] For more information about this error, try `rustc --explain E0433`.
[INFO] [stdout] 
[INFO] [stderr] error: could not compile `switchy_async` (test "barrier_integration") due to 1 previous error
[INFO] [stderr] warning: build failed, waiting for other jobs to finish...
[INFO] [stdout] Some errors have detailed explanations: E0432, E0433.
[INFO] [stdout] 
[INFO] [stdout] For more information about an error, try `rustc --explain E0432`.
[INFO] [stdout] 
[INFO] [stderr] error: could not compile `switchy_async` (lib test) due to 105 previous errors
[INFO] running `Command { std: "docker" "inspect" "db3bcc84ebd3765698a1d8e36884b0bd2ad5e92cbf30abf02a8fbb414b8a043e", kill_on_drop: false }`
[INFO] running `Command { std: "docker" "rm" "-f" "db3bcc84ebd3765698a1d8e36884b0bd2ad5e92cbf30abf02a8fbb414b8a043e", kill_on_drop: false }`
[INFO] [stdout] db3bcc84ebd3765698a1d8e36884b0bd2ad5e92cbf30abf02a8fbb414b8a043e
