[INFO] fetching crate swiftui 0.0.2...
[INFO] testing swiftui-0.0.2 against 1.100.0-beta.1+cargoflags=--release for beta-release-1.100-2
[INFO] extracting crate swiftui 0.0.2 into /workspace/builds/worker-3-tc2/source
[INFO] started tweaking crates.io crate swiftui 0.0.2
[INFO] removed 0 missing examples
[INFO] removed 0 missing tests
[INFO] finished tweaking crates.io crate swiftui 0.0.2
[INFO] tweaked toml for crates.io crate swiftui 0.0.2 written to /workspace/builds/worker-3-tc2/source/Cargo.toml
[INFO] validating manifest of crates.io crate swiftui 0.0.2 on toolchain 1.100.0-beta.1
[INFO] running `Command { std: CARGO_HOME="/workspace/cargo-home" RUSTUP_HOME="/workspace/rustup-home" "/workspace/cargo-home/bin/cargo" "+1.100.0-beta.1" "metadata" "--manifest-path" "Cargo.toml" "--no-deps", kill_on_drop: false }`
[INFO] crate crates.io crate swiftui 0.0.2 already has a lockfile, it will not be regenerated
[INFO] running `Command { std: CARGO_HOME="/workspace/cargo-home" RUSTUP_HOME="/workspace/rustup-home" "/workspace/cargo-home/bin/cargo" "+1.100.0-beta.1" "fetch" "--manifest-path" "Cargo.toml", kill_on_drop: false }`
[INFO] running `Command { std: "docker" "create" "-v" "/var/lib/crater-agent-workspace/builds/worker-3-tc2/source:/opt/rustwide/workdir:ro,Z" "-v" "/var/lib/crater-agent-workspace/builds/worker-3-tc2/target:/opt/rustwide/target:rw,Z" "-v" "/var/lib/crater-agent-workspace/cargo-home:/opt/rustwide/cargo-home:ro,Z" "-v" "/var/lib/crater-agent-workspace/rustup-home:/opt/rustwide/rustup-home:ro,Z" "-m" "1610612736" "--network" "none" "ghcr.io/rust-lang/crates-build-env/linux@sha256:77db811e55d90add9212f6832c23229e3de5f1c1f9905e8cb07319ea15df73ac" "sleep" "infinity", kill_on_drop: false }`
[INFO] [stdout] 99c141978b3570862b1dfe42e4c3c9781991b9be83ff5aabbf294cb1f8160d71
[INFO] running `Command { std: "docker" "start" "99c141978b3570862b1dfe42e4c3c9781991b9be83ff5aabbf294cb1f8160d71", kill_on_drop: false }`
[INFO] running `Command { std: "docker" "inspect" "99c141978b3570862b1dfe42e4c3c9781991b9be83ff5aabbf294cb1f8160d71", kill_on_drop: false }`
[INFO] running `Command { std: "docker" "exec" "-e" "SOURCE_DIR=/opt/rustwide/workdir" "-e" "CARGO_HOME=/opt/rustwide/cargo-home" "-e" "RUSTUP_HOME=/opt/rustwide/rustup-home" "-e" "CARGO_TARGET_DIR=/opt/rustwide/target" "-w" "/opt/rustwide/workdir" "--user" "0:0" "99c141978b3570862b1dfe42e4c3c9781991b9be83ff5aabbf294cb1f8160d71" "/opt/rustwide/cargo-home/bin/cargo" "+1.100.0-beta.1" "metadata" "--no-deps" "--format-version=1", kill_on_drop: false }`
[INFO] running `Command { std: "docker" "inspect" "99c141978b3570862b1dfe42e4c3c9781991b9be83ff5aabbf294cb1f8160d71", kill_on_drop: false }`
[INFO] running `Command { std: "docker" "exec" "-e" "SOURCE_DIR=/opt/rustwide/workdir" "-e" "CARGO_HOME=/opt/rustwide/cargo-home" "-e" "RUSTUP_HOME=/opt/rustwide/rustup-home" "-e" "CARGO_TARGET_DIR=/opt/rustwide/target" "-e" "CARGO_INCREMENTAL=0" "-e" "RUST_BACKTRACE=full" "-e" "RUSTFLAGS=--cap-lints=warn" "-e" "RUSTDOCFLAGS=--cap-lints=warn" "-w" "/opt/rustwide/workdir" "--user" "0:0" "99c141978b3570862b1dfe42e4c3c9781991b9be83ff5aabbf294cb1f8160d71" "/opt/rustwide/cargo-home/bin/cargo" "+1.100.0-beta.1" "build" "--frozen" "--message-format=json" "--release", kill_on_drop: false }`
[INFO] [stderr]    Compiling proc-macro2 v1.0.86
[INFO] [stderr]    Compiling swift-runtime-sys v0.0.4
[INFO] [stderr]    Compiling swift-runtime v0.0.1
[INFO] [stderr]    Compiling swiftui v0.0.2 (/opt/rustwide/workdir)
[INFO] [stderr]    Compiling swiftui-sys v0.0.1
[INFO] [stderr]    Compiling quote v1.0.36
[INFO] [stderr]    Compiling syn v2.0.72
[INFO] [stderr]    Compiling swiftui-macros v0.0.1
[INFO] [stdout] error[E0425]: cannot find value `LIB_NAME` in this scope
[INFO] [stdout]   --> src/loader.rs:53:33
[INFO] [stdout]    |
[INFO] [stdout] 53 |         &format!("swift_helper/{LIB_NAME}"),
[INFO] [stdout]    |                                 ^^^^^^^^ not found in this scope
[INFO] [stdout] 
[INFO] [stdout] 
[INFO] [stdout] error[E0425]: cannot find value `LIB_NAME` in this scope
[INFO] [stdout]   --> src/loader.rs:54:39
[INFO] [stdout]    |
[INFO] [stdout] 54 |         &format!("../../swift_helper/{LIB_NAME}"),
[INFO] [stdout]    |                                       ^^^^^^^^ not found in this scope
[INFO] [stdout] 
[INFO] [stdout] 
[INFO] [stdout] error[E0425]: cannot find value `LIB_NAME` in this scope
[INFO] [stdout]   --> src/loader.rs:55:36
[INFO] [stdout]    |
[INFO] [stdout] 55 |         &format!("../swift_helper/{LIB_NAME}"),
[INFO] [stdout]    |                                    ^^^^^^^^ not found in this scope
[INFO] [stdout] 
[INFO] [stdout] 
[INFO] [stdout] error[E0425]: cannot find value `LIB_NAME` in this scope
[INFO] [stdout]   --> src/loader.rs:56:9
[INFO] [stdout]    |
[INFO] [stdout] 56 |         LIB_NAME,
[INFO] [stdout]    |         ^^^^^^^^ not found in this scope
[INFO] [stdout] 
[INFO] [stdout] 
[INFO] [stdout] error[E0425]: cannot find value `LIB_NAME` in this scope
[INFO] [stdout]   --> src/loader.rs:92:30
[INFO] [stdout]    |
[INFO] [stdout] 92 |             let p = dir.join(LIB_NAME);
[INFO] [stdout]    |                              ^^^^^^^^ not found in this scope
[INFO] [stdout] 
[INFO] [stdout] 
[INFO] [stdout] error[E0425]: cannot find value `LIB_NAME` in this scope
[INFO] [stdout]    --> src/loader.rs:110:54
[INFO] [stdout]     |
[INFO] [stdout] 110 |                      Or set SWIFTUI_HELPER=/path/to/{LIB_NAME}"
[INFO] [stdout]     |                                                      ^^^^^^^^ not found in this scope
[INFO] [stdout] 
[INFO] [stdout] 
[INFO] [stdout] For more information about this error, try `rustc --explain E0425`.
[INFO] [stdout] 
[INFO] [stderr] error: could not compile `swiftui` (lib) due to 6 previous errors
[INFO] [stderr] warning: build failed, waiting for other jobs to finish...
[INFO] [stderr] warning: unused dependency `swift-runtime`
[INFO] [stderr]  --> Cargo.toml:4:15
[INFO] [stderr]   |
[INFO] [stderr] 4 | [dependencies.swift-runtime]
[INFO] [stderr]   |               ^^^^^^^^^^^^^^
[INFO] [stderr]   |
[INFO] [stderr]   = note: `cargo::unused_dependencies` is set to `warn` by default
[INFO] [stderr] help: consider removing the dependency on `swift-runtime`
[INFO] [stderr] warning: `swiftui` (manifest) generated 1 warning
[INFO] running `Command { std: "docker" "inspect" "99c141978b3570862b1dfe42e4c3c9781991b9be83ff5aabbf294cb1f8160d71", kill_on_drop: false }`
[INFO] running `Command { std: "docker" "rm" "-f" "99c141978b3570862b1dfe42e4c3c9781991b9be83ff5aabbf294cb1f8160d71", kill_on_drop: false }`
[INFO] [stdout] 99c141978b3570862b1dfe42e4c3c9781991b9be83ff5aabbf294cb1f8160d71
