[INFO] fetching crate swift-rs-leap 1.0.9...
[INFO] testing swift-rs-leap-1.0.9 against 1.99.0-beta.8+cargoflags=--release for beta-release-1.100-2
[INFO] extracting crate swift-rs-leap 1.0.9 into /workspace/builds/worker-0-tc1/source
[INFO] started tweaking crates.io crate swift-rs-leap 1.0.9
[INFO] removed 0 missing tests
[INFO] finished tweaking crates.io crate swift-rs-leap 1.0.9
[INFO] tweaked toml for crates.io crate swift-rs-leap 1.0.9 written to /workspace/builds/worker-0-tc1/source/Cargo.toml
[INFO] validating manifest of crates.io crate swift-rs-leap 1.0.9 on toolchain 1.99.0-beta.8
[INFO] running `Command { std: CARGO_HOME="/workspace/cargo-home" RUSTUP_HOME="/workspace/rustup-home" "/workspace/cargo-home/bin/cargo" "+1.99.0-beta.8" "metadata" "--manifest-path" "Cargo.toml" "--no-deps", kill_on_drop: false }`
[INFO] crate crates.io crate swift-rs-leap 1.0.9 already has a lockfile, it will not be regenerated
[INFO] running `Command { std: CARGO_HOME="/workspace/cargo-home" RUSTUP_HOME="/workspace/rustup-home" "/workspace/cargo-home/bin/cargo" "+1.99.0-beta.8" "fetch" "--manifest-path" "Cargo.toml", kill_on_drop: false }`
[INFO] [stderr]  Downloading crates ...
[INFO] [stderr]   Downloaded serial_test v0.10.0
[INFO] [stderr]   Downloaded serial_test_derive v0.10.0
[INFO] running `Command { std: "docker" "create" "-v" "/var/lib/crater-agent-workspace/builds/worker-0-tc1/source:/opt/rustwide/workdir:ro,Z" "-v" "/var/lib/crater-agent-workspace/builds/worker-0-tc1/target:/opt/rustwide/target:rw,Z" "-v" "/var/lib/crater-agent-workspace/cargo-home:/opt/rustwide/cargo-home:ro,Z" "-v" "/var/lib/crater-agent-workspace/rustup-home:/opt/rustwide/rustup-home:ro,Z" "-m" "1610612736" "--network" "none" "ghcr.io/rust-lang/crates-build-env/linux@sha256:77db811e55d90add9212f6832c23229e3de5f1c1f9905e8cb07319ea15df73ac" "sleep" "infinity", kill_on_drop: false }`
[INFO] [stdout] 504699dbfbf84f5afd30bfcb2e44d295cc14e2c1623e4bcf61731d3a5e3c627e
[INFO] running `Command { std: "docker" "start" "504699dbfbf84f5afd30bfcb2e44d295cc14e2c1623e4bcf61731d3a5e3c627e", kill_on_drop: false }`
[INFO] running `Command { std: "docker" "inspect" "504699dbfbf84f5afd30bfcb2e44d295cc14e2c1623e4bcf61731d3a5e3c627e", kill_on_drop: false }`
[INFO] running `Command { std: "docker" "exec" "-e" "SOURCE_DIR=/opt/rustwide/workdir" "-e" "CARGO_HOME=/opt/rustwide/cargo-home" "-e" "RUSTUP_HOME=/opt/rustwide/rustup-home" "-e" "CARGO_TARGET_DIR=/opt/rustwide/target" "-w" "/opt/rustwide/workdir" "--user" "0:0" "504699dbfbf84f5afd30bfcb2e44d295cc14e2c1623e4bcf61731d3a5e3c627e" "/opt/rustwide/cargo-home/bin/cargo" "+1.99.0-beta.8" "metadata" "--no-deps" "--format-version=1", kill_on_drop: false }`
[INFO] running `Command { std: "docker" "inspect" "504699dbfbf84f5afd30bfcb2e44d295cc14e2c1623e4bcf61731d3a5e3c627e", kill_on_drop: false }`
[INFO] running `Command { std: "docker" "exec" "-e" "SOURCE_DIR=/opt/rustwide/workdir" "-e" "CARGO_HOME=/opt/rustwide/cargo-home" "-e" "RUSTUP_HOME=/opt/rustwide/rustup-home" "-e" "CARGO_TARGET_DIR=/opt/rustwide/target" "-e" "CARGO_INCREMENTAL=0" "-e" "RUST_BACKTRACE=full" "-e" "RUSTFLAGS=--cap-lints=warn" "-e" "RUSTDOCFLAGS=--cap-lints=warn" "-w" "/opt/rustwide/workdir" "--user" "0:0" "504699dbfbf84f5afd30bfcb2e44d295cc14e2c1623e4bcf61731d3a5e3c627e" "/opt/rustwide/cargo-home/bin/cargo" "+1.99.0-beta.8" "build" "--frozen" "--message-format=json" "--release", kill_on_drop: false }`
[INFO] [stderr]    Compiling quote v1.0.44
[INFO] [stderr]    Compiling serde_json v1.0.149
[INFO] [stderr]    Compiling syn v2.0.116
[INFO] [stderr]    Compiling serde_derive v1.0.228
[INFO] [stderr]    Compiling serde v1.0.228
[INFO] [stderr]    Compiling swift-rs-leap v1.0.9 (/opt/rustwide/workdir)
[INFO] [stderr]     Finished `release` profile [optimized] target(s) in 7.13s
[INFO] running `Command { std: "docker" "inspect" "504699dbfbf84f5afd30bfcb2e44d295cc14e2c1623e4bcf61731d3a5e3c627e", kill_on_drop: false }`
[INFO] running `Command { std: "docker" "exec" "-e" "SOURCE_DIR=/opt/rustwide/workdir" "-e" "CARGO_HOME=/opt/rustwide/cargo-home" "-e" "RUSTUP_HOME=/opt/rustwide/rustup-home" "-e" "CARGO_TARGET_DIR=/opt/rustwide/target" "-e" "CARGO_INCREMENTAL=0" "-e" "RUST_BACKTRACE=full" "-e" "RUSTFLAGS=--cap-lints=warn" "-e" "RUSTDOCFLAGS=--cap-lints=warn" "-w" "/opt/rustwide/workdir" "--user" "0:0" "504699dbfbf84f5afd30bfcb2e44d295cc14e2c1623e4bcf61731d3a5e3c627e" "/opt/rustwide/cargo-home/bin/cargo" "+1.99.0-beta.8" "test" "--frozen" "--no-run" "--message-format=json" "--release", kill_on_drop: false }`
[INFO] [stderr]    Compiling futures-sink v0.3.32
[INFO] [stderr]    Compiling syn v2.0.116
[INFO] [stderr]    Compiling parking_lot_core v0.9.12
[INFO] [stderr]    Compiling syn v1.0.109
[INFO] [stderr]    Compiling futures-channel v0.3.32
[INFO] [stderr]    Compiling dashmap v5.5.3
[INFO] [stderr]    Compiling parking_lot v0.12.5
[INFO] [stderr]    Compiling futures-util v0.3.32
[INFO] [stderr]    Compiling serde_derive v1.0.228
[INFO] [stderr]    Compiling serial_test_derive v0.10.0
[INFO] [stderr]    Compiling futures-executor v0.3.32
[INFO] [stderr]    Compiling futures v0.3.32
[INFO] [stderr]    Compiling serial_test v0.10.0
[INFO] [stderr]    Compiling serde v1.0.228
[INFO] [stderr]    Compiling swift-rs-leap v1.0.9 (/opt/rustwide/workdir)
[INFO] [stdout] error: linking with `cc` failed: exit status: 1
[INFO] [stdout]   |
[INFO] [stdout]   = note:  "cc" "-m64" "/opt/rustwide/target/release/deps/rustcdQ6avT/symbols.o" "<2 object files omitted>" "-Wl,--as-needed" "-Wl,-Bstatic" "<sysroot>/lib/rustlib/x86_64-unknown-linux-gnu/lib/{libtest-*,libgetopts-*,librustc_std_workspace_std-*}.rlib" "/opt/rustwide/target/release/deps/{libswift_rs-5112308060ccf999,libserial_test-bfd02afdaec003c7,libparking_lot-0c95e5c1ba7cf706,libfutures-5fdf3c567116c445,libfutures_executor-c42a2f459c475096,libfutures_util-4a83892e2f966327,libmemchr-67bd3f6c39c2c1d0,libfutures_io-a2c128f3959708f8,libslab-19b8bc1074c00c3a,libfutures_channel-9a896d5e61cbcad7,libpin_project_lite-a042d89c9815bfb5,libfutures_sink-908186862ad38b29,libfutures_task-4380614d65d5c09c,libfutures_core-0b1b1ace5db6ba06,liblog-e86fe1484206d3e6,liblazy_static-fdd6af0286056ca3,libdashmap-6121bf095fbbcdcb,liblock_api-0c6a3406bef68330,libscopeguard-5f9373ec660020b4,libonce_cell-35d4cc1b6bbf4e72,libparking_lot_core-647a0fa8dbebf4c0,liblibc-9e965a40be780bf2,libcfg_if-6d8dca19095bb388,libsmallvec-841086f162eea166,libhashbrown-10175d4175497752}.rlib" "<sysroot>/lib/rustlib/x86_64-unknown-linux-gnu/lib/{libstd-*,libpanic_unwind-*,libobject-*,libmemchr-*,libaddr2line-*,libgimli-*,libcfg_if-*,librustc_demangle-*,libstd_detect-*,libhashbrown-*,librustc_std_workspace_alloc-*,libminiz_oxide-*,libadler2-*,libunwind-*,liblibc-*,librustc_std_workspace_core-*,liballoc-*,libcore-*,libcompiler_builtins-*}.rlib" "-Wl,-Bdynamic" "-lgcc_s" "-lutil" "-lrt" "-lpthread" "-lm" "-ldl" "-lc" "-L" "/opt/rustwide/target/release/deps/rustcdQ6avT/raw-dylibs" "-B<sysroot>/lib/rustlib/x86_64-unknown-linux-gnu/bin/gcc-ld" "-fuse-ld=lld" "-Wl,--eh-frame-hdr" "-Wl,-z,noexecstack" "-L" "<sysroot>/lib/rustlib/x86_64-unknown-linux-gnu/lib" "-o" "/opt/rustwide/target/release/deps/test_bindings-f50116db86fdb813" "-Wl,--gc-sections" "-pie" "-Wl,-z,relro,-z,now" "-Wl,-O1" "-Wl,--strip-debug" "-nodefaultlibs"
[INFO] [stdout]   = note: some arguments are omitted. use `--verbose` to show all linker arguments
[INFO] [stdout]   = note: rust-lld: error: undefined symbol: get_greeting
[INFO] [stdout]           >>> referenced by test_bindings.b1c1b097f8cca28-cgu.0
[INFO] [stdout]           >>>               /opt/rustwide/target/release/deps/test_bindings-f50116db86fdb813.test_bindings.b1c1b097f8cca28-cgu.0.rcgu.o:(<test_bindings::test_string::{closure#0} as core::ops::function::FnOnce<()>>::call_once)
[INFO] [stdout]           >>> referenced by test_bindings.b1c1b097f8cca28-cgu.0
[INFO] [stdout]           >>>               /opt/rustwide/target/release/deps/test_bindings-f50116db86fdb813.test_bindings.b1c1b097f8cca28-cgu.0.rcgu.o:(<test_bindings::test_string::{closure#0} as core::ops::function::FnOnce<()>>::call_once)
[INFO] [stdout]           >>> referenced by test_bindings.b1c1b097f8cca28-cgu.0
[INFO] [stdout]           >>>               /opt/rustwide/target/release/deps/test_bindings-f50116db86fdb813.test_bindings.b1c1b097f8cca28-cgu.0.rcgu.o:(<test_bindings::test_autoreleasepool::{closure#0} as core::ops::function::FnOnce<()>>::call_once)
[INFO] [stdout]           >>> referenced 3 more times
[INFO] [stdout]           
[INFO] [stdout]           rust-lld: error: undefined symbol: complex_data
[INFO] [stdout]           >>> referenced by test_bindings.b1c1b097f8cca28-cgu.0
[INFO] [stdout]           >>>               /opt/rustwide/target/release/deps/test_bindings-f50116db86fdb813.test_bindings.b1c1b097f8cca28-cgu.0.rcgu.o:(<test_bindings::test_complex::{closure#0} as core::ops::function::FnOnce<()>>::call_once)
[INFO] [stdout]           >>> referenced by test_bindings.b1c1b097f8cca28-cgu.0
[INFO] [stdout]           >>>               /opt/rustwide/target/release/deps/test_bindings-f50116db86fdb813.test_bindings.b1c1b097f8cca28-cgu.0.rcgu.o:(<test_bindings::test_complex::{closure#0} as core::ops::function::FnOnce<()>>::call_once)
[INFO] [stdout]           
[INFO] [stdout]           rust-lld: error: undefined symbol: echo
[INFO] [stdout]           >>> referenced by test_bindings.b1c1b097f8cca28-cgu.0
[INFO] [stdout]           >>>               /opt/rustwide/target/release/deps/test_bindings-f50116db86fdb813.test_bindings.b1c1b097f8cca28-cgu.0.rcgu.o:(<test_bindings::test_reflection::{closure#0} as core::ops::function::FnOnce<()>>::call_once)
[INFO] [stdout]           >>> referenced by test_bindings.b1c1b097f8cca28-cgu.0
[INFO] [stdout]           >>>               /opt/rustwide/target/release/deps/test_bindings-f50116db86fdb813.test_bindings.b1c1b097f8cca28-cgu.0.rcgu.o:(<test_bindings::test_reflection::{closure#0} as core::ops::function::FnOnce<()>>::call_once)
[INFO] [stdout]           
[INFO] [stdout]           rust-lld: error: undefined symbol: objc_autoreleasePoolPop
[INFO] [stdout]           >>> referenced by test_bindings.b1c1b097f8cca28-cgu.0
[INFO] [stdout]           >>>               /opt/rustwide/target/release/deps/test_bindings-f50116db86fdb813.test_bindings.b1c1b097f8cca28-cgu.0.rcgu.o:(<test_bindings::test_autoreleasepool::{closure#0} as core::ops::function::FnOnce<()>>::call_once)
[INFO] [stdout]           >>> referenced by test_bindings.b1c1b097f8cca28-cgu.0
[INFO] [stdout]           >>>               /opt/rustwide/target/release/deps/test_bindings-f50116db86fdb813.test_bindings.b1c1b097f8cca28-cgu.0.rcgu.o:(<test_bindings::test_autoreleasepool::{closure#0} as core::ops::function::FnOnce<()>>::call_once)
[INFO] [stdout]           
[INFO] [stdout]           rust-lld: error: undefined symbol: objc_autoreleasePoolPush
[INFO] [stdout]           >>> referenced by test_bindings.b1c1b097f8cca28-cgu.0
[INFO] [stdout]           >>>               /opt/rustwide/target/release/deps/test_bindings-f50116db86fdb813.test_bindings.b1c1b097f8cca28-cgu.0.rcgu.o:(<test_bindings::test_autoreleasepool::{closure#0} as core::ops::function::FnOnce<()>>::call_once)
[INFO] [stdout]           >>> referenced by test_bindings.b1c1b097f8cca28-cgu.0
[INFO] [stdout]           >>>               /opt/rustwide/target/release/deps/test_bindings-f50116db86fdb813.test_bindings.b1c1b097f8cca28-cgu.0.rcgu.o:(<test_bindings::test_autoreleasepool::{closure#0} as core::ops::function::FnOnce<()>>::call_once)
[INFO] [stdout]           
[INFO] [stdout]           rust-lld: error: undefined symbol: echo_data
[INFO] [stdout]           >>> referenced by test_bindings.b1c1b097f8cca28-cgu.0
[INFO] [stdout]           >>>               /opt/rustwide/target/release/deps/test_bindings-f50116db86fdb813.test_bindings.b1c1b097f8cca28-cgu.0.rcgu.o:(<test_bindings::test_data::{closure#0} as core::ops::function::FnOnce<()>>::call_once)
[INFO] [stdout]           >>> referenced by test_bindings.b1c1b097f8cca28-cgu.0
[INFO] [stdout]           >>>               /opt/rustwide/target/release/deps/test_bindings-f50116db86fdb813.test_bindings.b1c1b097f8cca28-cgu.0.rcgu.o:(<test_bindings::test_data::{closure#0} as core::ops::function::FnOnce<()>>::call_once)
[INFO] [stdout]           
[INFO] [stdout]           rust-lld: error: undefined symbol: retain_object
[INFO] [stdout]           >>> referenced by swift_rs.114bf855b0985754-cgu.0
[INFO] [stdout]           >>>               swift_rs-5112308060ccf999.swift_rs.114bf855b0985754-cgu.0.rcgu.o:(swift_rs::swift::retain_object) in archive /opt/rustwide/target/release/deps/libswift_rs-5112308060ccf999.rlib
[INFO] [stdout]           >>> referenced by swift_rs.114bf855b0985754-cgu.0
[INFO] [stdout]           >>>               swift_rs-5112308060ccf999.swift_rs.114bf855b0985754-cgu.0.rcgu.o:(<swift_rs::types::data::SRData as core::convert::From<&[u8]>>::from) in archive /opt/rustwide/target/release/deps/libswift_rs-5112308060ccf999.rlib
[INFO] [stdout]           >>> referenced by swift_rs.114bf855b0985754-cgu.0
[INFO] [stdout]           >>>               swift_rs-5112308060ccf999.swift_rs.114bf855b0985754-cgu.0.rcgu.o:(<swift_rs::types::string::SRString as core::convert::From<&str>>::from) in archive /opt/rustwide/target/release/deps/libswift_rs-5112308060ccf999.rlib
[INFO] [stdout]           
[INFO] [stdout]           rust-lld: error: undefined symbol: release_object
[INFO] [stdout]           >>> referenced by swift_rs.114bf855b0985754-cgu.0
[INFO] [stdout]           >>>               swift_rs-5112308060ccf999.swift_rs.114bf855b0985754-cgu.0.rcgu.o:(swift_rs::swift::release_object) in archive /opt/rustwide/target/release/deps/libswift_rs-5112308060ccf999.rlib
[INFO] [stdout]           
[INFO] [stdout]           rust-lld: error: undefined symbol: data_from_bytes
[INFO] [stdout]           >>> referenced by swift_rs.114bf855b0985754-cgu.0
[INFO] [stdout]           >>>               swift_rs-5112308060ccf999.swift_rs.114bf855b0985754-cgu.0.rcgu.o:(<swift_rs::types::data::SRData as core::convert::From<&[u8]>>::from) in archive /opt/rustwide/target/release/deps/libswift_rs-5112308060ccf999.rlib
[INFO] [stdout]           
[INFO] [stdout]           rust-lld: error: undefined symbol: string_from_bytes
[INFO] [stdout]           >>> referenced by swift_rs.114bf855b0985754-cgu.0
[INFO] [stdout]           >>>               swift_rs-5112308060ccf999.swift_rs.114bf855b0985754-cgu.0.rcgu.o:(<swift_rs::types::string::SRString as core::convert::From<&str>>::from) in archive /opt/rustwide/target/release/deps/libswift_rs-5112308060ccf999.rlib
[INFO] [stdout]           collect2: error: ld returned 1 exit status
[INFO] [stdout]           
[INFO] [stdout] 
[INFO] [stdout] 
[INFO] [stderr] error: could not compile `swift-rs-leap` (test "test_bindings") due to 1 previous error
[INFO] running `Command { std: "docker" "inspect" "504699dbfbf84f5afd30bfcb2e44d295cc14e2c1623e4bcf61731d3a5e3c627e", kill_on_drop: false }`
[INFO] running `Command { std: "docker" "rm" "-f" "504699dbfbf84f5afd30bfcb2e44d295cc14e2c1623e4bcf61731d3a5e3c627e", kill_on_drop: false }`
[INFO] [stdout] 504699dbfbf84f5afd30bfcb2e44d295cc14e2c1623e4bcf61731d3a5e3c627e
