[INFO] fetching crate swc_next_ecma_minifier 0.2.4...
[INFO] testing swc_next_ecma_minifier-0.2.4 against 1.99.0-beta.8+cargoflags=--release for beta-release-1.100-2
[INFO] extracting crate swc_next_ecma_minifier 0.2.4 into /workspace/builds/worker-3-tc1/source
[INFO] started tweaking crates.io crate swc_next_ecma_minifier 0.2.4
[INFO] removed 0 missing tests
[INFO] finished tweaking crates.io crate swc_next_ecma_minifier 0.2.4
[INFO] tweaked toml for crates.io crate swc_next_ecma_minifier 0.2.4 written to /workspace/builds/worker-3-tc1/source/Cargo.toml
[INFO] validating manifest of crates.io crate swc_next_ecma_minifier 0.2.4 on toolchain 1.99.0-beta.8
[INFO] running `Command { std: CARGO_HOME="/workspace/cargo-home" RUSTUP_HOME="/workspace/rustup-home" "/workspace/cargo-home/bin/cargo" "+1.99.0-beta.8" "metadata" "--manifest-path" "Cargo.toml" "--no-deps", kill_on_drop: false }`
[INFO] crate crates.io crate swc_next_ecma_minifier 0.2.4 already has a lockfile, it will not be regenerated
[INFO] running `Command { std: CARGO_HOME="/workspace/cargo-home" RUSTUP_HOME="/workspace/rustup-home" "/workspace/cargo-home/bin/cargo" "+1.99.0-beta.8" "fetch" "--manifest-path" "Cargo.toml", kill_on_drop: false }`
[INFO] [stderr]     Updating crates.io index
[INFO] [stderr]  Downloading crates ...
[INFO] [stderr]   Downloaded unicode-ident v1.0.20
[INFO] [stderr]   Downloaded swc_next_ast_macros v0.2.4
[INFO] [stderr]   Downloaded swc_next_allocator v0.2.4
[INFO] [stderr]   Downloaded unicode-id-start v1.5.0
[INFO] [stderr]   Downloaded oxc_index v5.0.0
[INFO] [stderr]   Downloaded swc_next_ecma_ast v0.2.4
[INFO] running `Command { std: "docker" "create" "-v" "/var/lib/crater-agent-workspace/builds/worker-3-tc1/source:/opt/rustwide/workdir:ro,Z" "-v" "/var/lib/crater-agent-workspace/builds/worker-3-tc1/target:/opt/rustwide/target:rw,Z" "-v" "/var/lib/crater-agent-workspace/cargo-home:/opt/rustwide/cargo-home:ro,Z" "-v" "/var/lib/crater-agent-workspace/rustup-home:/opt/rustwide/rustup-home:ro,Z" "-m" "1610612736" "--network" "none" "ghcr.io/rust-lang/crates-build-env/linux@sha256:77db811e55d90add9212f6832c23229e3de5f1c1f9905e8cb07319ea15df73ac" "sleep" "infinity", kill_on_drop: false }`
[INFO] [stdout] 4531a87008f8ff0bfb27fe5978acc291bec8849b3d0159c79da96c2ec6b7b079
[INFO] running `Command { std: "docker" "start" "4531a87008f8ff0bfb27fe5978acc291bec8849b3d0159c79da96c2ec6b7b079", kill_on_drop: false }`
[INFO] running `Command { std: "docker" "inspect" "4531a87008f8ff0bfb27fe5978acc291bec8849b3d0159c79da96c2ec6b7b079", kill_on_drop: false }`
[INFO] running `Command { std: "docker" "exec" "-e" "SOURCE_DIR=/opt/rustwide/workdir" "-e" "CARGO_HOME=/opt/rustwide/cargo-home" "-e" "RUSTUP_HOME=/opt/rustwide/rustup-home" "-e" "CARGO_TARGET_DIR=/opt/rustwide/target" "-w" "/opt/rustwide/workdir" "--user" "0:0" "4531a87008f8ff0bfb27fe5978acc291bec8849b3d0159c79da96c2ec6b7b079" "/opt/rustwide/cargo-home/bin/cargo" "+1.99.0-beta.8" "metadata" "--no-deps" "--format-version=1", kill_on_drop: false }`
[INFO] running `Command { std: "docker" "inspect" "4531a87008f8ff0bfb27fe5978acc291bec8849b3d0159c79da96c2ec6b7b079", kill_on_drop: false }`
[INFO] running `Command { std: "docker" "exec" "-e" "SOURCE_DIR=/opt/rustwide/workdir" "-e" "CARGO_HOME=/opt/rustwide/cargo-home" "-e" "RUSTUP_HOME=/opt/rustwide/rustup-home" "-e" "CARGO_TARGET_DIR=/opt/rustwide/target" "-e" "CARGO_INCREMENTAL=0" "-e" "RUST_BACKTRACE=full" "-e" "RUSTFLAGS=--cap-lints=warn" "-e" "RUSTDOCFLAGS=--cap-lints=warn" "-w" "/opt/rustwide/workdir" "--user" "0:0" "4531a87008f8ff0bfb27fe5978acc291bec8849b3d0159c79da96c2ec6b7b079" "/opt/rustwide/cargo-home/bin/cargo" "+1.99.0-beta.8" "build" "--frozen" "--message-format=json" "--release", kill_on_drop: false }`
[INFO] [stderr]    Compiling unicode-ident v1.0.20
[INFO] [stderr]    Compiling allocator-api2 v0.2.21
[INFO] [stderr]    Compiling foldhash v0.2.0
[INFO] [stderr]    Compiling equivalent v1.0.2
[INFO] [stderr]    Compiling serde v1.0.229
[INFO] [stderr]    Compiling nonmax v0.5.5
[INFO] [stderr]    Compiling serde_core v1.0.229
[INFO] [stderr]    Compiling rustc-hash v2.1.3
[INFO] [stderr]    Compiling unicode-id-start v1.5.0
[INFO] [stderr]    Compiling proc-macro2 v1.0.107
[INFO] [stderr]    Compiling oxc_index v5.0.0
[INFO] [stderr]    Compiling quote v1.0.47
[INFO] [stderr]    Compiling bumpalo v3.20.3
[INFO] [stderr]    Compiling hashbrown v0.17.1
[INFO] [stderr]    Compiling syn v3.0.6
[INFO] [stderr]    Compiling swc_next_allocator v0.2.4
[INFO] [stderr]    Compiling swc_next_ast_macros v0.2.4
[INFO] [stderr]    Compiling serde_derive v1.0.229
[INFO] [stderr]    Compiling swc_next_ecma_ast v0.2.4
[INFO] [stderr]    Compiling swc_next_ecma_minifier v0.2.4 (/opt/rustwide/workdir)
[INFO] [stderr]     Finished `release` profile [optimized] target(s) in 23.34s
[INFO] running `Command { std: "docker" "inspect" "4531a87008f8ff0bfb27fe5978acc291bec8849b3d0159c79da96c2ec6b7b079", kill_on_drop: false }`
[INFO] running `Command { std: "docker" "exec" "-e" "SOURCE_DIR=/opt/rustwide/workdir" "-e" "CARGO_HOME=/opt/rustwide/cargo-home" "-e" "RUSTUP_HOME=/opt/rustwide/rustup-home" "-e" "CARGO_TARGET_DIR=/opt/rustwide/target" "-e" "CARGO_INCREMENTAL=0" "-e" "RUST_BACKTRACE=full" "-e" "RUSTFLAGS=--cap-lints=warn" "-e" "RUSTDOCFLAGS=--cap-lints=warn" "-w" "/opt/rustwide/workdir" "--user" "0:0" "4531a87008f8ff0bfb27fe5978acc291bec8849b3d0159c79da96c2ec6b7b079" "/opt/rustwide/cargo-home/bin/cargo" "+1.99.0-beta.8" "test" "--frozen" "--no-run" "--message-format=json" "--release", kill_on_drop: false }`
[INFO] [stderr]    Compiling swc_next_ecma_minifier v0.2.4 (/opt/rustwide/workdir)
[INFO] [stdout] error[E0432]: unresolved import `swc_next_allocator`
[INFO] [stdout]   --> src/compress.rs:40:9
[INFO] [stdout]    |
[INFO] [stdout] 40 |     use swc_next_allocator::Allocator;
[INFO] [stdout]    |         ^^^^^^^^^^^^^^^^^^ use of unresolved module or unlinked crate `swc_next_allocator`
[INFO] [stdout]    |
[INFO] [stdout]    = help: if you wanted to use a crate named `swc_next_allocator`, use `cargo add swc_next_allocator` to add it to your `Cargo.toml`
[INFO] [stdout] 
[INFO] [stdout] 
[INFO] [stdout] error[E0432]: unresolved import `swc_next_ecma_parser`
[INFO] [stdout]   --> src/compress.rs:42:9
[INFO] [stdout]    |
[INFO] [stdout] 42 |     use swc_next_ecma_parser::{NoTokenParserConfig, Options, Parser};
[INFO] [stdout]    |         ^^^^^^^^^^^^^^^^^^^^ use of unresolved module or unlinked crate `swc_next_ecma_parser`
[INFO] [stdout]    |
[INFO] [stdout] help: there is a crate or module with a similar name
[INFO] [stdout]    |
[INFO] [stdout] 42 -     use swc_next_ecma_parser::{NoTokenParserConfig, Options, Parser};
[INFO] [stdout] 42 +     use swc_next_ecma_ast::{NoTokenParserConfig, Options, Parser};
[INFO] [stdout]    |
[INFO] [stdout] 
[INFO] [stdout] 
[INFO] [stdout] error[E0432]: unresolved import `tempfile`
[INFO] [stdout]  --> tests/harness.rs:3:5
[INFO] [stdout]   |
[INFO] [stdout] 3 | use tempfile::TempDir;
[INFO] [stdout]   |     ^^^^^^^^ use of unresolved module or unlinked crate `tempfile`
[INFO] [stdout]   |
[INFO] [stdout]   = help: if you wanted to use a crate named `tempfile`, use `cargo add tempfile` to add it to your `Cargo.toml`
[INFO] [stdout] 
[INFO] [stdout] 
[INFO] [stdout] error[E0432]: unresolved import `swc_next_allocator`
[INFO] [stdout]  --> tests/support/mod.rs:7:5
[INFO] [stdout]   |
[INFO] [stdout] 7 | use swc_next_allocator::Allocator;
[INFO] [stdout]   |     ^^^^^^^^^^^^^^^^^^ use of unresolved module or unlinked crate `swc_next_allocator`
[INFO] [stdout]   |
[INFO] [stdout]   = help: if you wanted to use a crate named `swc_next_allocator`, use `cargo add swc_next_allocator` to add it to your `Cargo.toml`
[INFO] [stdout] 
[INFO] [stdout] 
[INFO] [stdout] error[E0432]: unresolved import `swc_next_ecma_codegen`
[INFO] [stdout]  --> tests/support/mod.rs:9:5
[INFO] [stdout]   |
[INFO] [stdout] 9 | use swc_next_ecma_codegen::{Options as PrintOptions, print};
[INFO] [stdout]   |     ^^^^^^^^^^^^^^^^^^^^^ use of unresolved module or unlinked crate `swc_next_ecma_codegen`
[INFO] [stdout]   |
[INFO] [stdout] help: there is a crate or module with a similar name
[INFO] [stdout]   |
[INFO] [stdout] 9 - use swc_next_ecma_codegen::{Options as PrintOptions, print};
[INFO] [stdout] 9 + use swc_next_ecma_ast::{Options as PrintOptions, print};
[INFO] [stdout]   |
[INFO] [stdout] 
[INFO] [stdout] 
[INFO] [stdout] error[E0432]: unresolved import `swc_next_ecma_parser`
[INFO] [stdout]   --> tests/support/mod.rs:11:5
[INFO] [stdout]    |
[INFO] [stdout] 11 | use swc_next_ecma_parser::{CommentMode, NoTokenParserConfig, Options as ParseOptions, Parser};
[INFO] [stdout]    |     ^^^^^^^^^^^^^^^^^^^^ use of unresolved module or unlinked crate `swc_next_ecma_parser`
[INFO] [stdout]    |
[INFO] [stdout] help: there is a crate or module with a similar name
[INFO] [stdout]    |
[INFO] [stdout] 11 - use swc_next_ecma_parser::{CommentMode, NoTokenParserConfig, Options as ParseOptions, Parser};
[INFO] [stdout] 11 + use swc_next_ecma_ast::{CommentMode, NoTokenParserConfig, Options as ParseOptions, Parser};
[INFO] [stdout]    |
[INFO] [stdout] 
[INFO] [stdout] 
[INFO] [stdout] error[E0432]: unresolved import `swc_next_ecma_semantic`
[INFO] [stdout]   --> tests/support/mod.rs:12:5
[INFO] [stdout]    |
[INFO] [stdout] 12 | use swc_next_ecma_semantic::{AnalyzeOptions, analyze};
[INFO] [stdout]    |     ^^^^^^^^^^^^^^^^^^^^^^ use of unresolved module or unlinked crate `swc_next_ecma_semantic`
[INFO] [stdout]    |
[INFO] [stdout] help: there is a crate or module with a similar name
[INFO] [stdout]    |
[INFO] [stdout] 12 - use swc_next_ecma_semantic::{AnalyzeOptions, analyze};
[INFO] [stdout] 12 + use swc_next_ecma_ast::{AnalyzeOptions, analyze};
[INFO] [stdout]    |
[INFO] [stdout] 
[INFO] [stdout] 
[INFO] [stdout] For more information about this error, try `rustc --explain E0432`.
[INFO] [stdout] 
[INFO] [stderr] error: could not compile `swc_next_ecma_minifier` (lib test) due to 2 previous errors
[INFO] [stderr] warning: build failed, waiting for other jobs to finish...
[INFO] [stdout] error[E0433]: cannot find module or crate `serde_json` in this scope
[INFO] [stdout]   --> tests/support/mod.rs:77:21
[INFO] [stdout]    |
[INFO] [stdout] 77 |         Ok(json) => serde_json::from_str::<FixtureOptions>(&json)
[INFO] [stdout]    |                     ^^^^^^^^^^ use of unresolved module or unlinked crate `serde_json`
[INFO] [stdout]    |
[INFO] [stdout]    = help: if you wanted to use a crate named `serde_json`, use `cargo add serde_json` to add it to your `Cargo.toml`
[INFO] [stdout] 
[INFO] [stdout] 
[INFO] [stdout] error[E0433]: cannot find module or crate `tempfile` in this scope
[INFO] [stdout]  --> tests/harness.rs:8:21
[INFO] [stdout]   |
[INFO] [stdout] 8 |     let directory = tempfile::tempdir().unwrap();
[INFO] [stdout]   |                     ^^^^^^^^ use of unresolved module or unlinked crate `tempfile`
[INFO] [stdout]   |
[INFO] [stdout]   = help: if you wanted to use a crate named `tempfile`, use `cargo add tempfile` to add it to your `Cargo.toml`
[INFO] [stdout] 
[INFO] [stdout] 
[INFO] [stdout] error[E0433]: cannot find module or crate `tempfile` in this scope
[INFO] [stdout]   --> tests/harness.rs:21:21
[INFO] [stdout]    |
[INFO] [stdout] 21 |     let directory = tempfile::tempdir().unwrap();
[INFO] [stdout]    |                     ^^^^^^^^ use of unresolved module or unlinked crate `tempfile`
[INFO] [stdout]    |
[INFO] [stdout]    = help: if you wanted to use a crate named `tempfile`, use `cargo add tempfile` to add it to your `Cargo.toml`
[INFO] [stdout] 
[INFO] [stdout] 
[INFO] [stdout] Some errors have detailed explanations: E0432, E0433.
[INFO] [stdout] 
[INFO] [stdout] For more information about an error, try `rustc --explain E0432`.
[INFO] [stdout] 
[INFO] [stderr] error: could not compile `swc_next_ecma_minifier` (test "harness") due to 8 previous errors
[INFO] [stdout] error[E0432]: unresolved import `libtest_mimic`
[INFO] [stdout]  --> tests/fixtures.rs:3:5
[INFO] [stdout]   |
[INFO] [stdout] 3 | use libtest_mimic::{Arguments, Trial};
[INFO] [stdout]   |     ^^^^^^^^^^^^^ use of unresolved module or unlinked crate `libtest_mimic`
[INFO] [stdout]   |
[INFO] [stdout]   = help: if you wanted to use a crate named `libtest_mimic`, use `cargo add libtest_mimic` to add it to your `Cargo.toml`
[INFO] [stdout] 
[INFO] [stdout] 
[INFO] [stdout] error[E0432]: unresolved import `swc_next_allocator`
[INFO] [stdout]  --> tests/support/mod.rs:7:5
[INFO] [stdout]   |
[INFO] [stdout] 7 | use swc_next_allocator::Allocator;
[INFO] [stdout]   |     ^^^^^^^^^^^^^^^^^^ use of unresolved module or unlinked crate `swc_next_allocator`
[INFO] [stdout]   |
[INFO] [stdout]   = help: if you wanted to use a crate named `swc_next_allocator`, use `cargo add swc_next_allocator` to add it to your `Cargo.toml`
[INFO] [stdout] 
[INFO] [stdout] 
[INFO] [stdout] error[E0432]: unresolved import `swc_next_ecma_codegen`
[INFO] [stdout]  --> tests/support/mod.rs:9:5
[INFO] [stdout]   |
[INFO] [stdout] 9 | use swc_next_ecma_codegen::{Options as PrintOptions, print};
[INFO] [stdout]   |     ^^^^^^^^^^^^^^^^^^^^^ use of unresolved module or unlinked crate `swc_next_ecma_codegen`
[INFO] [stdout]   |
[INFO] [stdout] help: there is a crate or module with a similar name
[INFO] [stdout]   |
[INFO] [stdout] 9 - use swc_next_ecma_codegen::{Options as PrintOptions, print};
[INFO] [stdout] 9 + use swc_next_ecma_ast::{Options as PrintOptions, print};
[INFO] [stdout]   |
[INFO] [stdout] 
[INFO] [stdout] 
[INFO] [stdout] error[E0432]: unresolved import `swc_next_ecma_parser`
[INFO] [stdout]   --> tests/support/mod.rs:11:5
[INFO] [stdout]    |
[INFO] [stdout] 11 | use swc_next_ecma_parser::{CommentMode, NoTokenParserConfig, Options as ParseOptions, Parser};
[INFO] [stdout]    |     ^^^^^^^^^^^^^^^^^^^^ use of unresolved module or unlinked crate `swc_next_ecma_parser`
[INFO] [stdout]    |
[INFO] [stdout] help: there is a crate or module with a similar name
[INFO] [stdout]    |
[INFO] [stdout] 11 - use swc_next_ecma_parser::{CommentMode, NoTokenParserConfig, Options as ParseOptions, Parser};
[INFO] [stdout] 11 + use swc_next_ecma_ast::{CommentMode, NoTokenParserConfig, Options as ParseOptions, Parser};
[INFO] [stdout]    |
[INFO] [stdout] 
[INFO] [stdout] 
[INFO] [stdout] error[E0432]: unresolved import `swc_next_ecma_semantic`
[INFO] [stdout]   --> tests/support/mod.rs:12:5
[INFO] [stdout]    |
[INFO] [stdout] 12 | use swc_next_ecma_semantic::{AnalyzeOptions, analyze};
[INFO] [stdout]    |     ^^^^^^^^^^^^^^^^^^^^^^ use of unresolved module or unlinked crate `swc_next_ecma_semantic`
[INFO] [stdout]    |
[INFO] [stdout] help: there is a crate or module with a similar name
[INFO] [stdout]    |
[INFO] [stdout] 12 - use swc_next_ecma_semantic::{AnalyzeOptions, analyze};
[INFO] [stdout] 12 + use swc_next_ecma_ast::{AnalyzeOptions, analyze};
[INFO] [stdout]    |
[INFO] [stdout] 
[INFO] [stdout] 
[INFO] [stdout] error[E0433]: cannot find module or crate `serde_json` in this scope
[INFO] [stdout]   --> tests/support/mod.rs:77:21
[INFO] [stdout]    |
[INFO] [stdout] 77 |         Ok(json) => serde_json::from_str::<FixtureOptions>(&json)
[INFO] [stdout]    |                     ^^^^^^^^^^ use of unresolved module or unlinked crate `serde_json`
[INFO] [stdout]    |
[INFO] [stdout]    = help: if you wanted to use a crate named `serde_json`, use `cargo add serde_json` to add it to your `Cargo.toml`
[INFO] [stdout] 
[INFO] [stdout] 
[INFO] [stdout] error[E0433]: cannot find module or crate `libtest_mimic` in this scope
[INFO] [stdout]   --> tests/fixtures.rs:27:5
[INFO] [stdout]    |
[INFO] [stdout] 27 |     libtest_mimic::run(&args, tests).exit();
[INFO] [stdout]    |     ^^^^^^^^^^^^^ use of unresolved module or unlinked crate `libtest_mimic`
[INFO] [stdout]    |
[INFO] [stdout]    = help: if you wanted to use a crate named `libtest_mimic`, use `cargo add libtest_mimic` to add it to your `Cargo.toml`
[INFO] [stdout] 
[INFO] [stdout] 
[INFO] [stdout] Some errors have detailed explanations: E0432, E0433.
[INFO] [stdout] 
[INFO] [stdout] For more information about an error, try `rustc --explain E0432`.
[INFO] [stdout] 
[INFO] [stderr] error: could not compile `swc_next_ecma_minifier` (test "fixtures") due to 7 previous errors
[INFO] running `Command { std: "docker" "inspect" "4531a87008f8ff0bfb27fe5978acc291bec8849b3d0159c79da96c2ec6b7b079", kill_on_drop: false }`
[INFO] running `Command { std: "docker" "rm" "-f" "4531a87008f8ff0bfb27fe5978acc291bec8849b3d0159c79da96c2ec6b7b079", kill_on_drop: false }`
[INFO] [stdout] 4531a87008f8ff0bfb27fe5978acc291bec8849b3d0159c79da96c2ec6b7b079
