[INFO] fetching crate svlang-sys 0.1.0...
[INFO] testing svlang-sys-0.1.0 against 1.99.0-beta.8+cargoflags=--release for beta-release-1.100-2
[INFO] extracting crate svlang-sys 0.1.0 into /workspace/builds/worker-4-tc1/source
[INFO] started tweaking crates.io crate svlang-sys 0.1.0
[INFO] finished tweaking crates.io crate svlang-sys 0.1.0
[INFO] tweaked toml for crates.io crate svlang-sys 0.1.0 written to /workspace/builds/worker-4-tc1/source/Cargo.toml
[INFO] validating manifest of crates.io crate svlang-sys 0.1.0 on toolchain 1.99.0-beta.8
[INFO] running `Command { std: CARGO_HOME="/workspace/cargo-home" RUSTUP_HOME="/workspace/rustup-home" "/workspace/cargo-home/bin/cargo" "+1.99.0-beta.8" "metadata" "--manifest-path" "Cargo.toml" "--no-deps", kill_on_drop: false }`
[INFO] running `Command { std: CARGO_HOME="/workspace/cargo-home" RUSTUP_HOME="/workspace/rustup-home" "/workspace/cargo-home/bin/cargo" "+1.99.0-beta.8" "generate-lockfile" "--manifest-path" "Cargo.toml", kill_on_drop: false }`
[INFO] [stderr]     Updating crates.io index
[INFO] [stderr]      Locking 34 packages to highest compatible versions
[INFO] running `Command { std: CARGO_HOME="/workspace/cargo-home" RUSTUP_HOME="/workspace/rustup-home" "/workspace/cargo-home/bin/cargo" "+1.99.0-beta.8" "fetch" "--manifest-path" "Cargo.toml", kill_on_drop: false }`
[INFO] [stderr]  Downloading crates ...
[INFO] [stderr]   Downloaded link-cplusplus v1.0.12
[INFO] [stderr]   Downloaded scratch v1.0.9
[INFO] [stderr]   Downloaded cxx-build v1.0.205
[INFO] [stderr]   Downloaded cxxbridge-flags v1.0.205
[INFO] [stderr]   Downloaded codespan-reporting v0.13.1
[INFO] [stderr]   Downloaded cxxbridge-macro v1.0.205
[INFO] [stderr]   Downloaded cxxbridge-cmd v1.0.205
[INFO] [stderr]   Downloaded cxx v1.0.205
[INFO] running `Command { std: "docker" "create" "-v" "/var/lib/crater-agent-workspace/builds/worker-4-tc1/source:/opt/rustwide/workdir:ro,Z" "-v" "/var/lib/crater-agent-workspace/builds/worker-4-tc1/target:/opt/rustwide/target:rw,Z" "-v" "/var/lib/crater-agent-workspace/cargo-home:/opt/rustwide/cargo-home:ro,Z" "-v" "/var/lib/crater-agent-workspace/rustup-home:/opt/rustwide/rustup-home:ro,Z" "-m" "1610612736" "--network" "none" "ghcr.io/rust-lang/crates-build-env/linux@sha256:77db811e55d90add9212f6832c23229e3de5f1c1f9905e8cb07319ea15df73ac" "sleep" "infinity", kill_on_drop: false }`
[INFO] [stdout] ab96e4e8c3bf4d5f7b57294b794fc63531bc389045444d5f8687c7d6d64e6d76
[INFO] running `Command { std: "docker" "start" "ab96e4e8c3bf4d5f7b57294b794fc63531bc389045444d5f8687c7d6d64e6d76", kill_on_drop: false }`
[INFO] running `Command { std: "docker" "inspect" "ab96e4e8c3bf4d5f7b57294b794fc63531bc389045444d5f8687c7d6d64e6d76", kill_on_drop: false }`
[INFO] running `Command { std: "docker" "exec" "-e" "SOURCE_DIR=/opt/rustwide/workdir" "-e" "CARGO_HOME=/opt/rustwide/cargo-home" "-e" "RUSTUP_HOME=/opt/rustwide/rustup-home" "-e" "CARGO_TARGET_DIR=/opt/rustwide/target" "-w" "/opt/rustwide/workdir" "--user" "0:0" "ab96e4e8c3bf4d5f7b57294b794fc63531bc389045444d5f8687c7d6d64e6d76" "/opt/rustwide/cargo-home/bin/cargo" "+1.99.0-beta.8" "metadata" "--no-deps" "--format-version=1", kill_on_drop: false }`
[INFO] running `Command { std: "docker" "inspect" "ab96e4e8c3bf4d5f7b57294b794fc63531bc389045444d5f8687c7d6d64e6d76", kill_on_drop: false }`
[INFO] running `Command { std: "docker" "exec" "-e" "SOURCE_DIR=/opt/rustwide/workdir" "-e" "CARGO_HOME=/opt/rustwide/cargo-home" "-e" "RUSTUP_HOME=/opt/rustwide/rustup-home" "-e" "CARGO_TARGET_DIR=/opt/rustwide/target" "-e" "CARGO_INCREMENTAL=0" "-e" "RUST_BACKTRACE=full" "-e" "RUSTFLAGS=--cap-lints=warn" "-e" "RUSTDOCFLAGS=--cap-lints=warn" "-w" "/opt/rustwide/workdir" "--user" "0:0" "ab96e4e8c3bf4d5f7b57294b794fc63531bc389045444d5f8687c7d6d64e6d76" "/opt/rustwide/cargo-home/bin/cargo" "+1.99.0-beta.8" "build" "--frozen" "--message-format=json" "--release", kill_on_drop: false }`
[INFO] [stderr]    Compiling cc v1.8.0
[INFO] [stderr]    Compiling proc-macro2 v1.0.107
[INFO] [stderr]    Compiling hashbrown v0.17.1
[INFO] [stderr]    Compiling equivalent v1.0.3
[INFO] [stderr]    Compiling scratch v1.0.9
[INFO] [stderr]    Compiling cxxbridge-flags v1.0.205
[INFO] [stderr]    Compiling termcolor v1.4.1
[INFO] [stderr]    Compiling unicode-width v0.2.2
[INFO] [stderr]    Compiling foldhash v0.2.0
[INFO] [stderr]    Compiling codespan-reporting v0.13.1
[INFO] [stderr]    Compiling indexmap v2.14.2
[INFO] [stderr]    Compiling quote v1.0.47
[INFO] [stderr]    Compiling syn v3.0.9
[INFO] [stderr]    Compiling cmake v0.1.58
[INFO] [stderr]    Compiling link-cplusplus v1.0.12
[INFO] [stderr]    Compiling cxx v1.0.205
[INFO] [stderr]    Compiling cxx-build v1.0.205
[INFO] [stderr]    Compiling cxxbridge-macro v1.0.205
[INFO] [stderr]    Compiling svlang-sys v0.1.0 (/opt/rustwide/workdir)
[INFO] [stderr] error: failed to run custom build command for `svlang-sys v0.1.0 (/opt/rustwide/workdir)`
[INFO] [stderr] note: To improve backtraces for build dependencies, set the CARGO_PROFILE_RELEASE_BUILD_OVERRIDE_DEBUG=true environment variable to enable debug information generation.
[INFO] [stderr] 
[INFO] [stderr] Caused by:
[INFO] [stderr]   process didn't exit successfully: `/opt/rustwide/target/release/build/svlang-sys-822467ce2d89fe57/build-script-build` (exit status: 101)
[INFO] [stderr]   --- stdout
[INFO] [stderr]   CMAKE_TOOLCHAIN_FILE_x86_64-unknown-linux-gnu = None
[INFO] [stderr]   CMAKE_TOOLCHAIN_FILE_x86_64_unknown_linux_gnu = None
[INFO] [stderr]   HOST_CMAKE_TOOLCHAIN_FILE = None
[INFO] [stderr]   CMAKE_TOOLCHAIN_FILE = None
[INFO] [stderr]   CMAKE_GENERATOR_x86_64-unknown-linux-gnu = None
[INFO] [stderr]   CMAKE_GENERATOR_x86_64_unknown_linux_gnu = None
[INFO] [stderr]   HOST_CMAKE_GENERATOR = None
[INFO] [stderr]   CMAKE_GENERATOR = None
[INFO] [stderr]   CMAKE_PREFIX_PATH_x86_64-unknown-linux-gnu = None
[INFO] [stderr]   CMAKE_PREFIX_PATH_x86_64_unknown_linux_gnu = None
[INFO] [stderr]   HOST_CMAKE_PREFIX_PATH = None
[INFO] [stderr]   CMAKE_PREFIX_PATH = None
[INFO] [stderr]   CMAKE_x86_64-unknown-linux-gnu = None
[INFO] [stderr]   CMAKE_x86_64_unknown_linux_gnu = None
[INFO] [stderr]   HOST_CMAKE = None
[INFO] [stderr]   CMAKE = None
[INFO] [stderr]   -- CMake version: 4.2.3
[INFO] [stderr]   -- slang version: 7.0.0+0
[INFO] [stderr]   -- The CXX compiler identification is GNU 15.2.0
[INFO] [stderr]   -- Detecting CXX compiler ABI info
[INFO] [stderr]   -- Detecting CXX compiler ABI info - done
[INFO] [stderr]   -- Check for working CXX compiler: /usr/bin/c++ - skipped
[INFO] [stderr]   -- Detecting CXX compile features
[INFO] [stderr]   -- Detecting CXX compile features - done
[INFO] [stderr]   -- Found Python: /usr/bin/python3 (found version "3.14.4") found components: Interpreter
[INFO] [stderr]   -- Build STATIC library as: svlang
[INFO] [stderr]   -- Configuring incomplete, errors occurred!
[INFO] [stderr] 
[INFO] [stderr]   --- stderr
[INFO] [stderr]   running: cd "/opt/rustwide/target/release/build/svlang-sys-d8aa7371a6a44f8b/out/build" && CMAKE_PREFIX_PATH="" LC_ALL="C" "cmake" "/opt/rustwide/workdir/slang" "-B" "/opt/rustwide/target/release/build/svlang-sys-d8aa7371a6a44f8b/out/build" "-DSLANG_INCLUDE_TOOLS=OFF" "-DSLANG_INCLUDE_TESTS=OFF" "-DSLANG_USE_MIMALLOC=OFF" "-DCMAKE_INSTALL_PREFIX=/opt/rustwide/target/release/build/svlang-sys-d8aa7371a6a44f8b/out" "-DCMAKE_C_FLAGS= -ffunction-sections -fdata-sections -fPIC -m64 -w" "-DCMAKE_C_COMPILER=/usr/bin/cc" "-DCMAKE_CXX_FLAGS= -ffunction-sections -fdata-sections -fPIC -m64 -w" "-DCMAKE_CXX_COMPILER=/usr/bin/c++" "-DCMAKE_ASM_FLAGS= -ffunction-sections -fdata-sections -fPIC -m64 -w" "-DCMAKE_ASM_COMPILER=/usr/bin/cc" "-DCMAKE_BUILD_TYPE=Release"
[INFO] [stderr]   [ 11%] Creating directories for 'fmt-populate'
[INFO] [stderr]   [ 22%] Performing download step (git clone) for 'fmt-populate'
[INFO] [stderr]   Cloning into 'fmt-src'...
[INFO] [stderr]   fatal: unable to access 'https://github.com/fmtlib/fmt.git/': Could not resolve host: github.com
[INFO] [stderr]   Cloning into 'fmt-src'...
[INFO] [stderr]   fatal: unable to access 'https://github.com/fmtlib/fmt.git/': Could not resolve host: github.com
[INFO] [stderr]   Cloning into 'fmt-src'...
[INFO] [stderr]   fatal: unable to access 'https://github.com/fmtlib/fmt.git/': Could not resolve host: github.com
[INFO] [stderr]   Had to git clone more than once: 3 times.
[INFO] [stderr]   CMake Error at fmt-subbuild/fmt-populate-prefix/tmp/fmt-populate-gitclone.cmake:50 (message):
[INFO] [stderr]     Failed to clone repository: 'https://github.com/fmtlib/fmt.git'
[INFO] [stderr] 
[INFO] [stderr] 
[INFO] [stderr]   gmake[2]: *** [CMakeFiles/fmt-populate.dir/build.make:102: fmt-populate-prefix/src/fmt-populate-stamp/fmt-populate-download] Error 1
[INFO] [stderr]   gmake[1]: *** [CMakeFiles/Makefile2:87: CMakeFiles/fmt-populate.dir/all] Error 2
[INFO] [stderr]   gmake: *** [Makefile:91: all] Error 2
[INFO] [stderr] 
[INFO] [stderr]   CMake Error at /usr/share/cmake-4.2/Modules/FetchContent.cmake:1928 (message):
[INFO] [stderr]     Build step for fmt failed: 2
[INFO] [stderr]   Call Stack (most recent call first):
[INFO] [stderr]     /usr/share/cmake-4.2/Modules/FetchContent.cmake:1619 (__FetchContent_populateSubbuild)
[INFO] [stderr]     /usr/share/cmake-4.2/Modules/FetchContent.cmake:2155:EVAL:2 (__FetchContent_doPopulation)
[INFO] [stderr]     /usr/share/cmake-4.2/Modules/FetchContent.cmake:2155 (cmake_language)
[INFO] [stderr]     /usr/share/cmake-4.2/Modules/FetchContent.cmake:2394 (__FetchContent_Populate)
[INFO] [stderr]     external/CMakeLists.txt:33 (FetchContent_MakeAvailable)
[INFO] [stderr]     CMakeLists.txt:173 (include)
[INFO] [stderr] 
[INFO] [stderr] 
[INFO] [stderr] 
[INFO] [stderr]   thread 'main' (396) panicked at /opt/rustwide/cargo-home/registry/src/index.crates.io-1949cf8c6b5b557f/cmake-0.1.58/src/lib.rs:1132:5:
[INFO] [stderr] 
[INFO] [stderr]   command did not execute successfully, got: exit status: 1
[INFO] [stderr] 
[INFO] [stderr]   build script failed, must exit now
[INFO] [stderr]   stack backtrace:
[INFO] [stderr]      0:     0x6290ec4c2261 - <<std[70759c8f55707aa4]::sys::backtrace::BacktraceLock>::print::DisplayBacktrace as core[df12db4294e9bfd3]::fmt::Display>::fmt
[INFO] [stderr]      1:     0x6290ec4d830a - core[df12db4294e9bfd3]::fmt::write
[INFO] [stderr]      2:     0x6290ec4c892c - <std[70759c8f55707aa4]::sys::stdio::unix::Stderr as core[df12db4294e9bfd3]::io::write::Write>::write_fmt
[INFO] [stderr]      3:     0x6290ec49e1b6 - std[70759c8f55707aa4]::panicking::default_hook::{closure#0}
[INFO] [stderr]      4:     0x6290ec4bb4a1 - std[70759c8f55707aa4]::panicking::default_hook
[INFO] [stderr]      5:     0x6290ec4bb7cb - std[70759c8f55707aa4]::panicking::panic_with_hook
[INFO] [stderr]      6:     0x6290ec49e262 - std[70759c8f55707aa4]::panicking::panic_handler::{closure#0}
[INFO] [stderr]      7:     0x6290ec4968f9 - std[70759c8f55707aa4]::sys::backtrace::__rust_end_short_backtrace::<std[70759c8f55707aa4]::panicking::panic_handler::{closure#0}, !>
[INFO] [stderr]      8:     0x6290ec49ed7d - __rustc[8fa7c3cbc660c2b3]::rust_begin_unwind
[INFO] [stderr]      9:     0x6290ec4d8b2c - core[df12db4294e9bfd3]::panicking::panic_fmt
[INFO] [stderr]     10:     0x6290ec3f6607 - cmake[7e771a39bb3c34a8]::fail
[INFO] [stderr]     11:     0x6290ec3f6293 - cmake[7e771a39bb3c34a8]::run
[INFO] [stderr]     12:     0x6290ec3fbb52 - <cmake[7e771a39bb3c34a8]::Config>::build
[INFO] [stderr]     13:     0x6290ec196dbd - build_script_build[1a63c3ddadbd92b9]::main
[INFO] [stderr]     14:     0x6290ec1988e3 - <fn() as core[df12db4294e9bfd3]::ops::function::FnOnce<()>>::call_once
[INFO] [stderr]     15:     0x6290ec1968d6 - std[70759c8f55707aa4]::sys::backtrace::__rust_begin_short_backtrace::<fn(), ()>
[INFO] [stderr]     16:     0x6290ec196b99 - std[70759c8f55707aa4]::rt::lang_start::<()>::{closure#0}
[INFO] [stderr]     17:     0x6290ec4ba3b9 - std[70759c8f55707aa4]::rt::lang_start_internal
[INFO] [stderr]     18:     0x6290ec196211 - std[70759c8f55707aa4]::rt::lang_start::<()>
[INFO] [stderr]     19:     0x6290ec198a25 - main
[INFO] [stderr]     20:     0x714585194601 - <unknown>
[INFO] [stderr]     21:     0x714585194718 - __libc_start_main
[INFO] [stderr]     22:     0x6290ec194325 - _start
[INFO] [stderr]     23:                0x0 - <unknown>
[INFO] running `Command { std: "docker" "inspect" "ab96e4e8c3bf4d5f7b57294b794fc63531bc389045444d5f8687c7d6d64e6d76", kill_on_drop: false }`
[INFO] running `Command { std: "docker" "rm" "-f" "ab96e4e8c3bf4d5f7b57294b794fc63531bc389045444d5f8687c7d6d64e6d76", kill_on_drop: false }`
[INFO] [stdout] ab96e4e8c3bf4d5f7b57294b794fc63531bc389045444d5f8687c7d6d64e6d76
