[INFO] fetching crate surrealdb-kvs-any 3.3.4...
[INFO] testing surrealdb-kvs-any-3.3.4 against 1.100.0-beta.1+cargoflags=--release for beta-release-1.100-2
[INFO] extracting crate surrealdb-kvs-any 3.3.4 into /workspace/builds/worker-0-tc2/source
[INFO] started tweaking crates.io crate surrealdb-kvs-any 3.3.4
[INFO] removed 0 missing tests
[INFO] finished tweaking crates.io crate surrealdb-kvs-any 3.3.4
[INFO] tweaked toml for crates.io crate surrealdb-kvs-any 3.3.4 written to /workspace/builds/worker-0-tc2/source/Cargo.toml
[INFO] validating manifest of crates.io crate surrealdb-kvs-any 3.3.4 on toolchain 1.100.0-beta.1
[INFO] running `Command { std: CARGO_HOME="/workspace/cargo-home" RUSTUP_HOME="/workspace/rustup-home" "/workspace/cargo-home/bin/cargo" "+1.100.0-beta.1" "metadata" "--manifest-path" "Cargo.toml" "--no-deps", kill_on_drop: false }`
[INFO] crate crates.io crate surrealdb-kvs-any 3.3.4 already has a lockfile, it will not be regenerated
[INFO] running `Command { std: CARGO_HOME="/workspace/cargo-home" RUSTUP_HOME="/workspace/rustup-home" "/workspace/cargo-home/bin/cargo" "+1.100.0-beta.1" "fetch" "--manifest-path" "Cargo.toml", kill_on_drop: false }`
[INFO] [stderr] warning: `package.homepage` is redundant with `package.repository`
[INFO] [stderr]    --> Cargo.toml:100:12
[INFO] [stderr]     |
[INFO] [stderr] 100 | homepage = "https://github.com/surrealdb/surrealdb"
[INFO] [stderr]     |            ^^^^^^^^^^^^^^^^^^^^^^^^^^^^^^^^^^^^^^^^
[INFO] [stderr] ...
[INFO] [stderr] 106 | repository = "https://github.com/surrealdb/surrealdb"
[INFO] [stderr]     |              ----------------------------------------
[INFO] [stderr]     |
[INFO] [stderr]     = note: `cargo::redundant_homepage` is set to `warn` by default
[INFO] [stderr] help: consider removing `package.homepage`
[INFO] [stderr] warning: `surrealdb-kvs-any` (manifest) generated 1 warning
[INFO] running `Command { std: "docker" "create" "-v" "/var/lib/crater-agent-workspace/builds/worker-0-tc2/source:/opt/rustwide/workdir:ro,Z" "-v" "/var/lib/crater-agent-workspace/builds/worker-0-tc2/target:/opt/rustwide/target:rw,Z" "-v" "/var/lib/crater-agent-workspace/cargo-home:/opt/rustwide/cargo-home:ro,Z" "-v" "/var/lib/crater-agent-workspace/rustup-home:/opt/rustwide/rustup-home:ro,Z" "-m" "1610612736" "--network" "none" "ghcr.io/rust-lang/crates-build-env/linux@sha256:77db811e55d90add9212f6832c23229e3de5f1c1f9905e8cb07319ea15df73ac" "sleep" "infinity", kill_on_drop: false }`
[INFO] [stdout] b1946792e847a5107288a416ef5768f2a6f19f7316ea55562bc4c45bf129d612
[INFO] running `Command { std: "docker" "start" "b1946792e847a5107288a416ef5768f2a6f19f7316ea55562bc4c45bf129d612", kill_on_drop: false }`
[INFO] running `Command { std: "docker" "inspect" "b1946792e847a5107288a416ef5768f2a6f19f7316ea55562bc4c45bf129d612", kill_on_drop: false }`
[INFO] running `Command { std: "docker" "exec" "-e" "SOURCE_DIR=/opt/rustwide/workdir" "-e" "CARGO_HOME=/opt/rustwide/cargo-home" "-e" "RUSTUP_HOME=/opt/rustwide/rustup-home" "-e" "CARGO_TARGET_DIR=/opt/rustwide/target" "-w" "/opt/rustwide/workdir" "--user" "0:0" "b1946792e847a5107288a416ef5768f2a6f19f7316ea55562bc4c45bf129d612" "/opt/rustwide/cargo-home/bin/cargo" "+1.100.0-beta.1" "metadata" "--no-deps" "--format-version=1", kill_on_drop: false }`
[INFO] running `Command { std: "docker" "inspect" "b1946792e847a5107288a416ef5768f2a6f19f7316ea55562bc4c45bf129d612", kill_on_drop: false }`
[INFO] running `Command { std: "docker" "exec" "-e" "SOURCE_DIR=/opt/rustwide/workdir" "-e" "CARGO_HOME=/opt/rustwide/cargo-home" "-e" "RUSTUP_HOME=/opt/rustwide/rustup-home" "-e" "CARGO_TARGET_DIR=/opt/rustwide/target" "-e" "CARGO_INCREMENTAL=0" "-e" "RUST_BACKTRACE=full" "-e" "RUSTFLAGS=--cap-lints=warn" "-e" "RUSTDOCFLAGS=--cap-lints=warn" "-w" "/opt/rustwide/workdir" "--user" "0:0" "b1946792e847a5107288a416ef5768f2a6f19f7316ea55562bc4c45bf129d612" "/opt/rustwide/cargo-home/bin/cargo" "+1.100.0-beta.1" "build" "--frozen" "--message-format=json" "--release", kill_on_drop: false }`
[INFO] [stderr] warning: `package.homepage` is redundant with `package.repository`
[INFO] [stderr]    --> Cargo.toml:100:12
[INFO] [stderr]     |
[INFO] [stderr] 100 | homepage = "https://github.com/surrealdb/surrealdb"
[INFO] [stderr]     |            ^^^^^^^^^^^^^^^^^^^^^^^^^^^^^^^^^^^^^^^^
[INFO] [stderr] ...
[INFO] [stderr] 106 | repository = "https://github.com/surrealdb/surrealdb"
[INFO] [stderr]     |              ----------------------------------------
[INFO] [stderr]     |
[INFO] [stderr]     = note: `cargo::redundant_homepage` is set to `warn` by default
[INFO] [stderr] help: consider removing `package.homepage`
[INFO] [stderr] warning: `surrealdb-kvs-any` (manifest) generated 1 warning
[INFO] [stderr]    Compiling syn v3.0.3
[INFO] [stderr]    Compiling serde v1.0.229
[INFO] [stderr]    Compiling smallvec v1.15.2
[INFO] [stderr]    Compiling heapless v0.8.0
[INFO] [stderr]    Compiling hash32 v0.3.1
[INFO] [stderr]    Compiling memchr v2.8.3
[INFO] [stderr]    Compiling getrandom v0.3.4
[INFO] [stderr]    Compiling i_float v1.15.0
[INFO] [stderr]    Compiling rust_decimal v1.42.0
[INFO] [stderr]    Compiling i_tree v0.16.0
[INFO] [stderr]    Compiling i_key_sort v0.6.0
[INFO] [stderr]    Compiling approx v0.5.1
[INFO] [stderr]    Compiling rand_chacha v0.3.1
[INFO] [stderr]    Compiling geographiclib-rs v0.2.7
[INFO] [stderr]    Compiling uuid v1.23.1
[INFO] [stderr]    Compiling flatbuffers v25.12.19
[INFO] [stderr]    Compiling aho-corasick v1.1.4
[INFO] [stderr]    Compiling rand_core v0.9.5
[INFO] [stderr]    Compiling robust v1.2.0
[INFO] [stderr]    Compiling i_shape v1.14.0
[INFO] [stderr]    Compiling arrayvec v0.7.6
[INFO] [stderr]    Compiling sif-itree v0.4.1
[INFO] [stderr]    Compiling rand v0.8.6
[INFO] [stderr]    Compiling float_next_after v1.0.0
[INFO] [stderr]    Compiling phf_shared v0.13.1
[INFO] [stderr]    Compiling rand_chacha v0.9.0
[INFO] [stderr]    Compiling futures-macro v0.3.32
[INFO] [stderr]    Compiling fastrand v2.4.1
[INFO] [stderr]    Compiling bitflags v2.11.1
[INFO] [stderr]    Compiling i_overlay v4.0.7
[INFO] [stderr]    Compiling phf_generator v0.13.1
[INFO] [stderr]    Compiling serde_json v1.0.151
[INFO] [stderr]    Compiling rand v0.9.4
[INFO] [stderr]    Compiling parking_lot_core v0.9.12
[INFO] [stderr]    Compiling seize v0.5.1
[INFO] [stderr]    Compiling async-trait v0.1.89
[INFO] [stderr]    Compiling semver v1.0.28
[INFO] [stderr]    Compiling papaya v0.2.5
[INFO] [stderr]    Compiling parking_lot v0.12.5
[INFO] [stderr]    Compiling surrealdb-types-derive v3.3.4
[INFO] [stderr]    Compiling regex-automata v0.4.14
[INFO] [stderr]    Compiling tracing v0.1.44
[INFO] [stderr]    Compiling futures-util v0.3.32
[INFO] [stderr]    Compiling phf_macros v0.13.1
[INFO] [stderr]    Compiling castaway v0.2.4
[INFO] [stderr]    Compiling tokio v1.52.3
[INFO] [stderr]    Compiling crossbeam-deque v0.8.7
[INFO] [stderr]    Compiling arc-swap v1.9.2
[INFO] [stderr]    Compiling num_cpus v1.17.0
[INFO] [stderr]    Compiling revision-derive v0.30.0
[INFO] [stderr]    Compiling ulid v1.2.1
[INFO] [stderr]    Compiling path-clean v1.0.1
[INFO] [stderr]    Compiling web-time v1.1.0
[INFO] [stderr]    Compiling phf v0.13.1
[INFO] [stderr]    Compiling serde_derive v1.0.229
[INFO] [stderr]    Compiling thiserror-impl v2.0.20
[INFO] [stderr]    Compiling thiserror v2.0.20
[INFO] [stderr]    Compiling affinitypool v0.8.0
[INFO] [stderr]    Compiling regex v1.12.3
[INFO] [stderr]    Compiling futures-executor v0.3.32
[INFO] [stderr]    Compiling futures v0.3.32
[INFO] [stderr]    Compiling logos-codegen v0.16.1
[INFO] [stderr]    Compiling bytes v1.12.1
[INFO] [stderr]    Compiling rstar v0.12.2
[INFO] [stderr]    Compiling chrono v0.4.44
[INFO] [stderr]    Compiling roaring v0.11.4
[INFO] [stderr]    Compiling geo-types v0.7.19
[INFO] [stderr]    Compiling logos-derive v0.16.1
[INFO] [stderr]    Compiling http v1.4.0
[INFO] [stderr]    Compiling tokio-util v0.7.18
[INFO] [stderr]    Compiling logos v0.16.1
[INFO] [stderr]    Compiling geo v0.32.0
[INFO] [stderr]    Compiling surrealdb-parse-common v3.3.4
[INFO] [stderr]    Compiling surrealdb-protocol v0.13.1
[INFO] [stderr]    Compiling revision v0.30.0
[INFO] [stderr]    Compiling surrealdb-types v3.3.4
[INFO] [stderr]    Compiling surrealdb-common v3.3.4
[INFO] [stderr]    Compiling surrealdb-cnf v3.3.4
[INFO] [stderr]    Compiling surrealdb-kvs v3.3.4
[INFO] [stderr]    Compiling surrealdb-kvs-any v3.3.4 (/opt/rustwide/workdir)
[INFO] [stderr]     Finished `release` profile [optimized] target(s) in 1m 10s
[INFO] running `Command { std: "docker" "inspect" "b1946792e847a5107288a416ef5768f2a6f19f7316ea55562bc4c45bf129d612", kill_on_drop: false }`
[INFO] running `Command { std: "docker" "exec" "-e" "SOURCE_DIR=/opt/rustwide/workdir" "-e" "CARGO_HOME=/opt/rustwide/cargo-home" "-e" "RUSTUP_HOME=/opt/rustwide/rustup-home" "-e" "CARGO_TARGET_DIR=/opt/rustwide/target" "-e" "CARGO_INCREMENTAL=0" "-e" "RUST_BACKTRACE=full" "-e" "RUSTFLAGS=--cap-lints=warn" "-e" "RUSTDOCFLAGS=--cap-lints=warn" "-w" "/opt/rustwide/workdir" "--user" "0:0" "b1946792e847a5107288a416ef5768f2a6f19f7316ea55562bc4c45bf129d612" "/opt/rustwide/cargo-home/bin/cargo" "+1.100.0-beta.1" "test" "--frozen" "--no-run" "--message-format=json" "--release", kill_on_drop: false }`
[INFO] [stderr] warning: `package.homepage` is redundant with `package.repository`
[INFO] [stderr]    --> Cargo.toml:100:12
[INFO] [stderr]     |
[INFO] [stderr] 100 | homepage = "https://github.com/surrealdb/surrealdb"
[INFO] [stderr]     |            ^^^^^^^^^^^^^^^^^^^^^^^^^^^^^^^^^^^^^^^^
[INFO] [stderr] ...
[INFO] [stderr] 106 | repository = "https://github.com/surrealdb/surrealdb"
[INFO] [stderr]     |              ----------------------------------------
[INFO] [stderr]     |
[INFO] [stderr]     = note: `cargo::redundant_homepage` is set to `warn` by default
[INFO] [stderr] help: consider removing `package.homepage`
[INFO] [stderr] warning: `surrealdb-kvs-any` (manifest) generated 1 warning
[INFO] [stderr]    Compiling tokio-macros v2.7.0
[INFO] [stderr]    Compiling temp-dir v0.2.0
[INFO] [stderr]    Compiling tokio v1.52.3
[INFO] [stderr]    Compiling surrealdb-common v3.3.4
[INFO] [stderr]    Compiling tokio-util v0.7.18
[INFO] [stderr]    Compiling surrealdb-cnf v3.3.4
[INFO] [stderr]    Compiling surrealdb-kvs v3.3.4
[INFO] [stderr]    Compiling surrealdb-kvs-any v3.3.4 (/opt/rustwide/workdir)
[INFO] [stdout] error[E0432]: unresolved import `surrealdb_kvs_test`
[INFO] [stdout]   --> tests/kvs/main.rs:11:5
[INFO] [stdout]    |
[INFO] [stdout] 11 | use surrealdb_kvs_test::TestBackend;
[INFO] [stdout]    |     ^^^^^^^^^^^^^^^^^^ use of unresolved module or unlinked crate `surrealdb_kvs_test`
[INFO] [stdout]    |
[INFO] [stdout] help: there is a crate or module with a similar name
[INFO] [stdout]    |
[INFO] [stdout] 11 - use surrealdb_kvs_test::TestBackend;
[INFO] [stdout] 11 + use surrealdb_kvs_any::TestBackend;
[INFO] [stdout]    |
[INFO] [stdout] 
[INFO] [stdout] 
[INFO] [stdout] error[E0432]: unresolved import `surrealdb_kvs_test`
[INFO] [stdout]   --> tests/kvs/main.rs:12:5
[INFO] [stdout]    |
[INFO] [stdout] 12 | use surrealdb_kvs_test::TestDs;
[INFO] [stdout]    |     ^^^^^^^^^^^^^^^^^^ use of unresolved module or unlinked crate `surrealdb_kvs_test`
[INFO] [stdout]    |
[INFO] [stdout] help: there is a crate or module with a similar name
[INFO] [stdout]    |
[INFO] [stdout] 12 - use surrealdb_kvs_test::TestDs;
[INFO] [stdout] 12 + use surrealdb_kvs_any::TestDs;
[INFO] [stdout]    |
[INFO] [stdout] 
[INFO] [stdout] 
[INFO] [stdout] error[E0433]: cannot find module or crate `surrealdb_kvs_test` in this scope
[INFO] [stdout]   --> tests/kvs/main.rs:72:2
[INFO] [stdout]    |
[INFO] [stdout] 72 |     surrealdb_kvs_test::run(backends)
[INFO] [stdout]    |     ^^^^^^^^^^^^^^^^^^ use of unresolved module or unlinked crate `surrealdb_kvs_test`
[INFO] [stdout]    |
[INFO] [stdout] help: there is a crate or module with a similar name
[INFO] [stdout]    |
[INFO] [stdout] 72 -     surrealdb_kvs_test::run(backends)
[INFO] [stdout] 72 +     surrealdb_kvs_any::run(backends)
[INFO] [stdout]    |
[INFO] [stdout] 
[INFO] [stdout] 
[INFO] [stdout] Some errors have detailed explanations: E0432, E0433.
[INFO] [stdout] 
[INFO] [stdout] For more information about an error, try `rustc --explain E0432`.
[INFO] [stdout] 
[INFO] [stderr] error: could not compile `surrealdb-kvs-any` (test "kvs") due to 3 previous errors
[INFO] [stderr] warning: build failed, waiting for other jobs to finish...
[INFO] running `Command { std: "docker" "inspect" "b1946792e847a5107288a416ef5768f2a6f19f7316ea55562bc4c45bf129d612", kill_on_drop: false }`
[INFO] running `Command { std: "docker" "rm" "-f" "b1946792e847a5107288a416ef5768f2a6f19f7316ea55562bc4c45bf129d612", kill_on_drop: false }`
[INFO] [stdout] b1946792e847a5107288a416ef5768f2a6f19f7316ea55562bc4c45bf129d612
