[INFO] fetching crate surgefx 0.2.12-alpha.0...
[INFO] testing surgefx-0.2.12-alpha.0 against 1.100.0-beta.1+cargoflags=--release for beta-release-1.100-2
[INFO] extracting crate surgefx 0.2.12-alpha.0 into /workspace/builds/worker-0-tc2/source
[INFO] started tweaking crates.io crate surgefx 0.2.12-alpha.0
[INFO] finished tweaking crates.io crate surgefx 0.2.12-alpha.0
[INFO] tweaked toml for crates.io crate surgefx 0.2.12-alpha.0 written to /workspace/builds/worker-0-tc2/source/Cargo.toml
[INFO] validating manifest of crates.io crate surgefx 0.2.12-alpha.0 on toolchain 1.100.0-beta.1
[INFO] running `Command { std: CARGO_HOME="/workspace/cargo-home" RUSTUP_HOME="/workspace/rustup-home" "/workspace/cargo-home/bin/cargo" "+1.100.0-beta.1" "metadata" "--manifest-path" "Cargo.toml" "--no-deps", kill_on_drop: false }`
[INFO] running `Command { std: CARGO_HOME="/workspace/cargo-home" RUSTUP_HOME="/workspace/rustup-home" "/workspace/cargo-home/bin/cargo" "+1.100.0-beta.1" "generate-lockfile" "--manifest-path" "Cargo.toml", kill_on_drop: false }`
[INFO] [stderr]     Updating crates.io index
[INFO] [stderr]      Locking 157 packages to highest compatible versions
[INFO] running `Command { std: CARGO_HOME="/workspace/cargo-home" RUSTUP_HOME="/workspace/rustup-home" "/workspace/cargo-home/bin/cargo" "+1.100.0-beta.1" "fetch" "--manifest-path" "Cargo.toml", kill_on_drop: false }`
[INFO] running `Command { std: "docker" "create" "-v" "/var/lib/crater-agent-workspace/builds/worker-0-tc2/source:/opt/rustwide/workdir:ro,Z" "-v" "/var/lib/crater-agent-workspace/builds/worker-0-tc2/target:/opt/rustwide/target:rw,Z" "-v" "/var/lib/crater-agent-workspace/cargo-home:/opt/rustwide/cargo-home:ro,Z" "-v" "/var/lib/crater-agent-workspace/rustup-home:/opt/rustwide/rustup-home:ro,Z" "-m" "1610612736" "--network" "none" "ghcr.io/rust-lang/crates-build-env/linux@sha256:77db811e55d90add9212f6832c23229e3de5f1c1f9905e8cb07319ea15df73ac" "sleep" "infinity", kill_on_drop: false }`
[INFO] [stdout] 63abbff33b147d84115c977db61d17da6932ce5305303e9c0fd1794d7bdbe589
[INFO] running `Command { std: "docker" "start" "63abbff33b147d84115c977db61d17da6932ce5305303e9c0fd1794d7bdbe589", kill_on_drop: false }`
[INFO] running `Command { std: "docker" "inspect" "63abbff33b147d84115c977db61d17da6932ce5305303e9c0fd1794d7bdbe589", kill_on_drop: false }`
[INFO] running `Command { std: "docker" "exec" "-e" "SOURCE_DIR=/opt/rustwide/workdir" "-e" "CARGO_HOME=/opt/rustwide/cargo-home" "-e" "RUSTUP_HOME=/opt/rustwide/rustup-home" "-e" "CARGO_TARGET_DIR=/opt/rustwide/target" "-w" "/opt/rustwide/workdir" "--user" "0:0" "63abbff33b147d84115c977db61d17da6932ce5305303e9c0fd1794d7bdbe589" "/opt/rustwide/cargo-home/bin/cargo" "+1.100.0-beta.1" "metadata" "--no-deps" "--format-version=1", kill_on_drop: false }`
[INFO] running `Command { std: "docker" "inspect" "63abbff33b147d84115c977db61d17da6932ce5305303e9c0fd1794d7bdbe589", kill_on_drop: false }`
[INFO] running `Command { std: "docker" "exec" "-e" "SOURCE_DIR=/opt/rustwide/workdir" "-e" "CARGO_HOME=/opt/rustwide/cargo-home" "-e" "RUSTUP_HOME=/opt/rustwide/rustup-home" "-e" "CARGO_TARGET_DIR=/opt/rustwide/target" "-e" "CARGO_INCREMENTAL=0" "-e" "RUST_BACKTRACE=full" "-e" "RUSTFLAGS=--cap-lints=warn" "-e" "RUSTDOCFLAGS=--cap-lints=warn" "-w" "/opt/rustwide/workdir" "--user" "0:0" "63abbff33b147d84115c977db61d17da6932ce5305303e9c0fd1794d7bdbe589" "/opt/rustwide/cargo-home/bin/cargo" "+1.100.0-beta.1" "build" "--frozen" "--message-format=json" "--release", kill_on_drop: false }`
[INFO] [stderr]    Compiling memchr v2.8.3
[INFO] [stderr]    Compiling libc v0.2.191
[INFO] [stderr]    Compiling bitflags v2.13.2
[INFO] [stderr]    Compiling rustc-hash v2.1.3
[INFO] [stderr]    Compiling clang-sys v1.9.1
[INFO] [stderr]    Compiling libloading v0.8.9
[INFO] [stderr]    Compiling either v1.19.0
[INFO] [stderr]    Compiling bindgen v0.72.1
[INFO] [stderr]    Compiling syn v1.0.109
[INFO] [stderr]    Compiling bindgen v0.73.2
[INFO] [stderr]    Compiling find-msvc-tools v0.1.14
[INFO] [stderr]    Compiling syn v2.0.119
[INFO] [stderr]    Compiling syn v3.0.9
[INFO] [stderr]    Compiling num-integer v0.1.47
[INFO] [stderr]    Compiling libm v0.1.4
[INFO] [stderr]    Compiling num-complex v0.4.6
[INFO] [stderr]    Compiling getrandom v0.2.17
[INFO] [stderr]    Compiling jack-sys v0.2.3
[INFO] [stderr]    Compiling num-complex v0.1.44
[INFO] [stderr]    Compiling cc v1.8.0
[INFO] [stderr]    Compiling matrixmultiply v0.3.11
[INFO] [stderr]    Compiling protobuf v2.28.0
[INFO] [stderr]    Compiling packed_simd_2 v0.3.8
[INFO] [stderr]    Compiling bytemuck v1.25.2
[INFO] [stderr]    Compiling rand_core v0.6.4
[INFO] [stderr]    Compiling libloading v0.6.7
[INFO] [stderr]    Compiling itertools v0.13.0
[INFO] [stderr]    Compiling num-bigint v0.4.8
[INFO] [stderr]    Compiling prometheus v0.13.4
[INFO] [stderr]    Compiling rand_chacha v0.3.1
[INFO] [stderr]    Compiling num-iter v0.1.46
[INFO] [stderr]    Compiling safe_arch v0.7.4
[INFO] [stderr]    Compiling num-traits v0.1.43
[INFO] [stderr]    Compiling aho-corasick v1.1.5
[INFO] [stderr]    Compiling nom v7.1.3
[INFO] [stderr]    Compiling dirs-sys v0.3.7
[INFO] [stdout] error[E0557]: feature has been removed
[INFO] [stdout]    --> /opt/rustwide/cargo-home/registry/src/index.crates.io-1949cf8c6b5b557f/packed_simd_2-0.3.8/src/lib.rs:218:5
[INFO] [stdout]     |
[INFO] [stdout] 218 |     platform_intrinsics,
[INFO] [stdout]     |     ^^^^^^^^^^^^^^^^^^^ feature has been removed
[INFO] [stdout]     |
[INFO] [stdout]     = note: removed in 1.78.0; see <https://github.com/rust-lang/rust/pull/121516> for more information
[INFO] [stdout]     = note: SIMD intrinsics use the regular intrinsics ABI now
[INFO] [stdout] 
[INFO] [stdout] 
[INFO] [stderr]    Compiling proc-macro2 v1.0.107
[INFO] [stderr]    Compiling wide v0.7.33
[INFO] [stderr]    Compiling unicode-ident v1.0.27
[INFO] [stderr]    Compiling byteorder v0.5.3
[INFO] [stderr]    Compiling convert_case v0.4.0
[INFO] [stderr]    Compiling owned-alloc v0.2.0
[INFO] [stderr]    Compiling lockfree v0.5.1
[INFO] [stderr]    Compiling riff-wave v0.1.3
[INFO] [stderr]    Compiling ndarray v0.15.6
[INFO] [stderr]    Compiling regex-automata v0.4.18
[INFO] [stdout] error[E0554]: `#![feature]` may not be used on the beta release channel
[INFO] [stdout]    --> /opt/rustwide/cargo-home/registry/src/index.crates.io-1949cf8c6b5b557f/packed_simd_2-0.3.8/src/lib.rs:214:1
[INFO] [stdout]     |
[INFO] [stdout] 214 | / #![feature(
[INFO] [stdout] 215 | |     adt_const_params,
[INFO] [stdout] 216 | |     repr_simd,
[INFO] [stdout] 217 | |     rustc_attrs,
[INFO] [stdout] ...   |
[INFO] [stdout] 224 | |     custom_inner_attributes,
[INFO] [stdout] 225 | | )]
[INFO] [stdout]     | |__^
[INFO] [stdout] 
[INFO] [stdout] 
[INFO] [stderr]    Compiling libloading v0.5.2
[INFO] [stdout] error[E0703]: invalid ABI: found `platform-intrinsic`
[INFO] [stdout]  --> /opt/rustwide/cargo-home/registry/src/index.crates.io-1949cf8c6b5b557f/packed_simd_2-0.3.8/src/codegen/llvm.rs:9:8
[INFO] [stdout]   |
[INFO] [stdout] 9 | extern "platform-intrinsic" {
[INFO] [stdout]   |        ^^^^^^^^^^^^^^^^^^^^ invalid ABI
[INFO] [stdout]   |
[INFO] [stdout]   = note: invoke `rustc --print=calling-conventions` for a full list of supported calling conventions
[INFO] [stdout] help: there's a similarly named valid ABI `llvm-intrinsic`
[INFO] [stdout]   |
[INFO] [stdout] 9 - extern "platform-intrinsic" {
[INFO] [stdout] 9 + extern "llvm-intrinsic" {
[INFO] [stdout]   |
[INFO] [stdout] 
[INFO] [stdout] 
[INFO] [stdout] error[E0703]: invalid ABI: found `platform-intrinsic`
[INFO] [stdout]   --> /opt/rustwide/cargo-home/registry/src/index.crates.io-1949cf8c6b5b557f/packed_simd_2-0.3.8/src/codegen/llvm.rs:78:8
[INFO] [stdout]    |
[INFO] [stdout] 78 | extern "platform-intrinsic" {
[INFO] [stdout]    |        ^^^^^^^^^^^^^^^^^^^^ invalid ABI
[INFO] [stdout]    |
[INFO] [stdout]    = note: invoke `rustc --print=calling-conventions` for a full list of supported calling conventions
[INFO] [stdout] help: there's a similarly named valid ABI `llvm-intrinsic`
[INFO] [stdout]    |
[INFO] [stdout] 78 - extern "platform-intrinsic" {
[INFO] [stdout] 78 + extern "llvm-intrinsic" {
[INFO] [stdout]    |
[INFO] [stdout] 
[INFO] [stdout] 
[INFO] [stderr]    Compiling num-rational v0.4.2
[INFO] [stderr]    Compiling vst v0.2.1
[INFO] [stderr]    Compiling dft v0.5.5
[INFO] [stderr]    Compiling dirs v4.0.0
[INFO] [stderr] error: could not compile `syn` (lib)
[INFO] [stderr] 
[INFO] [stderr] Caused by:
[INFO] [stderr]   process didn't exit successfully: `/opt/rustwide/rustup-home/toolchains/1.100.0-beta.1-x86_64-unknown-linux-gnu/bin/rustc --crate-name syn --edition=2018 /opt/rustwide/cargo-home/registry/src/index.crates.io-1949cf8c6b5b557f/syn-1.0.109/src/lib.rs --error-format=json --json=diagnostic-rendered-ansi,artifacts,future-incompat,unused-externs-silent --crate-type lib --emit=dep-info,metadata,link -C embed-bitcode=no -C debug-assertions=off --cfg 'feature="clone-impls"' --cfg 'feature="default"' --cfg 'feature="derive"' --cfg 'feature="extra-traits"' --cfg 'feature="full"' --cfg 'feature="parsing"' --cfg 'feature="printing"' --cfg 'feature="proc-macro"' --cfg 'feature="quote"' --cfg 'feature="visit"' --cfg 'feature="visit-mut"' --check-cfg 'cfg(docsrs,test)' --check-cfg 'cfg(feature, values("clone-impls", "default", "derive", "extra-traits", "fold", "full", "parsing", "printing", "proc-macro", "quote", "test", "visit", "visit-mut"))' -C metadata=e20a1c6f83af232e -C extra-filename=-4d1456371e2544f1 --out-dir /opt/rustwide/target/release/build/syn/4d1456371e2544f1/out -C strip=debuginfo -L dependency=/opt/rustwide/target/release/build/proc-macro2/bfa7a6aafdfba675/out -L dependency=/opt/rustwide/target/release/build/unicode-ident/2ee003426a225cef/out --extern proc_macro2=/opt/rustwide/target/release/build/proc-macro2/bfa7a6aafdfba675/out/libproc_macro2-bfa7a6aafdfba675.rmeta --extern quote=/opt/rustwide/target/release/build/quote/44c84b9315bcd971/out/libquote-44c84b9315bcd971.rmeta --extern unicode_ident=/opt/rustwide/target/release/build/unicode-ident/2ee003426a225cef/out/libunicode_ident-2ee003426a225cef.rmeta --cap-lints allow --cap-lints=warn --force-warn=unused_crate_dependencies --cfg syn_disable_nightly_tests` (signal: 9, SIGKILL: kill)
[INFO] [stderr] warning: build failed, waiting for other jobs to finish...
[INFO] [stderr] error: could not compile `packed_simd_2` (lib) due to 4 previous errors
[INFO] [stderr] 
[INFO] [stderr] Caused by:
[INFO] [stderr]   process didn't exit successfully: `/opt/rustwide/rustup-home/toolchains/1.100.0-beta.1-x86_64-unknown-linux-gnu/bin/rustc --crate-name packed_simd_2 --edition=2018 /opt/rustwide/cargo-home/registry/src/index.crates.io-1949cf8c6b5b557f/packed_simd_2-0.3.8/src/lib.rs --error-format=json --json=diagnostic-rendered-ansi,artifacts,future-incompat,unused-externs-silent --crate-type lib --emit=dep-info,metadata,link -C opt-level=3 -C embed-bitcode=no --cfg 'feature="default"' --cfg 'feature="into_bits"' --check-cfg 'cfg(docsrs,test)' --check-cfg 'cfg(feature, values("core_arch", "default", "into_bits", "libcore_neon", "sleef-sys"))' -C metadata=61e71a2d247fe375 -C extra-filename=-c98cc18a20e10ffa --out-dir /opt/rustwide/target/release/build/packed_simd_2/c98cc18a20e10ffa/out -C strip=debuginfo --extern cfg_if=/opt/rustwide/target/release/build/cfg-if/aebc73b2fc35ea49/out/libcfg_if-aebc73b2fc35ea49.rmeta --extern libm=/opt/rustwide/target/release/build/libm/df1eb1f9d055d6f1/out/liblibm-df1eb1f9d055d6f1.rmeta --cap-lints allow --cap-lints=warn --force-warn=unused_crate_dependencies` (signal: 9, SIGKILL: kill)
[INFO] running `Command { std: "docker" "inspect" "63abbff33b147d84115c977db61d17da6932ce5305303e9c0fd1794d7bdbe589", kill_on_drop: false }`
[INFO] running `Command { std: "docker" "rm" "-f" "63abbff33b147d84115c977db61d17da6932ce5305303e9c0fd1794d7bdbe589", kill_on_drop: false }`
[INFO] [stdout] 63abbff33b147d84115c977db61d17da6932ce5305303e9c0fd1794d7bdbe589
